[INFO] fetching crate libbeachcomber 0.9.1...
[INFO] testing libbeachcomber-0.9.1 against 1.99.0-beta.8+cargoflags=--release for beta-release-1.100-2
[INFO] extracting crate libbeachcomber 0.9.1 into /workspace/builds/worker-1-tc1/source
[INFO] started tweaking crates.io crate libbeachcomber 0.9.1
[INFO] removed 0 missing tests
[INFO] finished tweaking crates.io crate libbeachcomber 0.9.1
[INFO] tweaked toml for crates.io crate libbeachcomber 0.9.1 written to /workspace/builds/worker-1-tc1/source/Cargo.toml
[INFO] validating manifest of crates.io crate libbeachcomber 0.9.1 on toolchain 1.99.0-beta.8
[INFO] running `Command { std: CARGO_HOME="/workspace/cargo-home" RUSTUP_HOME="/workspace/rustup-home" "/workspace/cargo-home/bin/cargo" "+1.99.0-beta.8" "metadata" "--manifest-path" "Cargo.toml" "--no-deps", kill_on_drop: false }`
[INFO] crate crates.io crate libbeachcomber 0.9.1 already has a lockfile, it will not be regenerated
[INFO] running `Command { std: CARGO_HOME="/workspace/cargo-home" RUSTUP_HOME="/workspace/rustup-home" "/workspace/cargo-home/bin/cargo" "+1.99.0-beta.8" "fetch" "--manifest-path" "Cargo.toml", kill_on_drop: false }`
[INFO] [stderr]  Downloading crates ...
[INFO] [stderr]   Downloaded minijinja v2.19.0
[INFO] running `Command { std: "docker" "create" "-v" "/var/lib/crater-agent-workspace/builds/worker-1-tc1/source:/opt/rustwide/workdir:ro,Z" "-v" "/var/lib/crater-agent-workspace/builds/worker-1-tc1/target:/opt/rustwide/target:rw,Z" "-v" "/var/lib/crater-agent-workspace/cargo-home:/opt/rustwide/cargo-home:ro,Z" "-v" "/var/lib/crater-agent-workspace/rustup-home:/opt/rustwide/rustup-home:ro,Z" "-m" "1610612736" "--network" "none" "ghcr.io/rust-lang/crates-build-env/linux@sha256:77db811e55d90add9212f6832c23229e3de5f1c1f9905e8cb07319ea15df73ac" "sleep" "infinity", kill_on_drop: false }`
[INFO] [stdout] 4b7cd131d3eb73dd2ca0eca6157c70139d254c4f08a38c09eff87cdd028432ff
[INFO] running `Command { std: "docker" "start" "4b7cd131d3eb73dd2ca0eca6157c70139d254c4f08a38c09eff87cdd028432ff", kill_on_drop: false }`
[INFO] running `Command { std: "docker" "inspect" "4b7cd131d3eb73dd2ca0eca6157c70139d254c4f08a38c09eff87cdd028432ff", kill_on_drop: false }`
[INFO] running `Command { std: "docker" "exec" "-e" "SOURCE_DIR=/opt/rustwide/workdir" "-e" "CARGO_HOME=/opt/rustwide/cargo-home" "-e" "RUSTUP_HOME=/opt/rustwide/rustup-home" "-e" "CARGO_TARGET_DIR=/opt/rustwide/target" "-w" "/opt/rustwide/workdir" "--user" "0:0" "4b7cd131d3eb73dd2ca0eca6157c70139d254c4f08a38c09eff87cdd028432ff" "/opt/rustwide/cargo-home/bin/cargo" "+1.99.0-beta.8" "metadata" "--no-deps" "--format-version=1", kill_on_drop: false }`
[INFO] running `Command { std: "docker" "inspect" "4b7cd131d3eb73dd2ca0eca6157c70139d254c4f08a38c09eff87cdd028432ff", kill_on_drop: false }`
[INFO] running `Command { std: "docker" "exec" "-e" "SOURCE_DIR=/opt/rustwide/workdir" "-e" "CARGO_HOME=/opt/rustwide/cargo-home" "-e" "RUSTUP_HOME=/opt/rustwide/rustup-home" "-e" "CARGO_TARGET_DIR=/opt/rustwide/target" "-e" "CARGO_INCREMENTAL=0" "-e" "RUST_BACKTRACE=full" "-e" "RUSTFLAGS=--cap-lints=warn" "-e" "RUSTDOCFLAGS=--cap-lints=warn" "-w" "/opt/rustwide/workdir" "--user" "0:0" "4b7cd131d3eb73dd2ca0eca6157c70139d254c4f08a38c09eff87cdd028432ff" "/opt/rustwide/cargo-home/bin/cargo" "+1.99.0-beta.8" "build" "--frozen" "--message-format=json" "--release", kill_on_drop: false }`
[INFO] [stderr]    Compiling proc-macro2 v1.0.106
[INFO] [stderr]    Compiling quote v1.0.45
[INFO] [stderr]    Compiling libc v0.2.185
[INFO] [stderr]    Compiling libbeachcomber v0.9.1 (/opt/rustwide/workdir)
[INFO] [stderr]    Compiling memo-map v0.3.3
[INFO] [stderr]    Compiling serde_json v1.0.149
[INFO] [stderr]    Compiling syn v2.0.117
[INFO] [stderr]    Compiling serde_derive v1.0.228
[INFO] [stderr]    Compiling serde v1.0.228
[INFO] [stderr]    Compiling minijinja v2.19.0
[INFO] [stderr]     Finished `release` profile [optimized] target(s) in 18.65s
[INFO] running `Command { std: "docker" "inspect" "4b7cd131d3eb73dd2ca0eca6157c70139d254c4f08a38c09eff87cdd028432ff", kill_on_drop: false }`
[INFO] running `Command { std: "docker" "exec" "-e" "SOURCE_DIR=/opt/rustwide/workdir" "-e" "CARGO_HOME=/opt/rustwide/cargo-home" "-e" "RUSTUP_HOME=/opt/rustwide/rustup-home" "-e" "CARGO_TARGET_DIR=/opt/rustwide/target" "-e" "CARGO_INCREMENTAL=0" "-e" "RUST_BACKTRACE=full" "-e" "RUSTFLAGS=--cap-lints=warn" "-e" "RUSTDOCFLAGS=--cap-lints=warn" "-w" "/opt/rustwide/workdir" "--user" "0:0" "4b7cd131d3eb73dd2ca0eca6157c70139d254c4f08a38c09eff87cdd028432ff" "/opt/rustwide/cargo-home/bin/cargo" "+1.99.0-beta.8" "test" "--frozen" "--no-run" "--message-format=json" "--release", kill_on_drop: false }`
[INFO] [stderr]    Compiling syn v2.0.117
[INFO] [stderr]    Compiling hashbrown v0.17.0
[INFO] [stderr]    Compiling bitflags v2.11.1
[INFO] [stderr]    Compiling winnow v0.7.15
[INFO] [stderr]    Compiling toml_write v0.1.2
[INFO] [stderr]    Compiling fastrand v2.4.1
[INFO] [stderr]    Compiling once_cell v1.21.4
[INFO] [stderr]    Compiling getrandom v0.4.2
[INFO] [stderr]    Compiling rustix v1.1.4
[INFO] [stderr]    Compiling indexmap v2.14.0
[INFO] [stderr]    Compiling tempfile v3.27.0
[INFO] [stderr]    Compiling serde_derive v1.0.228
[INFO] [stderr]    Compiling tokio-macros v2.7.0
[INFO] [stderr]    Compiling tokio v1.52.1
[INFO] [stderr]    Compiling serde v1.0.228
[INFO] [stderr]    Compiling toml_datetime v0.6.11
[INFO] [stderr]    Compiling serde_spanned v0.6.9
[INFO] [stderr]    Compiling minijinja v2.19.0
[INFO] [stderr]    Compiling toml_edit v0.22.27
[INFO] [stderr]    Compiling toml v0.8.23
[INFO] [stderr]    Compiling libbeachcomber v0.9.1 (/opt/rustwide/workdir)
[INFO] [stdout] error[E0433]: cannot find module or crate `beachcomber` in this scope
[INFO] [stdout]  --> tests/common/daemon.rs:2:5
[INFO] [stdout]   |
[INFO] [stdout] 2 | use beachcomber::config::Config;
[INFO] [stdout]   |     ^^^^^^^^^^^ use of unresolved module or unlinked crate `beachcomber`
[INFO] [stdout]   |
[INFO] [stdout] help: there is a crate or module with a similar name
[INFO] [stdout]   |
[INFO] [stdout] 2 | use libbeachcomber::config::Config;
[INFO] [stdout]   |     +++
[INFO] [stdout] 
[INFO] [stdout] 
[INFO] [stdout] error[E0432]: unresolved import `beachcomber`
[INFO] [stdout]  --> tests/common/daemon.rs:3:5
[INFO] [stdout]   |
[INFO] [stdout] 3 | use beachcomber::daemon;
[INFO] [stdout]   |     ^^^^^^^^^^^ use of unresolved module or unlinked crate `beachcomber`
[INFO] [stdout]   |
[INFO] [stdout] help: there is a crate or module with a similar name
[INFO] [stdout]   |
[INFO] [stdout] 3 | use libbeachcomber::daemon;
[INFO] [stdout]   |     +++
[INFO] [stdout] 
[INFO] [stdout] 
[INFO] [stdout] error[E0433]: cannot find module or crate `beachcomber` in this scope
[INFO] [stdout]  --> tests/common/daemon.rs:2:5
[INFO] [stdout]   |
[INFO] [stdout] 2 | use beachcomber::config::Config;
[INFO] [stdout]   |     ^^^^^^^^^^^ use of unresolved module or unlinked crate `beachcomber`
[INFO] [stdout]   |
[INFO] [stdout] help: there is a crate or module with a similar name
[INFO] [stdout]   |
[INFO] [stdout] 2 | use libbeachcomber::config::Config;
[INFO] [stdout]   |     +++
[INFO] [stdout] 
[INFO] [stdout] 
[INFO] [stdout] error[E0433]: cannot find module or crate `beachcomber` in this scope
[INFO] [stdout]  --> tests/common/daemon.rs:2:5
[INFO] [stdout]   |
[INFO] [stdout] 2 | use beachcomber::config::Config;
[INFO] [stdout]   |     ^^^^^^^^^^^ use of unresolved module or unlinked crate `beachcomber`
[INFO] [stdout]   |
[INFO] [stdout] help: there is a crate or module with a similar name
[INFO] [stdout]   |
[INFO] [stdout] 2 | use libbeachcomber::config::Config;
[INFO] [stdout]   |     +++
[INFO] [stdout] 
[INFO] [stdout] 
[INFO] [stdout] error[E0432]: unresolved import `beachcomber`
[INFO] [stdout]  --> tests/common/daemon.rs:3:5
[INFO] [stdout]   |
[INFO] [stdout] 3 | use beachcomber::daemon;
[INFO] [stdout]   |     ^^^^^^^^^^^ use of unresolved module or unlinked crate `beachcomber`
[INFO] [stdout]   |
[INFO] [stdout] help: there is a crate or module with a similar name
[INFO] [stdout]   |
[INFO] [stdout] 3 | use libbeachcomber::daemon;
[INFO] [stdout]   |     +++
[INFO] [stdout] 
[INFO] [stdout] 
[INFO] [stdout] error[E0433]: cannot find module or crate `beachcomber` in this scope
[INFO] [stdout]  --> tests/common/daemon.rs:2:5
[INFO] [stdout]   |
[INFO] [stdout] 2 | use beachcomber::config::Config;
[INFO] [stdout]   |     ^^^^^^^^^^^ use of unresolved module or unlinked crate `beachcomber`
[INFO] [stdout]   |
[INFO] [stdout] help: there is a crate or module with a similar name
[INFO] [stdout]   |
[INFO] [stdout] 2 | use libbeachcomber::config::Config;
[INFO] [stdout]   |     +++
[INFO] [stdout] 
[INFO] [stdout] 
[INFO] [stdout] Some errors have detailed explanations: E0432, E0433.
[INFO] [stdout] 
[INFO] [stdout] For more information about an error, try `rustc --explain E0432`.
[INFO] [stdout] 
[INFO] [stdout] error[E0432]: unresolved import `beachcomber`
[INFO] [stdout]  --> tests/common/daemon.rs:3:5
[INFO] [stdout]   |
[INFO] [stdout] 3 | use beachcomber::daemon;
[INFO] [stdout]   |     ^^^^^^^^^^^ use of unresolved module or unlinked crate `beachcomber`
[INFO] [stdout]   |
[INFO] [stdout] help: there is a crate or module with a similar name
[INFO] [stdout]   |
[INFO] [stdout] 3 | use libbeachcomber::daemon;
[INFO] [stdout]   |     +++
[INFO] [stdout] 
[INFO] [stdout] 
[INFO] [stderr] error: could not compile `libbeachcomber` (test "response_ok_checking") due to 2 previous errors
[INFO] [stderr] warning: build failed, waiting for other jobs to finish...
[INFO] [stdout] error[E0432]: unresolved import `beachcomber`
[INFO] [stdout]  --> tests/common/daemon.rs:3:5
[INFO] [stdout]   |
[INFO] [stdout] 3 | use beachcomber::daemon;
[INFO] [stdout]   |     ^^^^^^^^^^^ use of unresolved module or unlinked crate `beachcomber`
[INFO] [stdout]   |
[INFO] [stdout] help: there is a crate or module with a similar name
[INFO] [stdout]   |
[INFO] [stdout] 3 | use libbeachcomber::daemon;
[INFO] [stdout]   |     +++
[INFO] [stdout] 
[INFO] [stdout] 
[INFO] [stdout] Some errors have detailed explanations: E0432, E0433.
[INFO] [stdout] 
[INFO] [stdout] For more information about an error, try `rustc --explain E0432`.
[INFO] [stdout] 
[INFO] [stderr] error: could not compile `libbeachcomber` (test "get_formatted") due to 2 previous errors
[INFO] [stdout] Some errors have detailed explanations: E0432, E0433.
[INFO] [stdout] 
[INFO] [stdout] For more information about an error, try `rustc --explain E0432`.
[INFO] [stdout] 
[INFO] [stderr] error: could not compile `libbeachcomber` (test "typed_shapes") due to 2 previous errors
[INFO] [stdout] Some errors have detailed explanations: E0432, E0433.
[INFO] [stdout] 
[INFO] [stdout] For more information about an error, try `rustc --explain E0432`.
[INFO] [stdout] 
[INFO] [stderr] error: could not compile `libbeachcomber` (test "conformance") due to 2 previous errors
[INFO] running `Command { std: "docker" "inspect" "4b7cd131d3eb73dd2ca0eca6157c70139d254c4f08a38c09eff87cdd028432ff", kill_on_drop: false }`
[INFO] running `Command { std: "docker" "rm" "-f" "4b7cd131d3eb73dd2ca0eca6157c70139d254c4f08a38c09eff87cdd028432ff", kill_on_drop: false }`
[INFO] [stdout] 4b7cd131d3eb73dd2ca0eca6157c70139d254c4f08a38c09eff87cdd028432ff
