[INFO] fetching crate libafl_unicorn 0.16.1...
[INFO] testing libafl_unicorn-0.16.1 against 1.100.0-beta.1+cargoflags=--release for beta-release-1.100-2
[INFO] extracting crate libafl_unicorn 0.16.1 into /workspace/builds/worker-2-tc2/source
[INFO] started tweaking crates.io crate libafl_unicorn 0.16.1
[INFO] finished tweaking crates.io crate libafl_unicorn 0.16.1
[INFO] tweaked toml for crates.io crate libafl_unicorn 0.16.1 written to /workspace/builds/worker-2-tc2/source/Cargo.toml
[INFO] validating manifest of crates.io crate libafl_unicorn 0.16.1 on toolchain 1.100.0-beta.1
[INFO] running `Command { std: CARGO_HOME="/workspace/cargo-home" RUSTUP_HOME="/workspace/rustup-home" "/workspace/cargo-home/bin/cargo" "+1.100.0-beta.1" "metadata" "--manifest-path" "Cargo.toml" "--no-deps", kill_on_drop: false }`
[INFO] crate crates.io crate libafl_unicorn 0.16.1 already has a lockfile, it will not be regenerated
[INFO] running `Command { std: CARGO_HOME="/workspace/cargo-home" RUSTUP_HOME="/workspace/rustup-home" "/workspace/cargo-home/bin/cargo" "+1.100.0-beta.1" "fetch" "--manifest-path" "Cargo.toml", kill_on_drop: false }`
[INFO] running `Command { std: "docker" "create" "-v" "/var/lib/crater-agent-workspace/builds/worker-2-tc2/source:/opt/rustwide/workdir:ro,Z" "-v" "/var/lib/crater-agent-workspace/builds/worker-2-tc2/target:/opt/rustwide/target:rw,Z" "-v" "/var/lib/crater-agent-workspace/cargo-home:/opt/rustwide/cargo-home:ro,Z" "-v" "/var/lib/crater-agent-workspace/rustup-home:/opt/rustwide/rustup-home:ro,Z" "-m" "1610612736" "--network" "none" "ghcr.io/rust-lang/crates-build-env/linux@sha256:77db811e55d90add9212f6832c23229e3de5f1c1f9905e8cb07319ea15df73ac" "sleep" "infinity", kill_on_drop: false }`
[INFO] [stdout] 578f0f8119f2d04fd6f3e9e149a6c5a6a2055287b7e1672380325b9c03b63316
[INFO] running `Command { std: "docker" "start" "578f0f8119f2d04fd6f3e9e149a6c5a6a2055287b7e1672380325b9c03b63316", kill_on_drop: false }`
[INFO] running `Command { std: "docker" "inspect" "578f0f8119f2d04fd6f3e9e149a6c5a6a2055287b7e1672380325b9c03b63316", kill_on_drop: false }`
[INFO] running `Command { std: "docker" "exec" "-e" "SOURCE_DIR=/opt/rustwide/workdir" "-e" "CARGO_HOME=/opt/rustwide/cargo-home" "-e" "RUSTUP_HOME=/opt/rustwide/rustup-home" "-e" "CARGO_TARGET_DIR=/opt/rustwide/target" "-w" "/opt/rustwide/workdir" "--user" "0:0" "578f0f8119f2d04fd6f3e9e149a6c5a6a2055287b7e1672380325b9c03b63316" "/opt/rustwide/cargo-home/bin/cargo" "+1.100.0-beta.1" "metadata" "--no-deps" "--format-version=1", kill_on_drop: false }`
[INFO] running `Command { std: "docker" "inspect" "578f0f8119f2d04fd6f3e9e149a6c5a6a2055287b7e1672380325b9c03b63316", kill_on_drop: false }`
[INFO] running `Command { std: "docker" "exec" "-e" "SOURCE_DIR=/opt/rustwide/workdir" "-e" "CARGO_HOME=/opt/rustwide/cargo-home" "-e" "RUSTUP_HOME=/opt/rustwide/rustup-home" "-e" "CARGO_TARGET_DIR=/opt/rustwide/target" "-e" "CARGO_INCREMENTAL=0" "-e" "RUST_BACKTRACE=full" "-e" "RUSTFLAGS=--cap-lints=warn" "-e" "RUSTDOCFLAGS=--cap-lints=warn" "-w" "/opt/rustwide/workdir" "--user" "0:0" "578f0f8119f2d04fd6f3e9e149a6c5a6a2055287b7e1672380325b9c03b63316" "/opt/rustwide/cargo-home/bin/cargo" "+1.100.0-beta.1" "build" "--frozen" "--message-format=json" "--release", kill_on_drop: false }`
[INFO] [stderr]    Compiling serde_core v1.0.229
[INFO] [stderr]    Compiling serde v1.0.229
[INFO] [stderr]    Compiling thiserror v2.0.20
[INFO] [stderr]    Compiling glob v0.3.4
[INFO] [stderr]    Compiling rustversion v1.0.23
[INFO] [stderr]    Compiling prettyplease v0.2.37
[INFO] [stderr]    Compiling find-msvc-tools v0.1.10
[INFO] [stderr]    Compiling regex-syntax v0.8.11
[INFO] [stderr]    Compiling minimal-lexical v0.2.1
[INFO] [stderr]    Compiling memchr v2.8.3
[INFO] [stderr]    Compiling cfg-if v1.0.4
[INFO] [stderr]    Compiling either v1.17.0
[INFO] [stderr]    Compiling libc v0.2.189
[INFO] [stderr]    Compiling nonzero_macros v0.16.1
[INFO] [stderr]    Compiling log v0.4.33
[INFO] [stderr]    Compiling syn v3.0.3
[INFO] [stderr]    Compiling syn v2.0.119
[INFO] [stderr]    Compiling libloading v0.8.9
[INFO] [stderr]    Compiling rustc-hash v2.1.3
[INFO] [stderr]    Compiling bitflags v2.13.1
[INFO] [stderr]    Compiling shlex v1.3.0
[INFO] [stderr]    Compiling typeid v1.0.3
[INFO] [stderr]    Compiling erased-serde v0.4.10
[INFO] [stderr]    Compiling itertools v0.13.0
[INFO] [stderr]    Compiling bindgen v0.71.1
[INFO] [stderr]    Compiling zerocopy v0.8.56
[INFO] [stderr]    Compiling num-traits v0.2.19
[INFO] [stderr]    Compiling ahash v0.8.12
[INFO] [stderr]    Compiling static_assertions v1.1.0
[INFO] [stderr]    Compiling bindgen v0.72.1
[INFO] [stderr]    Compiling tuple_list v0.1.3
[INFO] [stderr]    Compiling pkg-config v0.3.33
[INFO] [stderr]    Compiling heck v0.5.0
[INFO] [stderr]    Compiling unicode-xid v0.2.6
[INFO] [stderr]    Compiling libm v0.2.16
[INFO] [stderr]    Compiling no_std_time v0.16.1
[INFO] [stderr]    Compiling once_cell v1.21.4
[INFO] [stderr]    Compiling konst_macro_rules v0.2.19
[INFO] [stderr]    Compiling const_format_proc_macros v0.2.34
[INFO] [stderr]    Compiling typewit v1.15.2
[INFO] [stderr]    Compiling konst v0.2.20
[INFO] [stderr]    Compiling clang-sys v1.9.1
[INFO] [stderr]    Compiling arbitrary-int v2.1.1
[INFO] [stderr]    Compiling const_panic v0.2.15
[INFO] [stderr]    Compiling libafl_bolts v0.16.1
[INFO] [stderr]    Compiling nom v7.1.3
[INFO] [stderr]    Compiling libafl v0.16.1
[INFO] [stderr]    Compiling const_format v0.2.36
[INFO] [stderr]    Compiling rangemap v1.7.1
[INFO] [stderr]    Compiling jobserver v0.1.35
[INFO] [stderr]    Compiling cc v1.4.2
[INFO] [stderr]    Compiling regex-automata v0.4.18
[INFO] [stderr]    Compiling serde_derive v1.0.229
[INFO] [stderr]    Compiling thiserror-impl v2.0.20
[INFO] [stderr]    Compiling cmake v0.1.58
[INFO] [stderr]    Compiling cexpr v0.6.0
[INFO] [stderr]    Compiling capstone-sys v0.18.0
[INFO] [stderr]    Compiling cobs v0.3.0
[INFO] [stderr]    Compiling hashbrown v0.17.1
[INFO] [stderr]    Compiling regex v1.13.1
[INFO] [stderr]    Compiling num_enum_derive v0.7.6
[INFO] [stderr]    Compiling bitbybit v2.0.1
[INFO] [stderr]    Compiling postcard v1.1.3
[INFO] [stderr]    Compiling fast_rands v0.16.1
[INFO] [stderr]    Compiling num_enum v0.7.6
[INFO] [stderr]    Compiling libafl_core v0.16.1
[INFO] [stderr]    Compiling meminterval v0.4.2
[INFO] [stderr]    Compiling exceptional v0.16.1
[INFO] [stderr]    Compiling shmem_providers v0.16.1
[INFO] [stderr]    Compiling ownedref v0.16.1
[INFO] [stderr]    Compiling serde_anymap v0.16.1
[INFO] [stderr]    Compiling ll_mp v0.16.1
[INFO] [stderr]    Compiling tuple_list_ex v0.16.1
[INFO] [stderr]    Compiling unicorn-engine-sys v2.1.5
[INFO] [stderr]    Compiling libafl_targets v0.16.1
[INFO] [stderr]    Compiling capstone v0.14.0
[INFO] [stderr] error: could not compile `libafl` (lib)
[INFO] [stderr] 
[INFO] [stderr] Caused by:
[INFO] [stderr]   process didn't exit successfully: `/opt/rustwide/rustup-home/toolchains/1.100.0-beta.1-x86_64-unknown-linux-gnu/bin/rustc --crate-name libafl --edition=2024 /opt/rustwide/cargo-home/registry/src/index.crates.io-1949cf8c6b5b557f/libafl-0.16.1/src/lib.rs --error-format=json --json=diagnostic-rendered-ansi,artifacts,future-incompat,unused-externs-silent --crate-type lib --emit=dep-info,metadata,link -C opt-level=3 -C embed-bitcode=no --check-cfg 'cfg(docsrs,test)' --check-cfg 'cfg(feature, values("afl_exec_sec", "arrayvec", "axum", "backtrace", "bincode", "bitvec", "cadence", "casr", "clap", "cli", "cmin", "corpus_btreemap", "crossterm", "default", "derive", "document-features", "enumflags2", "errors_backtrace", "fastbloom", "fork", "frida_cli", "fs2", "gzip", "handle_sigpipe", "intel_pt", "intel_pt_export_raw", "introspection", "libafl_derive", "libcasr", "llmp_bind_public", "llmp_broker_timeouts", "llmp_compression", "llmp_debug", "llmp_small_maps", "lua_mutator", "mlua", "multi_machine", "multipart_inputs", "nautilus", "nautilus_py", "prelude", "prometheus-client", "prometheus_monitor", "qemu_cli", "rand_trait", "ratatui", "regex", "regex-syntax", "serde_json", "serdeany_autoreg", "serial_test", "simd", "statsd_monitor", "std", "tcp_compression", "tcp_manager", "tokio", "track_hit_feedbacks", "tui_monitor", "typed-builder", "unicode", "uuid", "value_bloom_feedback", "wait-timeout"))' -C metadata=2503025f5b4e0a5d -C extra-filename=-15b6dbc831497847 --out-dir /opt/rustwide/target/release/build/libafl/15b6dbc831497847/out -C strip=debuginfo -L dependency=/opt/rustwide/target/release/build/ahash/ea986a938bf2e49f/out -L dependency=/opt/rustwide/target/release/build/allocator-api2/fcccdd0f80408343/out -L dependency=/opt/rustwide/target/release/build/cfg-if/6d8dca19095bb388/out -L dependency=/opt/rustwide/target/release/build/cobs/0f7088b13d6ee464/out -L dependency=/opt/rustwide/target/release/build/const_format_proc_macros/b7099c929352e6a5/out -L dependency=/opt/rustwide/target/release/build/equivalent/26a0d6a3c1145f1b/out -L dependency=/opt/rustwide/target/release/build/erased-serde/db36947b513d90fb/out -L dependency=/opt/rustwide/target/release/build/exceptional/d2f76b2ea463d0d5/out -L dependency=/opt/rustwide/target/release/build/fast_rands/659089e4aa99b675/out -L dependency=/opt/rustwide/target/release/build/foldhash/aad4872049cd9a91/out -L dependency=/opt/rustwide/target/release/build/hashbrown/b2ab385035ae1873/out -L dependency=/opt/rustwide/target/release/build/konst/417fd296a0a40681/out -L dependency=/opt/rustwide/target/release/build/konst_macro_rules/e176d15fc30569b3/out -L dependency=/opt/rustwide/target/release/build/libafl_core/334f801c855f930a/out -L dependency=/opt/rustwide/target/release/build/libc/a0996e9cad7bedd7/out -L dependency=/opt/rustwide/target/release/build/ll_mp/3e3a11c50646b729/out -L dependency=/opt/rustwide/target/release/build/log/2e1778f6a4320459/out -L dependency=/opt/rustwide/target/release/build/no_std_time/aaac3633478201b7/out -L dependency=/opt/rustwide/target/release/build/nonzero_macros/6f0ef25482fe3fca/out -L dependency=/opt/rustwide/target/release/build/num-traits/edc15f9ab50e8470/out -L dependency=/opt/rustwide/target/release/build/num_enum/79ce50a9596ddcb6/out -L dependency=/opt/rustwide/target/release/build/num_enum_derive/503b6b0ee3734c04/out -L dependency=/opt/rustwide/target/release/build/once_cell/b4cfe3e56c0e56fb/out -L dependency=/opt/rustwide/target/release/build/ownedref/36f57a2c32f7984e/out -L dependency=/opt/rustwide/target/release/build/postcard/4ca79520f9bc3651/out -L dependency=/opt/rustwide/target/release/build/rustversion/3441a45122a3ce3a/out -L dependency=/opt/rustwide/target/release/build/serde/18b3b55c8ab279db/out -L dependency=/opt/rustwide/target/release/build/serde_anymap/c5b248045826327f/out -L dependency=/opt/rustwide/target/release/build/serde_core/63410d12e70a8175/out -L dependency=/opt/rustwide/target/release/build/serde_derive/f4fc26b41f023176/out -L dependency=/opt/rustwide/target/release/build/shmem_providers/dec4199fe9a4de7c/out -L dependency=/opt/rustwide/target/release/build/static_assertions/306fc8cfb43dc741/out -L dependency=/opt/rustwide/target/release/build/thiserror-impl/947a11ef385acb84/out -L dependency=/opt/rustwide/target/release/build/thiserror/5296c3c89161100f/out -L dependency=/opt/rustwide/target/release/build/tuple_list/fca35bb57344d76e/out -L dependency=/opt/rustwide/target/release/build/tuple_list_ex/ea7c1ed80a4b49cc/out -L dependency=/opt/rustwide/target/release/build/typeid/521c03413a5a53a9/out -L dependency=/opt/rustwide/target/release/build/typewit/5646d28e03f7282c/out -L dependency=/opt/rustwide/target/release/build/zerocopy/6ede9b76069575b1/out --extern ahash=/opt/rustwide/target/release/build/ahash/ea986a938bf2e49f/out/libahash-ea986a938bf2e49f.rmeta --extern arbitrary_int=/opt/rustwide/target/release/build/arbitrary-int/f020bfe3b21fe3ca/out/libarbitrary_int-f020bfe3b21fe3ca.rmeta --extern bitbybit=/opt/rustwide/target/release/build/bitbybit/385db5ae8a22b2cc/out/libbitbybit-385db5ae8a22b2cc.so --extern const_format=/opt/rustwide/target/release/build/const_format/a9b41ca560414a63/out/libconst_format-a9b41ca560414a63.rmeta --extern const_panic=/opt/rustwide/target/release/build/const_panic/d68739d2efd9745c/out/libconst_panic-d68739d2efd9745c.rmeta --extern hashbrown=/opt/rustwide/target/release/build/hashbrown/b2ab385035ae1873/out/libhashbrown-b2ab385035ae1873.rmeta --extern libafl_bolts=/opt/rustwide/target/release/build/libafl_bolts/b95282ac9dabb123/out/liblibafl_bolts-b95282ac9dabb123.rmeta --extern libafl_core=/opt/rustwide/target/release/build/libafl_core/334f801c855f930a/out/liblibafl_core-334f801c855f930a.rmeta --extern libc=/opt/rustwide/target/release/build/libc/a0996e9cad7bedd7/out/liblibc-a0996e9cad7bedd7.rmeta --extern libm=/opt/rustwide/target/release/build/libm/e31d014029871662/out/liblibm-e31d014029871662.rmeta --extern ll_mp=/opt/rustwide/target/release/build/ll_mp/3e3a11c50646b729/out/libll_mp-3e3a11c50646b729.rmeta --extern log=/opt/rustwide/target/release/build/log/2e1778f6a4320459/out/liblog-2e1778f6a4320459.rmeta --extern meminterval=/opt/rustwide/target/release/build/meminterval/54421539e2dbe0c1/out/libmeminterval-54421539e2dbe0c1.rmeta --extern no_std_time=/opt/rustwide/target/release/build/no_std_time/aaac3633478201b7/out/libno_std_time-aaac3633478201b7.rmeta --extern num_traits=/opt/rustwide/target/release/build/num-traits/edc15f9ab50e8470/out/libnum_traits-edc15f9ab50e8470.rmeta --extern postcard=/opt/rustwide/target/release/build/postcard/4ca79520f9bc3651/out/libpostcard-4ca79520f9bc3651.rmeta --extern serde=/opt/rustwide/target/release/build/serde/18b3b55c8ab279db/out/libserde-18b3b55c8ab279db.rmeta --extern tuple_list=/opt/rustwide/target/release/build/tuple_list/fca35bb57344d76e/out/libtuple_list-fca35bb57344d76e.rmeta --extern tuple_list_ex=/opt/rustwide/target/release/build/tuple_list_ex/ea7c1ed80a4b49cc/out/libtuple_list_ex-ea7c1ed80a4b49cc.rmeta --cap-lints allow --cap-lints=warn --force-warn=unused_crate_dependencies --check-cfg 'cfg(nightly)'` (signal: 9, SIGKILL: kill)
[INFO] [stderr] warning: build failed, waiting for other jobs to finish...
[INFO] [stderr] error: failed to run custom build command for `unicorn-engine-sys v2.1.5`
[INFO] [stderr] note: To improve backtraces for build dependencies, set the CARGO_PROFILE_RELEASE_BUILD_OVERRIDE_DEBUG=true environment variable to enable debug information generation.
[INFO] [stderr] 
[INFO] [stderr] Caused by:
[INFO] [stderr]   process didn't exit successfully: `/opt/rustwide/target/release/build/unicorn-engine-sys/a24a0fba0f4fa4c6/out/build_script_build` (exit status: 101)
[INFO] [stderr]   --- stdout
[INFO] [stderr]   cargo:rerun-if-changed=/opt/rustwide/cargo-home/registry/uc.c
[INFO] [stderr]   cargo:rerun-if-changed=/opt/rustwide/cargo-home/registry/list.c
[INFO] [stderr]   cargo:rerun-if-env-changed=UNICORN_NO_PKG_CONFIG
[INFO] [stderr]   cargo:rerun-if-env-changed=PKG_CONFIG_x86_64-unknown-linux-gnu
[INFO] [stderr]   cargo:rerun-if-env-changed=PKG_CONFIG_x86_64_unknown_linux_gnu
[INFO] [stderr]   cargo:rerun-if-env-changed=HOST_PKG_CONFIG
[INFO] [stderr]   cargo:rerun-if-env-changed=PKG_CONFIG
[INFO] [stderr]   cargo:rerun-if-env-changed=UNICORN_STATIC
[INFO] [stderr]   cargo:rerun-if-env-changed=UNICORN_DYNAMIC
[INFO] [stderr]   cargo:rerun-if-env-changed=PKG_CONFIG_ALL_STATIC
[INFO] [stderr]   cargo:rerun-if-env-changed=PKG_CONFIG_ALL_DYNAMIC
[INFO] [stderr]   cargo:rerun-if-env-changed=PKG_CONFIG_PATH_x86_64-unknown-linux-gnu
[INFO] [stderr]   cargo:rerun-if-env-changed=PKG_CONFIG_PATH_x86_64_unknown_linux_gnu
[INFO] [stderr]   cargo:rerun-if-env-changed=HOST_PKG_CONFIG_PATH
[INFO] [stderr]   cargo:rerun-if-env-changed=PKG_CONFIG_PATH
[INFO] [stderr]   cargo:rerun-if-env-changed=PKG_CONFIG_LIBDIR_x86_64-unknown-linux-gnu
[INFO] [stderr]   cargo:rerun-if-env-changed=PKG_CONFIG_LIBDIR_x86_64_unknown_linux_gnu
[INFO] [stderr]   cargo:rerun-if-env-changed=HOST_PKG_CONFIG_LIBDIR
[INFO] [stderr]   cargo:rerun-if-env-changed=PKG_CONFIG_LIBDIR
[INFO] [stderr]   cargo:rerun-if-env-changed=PKG_CONFIG_SYSROOT_DIR_x86_64-unknown-linux-gnu
[INFO] [stderr]   cargo:rerun-if-env-changed=PKG_CONFIG_SYSROOT_DIR_x86_64_unknown_linux_gnu
[INFO] [stderr]   cargo:rerun-if-env-changed=HOST_PKG_CONFIG_SYSROOT_DIR
[INFO] [stderr]   cargo:rerun-if-env-changed=PKG_CONFIG_SYSROOT_DIR
[INFO] [stderr]   cargo:rerun-if-env-changed=CC_x86_64-unknown-linux-gnu
[INFO] [stderr]   CC_x86_64-unknown-linux-gnu = None
[INFO] [stderr]   cargo:rerun-if-env-changed=CC_x86_64_unknown_linux_gnu
[INFO] [stderr]   CC_x86_64_unknown_linux_gnu = None
[INFO] [stderr]   cargo:rerun-if-env-changed=HOST_CC
[INFO] [stderr]   HOST_CC = None
[INFO] [stderr]   cargo:rerun-if-env-changed=CC
[INFO] [stderr]   CC = None
[INFO] [stderr]   cargo:rerun-if-env-changed=CC_ENABLE_DEBUG_OUTPUT
[INFO] [stderr]   cargo:rerun-if-env-changed=CRATE_CC_NO_DEFAULTS
[INFO] [stderr]   CRATE_CC_NO_DEFAULTS = None
[INFO] [stderr]   cargo:rerun-if-env-changed=CFLAGS
[INFO] [stderr]   CFLAGS = None
[INFO] [stderr]   cargo:rerun-if-env-changed=HOST_CFLAGS
[INFO] [stderr]   HOST_CFLAGS = None
[INFO] [stderr]   cargo:rerun-if-env-changed=CFLAGS_x86_64_unknown_linux_gnu
[INFO] [stderr]   CFLAGS_x86_64_unknown_linux_gnu = None
[INFO] [stderr]   cargo:rerun-if-env-changed=CFLAGS_x86_64-unknown-linux-gnu
[INFO] [stderr]   CFLAGS_x86_64-unknown-linux-gnu = None
[INFO] [stderr]   CMAKE_TOOLCHAIN_FILE_x86_64-unknown-linux-gnu = None
[INFO] [stderr]   CMAKE_TOOLCHAIN_FILE_x86_64_unknown_linux_gnu = None
[INFO] [stderr]   HOST_CMAKE_TOOLCHAIN_FILE = None
[INFO] [stderr]   CMAKE_TOOLCHAIN_FILE = None
[INFO] [stderr]   1.13.2
[INFO] [stderr]   CMAKE_PREFIX_PATH_x86_64-unknown-linux-gnu = None
[INFO] [stderr]   CMAKE_PREFIX_PATH_x86_64_unknown_linux_gnu = None
[INFO] [stderr]   HOST_CMAKE_PREFIX_PATH = None
[INFO] [stderr]   CMAKE_PREFIX_PATH = None
[INFO] [stderr]   CMAKE_x86_64-unknown-linux-gnu = None
[INFO] [stderr]   CMAKE_x86_64_unknown_linux_gnu = None
[INFO] [stderr]   HOST_CMAKE = None
[INFO] [stderr]   CMAKE = None
[INFO] [stderr]   -- The C compiler identification is GNU 15.2.0
[INFO] [stderr]   -- Detecting C compiler ABI info
[INFO] [stderr]   -- Detecting C compiler ABI info - done
[INFO] [stderr]   -- Check for working C compiler: /usr/bin/cc - skipped
[INFO] [stderr]   -- Detecting C compile features
[INFO] [stderr]   -- Detecting C compile features - done
[INFO] [stderr]   Install prefix    /usr/local
[INFO] [stderr]   binary directory  /usr/local/bin
[INFO] [stderr]   library directory /usr/local/lib
[INFO] [stderr]   libexec directory /usr/local/libexec
[INFO] [stderr]   include directory /usr/local/include
[INFO] [stderr]   config directory  /usr/local/etc
[INFO] [stderr]   local state directory   /usr/local/var
[INFO] [stderr]   ELF interp prefix /usr/gnemul/qemu-%M
[INFO] [stderr]   Build directory   /opt/rustwide/target/release/build/unicorn-engine-sys/e0d741fdc75e5a14/out/build
[INFO] [stderr]   Source path       /opt/rustwide/cargo-home/registry/src/index.crates.io-1949cf8c6b5b557f/unicorn-engine-sys-2.1.5/qemu
[INFO] [stderr]   GIT binary        git
[INFO] [stderr]   GIT submodules    
[INFO] [stderr]   C compiler        /usr/bin/cc
[INFO] [stderr]   Host C compiler   cc
[INFO] [stderr]   C++ compiler      c++
[INFO] [stderr]   Objective-C compiler clang
[INFO] [stderr]   ARFLAGS           rv
[INFO] [stderr]   CFLAGS            -g 
[INFO] [stderr]   QEMU_CFLAGS       -fPIE -DPIE -m64 -mcx16 -D_GNU_SOURCE -D_FILE_OFFSET_BITS=64 -D_LARGEFILE_SOURCE -Wstrict-prototypes -Wredundant-decls -Wall -Wundef -Wwrite-strings -Wmissing-prototypes -fno-strict-aliasing -fno-common -fwrapv -std=gnu99  -DUNICORN_HAS_X86 -DUNICORN_HAS_ARM -DUNICORN_HAS_ARM64 -DUNICORN_HAS_M68K -DUNICORN_HAS_MIPS -DUNICORN_HAS_MIPSEL -DUNICORN_HAS_MIPS64 -DUNICORN_HAS_MIPS64EL -DUNICORN_HAS_SPARC -DUNICORN_HAS_PPC -DUNICORN_HAS_RISCV -DUNICORN_HAS_S390X -DUNICORN_HAS_TRICORE -fPIC -Wexpansion-to-defined -Wendif-labels -Wno-shift-negative-value -Wno-missing-include-dirs -Wempty-body -Wnested-externs -Wformat-security -Wformat-y2k -Winit-self -Wignored-qualifiers -Wold-style-declaration -Wold-style-definition -Wtype-limits -fstack-protector-strong
[INFO] [stderr]   QEMU_LDFLAGS      -Wl,--warn-common -Wl,-z,relro -Wl,-z,now -pie -m64  -DUNICORN_HAS_X86 -DUNICORN_HAS_ARM -DUNICORN_HAS_ARM64 -DUNICORN_HAS_M68K -DUNICORN_HAS_MIPS -DUNICORN_HAS_MIPSEL -DUNICORN_HAS_MIPS64 -DUNICORN_HAS_MIPS64EL -DUNICORN_HAS_SPARC -DUNICORN_HAS_PPC -DUNICORN_HAS_RISCV -DUNICORN_HAS_S390X -DUNICORN_HAS_TRICORE -fPIC -fstack-protector-strong
[INFO] [stderr]   make              make
[INFO] [stderr]   install           install
[INFO] [stderr]   host CPU          x86_64
[INFO] [stderr]   host big endian   no
[INFO] [stderr]   target list       x86_64-softmmu  arm-softmmu  aarch64-softmmu  m68k-softmmu  mips-softmmu  mipsel-softmmu  mips64-softmmu  mips64el-softmmu  sparc-softmmu  sparc64-softmmu  ppc-softmmu  ppc64-softmmu  riscv32-softmmu  riscv64-softmmu  s390x-softmmu  tricore-softmmu   
[INFO] [stderr]   strip binaries    yes
[INFO] [stderr]   static build      no
[INFO] [stderr]   mingw32 support   no
[INFO] [stderr]   PIE               yes
[INFO] [stderr]   TCG support       yes
[INFO] [stderr]   malloc trim support yes
[INFO] [stderr]   membarrier        no
[INFO] [stderr]   madvise           yes
[INFO] [stderr]   posix_madvise     yes
[INFO] [stderr]   posix_memalign    yes
[INFO] [stderr]   debug stack usage no
[INFO] [stderr]   tcmalloc support  no
[INFO] [stderr]   jemalloc support  no
[INFO] [stderr]   avx2 optimization yes
[INFO] [stderr]   avx512f optimization no
[INFO] [stderr]   -- Configuring done (10.8s)
[INFO] [stderr]   -- Generating done (0.2s)
[INFO] [stderr]   -- Build files have been written to: /opt/rustwide/target/release/build/unicorn-engine-sys/e0d741fdc75e5a14/out/build
[INFO] [stderr]   [1/608] Building C object CMakeFiles/unicorn-common.dir/glib_compat/gtestutils.c.o
[INFO] [stderr]   [2/608] Building C object CMakeFiles/unicorn-common.dir/glib_compat/glist.c.o
[INFO] [stderr]   [3/608] Building C object CMakeFiles/unicorn-common.dir/qemu/util/getauxval.c.o
[INFO] [stderr]   [4/608] Building C object CMakeFiles/unicorn-common.dir/glib_compat/gslice.c.o
[INFO] [stderr]   [5/608] Building C object CMakeFiles/unicorn-common.dir/qemu/util/cutils.c.o
[INFO] [stderr]   [6/608] Building C object CMakeFiles/unicorn-common.dir/qemu/util/qemu-timer.c.o
[INFO] [stderr]   [7/608] Building C object CMakeFiles/unicorn-common.dir/glib_compat/gmem.c.o
[INFO] [stderr]   [8/608] Building C object CMakeFiles/unicorn-common.dir/glib_compat/grand.c.o
[INFO] [stderr]   [9/608] Building C object CMakeFiles/unicorn-common.dir/list.c.o
[INFO] [stderr]   [10/608] Building C object CMakeFiles/unicorn-common.dir/qemu/util/osdep.c.o
[INFO] [stderr]   [11/608] Building C object CMakeFiles/unicorn-common.dir/glib_compat/garray.c.o
[INFO] [stderr]   [12/608] Building C object CMakeFiles/unicorn-common.dir/qemu/util/pagesize.c.o
[INFO] [stderr]   [13/608] Building C object CMakeFiles/unicorn-common.dir/qemu/util/crc32c.c.o
[INFO] [stderr]   [14/608] Building C object CMakeFiles/unicorn-common.dir/qemu/util/cacheinfo.c.o
[INFO] [stderr]   [15/608] Building C object CMakeFiles/unicorn-common.dir/qemu/util/oslib-posix.c.o
[INFO] [stderr]   [16/608] Building C object CMakeFiles/unicorn-common.dir/qemu/util/qemu-timer-common.c.o
[INFO] [stderr]   [17/608] Building C object CMakeFiles/unicorn-common.dir/qemu/util/guest-random.c.o
[INFO] [stderr]   [18/608] Building C object CMakeFiles/x86_64-softmmu.dir/qemu/exec-vary.c.o
[INFO] [stderr]   [19/608] Building C object CMakeFiles/unicorn-common.dir/glib_compat/gtree.c.o
[INFO] [stderr]   [20/608] Building C object CMakeFiles/unicorn-common.dir/qemu/util/range.c.o
[INFO] [stderr]   [21/608] Building C object CMakeFiles/unicorn-common.dir/qemu/util/host-utils.c.o
[INFO] [stderr]   [22/608] Building C object CMakeFiles/unicorn-common.dir/qemu/util/qemu-thread-posix.c.o
[INFO] [stderr]   [23/608] Building C object CMakeFiles/x86_64-softmmu.dir/qemu/softmmu/memory_mapping.c.o
[INFO] [stderr]   [24/608] Building C object CMakeFiles/unicorn-common.dir/qemu/util/bitops.c.o
[INFO] [stderr]   [25/608] Building C object CMakeFiles/x86_64-softmmu.dir/qemu/softmmu/cpus.c.o
[INFO] [stderr]   [26/608] Building C object CMakeFiles/unicorn-common.dir/qemu/crypto/aes.c.o
[INFO] [stderr]   [27/608] Building C object CMakeFiles/x86_64-softmmu.dir/qemu/softmmu/ioport.c.o
[INFO] [stderr]   [28/608] Building C object CMakeFiles/unicorn-common.dir/glib_compat/gpattern.c.o
[INFO] [stderr]   [29/608] Building C object CMakeFiles/x86_64-softmmu.dir/qemu/accel/tcg/cpu-exec-common.c.o
[INFO] [stderr]   [30/608] Building C object CMakeFiles/unicorn-common.dir/qemu/util/bitmap.c.o
[INFO] [stderr]   [31/608] Building C object CMakeFiles/x86_64-softmmu.dir/qemu/accel/tcg/cpu-exec.c.o
[INFO] [stderr]   [32/608] Building C object CMakeFiles/x86_64-softmmu.dir/qemu/accel/tcg/tcg-all.c.o
[INFO] [stderr]   [33/608] Building C object CMakeFiles/unicorn-common.dir/glib_compat/glib_compat.c.o
[INFO] [stderr]   [34/608] Building C object CMakeFiles/x86_64-softmmu.dir/qemu/softmmu/memory.c.o
[INFO] [stderr]   [35/608] Building C object CMakeFiles/unicorn-common.dir/qemu/util/qht.c.o
[INFO] [stderr]   [36/608] Building C object CMakeFiles/x86_64-softmmu.dir/qemu/tcg/tcg-op-vec.c.o
[INFO] [stderr]   [37/608] Building C object CMakeFiles/x86_64-softmmu.dir/qemu/accel/tcg/tcg-runtime.c.o
[INFO] [stderr]   [38/608] Building C object CMakeFiles/x86_64-softmmu.dir/qemu/hw/i386/x86.c.o
[INFO] [stderr]   [39/608] Building C object CMakeFiles/unicorn-common.dir/qemu/util/qdist.c.o
[INFO] [stderr]   [40/608] Building C object CMakeFiles/x86_64-softmmu.dir/qemu/softmmu/unicorn_vtlb.c.o
[INFO] [stderr]   [41/608] Building C object CMakeFiles/x86_64-softmmu.dir/qemu/target/i386/bpt_helper.c.o
[INFO] [stderr]   [42/608] Building C object CMakeFiles/x86_64-softmmu.dir/qemu/target/i386/arch_memory_mapping.c.o
[INFO] [stderr]   [43/608] Building C object CMakeFiles/x86_64-softmmu.dir/qemu/target/i386/helper.c.o
[INFO] [stderr]   [44/608] Building C object CMakeFiles/x86_64-softmmu.dir/qemu/accel/tcg/translator.c.o
[INFO] [stderr]   [45/608] Building C object CMakeFiles/x86_64-softmmu.dir/qemu/target/i386/mem_helper.c.o
[INFO] [stderr]   [46/608] Building C object CMakeFiles/x86_64-softmmu.dir/qemu/target/i386/cc_helper.c.o
[INFO] [stderr]   [47/608] Building C object CMakeFiles/x86_64-softmmu.dir/qemu/target/i386/machine.c.o
[INFO] [stderr]   [48/608] Building C object CMakeFiles/x86_64-softmmu.dir/qemu/target/i386/misc_helper.c.o
[INFO] [stderr]   [49/608] Building C object CMakeFiles/x86_64-softmmu.dir/qemu/target/i386/int_helper.c.o
[INFO] [stderr]   [50/608] Building C object CMakeFiles/x86_64-softmmu.dir/qemu/target/i386/smm_helper.c.o
[INFO] [stderr]   [51/608] Building C object CMakeFiles/x86_64-softmmu.dir/qemu/target/i386/mpx_helper.c.o
[INFO] [stderr]   [52/608] Building C object CMakeFiles/x86_64-softmmu.dir/qemu/target/i386/excp_helper.c.o
[INFO] [stderr]   [53/608] Building C object CMakeFiles/x86_64-softmmu.dir/qemu/accel/tcg/translate-all.c.o
[INFO] [stderr]   [54/608] Building C object CMakeFiles/x86_64-softmmu.dir/qemu/exec.c.o
[INFO] [stderr]   [55/608] Building C object CMakeFiles/x86_64-softmmu.dir/qemu/target/i386/cpu.c.o
[INFO] [stderr]   [56/608] Building C object CMakeFiles/x86_64-softmmu.dir/qemu/tcg/optimize.c.o
[INFO] [stderr]   [57/608] Building C object CMakeFiles/x86_64-softmmu.dir/qemu/target/i386/xsave_helper.c.o
[INFO] [stderr]   [58/608] Building C object CMakeFiles/arm-softmmu.dir/qemu/exec-vary.c.o
[INFO] [stderr]   [59/608] Building C object CMakeFiles/x86_64-softmmu.dir/qemu/target/i386/svm_helper.c.o
[INFO] [stderr]   [60/608] Building C object CMakeFiles/arm-softmmu.dir/qemu/softmmu/ioport.c.o
[INFO] [stderr]   [61/608] Building C object CMakeFiles/arm-softmmu.dir/qemu/softmmu/cpus.c.o
[INFO] [stderr]   [62/608] Building C object CMakeFiles/arm-softmmu.dir/qemu/softmmu/memory_mapping.c.o
[INFO] [stderr]   [63/608] Building C object CMakeFiles/arm-softmmu.dir/qemu/softmmu/memory.c.o
[INFO] [stderr]   [64/608] Building C object CMakeFiles/x86_64-softmmu.dir/qemu/target/i386/unicorn.c.o
[INFO] [stderr]   [65/608] Building C object CMakeFiles/x86_64-softmmu.dir/qemu/tcg/tcg-op.c.o
[INFO] [stderr]   FAILED: [code=1] CMakeFiles/x86_64-softmmu.dir/qemu/tcg/tcg-op.c.o 
[INFO] [stderr]   /usr/bin/cc  -I/opt/rustwide/target/release/build/unicorn-engine-sys/e0d741fdc75e5a14/out/build -I/opt/rustwide/cargo-home/registry/src/index.crates.io-1949cf8c6b5b557f/unicorn-engine-sys-2.1.5/glib_compat -I/opt/rustwide/cargo-home/registry/src/index.crates.io-1949cf8c6b5b557f/unicorn-engine-sys-2.1.5/qemu -I/opt/rustwide/cargo-home/registry/src/index.crates.io-1949cf8c6b5b557f/unicorn-engine-sys-2.1.5/qemu/include -I/opt/rustwide/cargo-home/registry/src/index.crates.io-1949cf8c6b5b557f/unicorn-engine-sys-2.1.5/include -I/opt/rustwide/cargo-home/registry/src/index.crates.io-1949cf8c6b5b557f/unicorn-engine-sys-2.1.5/qemu/tcg -ffunction-sections -fdata-sections -fPIC -m64 -w -O3 -DNDEBUG -std=gnu11 -m64 -mcx16 -I/opt/rustwide/cargo-home/registry/src/index.crates.io-1949cf8c6b5b557f/unicorn-engine-sys-2.1.5/qemu/tcg/i386 -D_GNU_SOURCE -D_FILE_OFFSET_BITS=64 -D_LARGEFILE_SOURCE -Wall -fPIC -DNEED_CPU_H -include x86_64.h -I/opt/rustwide/target/release/build/unicorn-engine-sys/e0d741fdc75e5a14/out/build/x86_64-softmmu -I/opt/rustwide/cargo-home/registry/src/index.crates.io-1949cf8c6b5b557f/unicorn-engine-sys-2.1.5/qemu/target/i386 -MD -MT CMakeFiles/x86_64-softmmu.dir/qemu/tcg/tcg-op.c.o -MF CMakeFiles/x86_64-softmmu.dir/qemu/tcg/tcg-op.c.o.d -o CMakeFiles/x86_64-softmmu.dir/qemu/tcg/tcg-op.c.o -c /opt/rustwide/cargo-home/registry/src/index.crates.io-1949cf8c6b5b557f/unicorn-engine-sys-2.1.5/qemu/tcg/tcg-op.c
[INFO] [stderr]   cc: fatal error: Killed signal terminated program cc1
[INFO] [stderr]   compilation terminated.
[INFO] [stderr]   [66/608] Building C object CMakeFiles/arm-softmmu.dir/qemu/exec.c.o
[INFO] [stderr]   [67/608] Building C object CMakeFiles/x86_64-softmmu.dir/qemu/tcg/tcg-op-gvec.c.o
[INFO] [stderr]   [68/608] Building C object CMakeFiles/arm-softmmu.dir/qemu/tcg/optimize.c.o
[INFO] [stderr]   [69/608] Building C object CMakeFiles/x86_64-softmmu.dir/qemu/target/i386/seg_helper.c.o
[INFO] [stderr]   [70/608] Building C object CMakeFiles/x86_64-softmmu.dir/qemu/accel/tcg/cputlb.c.o
[INFO] [stderr]   [71/608] Building C object CMakeFiles/arm-softmmu.dir/qemu/tcg/tcg-op-vec.c.o
[INFO] [stderr]   [72/608] Building C object CMakeFiles/x86_64-softmmu.dir/qemu/accel/tcg/tcg-runtime-gvec.c.o
[INFO] [stderr]   [73/608] Building C object CMakeFiles/x86_64-softmmu.dir/qemu/target/i386/fpu_helper.c.o
[INFO] [stderr]   [74/608] Building C object CMakeFiles/x86_64-softmmu.dir/qemu/tcg/tcg.c.o
[INFO] [stderr]   [75/608] Building C object CMakeFiles/arm-softmmu.dir/qemu/tcg/tcg-op.c.o
[INFO] [stderr]   [76/608] Building C object CMakeFiles/arm-softmmu.dir/qemu/tcg/tcg.c.o
[INFO] [stderr]   [77/608] Building C object CMakeFiles/arm-softmmu.dir/qemu/tcg/tcg-op-gvec.c.o
[INFO] [stderr]   [78/608] Building C object CMakeFiles/x86_64-softmmu.dir/qemu/fpu/softfloat.c.o
[INFO] [stderr]   [79/608] Building C object CMakeFiles/arm-softmmu.dir/qemu/fpu/softfloat.c.o
[INFO] [stderr]   [80/608] Building C object CMakeFiles/x86_64-softmmu.dir/qemu/target/i386/translate.c.o
[INFO] [stderr]   ninja: build stopped: subcommand failed.
[INFO] [stderr] 
[INFO] [stderr]   --- stderr
[INFO] [stderr]   error: 'rustfmt' is not installed for the toolchain '1.100.0-beta.1-x86_64-unknown-linux-gnu'.
[INFO] [stderr]   help: run `rustup component add --toolchain 1.100.0-beta.1-x86_64-unknown-linux-gnu rustfmt` to install it
[INFO] [stderr]   Failed to run rustfmt: Internal rustfmt error (non-fatal, continuing)
[INFO] [stderr]   running: cd "/opt/rustwide/target/release/build/unicorn-engine-sys/e0d741fdc75e5a14/out/build" && CMAKE_PREFIX_PATH="" LC_ALL="C" "cmake" "/opt/rustwide/cargo-home/registry/src/index.crates.io-1949cf8c6b5b557f/unicorn-engine-sys-2.1.5" "-B" "/opt/rustwide/target/release/build/unicorn-engine-sys/e0d741fdc75e5a14/out/build" "-G" "Ninja" "-DUNICORN_BUILD_TESTS=OFF" "-DUNICORN_INSTALL=ON" "-DUNICORN_ARCH=x86;arm;aarch64;riscv;mips;sparc;m68k;ppc;s390x;tricore" "-DCMAKE_INSTALL_PREFIX=/opt/rustwide/target/release/build/unicorn-engine-sys/e0d741fdc75e5a14/out" "-DCMAKE_C_FLAGS= -ffunction-sections -fdata-sections -fPIC -m64 -w" "-DCMAKE_C_COMPILER=/usr/bin/cc" "-DCMAKE_CXX_FLAGS= -ffunction-sections -fdata-sections -fPIC -m64 -w" "-DCMAKE_CXX_COMPILER=/usr/bin/c++" "-DCMAKE_ASM_FLAGS= -ffunction-sections -fdata-sections -fPIC -m64 -w" "-DCMAKE_ASM_COMPILER=/usr/bin/cc" "-DCMAKE_BUILD_TYPE=Release"
[INFO] [stderr]   CMake Warning:
[INFO] [stderr]     Manually-specified variables were not used by the project:
[INFO] [stderr] 
[INFO] [stderr]       CMAKE_ASM_COMPILER
[INFO] [stderr]       CMAKE_ASM_FLAGS
[INFO] [stderr]       CMAKE_CXX_COMPILER
[INFO] [stderr]       CMAKE_CXX_FLAGS
[INFO] [stderr] 
[INFO] [stderr] 
[INFO] [stderr]   running: cd "/opt/rustwide/target/release/build/unicorn-engine-sys/e0d741fdc75e5a14/out/build" && LC_ALL="C" "cmake" "--build" "/opt/rustwide/target/release/build/unicorn-engine-sys/e0d741fdc75e5a14/out/build" "--target" "install" "--config" "Release" "--parallel" "16"
[INFO] [stderr] 
[INFO] [stderr]   thread 'main' (1787) panicked at /opt/rustwide/cargo-home/registry/src/index.crates.io-1949cf8c6b5b557f/cmake-0.1.58/src/lib.rs:1132:5:
[INFO] [stderr] 
[INFO] [stderr]   command did not execute successfully, got: exit status: 1
[INFO] [stderr] 
[INFO] [stderr]   build script failed, must exit now
[INFO] [stderr]   stack backtrace:
[INFO] [stderr]      0:     0x5f64a4fd24d1 - <<std[617be2ca0a6fd877]::sys::backtrace::BacktraceLock>::print::DisplayBacktrace as core[a373ad73a504971]::fmt::Display>::fmt
[INFO] [stderr]      1:     0x5f64a4fea24a - core[a373ad73a504971]::fmt::write
[INFO] [stderr]      2:     0x5f64a4fd860c - <std[617be2ca0a6fd877]::sys::stdio::unix::Stderr as core[a373ad73a504971]::io::write::Write>::write_fmt
[INFO] [stderr]      3:     0x5f64a4fac706 - std[617be2ca0a6fd877]::panicking::default_hook::{closure#0}
[INFO] [stderr]      4:     0x5f64a4fc9db1 - std[617be2ca0a6fd877]::panicking::default_hook
[INFO] [stderr]      5:     0x5f64a4fca0db - std[617be2ca0a6fd877]::panicking::panic_with_hook
[INFO] [stderr]      6:     0x5f64a4fac7b2 - std[617be2ca0a6fd877]::panicking::panic_handler::{closure#0}
[INFO] [stderr]      7:     0x5f64a4fa5309 - std[617be2ca0a6fd877]::sys::backtrace::__rust_end_short_backtrace::<std[617be2ca0a6fd877]::panicking::panic_handler::{closure#0}, !>
[INFO] [stderr]      8:     0x5f64a4fad3ad - __rustc[ea4f61d10b84890b]::rust_begin_unwind
[INFO] [stderr]      9:     0x5f64a4feaa6c - core[a373ad73a504971]::panicking::panic_fmt
[INFO] [stderr]     10:     0x5f64a4a522e7 - cmake[ab1a46f404242458]::fail
[INFO] [stderr]     11:     0x5f64a4a51f73 - cmake[ab1a46f404242458]::run
[INFO] [stderr]     12:     0x5f64a4a57f45 - <cmake[ab1a46f404242458]::Config>::build
[INFO] [stderr]     13:     0x5f64a4a232a5 - build_script_build[46563559981c56b3]::build_with_cmake
[INFO] [stderr]     14:     0x5f64a4a25312 - build_script_build[46563559981c56b3]::main
[INFO] [stderr]     15:     0x5f64a4a28613 - <fn() as core[a373ad73a504971]::ops::function::FnOnce<()>>::call_once
[INFO] [stderr]     16:     0x5f64a4a20b1e - std[617be2ca0a6fd877]::sys::backtrace::__rust_begin_short_backtrace::<fn(), ()>
[INFO] [stderr]     17:     0x5f64a4a211d9 - std[617be2ca0a6fd877]::rt::lang_start::<()>::{closure#0}
[INFO] [stderr]     18:     0x5f64a4fc90a8 - std[617be2ca0a6fd877]::rt::lang_start_internal
[INFO] [stderr]     19:     0x5f64a4a203e1 - std[617be2ca0a6fd877]::rt::lang_start::<()>
[INFO] [stderr]     20:     0x5f64a4a288c5 - main
[INFO] [stderr]     21:     0x787377b73601 - <unknown>
[INFO] [stderr]     22:     0x787377b73718 - __libc_start_main
[INFO] [stderr]     23:     0x5f64a4a1e435 - _start
[INFO] [stderr]     24:                0x0 - <unknown>
[INFO] running `Command { std: "docker" "inspect" "578f0f8119f2d04fd6f3e9e149a6c5a6a2055287b7e1672380325b9c03b63316", kill_on_drop: false }`
[INFO] running `Command { std: "docker" "rm" "-f" "578f0f8119f2d04fd6f3e9e149a6c5a6a2055287b7e1672380325b9c03b63316", kill_on_drop: false }`
[INFO] [stdout] 578f0f8119f2d04fd6f3e9e149a6c5a6a2055287b7e1672380325b9c03b63316
