[INFO] fetching crate libabieos-sys 0.3.7...
[INFO] testing libabieos-sys-0.3.7 against 1.100.0-beta.1+cargoflags=--release for beta-release-1.100-2
[INFO] extracting crate libabieos-sys 0.3.7 into /workspace/builds/worker-4-tc2/source
[INFO] started tweaking crates.io crate libabieos-sys 0.3.7
[INFO] finished tweaking crates.io crate libabieos-sys 0.3.7
[INFO] tweaked toml for crates.io crate libabieos-sys 0.3.7 written to /workspace/builds/worker-4-tc2/source/Cargo.toml
[INFO] validating manifest of crates.io crate libabieos-sys 0.3.7 on toolchain 1.100.0-beta.1
[INFO] running `Command { std: CARGO_HOME="/workspace/cargo-home" RUSTUP_HOME="/workspace/rustup-home" "/workspace/cargo-home/bin/cargo" "+1.100.0-beta.1" "metadata" "--manifest-path" "Cargo.toml" "--no-deps", kill_on_drop: false }`
[INFO] running `Command { std: CARGO_HOME="/workspace/cargo-home" RUSTUP_HOME="/workspace/rustup-home" "/workspace/cargo-home/bin/cargo" "+1.100.0-beta.1" "generate-lockfile" "--manifest-path" "Cargo.toml", kill_on_drop: false }`
[INFO] [stderr]     Updating crates.io index
[INFO] [stderr]      Locking 65 packages to highest compatible versions
[INFO] [stderr]       Adding rust-embed v5.9.0 (available: v8.13.0)
[INFO] [stderr]       Adding sys-info v0.8.0 (available: v0.9.1)
[INFO] running `Command { std: CARGO_HOME="/workspace/cargo-home" RUSTUP_HOME="/workspace/rustup-home" "/workspace/cargo-home/bin/cargo" "+1.100.0-beta.1" "fetch" "--manifest-path" "Cargo.toml", kill_on_drop: false }`
[INFO] running `Command { std: "docker" "create" "-v" "/var/lib/crater-agent-workspace/builds/worker-4-tc2/source:/opt/rustwide/workdir:ro,Z" "-v" "/var/lib/crater-agent-workspace/builds/worker-4-tc2/target:/opt/rustwide/target:rw,Z" "-v" "/var/lib/crater-agent-workspace/cargo-home:/opt/rustwide/cargo-home:ro,Z" "-v" "/var/lib/crater-agent-workspace/rustup-home:/opt/rustwide/rustup-home:ro,Z" "-m" "1610612736" "--network" "none" "ghcr.io/rust-lang/crates-build-env/linux@sha256:77db811e55d90add9212f6832c23229e3de5f1c1f9905e8cb07319ea15df73ac" "sleep" "infinity", kill_on_drop: false }`
[INFO] [stdout] efcd1b60020f5f1db1577bc843ae0b5c26529ff3dbe9cc2f44a87a3b6f98a131
[INFO] running `Command { std: "docker" "start" "efcd1b60020f5f1db1577bc843ae0b5c26529ff3dbe9cc2f44a87a3b6f98a131", kill_on_drop: false }`
[INFO] running `Command { std: "docker" "inspect" "efcd1b60020f5f1db1577bc843ae0b5c26529ff3dbe9cc2f44a87a3b6f98a131", kill_on_drop: false }`
[INFO] running `Command { std: "docker" "exec" "-e" "SOURCE_DIR=/opt/rustwide/workdir" "-e" "CARGO_HOME=/opt/rustwide/cargo-home" "-e" "RUSTUP_HOME=/opt/rustwide/rustup-home" "-e" "CARGO_TARGET_DIR=/opt/rustwide/target" "-w" "/opt/rustwide/workdir" "--user" "0:0" "efcd1b60020f5f1db1577bc843ae0b5c26529ff3dbe9cc2f44a87a3b6f98a131" "/opt/rustwide/cargo-home/bin/cargo" "+1.100.0-beta.1" "metadata" "--no-deps" "--format-version=1", kill_on_drop: false }`
[INFO] running `Command { std: "docker" "inspect" "efcd1b60020f5f1db1577bc843ae0b5c26529ff3dbe9cc2f44a87a3b6f98a131", kill_on_drop: false }`
[INFO] running `Command { std: "docker" "exec" "-e" "SOURCE_DIR=/opt/rustwide/workdir" "-e" "CARGO_HOME=/opt/rustwide/cargo-home" "-e" "RUSTUP_HOME=/opt/rustwide/rustup-home" "-e" "CARGO_TARGET_DIR=/opt/rustwide/target" "-e" "CARGO_INCREMENTAL=0" "-e" "RUST_BACKTRACE=full" "-e" "RUSTFLAGS=--cap-lints=warn" "-e" "RUSTDOCFLAGS=--cap-lints=warn" "-w" "/opt/rustwide/workdir" "--user" "0:0" "efcd1b60020f5f1db1577bc843ae0b5c26529ff3dbe9cc2f44a87a3b6f98a131" "/opt/rustwide/cargo-home/bin/cargo" "+1.100.0-beta.1" "build" "--frozen" "--message-format=json" "--release", kill_on_drop: false }`
[INFO] [stderr]    Compiling error-chain v0.12.4
[INFO] [stderr]    Compiling sys-info v0.8.0
[INFO] [stderr]    Compiling rust-embed-utils v5.1.0
[INFO] [stderr]    Compiling cmake v0.1.58
[INFO] [stderr]    Compiling chrono v0.4.45
[INFO] [stderr]    Compiling serde v1.0.229
[INFO] [stderr]    Compiling rust-embed-impl v5.9.0
[INFO] [stderr]    Compiling rust-embed v5.9.0
[INFO] [stderr]    Compiling libabieos-sys v0.3.7 (/opt/rustwide/workdir)
[INFO] [stderr] error: failed to run custom build command for `libabieos-sys v0.3.7 (/opt/rustwide/workdir)`
[INFO] [stderr] note: To improve backtraces for build dependencies, set the CARGO_PROFILE_RELEASE_BUILD_OVERRIDE_DEBUG=true environment variable to enable debug information generation.
[INFO] [stderr] 
[INFO] [stderr] Caused by:
[INFO] [stderr]   process didn't exit successfully: `/opt/rustwide/target/release/build/libabieos-sys/dbc9c84d06b847c1/out/build_script_build` (exit status: 101)
[INFO] [stderr]   --- stdout
[INFO] [stderr]   CMAKE_TOOLCHAIN_FILE_x86_64-unknown-linux-gnu = None
[INFO] [stderr]   CMAKE_TOOLCHAIN_FILE_x86_64_unknown_linux_gnu = None
[INFO] [stderr]   HOST_CMAKE_TOOLCHAIN_FILE = None
[INFO] [stderr]   CMAKE_TOOLCHAIN_FILE = None
[INFO] [stderr]   CMAKE_GENERATOR_x86_64-unknown-linux-gnu = None
[INFO] [stderr]   CMAKE_GENERATOR_x86_64_unknown_linux_gnu = None
[INFO] [stderr]   HOST_CMAKE_GENERATOR = None
[INFO] [stderr]   CMAKE_GENERATOR = None
[INFO] [stderr]   CMAKE_PREFIX_PATH_x86_64-unknown-linux-gnu = None
[INFO] [stderr]   CMAKE_PREFIX_PATH_x86_64_unknown_linux_gnu = None
[INFO] [stderr]   HOST_CMAKE_PREFIX_PATH = None
[INFO] [stderr]   CMAKE_PREFIX_PATH = None
[INFO] [stderr]   CMAKE_x86_64-unknown-linux-gnu = None
[INFO] [stderr]   CMAKE_x86_64_unknown_linux_gnu = None
[INFO] [stderr]   HOST_CMAKE = None
[INFO] [stderr]   CMAKE = None
[INFO] [stderr]   -- The CXX compiler identification is GNU 15.2.0
[INFO] [stderr]   -- The C compiler identification is GNU 15.2.0
[INFO] [stderr]   -- Detecting CXX compiler ABI info
[INFO] [stderr]   -- Detecting CXX compiler ABI info - done
[INFO] [stderr]   -- Check for working CXX compiler: /usr/bin/c++ - skipped
[INFO] [stderr]   -- Detecting CXX compile features
[INFO] [stderr]   -- Detecting CXX compile features - done
[INFO] [stderr]   -- Detecting C compiler ABI info
[INFO] [stderr]   -- Detecting C compiler ABI info - done
[INFO] [stderr]   -- Check for working C compiler: /usr/bin/cc - skipped
[INFO] [stderr]   -- Detecting C compile features
[INFO] [stderr]   -- Detecting C compile features - done
[INFO] [stderr]   -- Performing Test CMAKE_HAVE_LIBC_PTHREAD
[INFO] [stderr]   -- Performing Test CMAKE_HAVE_LIBC_PTHREAD - Success
[INFO] [stderr]   -- Found Threads: TRUE
[INFO] [stderr]   -- Configuring done (2.6s)
[INFO] [stderr]   -- Generating done (0.0s)
[INFO] [stderr]   -- Build files have been written to: /opt/rustwide/target/release/build/libabieos-sys/fde2d4995bb3c37c/out/build
[INFO] [stderr]   [ 20%] Building CXX object CMakeFiles/abieos.dir/src/abi.cpp.o
[INFO] [stderr]   [ 40%] Building CXX object CMakeFiles/abieos.dir/src/abieos.cpp.o
[INFO] [stderr]   [ 60%] Building CXX object CMakeFiles/abieos.dir/src/crypto.cpp.o
[INFO] [stderr]   [ 80%] Building C object CMakeFiles/abieos.dir/include/eosio/fpconv.c.o
[INFO] [stderr] 
[INFO] [stderr]   --- stderr
[INFO] [stderr]   running: cd "/opt/rustwide/target/release/build/libabieos-sys/fde2d4995bb3c37c/out/build" && CMAKE_PREFIX_PATH="" LC_ALL="C" "cmake" "/opt/rustwide/workdir/lib/abieos" "-B" "/opt/rustwide/target/release/build/libabieos-sys/fde2d4995bb3c37c/out/build" "-DCMAKE_INSTALL_PREFIX=/opt/rustwide/target/release/build/libabieos-sys/fde2d4995bb3c37c/out" "-DCMAKE_C_FLAGS= -ffunction-sections -fdata-sections -fPIC -m64 -w" "-DCMAKE_C_COMPILER=/usr/bin/cc" "-DCMAKE_CXX_FLAGS= -ffunction-sections -fdata-sections -fPIC -m64 -w" "-DCMAKE_CXX_COMPILER=/usr/bin/c++" "-DCMAKE_ASM_FLAGS= -ffunction-sections -fdata-sections -fPIC -m64 -w" "-DCMAKE_ASM_COMPILER=/usr/bin/cc" "-DCMAKE_BUILD_TYPE=Release"
[INFO] [stderr]   CMake Deprecation Warning at CMakeLists.txt:3 (cmake_minimum_required):
[INFO] [stderr]     Compatibility with CMake < 3.10 will be removed from a future version of
[INFO] [stderr]     CMake.
[INFO] [stderr] 
[INFO] [stderr]     Update the VERSION argument <min> value.  Or, use the <min>...<max> syntax
[INFO] [stderr]     to tell CMake that the project requires at least <min> but has been updated
[INFO] [stderr]     to work with policies introduced by <max> or earlier.
[INFO] [stderr] 
[INFO] [stderr] 
[INFO] [stderr]   fatal: not a git repository (or any parent up to mount point /opt/rustwide)
[INFO] [stderr]   Stopping at filesystem boundary (GIT_DISCOVERY_ACROSS_FILESYSTEM not set).
[INFO] [stderr]   CMake Warning:
[INFO] [stderr]     Manually-specified variables were not used by the project:
[INFO] [stderr] 
[INFO] [stderr]       CMAKE_ASM_COMPILER
[INFO] [stderr]       CMAKE_ASM_FLAGS
[INFO] [stderr] 
[INFO] [stderr] 
[INFO] [stderr]   running: cd "/opt/rustwide/target/release/build/libabieos-sys/fde2d4995bb3c37c/out/build" && LC_ALL="C" MAKEFLAGS="-j --jobserver-fds=4,5 --jobserver-auth=4,5" "cmake" "--build" "/opt/rustwide/target/release/build/libabieos-sys/fde2d4995bb3c37c/out/build" "--target" "abieos" "--config" "Release"
[INFO] [stderr]   In file included from /opt/rustwide/workdir/lib/abieos/include/eosio/stream.hpp:3,
[INFO] [stderr]                    from /opt/rustwide/workdir/lib/abieos/include/eosio/chain_conversions.hpp:3,
[INFO] [stderr]                    from /opt/rustwide/workdir/lib/abieos/include/eosio/name.hpp:3,
[INFO] [stderr]                    from /opt/rustwide/workdir/lib/abieos/include/eosio/abi.hpp:3,
[INFO] [stderr]                    from /opt/rustwide/workdir/lib/abieos/src/abi.cpp:1:
[INFO] [stderr]   /opt/rustwide/workdir/lib/abieos/include/eosio/check.hpp:38:33: error: expected ')' before 'code'
[INFO] [stderr]      38 |    explicit eosio_error(uint64_t code) {}
[INFO] [stderr]         |                        ~        ^~~~~
[INFO] [stderr]         |                                 )
[INFO] [stderr]   /opt/rustwide/workdir/lib/abieos/include/eosio/check.hpp:63:29: error: variable or field 'assert_or_throw' declared void
[INFO] [stderr]      63 |    [[noreturn]] inline void assert_or_throw(uint64_t code) {
[INFO] [stderr]         |                             ^~~~~~~~~~~~~~~
[INFO] [stderr]   /opt/rustwide/workdir/lib/abieos/include/eosio/check.hpp:63:45: error: 'uint64_t' was not declared in this scope
[INFO] [stderr]      63 |    [[noreturn]] inline void assert_or_throw(uint64_t code) {
[INFO] [stderr]         |                                             ^~~~~~~~
[INFO] [stderr]   /opt/rustwide/workdir/lib/abieos/include/eosio/check.hpp:23:1: note: 'uint64_t' is defined in header '<cstdint>'; this is probably fixable by adding '#include <cstdint>'
[INFO] [stderr]      22 | #include <stdexcept>
[INFO] [stderr]     +++ |+#include <cstdint>
[INFO] [stderr]      23 | #endif
[INFO] [stderr]   /opt/rustwide/workdir/lib/abieos/include/eosio/check.hpp:174:30: error: 'uint64_t' has not been declared
[INFO] [stderr]     174 | inline void check(bool pred, uint64_t code) {
[INFO] [stderr]         |                              ^~~~~~~~
[INFO] [stderr]   /opt/rustwide/workdir/lib/abieos/include/eosio/check.hpp:174:30: note: 'uint64_t' is defined in header '<cstdint>'; this is probably fixable by adding '#include <cstdint>'
[INFO] [stderr]   /opt/rustwide/workdir/lib/abieos/include/eosio/check.hpp: In function 'void eosio::check(bool, int)':
[INFO] [stderr]   /opt/rustwide/workdir/lib/abieos/include/eosio/check.hpp:176:38: error: invalid conversion from 'int' to 'const char*' [-fpermissive]
[INFO] [stderr]     176 |       eosio::detail::assert_or_throw(code);
[INFO] [stderr]         |                                      ^~~~
[INFO] [stderr]         |                                      |
[INFO] [stderr]         |                                      int
[INFO] [stderr]   /opt/rustwide/workdir/lib/abieos/include/eosio/check.hpp:49:57: note: initializing argument 1 of 'void eosio::detail::assert_or_throw(const char*)'
[INFO] [stderr]      49 |    [[noreturn]] inline void assert_or_throw(const char* msg) {
[INFO] [stderr]         |                                             ~~~~~~~~~~~~^~~
[INFO] [stderr]   gmake[3]: *** [CMakeFiles/abieos.dir/build.make:79: CMakeFiles/abieos.dir/src/abi.cpp.o] Error 1
[INFO] [stderr]   gmake[3]: *** Waiting for unfinished jobs....
[INFO] [stderr]   gmake[2]: *** [CMakeFiles/Makefile2:127: CMakeFiles/abieos.dir/all] Error 2
[INFO] [stderr]   gmake[1]: *** [CMakeFiles/Makefile2:134: CMakeFiles/abieos.dir/rule] Error 2
[INFO] [stderr]   gmake: *** [Makefile:134: abieos] Error 2
[INFO] [stderr] 
[INFO] [stderr]   thread 'main' (239) panicked at /opt/rustwide/cargo-home/registry/src/index.crates.io-1949cf8c6b5b557f/cmake-0.1.58/src/lib.rs:1132:5:
[INFO] [stderr] 
[INFO] [stderr]   command did not execute successfully, got: exit status: 2
[INFO] [stderr] 
[INFO] [stderr]   build script failed, must exit now
[INFO] [stderr]   stack backtrace:
[INFO] [stderr]      0:     0x59fc6a31f251 - <<std[617be2ca0a6fd877]::sys::backtrace::BacktraceLock>::print::DisplayBacktrace as core[a373ad73a504971]::fmt::Display>::fmt
[INFO] [stderr]      1:     0x59fc6a3332ba - core[a373ad73a504971]::fmt::write
[INFO] [stderr]      2:     0x59fc6a324a5c - <std[617be2ca0a6fd877]::sys::stdio::unix::Stderr as core[a373ad73a504971]::io::write::Write>::write_fmt
[INFO] [stderr]      3:     0x59fc6a2fdc46 - std[617be2ca0a6fd877]::panicking::default_hook::{closure#0}
[INFO] [stderr]      4:     0x59fc6a319f71 - std[617be2ca0a6fd877]::panicking::default_hook
[INFO] [stderr]      5:     0x59fc6a31a12b - std[617be2ca0a6fd877]::panicking::panic_with_hook
[INFO] [stderr]      6:     0x59fc6a2fdcf2 - std[617be2ca0a6fd877]::panicking::panic_handler::{closure#0}
[INFO] [stderr]      7:     0x59fc6a2f6999 - std[617be2ca0a6fd877]::sys::backtrace::__rust_end_short_backtrace::<std[617be2ca0a6fd877]::panicking::panic_handler::{closure#0}, !>
[INFO] [stderr]      8:     0x59fc6a2fe4dd - __rustc[ea4f61d10b84890b]::rust_begin_unwind
[INFO] [stderr]      9:     0x59fc6a333a2c - core[a373ad73a504971]::panicking::panic_fmt
[INFO] [stderr]     10:     0x59fc6a26f957 - cmake[d60c0f08b6701da5]::fail
[INFO] [stderr]     11:     0x59fc6a26f5e3 - cmake[d60c0f08b6701da5]::run
[INFO] [stderr]     12:     0x59fc6a275675 - <cmake[d60c0f08b6701da5]::Config>::build
[INFO] [stderr]     13:     0x59fc6a2672d0 - build_script_build[36f8a3c79d912de3]::main
[INFO] [stderr]     14:     0x59fc6a267e73 - <fn() as core[a373ad73a504971]::ops::function::FnOnce<()>>::call_once
[INFO] [stderr]     15:     0x59fc6a267206 - std[617be2ca0a6fd877]::sys::backtrace::__rust_begin_short_backtrace::<fn(), ()>
[INFO] [stderr]     16:     0x59fc6a267219 - std[617be2ca0a6fd877]::rt::lang_start::<()>::{closure#0}
[INFO] [stderr]     17:     0x59fc6a318ee8 - std[617be2ca0a6fd877]::rt::lang_start_internal
[INFO] [stderr]     18:     0x59fc6a266d91 - std[617be2ca0a6fd877]::rt::lang_start::<()>
[INFO] [stderr]     19:     0x59fc6a267ee5 - main
[INFO] [stderr]     20:     0x721011261601 - <unknown>
[INFO] [stderr]     21:     0x721011261718 - __libc_start_main
[INFO] [stderr]     22:     0x59fc6a266175 - _start
[INFO] [stderr]     23:                0x0 - <unknown>
[INFO] running `Command { std: "docker" "inspect" "efcd1b60020f5f1db1577bc843ae0b5c26529ff3dbe9cc2f44a87a3b6f98a131", kill_on_drop: false }`
[INFO] running `Command { std: "docker" "rm" "-f" "efcd1b60020f5f1db1577bc843ae0b5c26529ff3dbe9cc2f44a87a3b6f98a131", kill_on_drop: false }`
[INFO] [stdout] efcd1b60020f5f1db1577bc843ae0b5c26529ff3dbe9cc2f44a87a3b6f98a131
