[INFO] fetching crate lib8tion 0.1.1...
[INFO] testing lib8tion-0.1.1 against 1.99.0-beta.8+cargoflags=--release for beta-release-1.100-2
[INFO] extracting crate lib8tion 0.1.1 into /workspace/builds/worker-7-tc1/source
[INFO] started tweaking crates.io crate lib8tion 0.1.1
[INFO] removed 0 missing tests
[INFO] finished tweaking crates.io crate lib8tion 0.1.1
[INFO] tweaked toml for crates.io crate lib8tion 0.1.1 written to /workspace/builds/worker-7-tc1/source/Cargo.toml
[INFO] validating manifest of crates.io crate lib8tion 0.1.1 on toolchain 1.99.0-beta.8
[INFO] running `Command { std: CARGO_HOME="/workspace/cargo-home" RUSTUP_HOME="/workspace/rustup-home" "/workspace/cargo-home/bin/cargo" "+1.99.0-beta.8" "metadata" "--manifest-path" "Cargo.toml" "--no-deps", kill_on_drop: false }`
[INFO] crate crates.io crate lib8tion 0.1.1 already has a lockfile, it will not be regenerated
[INFO] running `Command { std: CARGO_HOME="/workspace/cargo-home" RUSTUP_HOME="/workspace/rustup-home" "/workspace/cargo-home/bin/cargo" "+1.99.0-beta.8" "fetch" "--manifest-path" "Cargo.toml", kill_on_drop: false }`
[INFO] running `Command { std: "docker" "create" "-v" "/var/lib/crater-agent-workspace/builds/worker-7-tc1/source:/opt/rustwide/workdir:ro,Z" "-v" "/var/lib/crater-agent-workspace/builds/worker-7-tc1/target:/opt/rustwide/target:rw,Z" "-v" "/var/lib/crater-agent-workspace/cargo-home:/opt/rustwide/cargo-home:ro,Z" "-v" "/var/lib/crater-agent-workspace/rustup-home:/opt/rustwide/rustup-home:ro,Z" "-m" "1610612736" "--network" "none" "ghcr.io/rust-lang/crates-build-env/linux@sha256:77db811e55d90add9212f6832c23229e3de5f1c1f9905e8cb07319ea15df73ac" "sleep" "infinity", kill_on_drop: false }`
[INFO] [stdout] 29781a652ef37d847d67291d2e395d7d39644d6770ec2340b0741422658f5418
[INFO] running `Command { std: "docker" "start" "29781a652ef37d847d67291d2e395d7d39644d6770ec2340b0741422658f5418", kill_on_drop: false }`
[INFO] running `Command { std: "docker" "inspect" "29781a652ef37d847d67291d2e395d7d39644d6770ec2340b0741422658f5418", kill_on_drop: false }`
[INFO] running `Command { std: "docker" "exec" "-e" "SOURCE_DIR=/opt/rustwide/workdir" "-e" "CARGO_HOME=/opt/rustwide/cargo-home" "-e" "RUSTUP_HOME=/opt/rustwide/rustup-home" "-e" "CARGO_TARGET_DIR=/opt/rustwide/target" "-w" "/opt/rustwide/workdir" "--user" "0:0" "29781a652ef37d847d67291d2e395d7d39644d6770ec2340b0741422658f5418" "/opt/rustwide/cargo-home/bin/cargo" "+1.99.0-beta.8" "metadata" "--no-deps" "--format-version=1", kill_on_drop: false }`
[INFO] running `Command { std: "docker" "inspect" "29781a652ef37d847d67291d2e395d7d39644d6770ec2340b0741422658f5418", kill_on_drop: false }`
[INFO] running `Command { std: "docker" "exec" "-e" "SOURCE_DIR=/opt/rustwide/workdir" "-e" "CARGO_HOME=/opt/rustwide/cargo-home" "-e" "RUSTUP_HOME=/opt/rustwide/rustup-home" "-e" "CARGO_TARGET_DIR=/opt/rustwide/target" "-e" "CARGO_INCREMENTAL=0" "-e" "RUST_BACKTRACE=full" "-e" "RUSTFLAGS=--cap-lints=warn" "-e" "RUSTDOCFLAGS=--cap-lints=warn" "-w" "/opt/rustwide/workdir" "--user" "0:0" "29781a652ef37d847d67291d2e395d7d39644d6770ec2340b0741422658f5418" "/opt/rustwide/cargo-home/bin/cargo" "+1.99.0-beta.8" "build" "--frozen" "--message-format=json" "--release", kill_on_drop: false }`
[INFO] [stderr]    Compiling lib8tion v0.1.1 (/opt/rustwide/workdir)
[INFO] [stderr]     Finished `release` profile [optimized] target(s) in 0.19s
[INFO] running `Command { std: "docker" "inspect" "29781a652ef37d847d67291d2e395d7d39644d6770ec2340b0741422658f5418", kill_on_drop: false }`
[INFO] running `Command { std: "docker" "exec" "-e" "SOURCE_DIR=/opt/rustwide/workdir" "-e" "CARGO_HOME=/opt/rustwide/cargo-home" "-e" "RUSTUP_HOME=/opt/rustwide/rustup-home" "-e" "CARGO_TARGET_DIR=/opt/rustwide/target" "-e" "CARGO_INCREMENTAL=0" "-e" "RUST_BACKTRACE=full" "-e" "RUSTFLAGS=--cap-lints=warn" "-e" "RUSTDOCFLAGS=--cap-lints=warn" "-w" "/opt/rustwide/workdir" "--user" "0:0" "29781a652ef37d847d67291d2e395d7d39644d6770ec2340b0741422658f5418" "/opt/rustwide/cargo-home/bin/cargo" "+1.99.0-beta.8" "test" "--frozen" "--no-run" "--message-format=json" "--release", kill_on_drop: false }`
[INFO] [stderr]    Compiling zerocopy v0.8.50
[INFO] [stderr]    Compiling bitflags v2.13.0
[INFO] [stderr]    Compiling wait-timeout v0.2.1
[INFO] [stderr]    Compiling rand_xorshift v0.4.0
[INFO] [stderr]    Compiling rand v0.9.4
[INFO] [stderr]    Compiling rustix v1.1.4
[INFO] [stderr]    Compiling tempfile v3.27.0
[INFO] [stderr]    Compiling rusty-fork v0.3.1
[INFO] [stderr]    Compiling ppv-lite86 v0.2.21
[INFO] [stderr]    Compiling rand_chacha v0.9.0
[INFO] [stderr]    Compiling proptest v1.11.0
[INFO] [stderr]    Compiling lib8tion v0.1.1 (/opt/rustwide/workdir)
[INFO] [stdout] error[E0433]: cannot find module or crate `fastled_ref` in this scope
[INFO] [stdout]   --> tests/properties.rs:26:42
[INFO] [stdout]    |
[INFO] [stdout] 26 |         prop_assert_eq!(l::sin16(theta), fastled_ref::sin16(theta));
[INFO] [stdout]    |                                          ^^^^^^^^^^^ use of unresolved module or unlinked crate `fastled_ref`
[INFO] [stdout]    |
[INFO] [stdout]    = help: if you wanted to use a crate named `fastled_ref`, use `cargo add fastled_ref` to add it to your `Cargo.toml`
[INFO] [stdout] 
[INFO] [stdout] 
[INFO] [stdout] error[E0433]: cannot find module or crate `fastled_ref` in this scope
[INFO] [stdout]   --> tests/properties.rs:27:42
[INFO] [stdout]    |
[INFO] [stdout] 27 |         prop_assert_eq!(l::cos16(theta), fastled_ref::cos16(theta));
[INFO] [stdout]    |                                          ^^^^^^^^^^^ use of unresolved module or unlinked crate `fastled_ref`
[INFO] [stdout]    |
[INFO] [stdout]    = help: if you wanted to use a crate named `fastled_ref`, use `cargo add fastled_ref` to add it to your `Cargo.toml`
[INFO] [stdout] 
[INFO] [stdout] 
[INFO] [stdout] error[E0433]: cannot find module or crate `fastled_ref` in this scope
[INFO] [stdout]   --> tests/properties.rs:32:39
[INFO] [stdout]    |
[INFO] [stdout] 32 |         prop_assert_eq!(l::sqrt16(x), fastled_ref::sqrt16(x));
[INFO] [stdout]    |                                       ^^^^^^^^^^^ use of unresolved module or unlinked crate `fastled_ref`
[INFO] [stdout]    |
[INFO] [stdout]    = help: if you wanted to use a crate named `fastled_ref`, use `cargo add fastled_ref` to add it to your `Cargo.toml`
[INFO] [stdout] 
[INFO] [stdout] 
[INFO] [stdout] error[E0433]: cannot find module or crate `fastled_ref` in this scope
[INFO] [stdout]   --> tests/properties.rs:37:58
[INFO] [stdout]    |
[INFO] [stdout] 37 |         prop_assert_eq!(l::scale16(i, Fract16(scale16)), fastled_ref::scale16(i, scale16));
[INFO] [stdout]    |                                                          ^^^^^^^^^^^ use of unresolved module or unlinked crate `fastled_ref`
[INFO] [stdout]    |
[INFO] [stdout]    = help: if you wanted to use a crate named `fastled_ref`, use `cargo add fastled_ref` to add it to your `Cargo.toml`
[INFO] [stdout] 
[INFO] [stdout] 
[INFO] [stdout] error[E0433]: cannot find module or crate `fastled_ref` in this scope
[INFO] [stdout]   --> tests/properties.rs:38:59
[INFO] [stdout]    |
[INFO] [stdout] 38 |         prop_assert_eq!(l::scale16by8(i, Fract8(scale8)), fastled_ref::scale16by8(i, scale8));
[INFO] [stdout]    |                                                           ^^^^^^^^^^^ use of unresolved module or unlinked crate `fastled_ref`
[INFO] [stdout]    |
[INFO] [stdout]    = help: if you wanted to use a crate named `fastled_ref`, use `cargo add fastled_ref` to add it to your `Cargo.toml`
[INFO] [stdout] 
[INFO] [stdout] 
[INFO] [stdout] error[E0433]: cannot find module or crate `fastled_ref` in this scope
[INFO] [stdout]   --> tests/properties.rs:43:58
[INFO] [stdout]    |
[INFO] [stdout] 43 |         prop_assert_eq!(l::scale32by8(i, Fract8(scale)), fastled_ref::scale32by8(i, scale));
[INFO] [stdout]    |                                                          ^^^^^^^^^^^ use of unresolved module or unlinked crate `fastled_ref`
[INFO] [stdout]    |
[INFO] [stdout]    = help: if you wanted to use a crate named `fastled_ref`, use `cargo add fastled_ref` to add it to your `Cargo.toml`
[INFO] [stdout] 
[INFO] [stdout] 
[INFO] [stdout] error[E0433]: cannot find module or crate `fastled_ref` in this scope
[INFO] [stdout]   --> tests/properties.rs:48:41
[INFO] [stdout]    |
[INFO] [stdout] 48 |         prop_assert_eq!(l::avg16(a, b), fastled_ref::avg16(a, b));
[INFO] [stdout]    |                                         ^^^^^^^^^^^ use of unresolved module or unlinked crate `fastled_ref`
[INFO] [stdout]    |
[INFO] [stdout]    = help: if you wanted to use a crate named `fastled_ref`, use `cargo add fastled_ref` to add it to your `Cargo.toml`
[INFO] [stdout] 
[INFO] [stdout] 
[INFO] [stdout] error[E0433]: cannot find module or crate `fastled_ref` in this scope
[INFO] [stdout]   --> tests/properties.rs:49:42
[INFO] [stdout]    |
[INFO] [stdout] 49 |         prop_assert_eq!(l::avg16r(a, b), fastled_ref::avg16r(a, b));
[INFO] [stdout]    |                                          ^^^^^^^^^^^ use of unresolved module or unlinked crate `fastled_ref`
[INFO] [stdout]    |
[INFO] [stdout]    = help: if you wanted to use a crate named `fastled_ref`, use `cargo add fastled_ref` to add it to your `Cargo.toml`
[INFO] [stdout] 
[INFO] [stdout] 
[INFO] [stdout] error[E0433]: cannot find module or crate `fastled_ref` in this scope
[INFO] [stdout]   --> tests/properties.rs:54:41
[INFO] [stdout]    |
[INFO] [stdout] 54 |         prop_assert_eq!(l::avg15(a, b), fastled_ref::avg15(a, b));
[INFO] [stdout]    |                                         ^^^^^^^^^^^ use of unresolved module or unlinked crate `fastled_ref`
[INFO] [stdout]    |
[INFO] [stdout]    = help: if you wanted to use a crate named `fastled_ref`, use `cargo add fastled_ref` to add it to your `Cargo.toml`
[INFO] [stdout] 
[INFO] [stdout] 
[INFO] [stdout] error[E0433]: cannot find module or crate `fastled_ref` in this scope
[INFO] [stdout]   --> tests/properties.rs:59:60
[INFO] [stdout]    |
[INFO] [stdout] 59 |         prop_assert_eq!(l::lerp16by8(a, b, Fract8(frac8)), fastled_ref::lerp16by8(a, b, frac8));
[INFO] [stdout]    |                                                            ^^^^^^^^^^^ use of unresolved module or unlinked crate `fastled_ref`
[INFO] [stdout]    |
[INFO] [stdout]    = help: if you wanted to use a crate named `fastled_ref`, use `cargo add fastled_ref` to add it to your `Cargo.toml`
[INFO] [stdout] 
[INFO] [stdout] 
[INFO] [stdout] error[E0433]: cannot find module or crate `fastled_ref` in this scope
[INFO] [stdout]   --> tests/properties.rs:60:63
[INFO] [stdout]    |
[INFO] [stdout] 60 |         prop_assert_eq!(l::lerp16by16(a, b, Fract16(frac16)), fastled_ref::lerp16by16(a, b, frac16));
[INFO] [stdout]    |                                                               ^^^^^^^^^^^ use of unresolved module or unlinked crate `fastled_ref`
[INFO] [stdout]    |
[INFO] [stdout]    = help: if you wanted to use a crate named `fastled_ref`, use `cargo add fastled_ref` to add it to your `Cargo.toml`
[INFO] [stdout] 
[INFO] [stdout] 
[INFO] [stdout] error[E0433]: cannot find module or crate `fastled_ref` in this scope
[INFO] [stdout]   --> tests/properties.rs:65:60
[INFO] [stdout]    |
[INFO] [stdout] 65 |         prop_assert_eq!(l::lerp15by8(a, b, Fract8(frac8)), fastled_ref::lerp15by8(a, b, frac8));
[INFO] [stdout]    |                                                            ^^^^^^^^^^^ use of unresolved module or unlinked crate `fastled_ref`
[INFO] [stdout]    |
[INFO] [stdout]    = help: if you wanted to use a crate named `fastled_ref`, use `cargo add fastled_ref` to add it to your `Cargo.toml`
[INFO] [stdout] 
[INFO] [stdout] 
[INFO] [stdout] error[E0433]: cannot find module or crate `fastled_ref` in this scope
[INFO] [stdout]   --> tests/properties.rs:66:63
[INFO] [stdout]    |
[INFO] [stdout] 66 |         prop_assert_eq!(l::lerp15by16(a, b, Fract16(frac16)), fastled_ref::lerp15by16(a, b, frac16));
[INFO] [stdout]    |                                                               ^^^^^^^^^^^ use of unresolved module or unlinked crate `fastled_ref`
[INFO] [stdout]    |
[INFO] [stdout]    = help: if you wanted to use a crate named `fastled_ref`, use `cargo add fastled_ref` to add it to your `Cargo.toml`
[INFO] [stdout] 
[INFO] [stdout] 
[INFO] [stdout] error[E0433]: cannot find module or crate `fastled_ref` in this scope
[INFO] [stdout]   --> tests/properties.rs:71:51
[INFO] [stdout]    |
[INFO] [stdout] 71 |         prop_assert_eq!(l::ease16_in_out_quad(i), fastled_ref::ease16_in_out_quad(i));
[INFO] [stdout]    |                                                   ^^^^^^^^^^^ use of unresolved module or unlinked crate `fastled_ref`
[INFO] [stdout]    |
[INFO] [stdout]    = help: if you wanted to use a crate named `fastled_ref`, use `cargo add fastled_ref` to add it to your `Cargo.toml`
[INFO] [stdout] 
[INFO] [stdout] 
[INFO] [stdout] error[E0433]: cannot find module or crate `fastled_ref` in this scope
[INFO] [stdout]   --> tests/properties.rs:72:52
[INFO] [stdout]    |
[INFO] [stdout] 72 |         prop_assert_eq!(l::ease16_in_out_cubic(i), fastled_ref::ease16_in_out_cubic(i));
[INFO] [stdout]    |                                                    ^^^^^^^^^^^ use of unresolved module or unlinked crate `fastled_ref`
[INFO] [stdout]    |
[INFO] [stdout]    = help: if you wanted to use a crate named `fastled_ref`, use `cargo add fastled_ref` to add it to your `Cargo.toml`
[INFO] [stdout] 
[INFO] [stdout] 
[INFO] [stdout] error[E0433]: cannot find module or crate `fastled_ref` in this scope
[INFO] [stdout]   --> tests/properties.rs:77:44
[INFO] [stdout]    |
[INFO] [stdout] 77 |         prop_assert_eq!(l::add8to16(i, j), fastled_ref::add8to16(i, j));
[INFO] [stdout]    |                                            ^^^^^^^^^^^ use of unresolved module or unlinked crate `fastled_ref`
[INFO] [stdout]    |
[INFO] [stdout]    = help: if you wanted to use a crate named `fastled_ref`, use `cargo add fastled_ref` to add it to your `Cargo.toml`
[INFO] [stdout] 
[INFO] [stdout] 
[INFO] [stdout] For more information about this error, try `rustc --explain E0433`.
[INFO] [stdout] 
[INFO] [stderr] error: could not compile `lib8tion` (test "properties") due to 16 previous errors
[INFO] [stderr] warning: build failed, waiting for other jobs to finish...
[INFO] [stdout] error[E0433]: cannot find module or crate `fastled_ref` in this scope
[INFO] [stdout]   --> tests/differential.rs:65:40
[INFO] [stdout]    |
[INFO] [stdout] 65 |             assert_eq!(l::qadd8(i, j), fastled_ref::qadd8(i, j), "qadd8({i},{j})");
[INFO] [stdout]    |                                        ^^^^^^^^^^^ use of unresolved module or unlinked crate `fastled_ref`
[INFO] [stdout]    |
[INFO] [stdout]    = help: if you wanted to use a crate named `fastled_ref`, use `cargo add fastled_ref` to add it to your `Cargo.toml`
[INFO] [stdout] 
[INFO] [stdout] 
[INFO] [stdout] error[E0433]: cannot find module or crate `fastled_ref` in this scope
[INFO] [stdout]   --> tests/differential.rs:66:40
[INFO] [stdout]    |
[INFO] [stdout] 66 |             assert_eq!(l::qsub8(i, j), fastled_ref::qsub8(i, j), "qsub8({i},{j})");
[INFO] [stdout]    |                                        ^^^^^^^^^^^ use of unresolved module or unlinked crate `fastled_ref`
[INFO] [stdout]    |
[INFO] [stdout]    = help: if you wanted to use a crate named `fastled_ref`, use `cargo add fastled_ref` to add it to your `Cargo.toml`
[INFO] [stdout] 
[INFO] [stdout] 
[INFO] [stdout] error[E0433]: cannot find module or crate `fastled_ref` in this scope
[INFO] [stdout]   --> tests/differential.rs:67:39
[INFO] [stdout]    |
[INFO] [stdout] 67 |             assert_eq!(l::add8(i, j), fastled_ref::add8(i, j), "add8({i},{j})");
[INFO] [stdout]    |                                       ^^^^^^^^^^^ use of unresolved module or unlinked crate `fastled_ref`
[INFO] [stdout]    |
[INFO] [stdout]    = help: if you wanted to use a crate named `fastled_ref`, use `cargo add fastled_ref` to add it to your `Cargo.toml`
[INFO] [stdout] 
[INFO] [stdout] 
[INFO] [stdout] error[E0433]: cannot find module or crate `fastled_ref` in this scope
[INFO] [stdout]   --> tests/differential.rs:68:39
[INFO] [stdout]    |
[INFO] [stdout] 68 |             assert_eq!(l::sub8(i, j), fastled_ref::sub8(i, j), "sub8({i},{j})");
[INFO] [stdout]    |                                       ^^^^^^^^^^^ use of unresolved module or unlinked crate `fastled_ref`
[INFO] [stdout]    |
[INFO] [stdout]    = help: if you wanted to use a crate named `fastled_ref`, use `cargo add fastled_ref` to add it to your `Cargo.toml`
[INFO] [stdout] 
[INFO] [stdout] 
[INFO] [stdout] error[E0433]: cannot find module or crate `fastled_ref` in this scope
[INFO] [stdout]   --> tests/differential.rs:69:39
[INFO] [stdout]    |
[INFO] [stdout] 69 |             assert_eq!(l::avg8(i, j), fastled_ref::avg8(i, j), "avg8({i},{j})");
[INFO] [stdout]    |                                       ^^^^^^^^^^^ use of unresolved module or unlinked crate `fastled_ref`
[INFO] [stdout]    |
[INFO] [stdout]    = help: if you wanted to use a crate named `fastled_ref`, use `cargo add fastled_ref` to add it to your `Cargo.toml`
[INFO] [stdout] 
[INFO] [stdout] 
[INFO] [stdout] error[E0433]: cannot find module or crate `fastled_ref` in this scope
[INFO] [stdout]   --> tests/differential.rs:70:40
[INFO] [stdout]    |
[INFO] [stdout] 70 |             assert_eq!(l::avg8r(i, j), fastled_ref::avg8r(i, j), "avg8r({i},{j})");
[INFO] [stdout]    |                                        ^^^^^^^^^^^ use of unresolved module or unlinked crate `fastled_ref`
[INFO] [stdout]    |
[INFO] [stdout]    = help: if you wanted to use a crate named `fastled_ref`, use `cargo add fastled_ref` to add it to your `Cargo.toml`
[INFO] [stdout] 
[INFO] [stdout] 
[INFO] [stdout] error[E0433]: cannot find module or crate `fastled_ref` in this scope
[INFO] [stdout]   --> tests/differential.rs:71:39
[INFO] [stdout]    |
[INFO] [stdout] 71 |             assert_eq!(l::mul8(i, j), fastled_ref::mul8(i, j), "mul8({i},{j})");
[INFO] [stdout]    |                                       ^^^^^^^^^^^ use of unresolved module or unlinked crate `fastled_ref`
[INFO] [stdout]    |
[INFO] [stdout]    = help: if you wanted to use a crate named `fastled_ref`, use `cargo add fastled_ref` to add it to your `Cargo.toml`
[INFO] [stdout] 
[INFO] [stdout] 
[INFO] [stdout] error[E0433]: cannot find module or crate `fastled_ref` in this scope
[INFO] [stdout]   --> tests/differential.rs:72:40
[INFO] [stdout]    |
[INFO] [stdout] 72 |             assert_eq!(l::qmul8(i, j), fastled_ref::qmul8(i, j), "qmul8({i},{j})");
[INFO] [stdout]    |                                        ^^^^^^^^^^^ use of unresolved module or unlinked crate `fastled_ref`
[INFO] [stdout]    |
[INFO] [stdout]    = help: if you wanted to use a crate named `fastled_ref`, use `cargo add fastled_ref` to add it to your `Cargo.toml`
[INFO] [stdout] 
[INFO] [stdout] 
[INFO] [stdout] error[E0433]: cannot find module or crate `fastled_ref` in this scope
[INFO] [stdout]   --> tests/differential.rs:75:17
[INFO] [stdout]    |
[INFO] [stdout] 75 |                 fastled_ref::add8to16(i, j as u16),
[INFO] [stdout]    |                 ^^^^^^^^^^^ use of unresolved module or unlinked crate `fastled_ref`
[INFO] [stdout]    |
[INFO] [stdout]    = help: if you wanted to use a crate named `fastled_ref`, use `cargo add fastled_ref` to add it to your `Cargo.toml`
[INFO] [stdout] 
[INFO] [stdout] 
[INFO] [stdout] error[E0433]: cannot find module or crate `fastled_ref` in this scope
[INFO] [stdout]   --> tests/differential.rs:80:17
[INFO] [stdout]    |
[INFO] [stdout] 80 |                 fastled_ref::scale8(i, j),
[INFO] [stdout]    |                 ^^^^^^^^^^^ use of unresolved module or unlinked crate `fastled_ref`
[INFO] [stdout]    |
[INFO] [stdout]    = help: if you wanted to use a crate named `fastled_ref`, use `cargo add fastled_ref` to add it to your `Cargo.toml`
[INFO] [stdout] 
[INFO] [stdout] 
[INFO] [stdout] error[E0433]: cannot find module or crate `fastled_ref` in this scope
[INFO] [stdout]   --> tests/differential.rs:85:17
[INFO] [stdout]    |
[INFO] [stdout] 85 |                 fastled_ref::scale8_video(i, j),
[INFO] [stdout]    |                 ^^^^^^^^^^^ use of unresolved module or unlinked crate `fastled_ref`
[INFO] [stdout]    |
[INFO] [stdout]    = help: if you wanted to use a crate named `fastled_ref`, use `cargo add fastled_ref` to add it to your `Cargo.toml`
[INFO] [stdout] 
[INFO] [stdout] 
[INFO] [stdout] error[E0433]: cannot find module or crate `fastled_ref` in this scope
[INFO] [stdout]   --> tests/differential.rs:90:17
[INFO] [stdout]    |
[INFO] [stdout] 90 |                 fastled_ref::blend8(i, j, j),
[INFO] [stdout]    |                 ^^^^^^^^^^^ use of unresolved module or unlinked crate `fastled_ref`
[INFO] [stdout]    |
[INFO] [stdout]    = help: if you wanted to use a crate named `fastled_ref`, use `cargo add fastled_ref` to add it to your `Cargo.toml`
[INFO] [stdout] 
[INFO] [stdout] 
[INFO] [stdout] error[E0433]: cannot find module or crate `fastled_ref` in this scope
[INFO] [stdout]   --> tests/differential.rs:95:17
[INFO] [stdout]    |
[INFO] [stdout] 95 |                 fastled_ref::blend8_8bit(i, j, j),
[INFO] [stdout]    |                 ^^^^^^^^^^^ use of unresolved module or unlinked crate `fastled_ref`
[INFO] [stdout]    |
[INFO] [stdout]    = help: if you wanted to use a crate named `fastled_ref`, use `cargo add fastled_ref` to add it to your `Cargo.toml`
[INFO] [stdout] 
[INFO] [stdout] 
[INFO] [stdout] error[E0433]: cannot find module or crate `fastled_ref` in this scope
[INFO] [stdout]    --> tests/differential.rs:100:17
[INFO] [stdout]     |
[INFO] [stdout] 100 |                 fastled_ref::blend8_16bit(i, j, j),
[INFO] [stdout]     |                 ^^^^^^^^^^^ use of unresolved module or unlinked crate `fastled_ref`
[INFO] [stdout]     |
[INFO] [stdout]     = help: if you wanted to use a crate named `fastled_ref`, use `cargo add fastled_ref` to add it to your `Cargo.toml`
[INFO] [stdout] 
[INFO] [stdout] 
[INFO] [stdout] error[E0433]: cannot find module or crate `fastled_ref` in this scope
[INFO] [stdout]    --> tests/differential.rs:105:17
[INFO] [stdout]     |
[INFO] [stdout] 105 |                 fastled_ref::lerp8by8(i, j, j),
[INFO] [stdout]     |                 ^^^^^^^^^^^ use of unresolved module or unlinked crate `fastled_ref`
[INFO] [stdout]     |
[INFO] [stdout]     = help: if you wanted to use a crate named `fastled_ref`, use `cargo add fastled_ref` to add it to your `Cargo.toml`
[INFO] [stdout] 
[INFO] [stdout] 
[INFO] [stdout] error[E0433]: cannot find module or crate `fastled_ref` in this scope
[INFO] [stdout]    --> tests/differential.rs:123:21
[INFO] [stdout]     |
[INFO] [stdout] 123 |                     fastled_ref::blend8_8bit(a, b, amount),
[INFO] [stdout]     |                     ^^^^^^^^^^^ use of unresolved module or unlinked crate `fastled_ref`
[INFO] [stdout]     |
[INFO] [stdout]     = help: if you wanted to use a crate named `fastled_ref`, use `cargo add fastled_ref` to add it to your `Cargo.toml`
[INFO] [stdout] 
[INFO] [stdout] 
[INFO] [stdout] error[E0433]: cannot find module or crate `fastled_ref` in this scope
[INFO] [stdout]    --> tests/differential.rs:128:21
[INFO] [stdout]     |
[INFO] [stdout] 128 |                     fastled_ref::blend8_16bit(a, b, amount),
[INFO] [stdout]     |                     ^^^^^^^^^^^ use of unresolved module or unlinked crate `fastled_ref`
[INFO] [stdout]     |
[INFO] [stdout]     = help: if you wanted to use a crate named `fastled_ref`, use `cargo add fastled_ref` to add it to your `Cargo.toml`
[INFO] [stdout] 
[INFO] [stdout] 
[INFO] [stdout] error[E0433]: cannot find module or crate `fastled_ref` in this scope
[INFO] [stdout]    --> tests/differential.rs:133:21
[INFO] [stdout]     |
[INFO] [stdout] 133 |                     fastled_ref::blend8_8bit_full_range(a, b, amount),
[INFO] [stdout]     |                     ^^^^^^^^^^^ use of unresolved module or unlinked crate `fastled_ref`
[INFO] [stdout]     |
[INFO] [stdout]     = help: if you wanted to use a crate named `fastled_ref`, use `cargo add fastled_ref` to add it to your `Cargo.toml`
[INFO] [stdout] 
[INFO] [stdout] 
[INFO] [stdout] error[E0433]: cannot find module or crate `fastled_ref` in this scope
[INFO] [stdout]    --> tests/differential.rs:138:21
[INFO] [stdout]     |
[INFO] [stdout] 138 |                     fastled_ref::blend8(a, b, amount),
[INFO] [stdout]     |                     ^^^^^^^^^^^ use of unresolved module or unlinked crate `fastled_ref`
[INFO] [stdout]     |
[INFO] [stdout]     = help: if you wanted to use a crate named `fastled_ref`, use `cargo add fastled_ref` to add it to your `Cargo.toml`
[INFO] [stdout] 
[INFO] [stdout] 
[INFO] [stdout] error[E0433]: cannot find module or crate `fastled_ref` in this scope
[INFO] [stdout]    --> tests/differential.rs:176:40
[INFO] [stdout]     |
[INFO] [stdout] 176 |             assert_eq!(l::qadd7(i, j), fastled_ref::qadd7(i, j), "qadd7({i},{j})");
[INFO] [stdout]     |                                        ^^^^^^^^^^^ use of unresolved module or unlinked crate `fastled_ref`
[INFO] [stdout]     |
[INFO] [stdout]     = help: if you wanted to use a crate named `fastled_ref`, use `cargo add fastled_ref` to add it to your `Cargo.toml`
[INFO] [stdout] 
[INFO] [stdout] 
[INFO] [stdout] error[E0433]: cannot find module or crate `fastled_ref` in this scope
[INFO] [stdout]    --> tests/differential.rs:177:39
[INFO] [stdout]     |
[INFO] [stdout] 177 |             assert_eq!(l::avg7(i, j), fastled_ref::avg7(i, j), "avg7({i},{j})");
[INFO] [stdout]     |                                       ^^^^^^^^^^^ use of unresolved module or unlinked crate `fastled_ref`
[INFO] [stdout]     |
[INFO] [stdout]     = help: if you wanted to use a crate named `fastled_ref`, use `cargo add fastled_ref` to add it to your `Cargo.toml`
[INFO] [stdout] 
[INFO] [stdout] 
[INFO] [stdout] error[E0433]: cannot find module or crate `fastled_ref` in this scope
[INFO] [stdout]    --> tests/differential.rs:182:32
[INFO] [stdout]     |
[INFO] [stdout] 182 |         assert_eq!(l::abs8(i), fastled_ref::abs8(i), "abs8({i})");
[INFO] [stdout]     |                                ^^^^^^^^^^^ use of unresolved module or unlinked crate `fastled_ref`
[INFO] [stdout]     |
[INFO] [stdout]     = help: if you wanted to use a crate named `fastled_ref`, use `cargo add fastled_ref` to add it to your `Cargo.toml`
[INFO] [stdout] 
[INFO] [stdout] 
[INFO] [stdout] error[E0433]: cannot find module or crate `fastled_ref` in this scope
[INFO] [stdout]    --> tests/differential.rs:190:39
[INFO] [stdout]     |
[INFO] [stdout] 190 |             assert_eq!(l::mod8(a, m), fastled_ref::mod8(a, m), "mod8({a},{m})");
[INFO] [stdout]     |                                       ^^^^^^^^^^^ use of unresolved module or unlinked crate `fastled_ref`
[INFO] [stdout]     |
[INFO] [stdout]     = help: if you wanted to use a crate named `fastled_ref`, use `cargo add fastled_ref` to add it to your `Cargo.toml`
[INFO] [stdout] 
[INFO] [stdout] 
[INFO] [stdout] error[E0433]: cannot find module or crate `fastled_ref` in this scope
[INFO] [stdout]    --> tests/differential.rs:194:21
[INFO] [stdout]     |
[INFO] [stdout] 194 |                     fastled_ref::addmod8(a, b, m),
[INFO] [stdout]     |                     ^^^^^^^^^^^ use of unresolved module or unlinked crate `fastled_ref`
[INFO] [stdout]     |
[INFO] [stdout]     = help: if you wanted to use a crate named `fastled_ref`, use `cargo add fastled_ref` to add it to your `Cargo.toml`
[INFO] [stdout] 
[INFO] [stdout] 
[INFO] [stdout] error[E0433]: cannot find module or crate `fastled_ref` in this scope
[INFO] [stdout]    --> tests/differential.rs:199:21
[INFO] [stdout]     |
[INFO] [stdout] 199 |                     fastled_ref::submod8(a, b, m),
[INFO] [stdout]     |                     ^^^^^^^^^^^ use of unresolved module or unlinked crate `fastled_ref`
[INFO] [stdout]     |
[INFO] [stdout]     = help: if you wanted to use a crate named `fastled_ref`, use `cargo add fastled_ref` to add it to your `Cargo.toml`
[INFO] [stdout] 
[INFO] [stdout] 
[INFO] [stdout] error[E0433]: cannot find module or crate `fastled_ref` in this scope
[INFO] [stdout]    --> tests/differential.rs:210:34
[INFO] [stdout]     |
[INFO] [stdout] 210 |         assert_eq!(l::sqrt16(x), fastled_ref::sqrt16(x), "sqrt16({x})");
[INFO] [stdout]     |                                  ^^^^^^^^^^^ use of unresolved module or unlinked crate `fastled_ref`
[INFO] [stdout]     |
[INFO] [stdout]     = help: if you wanted to use a crate named `fastled_ref`, use `cargo add fastled_ref` to add it to your `Cargo.toml`
[INFO] [stdout] 
[INFO] [stdout] 
[INFO] [stdout] error[E0433]: cannot find module or crate `fastled_ref` in this scope
[INFO] [stdout]    --> tests/differential.rs:212:40
[INFO] [stdout]     |
[INFO] [stdout] 212 |             assert_eq!(l::avg16(x, y), fastled_ref::avg16(x, y), "avg16({x},{y})");
[INFO] [stdout]     |                                        ^^^^^^^^^^^ use of unresolved module or unlinked crate `fastled_ref`
[INFO] [stdout]     |
[INFO] [stdout]     = help: if you wanted to use a crate named `fastled_ref`, use `cargo add fastled_ref` to add it to your `Cargo.toml`
[INFO] [stdout] 
[INFO] [stdout] 
[INFO] [stdout] error[E0433]: cannot find module or crate `fastled_ref` in this scope
[INFO] [stdout]    --> tests/differential.rs:215:17
[INFO] [stdout]     |
[INFO] [stdout] 215 |                 fastled_ref::avg16r(x, y),
[INFO] [stdout]     |                 ^^^^^^^^^^^ use of unresolved module or unlinked crate `fastled_ref`
[INFO] [stdout]     |
[INFO] [stdout]     = help: if you wanted to use a crate named `fastled_ref`, use `cargo add fastled_ref` to add it to your `Cargo.toml`
[INFO] [stdout] 
[INFO] [stdout] 
[INFO] [stdout] error[E0433]: cannot find module or crate `fastled_ref` in this scope
[INFO] [stdout]    --> tests/differential.rs:221:33
[INFO] [stdout]     |
[INFO] [stdout] 221 |         assert_eq!(l::sqrt8(x), fastled_ref::sqrt8(x), "sqrt8({x})");
[INFO] [stdout]     |                                 ^^^^^^^^^^^ use of unresolved module or unlinked crate `fastled_ref`
[INFO] [stdout]     |
[INFO] [stdout]     = help: if you wanted to use a crate named `fastled_ref`, use `cargo add fastled_ref` to add it to your `Cargo.toml`
[INFO] [stdout] 
[INFO] [stdout] 
[INFO] [stdout] error[E0433]: cannot find module or crate `fastled_ref` in this scope
[INFO] [stdout]    --> tests/differential.rs:229:40
[INFO] [stdout]     |
[INFO] [stdout] 229 |             assert_eq!(l::avg15(x, y), fastled_ref::avg15(x, y), "avg15({x},{y})");
[INFO] [stdout]     |                                        ^^^^^^^^^^^ use of unresolved module or unlinked crate `fastled_ref`
[INFO] [stdout]     |
[INFO] [stdout]     = help: if you wanted to use a crate named `fastled_ref`, use `cargo add fastled_ref` to add it to your `Cargo.toml`
[INFO] [stdout] 
[INFO] [stdout] 
[INFO] [stdout] error[E0433]: cannot find module or crate `fastled_ref` in this scope
[INFO] [stdout]    --> tests/differential.rs:237:36
[INFO] [stdout]     |
[INFO] [stdout] 237 |         assert_eq!(l::dim8_raw(i), fastled_ref::dim8_raw(i), "dim8_raw({i})");
[INFO] [stdout]     |                                    ^^^^^^^^^^^ use of unresolved module or unlinked crate `fastled_ref`
[INFO] [stdout]     |
[INFO] [stdout]     = help: if you wanted to use a crate named `fastled_ref`, use `cargo add fastled_ref` to add it to your `Cargo.toml`
[INFO] [stdout] 
[INFO] [stdout] 
[INFO] [stdout] error[E0433]: cannot find module or crate `fastled_ref` in this scope
[INFO] [stdout]    --> tests/differential.rs:240:13
[INFO] [stdout]     |
[INFO] [stdout] 240 |             fastled_ref::dim8_video(i),
[INFO] [stdout]     |             ^^^^^^^^^^^ use of unresolved module or unlinked crate `fastled_ref`
[INFO] [stdout]     |
[INFO] [stdout]     = help: if you wanted to use a crate named `fastled_ref`, use `cargo add fastled_ref` to add it to your `Cargo.toml`
[INFO] [stdout] 
[INFO] [stdout] 
[INFO] [stdout] error[E0433]: cannot find module or crate `fastled_ref` in this scope
[INFO] [stdout]    --> tests/differential.rs:243:36
[INFO] [stdout]     |
[INFO] [stdout] 243 |         assert_eq!(l::dim8_lin(i), fastled_ref::dim8_lin(i), "dim8_lin({i})");
[INFO] [stdout]     |                                    ^^^^^^^^^^^ use of unresolved module or unlinked crate `fastled_ref`
[INFO] [stdout]     |
[INFO] [stdout]     = help: if you wanted to use a crate named `fastled_ref`, use `cargo add fastled_ref` to add it to your `Cargo.toml`
[INFO] [stdout] 
[INFO] [stdout] 
[INFO] [stdout] error[E0433]: cannot find module or crate `fastled_ref` in this scope
[INFO] [stdout]    --> tests/differential.rs:246:13
[INFO] [stdout]     |
[INFO] [stdout] 246 |             fastled_ref::brighten8_raw(i),
[INFO] [stdout]     |             ^^^^^^^^^^^ use of unresolved module or unlinked crate `fastled_ref`
[INFO] [stdout]     |
[INFO] [stdout]     = help: if you wanted to use a crate named `fastled_ref`, use `cargo add fastled_ref` to add it to your `Cargo.toml`
[INFO] [stdout] 
[INFO] [stdout] 
[INFO] [stdout] error[E0433]: cannot find module or crate `fastled_ref` in this scope
[INFO] [stdout]    --> tests/differential.rs:251:13
[INFO] [stdout]     |
[INFO] [stdout] 251 |             fastled_ref::brighten8_video(i),
[INFO] [stdout]     |             ^^^^^^^^^^^ use of unresolved module or unlinked crate `fastled_ref`
[INFO] [stdout]     |
[INFO] [stdout]     = help: if you wanted to use a crate named `fastled_ref`, use `cargo add fastled_ref` to add it to your `Cargo.toml`
[INFO] [stdout] 
[INFO] [stdout] 
[INFO] [stdout] error[E0433]: cannot find module or crate `fastled_ref` in this scope
[INFO] [stdout]    --> tests/differential.rs:256:13
[INFO] [stdout]     |
[INFO] [stdout] 256 |             fastled_ref::brighten8_lin(i),
[INFO] [stdout]     |             ^^^^^^^^^^^ use of unresolved module or unlinked crate `fastled_ref`
[INFO] [stdout]     |
[INFO] [stdout]     = help: if you wanted to use a crate named `fastled_ref`, use `cargo add fastled_ref` to add it to your `Cargo.toml`
[INFO] [stdout] 
[INFO] [stdout] 
[INFO] [stdout] error[E0433]: cannot find module or crate `fastled_ref` in this scope
[INFO] [stdout]    --> tests/differential.rs:262:17
[INFO] [stdout]     |
[INFO] [stdout] 262 |                 fastled_ref::scale8(i, scale),
[INFO] [stdout]     |                 ^^^^^^^^^^^ use of unresolved module or unlinked crate `fastled_ref`
[INFO] [stdout]     |
[INFO] [stdout]     = help: if you wanted to use a crate named `fastled_ref`, use `cargo add fastled_ref` to add it to your `Cargo.toml`
[INFO] [stdout] 
[INFO] [stdout] 
[INFO] [stdout] error[E0433]: cannot find module or crate `fastled_ref` in this scope
[INFO] [stdout]    --> tests/differential.rs:278:17
[INFO] [stdout]     |
[INFO] [stdout] 278 |                 fastled_ref::scale16(i, scale),
[INFO] [stdout]     |                 ^^^^^^^^^^^ use of unresolved module or unlinked crate `fastled_ref`
[INFO] [stdout]     |
[INFO] [stdout]     = help: if you wanted to use a crate named `fastled_ref`, use `cargo add fastled_ref` to add it to your `Cargo.toml`
[INFO] [stdout] 
[INFO] [stdout] 
[INFO] [stdout] error[E0433]: cannot find module or crate `fastled_ref` in this scope
[INFO] [stdout]    --> tests/differential.rs:285:17
[INFO] [stdout]     |
[INFO] [stdout] 285 |                 fastled_ref::scale16by8(i, scale),
[INFO] [stdout]     |                 ^^^^^^^^^^^ use of unresolved module or unlinked crate `fastled_ref`
[INFO] [stdout]     |
[INFO] [stdout]     = help: if you wanted to use a crate named `fastled_ref`, use `cargo add fastled_ref` to add it to your `Cargo.toml`
[INFO] [stdout] 
[INFO] [stdout] 
[INFO] [stdout] error[E0433]: cannot find module or crate `fastled_ref` in this scope
[INFO] [stdout]    --> tests/differential.rs:290:17
[INFO] [stdout]     |
[INFO] [stdout] 290 |                 fastled_ref::lerp16by8(i, i.wrapping_add(12345), scale),
[INFO] [stdout]     |                 ^^^^^^^^^^^ use of unresolved module or unlinked crate `fastled_ref`
[INFO] [stdout]     |
[INFO] [stdout]     = help: if you wanted to use a crate named `fastled_ref`, use `cargo add fastled_ref` to add it to your `Cargo.toml`
[INFO] [stdout] 
[INFO] [stdout] 
[INFO] [stdout] error[E0433]: cannot find module or crate `fastled_ref` in this scope
[INFO] [stdout]    --> tests/differential.rs:299:17
[INFO] [stdout]     |
[INFO] [stdout] 299 |                 fastled_ref::scale32by8(i, scale),
[INFO] [stdout]     |                 ^^^^^^^^^^^ use of unresolved module or unlinked crate `fastled_ref`
[INFO] [stdout]     |
[INFO] [stdout]     = help: if you wanted to use a crate named `fastled_ref`, use `cargo add fastled_ref` to add it to your `Cargo.toml`
[INFO] [stdout] 
[INFO] [stdout] 
[INFO] [stdout] error[E0433]: cannot find module or crate `fastled_ref` in this scope
[INFO] [stdout]    --> tests/differential.rs:316:17
[INFO] [stdout]     |
[INFO] [stdout] 316 |                 fastled_ref::lerp16by16(a, b, frac),
[INFO] [stdout]     |                 ^^^^^^^^^^^ use of unresolved module or unlinked crate `fastled_ref`
[INFO] [stdout]     |
[INFO] [stdout]     = help: if you wanted to use a crate named `fastled_ref`, use `cargo add fastled_ref` to add it to your `Cargo.toml`
[INFO] [stdout] 
[INFO] [stdout] 
[INFO] [stdout] error[E0433]: cannot find module or crate `fastled_ref` in this scope
[INFO] [stdout]    --> tests/differential.rs:326:17
[INFO] [stdout]     |
[INFO] [stdout] 326 |                 fastled_ref::lerp15by8(a, b, frac),
[INFO] [stdout]     |                 ^^^^^^^^^^^ use of unresolved module or unlinked crate `fastled_ref`
[INFO] [stdout]     |
[INFO] [stdout]     = help: if you wanted to use a crate named `fastled_ref`, use `cargo add fastled_ref` to add it to your `Cargo.toml`
[INFO] [stdout] 
[INFO] [stdout] 
[INFO] [stdout] error[E0433]: cannot find module or crate `fastled_ref` in this scope
[INFO] [stdout]    --> tests/differential.rs:333:17
[INFO] [stdout]     |
[INFO] [stdout] 333 |                 fastled_ref::lerp15by16(a, b, frac),
[INFO] [stdout]     |                 ^^^^^^^^^^^ use of unresolved module or unlinked crate `fastled_ref`
[INFO] [stdout]     |
[INFO] [stdout]     = help: if you wanted to use a crate named `fastled_ref`, use `cargo add fastled_ref` to add it to your `Cargo.toml`
[INFO] [stdout] 
[INFO] [stdout] 
[INFO] [stdout] error[E0433]: cannot find module or crate `fastled_ref` in this scope
[INFO] [stdout]    --> tests/differential.rs:347:21
[INFO] [stdout]     |
[INFO] [stdout] 347 |                     fastled_ref::map8(input, start, end),
[INFO] [stdout]     |                     ^^^^^^^^^^^ use of unresolved module or unlinked crate `fastled_ref`
[INFO] [stdout]     |
[INFO] [stdout]     = help: if you wanted to use a crate named `fastled_ref`, use `cargo add fastled_ref` to add it to your `Cargo.toml`
[INFO] [stdout] 
[INFO] [stdout] 
[INFO] [stdout] error[E0433]: cannot find module or crate `fastled_ref` in this scope
[INFO] [stdout]    --> tests/differential.rs:358:36
[INFO] [stdout]     |
[INFO] [stdout] 358 |         assert_eq!(l::sin8(theta), fastled_ref::sin8(theta), "sin8({theta})");
[INFO] [stdout]     |                                    ^^^^^^^^^^^ use of unresolved module or unlinked crate `fastled_ref`
[INFO] [stdout]     |
[INFO] [stdout]     = help: if you wanted to use a crate named `fastled_ref`, use `cargo add fastled_ref` to add it to your `Cargo.toml`
[INFO] [stdout] 
[INFO] [stdout] 
[INFO] [stdout] error[E0433]: cannot find module or crate `fastled_ref` in this scope
[INFO] [stdout]    --> tests/differential.rs:359:36
[INFO] [stdout]     |
[INFO] [stdout] 359 |         assert_eq!(l::cos8(theta), fastled_ref::cos8(theta), "cos8({theta})");
[INFO] [stdout]     |                                    ^^^^^^^^^^^ use of unresolved module or unlinked crate `fastled_ref`
[INFO] [stdout]     |
[INFO] [stdout]     = help: if you wanted to use a crate named `fastled_ref`, use `cargo add fastled_ref` to add it to your `Cargo.toml`
[INFO] [stdout] 
[INFO] [stdout] 
[INFO] [stdout] error[E0433]: cannot find module or crate `fastled_ref` in this scope
[INFO] [stdout]    --> tests/differential.rs:362:37
[INFO] [stdout]     |
[INFO] [stdout] 362 |         assert_eq!(l::sin16(theta), fastled_ref::sin16(theta), "sin16({theta})");
[INFO] [stdout]     |                                     ^^^^^^^^^^^ use of unresolved module or unlinked crate `fastled_ref`
[INFO] [stdout]     |
[INFO] [stdout]     = help: if you wanted to use a crate named `fastled_ref`, use `cargo add fastled_ref` to add it to your `Cargo.toml`
[INFO] [stdout] 
[INFO] [stdout] 
[INFO] [stdout] error[E0433]: cannot find module or crate `fastled_ref` in this scope
[INFO] [stdout]    --> tests/differential.rs:363:37
[INFO] [stdout]     |
[INFO] [stdout] 363 |         assert_eq!(l::cos16(theta), fastled_ref::cos16(theta), "cos16({theta})");
[INFO] [stdout]     |                                     ^^^^^^^^^^^ use of unresolved module or unlinked crate `fastled_ref`
[INFO] [stdout]     |
[INFO] [stdout]     = help: if you wanted to use a crate named `fastled_ref`, use `cargo add fastled_ref` to add it to your `Cargo.toml`
[INFO] [stdout] 
[INFO] [stdout] 
[INFO] [stdout] error[E0433]: cannot find module or crate `fastled_ref` in this scope
[INFO] [stdout]    --> tests/differential.rs:368:37
[INFO] [stdout]     |
[INFO] [stdout] 368 |         assert_eq!(l::sin16(theta), fastled_ref::sin16(theta), "sin16({theta})");
[INFO] [stdout]     |                                     ^^^^^^^^^^^ use of unresolved module or unlinked crate `fastled_ref`
[INFO] [stdout]     |
[INFO] [stdout]     = help: if you wanted to use a crate named `fastled_ref`, use `cargo add fastled_ref` to add it to your `Cargo.toml`
[INFO] [stdout] 
[INFO] [stdout] 
[INFO] [stdout] error[E0433]: cannot find module or crate `fastled_ref` in this scope
[INFO] [stdout]    --> tests/differential.rs:369:37
[INFO] [stdout]     |
[INFO] [stdout] 369 |         assert_eq!(l::cos16(theta), fastled_ref::cos16(theta), "cos16({theta})");
[INFO] [stdout]     |                                     ^^^^^^^^^^^ use of unresolved module or unlinked crate `fastled_ref`
[INFO] [stdout]     |
[INFO] [stdout]     = help: if you wanted to use a crate named `fastled_ref`, use `cargo add fastled_ref` to add it to your `Cargo.toml`
[INFO] [stdout] 
[INFO] [stdout] 
[INFO] [stdout] error[E0433]: cannot find module or crate `fastled_ref` in this scope
[INFO] [stdout]    --> tests/differential.rs:378:13
[INFO] [stdout]     |
[INFO] [stdout] 378 |             fastled_ref::ease8_in_out_quad(i),
[INFO] [stdout]     |             ^^^^^^^^^^^ use of unresolved module or unlinked crate `fastled_ref`
[INFO] [stdout]     |
[INFO] [stdout]     = help: if you wanted to use a crate named `fastled_ref`, use `cargo add fastled_ref` to add it to your `Cargo.toml`
[INFO] [stdout] 
[INFO] [stdout] 
[INFO] [stdout] error[E0433]: cannot find module or crate `fastled_ref` in this scope
[INFO] [stdout]    --> tests/differential.rs:383:13
[INFO] [stdout]     |
[INFO] [stdout] 383 |             fastled_ref::ease8_in_out_cubic(i),
[INFO] [stdout]     |             ^^^^^^^^^^^ use of unresolved module or unlinked crate `fastled_ref`
[INFO] [stdout]     |
[INFO] [stdout]     = help: if you wanted to use a crate named `fastled_ref`, use `cargo add fastled_ref` to add it to your `Cargo.toml`
[INFO] [stdout] 
[INFO] [stdout] 
[INFO] [stdout] error[E0433]: cannot find module or crate `fastled_ref` in this scope
[INFO] [stdout]    --> tests/differential.rs:388:13
[INFO] [stdout]     |
[INFO] [stdout] 388 |             fastled_ref::ease8_in_out_approx(i),
[INFO] [stdout]     |             ^^^^^^^^^^^ use of unresolved module or unlinked crate `fastled_ref`
[INFO] [stdout]     |
[INFO] [stdout]     = help: if you wanted to use a crate named `fastled_ref`, use `cargo add fastled_ref` to add it to your `Cargo.toml`
[INFO] [stdout] 
[INFO] [stdout] 
[INFO] [stdout] error[E0433]: cannot find module or crate `fastled_ref` in this scope
[INFO] [stdout]    --> tests/differential.rs:391:36
[INFO] [stdout]     |
[INFO] [stdout] 391 |         assert_eq!(l::triwave8(i), fastled_ref::triwave8(i), "triwave8({i})");
[INFO] [stdout]     |                                    ^^^^^^^^^^^ use of unresolved module or unlinked crate `fastled_ref`
[INFO] [stdout]     |
[INFO] [stdout]     = help: if you wanted to use a crate named `fastled_ref`, use `cargo add fastled_ref` to add it to your `Cargo.toml`
[INFO] [stdout] 
[INFO] [stdout] 
[INFO] [stdout] error[E0433]: cannot find module or crate `fastled_ref` in this scope
[INFO] [stdout]    --> tests/differential.rs:392:37
[INFO] [stdout]     |
[INFO] [stdout] 392 |         assert_eq!(l::quadwave8(i), fastled_ref::quadwave8(i), "quadwave8({i})");
[INFO] [stdout]     |                                     ^^^^^^^^^^^ use of unresolved module or unlinked crate `fastled_ref`
[INFO] [stdout]     |
[INFO] [stdout]     = help: if you wanted to use a crate named `fastled_ref`, use `cargo add fastled_ref` to add it to your `Cargo.toml`
[INFO] [stdout] 
[INFO] [stdout] 
[INFO] [stdout] error[E0433]: cannot find module or crate `fastled_ref` in this scope
[INFO] [stdout]    --> tests/differential.rs:395:13
[INFO] [stdout]     |
[INFO] [stdout] 395 |             fastled_ref::cubicwave8(i),
[INFO] [stdout]     |             ^^^^^^^^^^^ use of unresolved module or unlinked crate `fastled_ref`
[INFO] [stdout]     |
[INFO] [stdout]     = help: if you wanted to use a crate named `fastled_ref`, use `cargo add fastled_ref` to add it to your `Cargo.toml`
[INFO] [stdout] 
[INFO] [stdout] 
[INFO] [stdout] error[E0433]: cannot find module or crate `fastled_ref` in this scope
[INFO] [stdout]    --> tests/differential.rs:401:17
[INFO] [stdout]     |
[INFO] [stdout] 401 |                 fastled_ref::squarewave8(i, pulsewidth),
[INFO] [stdout]     |                 ^^^^^^^^^^^ use of unresolved module or unlinked crate `fastled_ref`
[INFO] [stdout]     |
[INFO] [stdout]     = help: if you wanted to use a crate named `fastled_ref`, use `cargo add fastled_ref` to add it to your `Cargo.toml`
[INFO] [stdout] 
[INFO] [stdout] 
[INFO] [stdout] error[E0433]: cannot find module or crate `fastled_ref` in this scope
[INFO] [stdout]    --> tests/differential.rs:409:13
[INFO] [stdout]     |
[INFO] [stdout] 409 |             fastled_ref::ease16_in_out_quad(i),
[INFO] [stdout]     |             ^^^^^^^^^^^ use of unresolved module or unlinked crate `fastled_ref`
[INFO] [stdout]     |
[INFO] [stdout]     = help: if you wanted to use a crate named `fastled_ref`, use `cargo add fastled_ref` to add it to your `Cargo.toml`
[INFO] [stdout] 
[INFO] [stdout] 
[INFO] [stdout] error[E0433]: cannot find module or crate `fastled_ref` in this scope
[INFO] [stdout]    --> tests/differential.rs:414:13
[INFO] [stdout]     |
[INFO] [stdout] 414 |             fastled_ref::ease16_in_out_cubic(i),
[INFO] [stdout]     |             ^^^^^^^^^^^ use of unresolved module or unlinked crate `fastled_ref`
[INFO] [stdout]     |
[INFO] [stdout]     = help: if you wanted to use a crate named `fastled_ref`, use `cargo add fastled_ref` to add it to your `Cargo.toml`
[INFO] [stdout] 
[INFO] [stdout] 
[INFO] [stderr] error: could not compile `lib8tion` (test "differential") due to 60 previous errors
[INFO] [stdout] For more information about this error, try `rustc --explain E0433`.
[INFO] [stdout] 
[INFO] running `Command { std: "docker" "inspect" "29781a652ef37d847d67291d2e395d7d39644d6770ec2340b0741422658f5418", kill_on_drop: false }`
[INFO] running `Command { std: "docker" "rm" "-f" "29781a652ef37d847d67291d2e395d7d39644d6770ec2340b0741422658f5418", kill_on_drop: false }`
[INFO] [stdout] 29781a652ef37d847d67291d2e395d7d39644d6770ec2340b0741422658f5418
