[INFO] fetching crate lib3h 0.0.42...
[INFO] testing lib3h-0.0.42 against 1.99.0-beta.8+cargoflags=--release for beta-release-1.100-2
[INFO] extracting crate lib3h 0.0.42 into /workspace/builds/worker-0-tc1/source
[INFO] started tweaking crates.io crate lib3h 0.0.42
[INFO] finished tweaking crates.io crate lib3h 0.0.42
[INFO] tweaked toml for crates.io crate lib3h 0.0.42 written to /workspace/builds/worker-0-tc1/source/Cargo.toml
[INFO] validating manifest of crates.io crate lib3h 0.0.42 on toolchain 1.99.0-beta.8
[INFO] running `Command { std: CARGO_HOME="/workspace/cargo-home" RUSTUP_HOME="/workspace/rustup-home" "/workspace/cargo-home/bin/cargo" "+1.99.0-beta.8" "metadata" "--manifest-path" "Cargo.toml" "--no-deps", kill_on_drop: false }`
[INFO] crate crates.io crate lib3h 0.0.42 already has a lockfile, it will not be regenerated
[INFO] running `Command { std: CARGO_HOME="/workspace/cargo-home" RUSTUP_HOME="/workspace/rustup-home" "/workspace/cargo-home/bin/cargo" "+1.99.0-beta.8" "fetch" "--manifest-path" "Cargo.toml", kill_on_drop: false }`
[INFO] [stderr]     Updating crates.io index
[INFO] [stderr]  Downloading crates ...
[INFO] [stderr]   Downloaded url v2.1.0
[INFO] [stderr]   Downloaded xoroshiro128 v0.3.0
[INFO] [stderr]   Downloaded unwrap_to v0.1.0
[INFO] [stderr]   Downloaded float-cmp v0.4.0
[INFO] [stderr]   Downloaded nanoid v0.2.0
[INFO] [stderr]   Downloaded security-framework-sys v0.3.3
[INFO] [stderr]   Downloaded crunchy v0.2.2
[INFO] [stderr]   Downloaded generic-array v0.9.0
[INFO] [stderr]   Downloaded tracing-log v0.1.1
[INFO] [stderr]   Downloaded threadpool v1.7.1
[INFO] [stderr]   Downloaded zeroize v0.9.2
[INFO] [stderr]   Downloaded tracing-attributes v0.1.7
[INFO] [stderr]   Downloaded thrift_codec v0.1.1
[INFO] [stderr]   Downloaded winutil v0.1.1
[INFO] [stderr]   Downloaded thrift v0.13.0
[INFO] [stderr]   Downloaded ordered-float v1.0.2
[INFO] [stderr]   Downloaded integer-encoding v1.1.4
[INFO] [stderr]   Downloaded pin-project-internal v0.4.8
[INFO] [stderr]   Downloaded bincode v1.2.1
[INFO] [stderr]   Downloaded lib3h_sodium v0.0.42
[INFO] [stderr]   Downloaded podio v0.1.6
[INFO] [stderr]   Downloaded msdos_time v0.1.6
[INFO] [stderr]   Downloaded unwrap v1.2.1
[INFO] [stderr]   Downloaded xattr v0.2.2
[INFO] [stderr]   Downloaded lib3h_crypto_api v0.0.42
[INFO] [stderr]   Downloaded zeroize_derive v0.9.3
[INFO] [stderr]   Downloaded core-foundation-sys v0.6.2
[INFO] [stderr]   Downloaded predicates-core v1.0.0
[INFO] [stderr]   Downloaded matchers v0.0.1
[INFO] [stderr]   Downloaded trackable v0.2.23
[INFO] [stderr]   Downloaded trackable_derive v0.1.3
[INFO] [stderr]   Downloaded rustracing v0.2.1
[INFO] [stderr]   Downloaded pin-project v0.4.8
[INFO] [stderr]   Downloaded lib3h_protocol v0.0.42
[INFO] [stderr]   Downloaded url_serde v0.2.0
[INFO] [stderr]   Downloaded detach v0.0.42
[INFO] [stderr]   Downloaded filetime v0.2.8
[INFO] [stderr]   Downloaded utf-8 v0.7.5
[INFO] [stderr]   Downloaded input_buffer v0.2.0
[INFO] [stderr]   Downloaded shrinkwraprs v0.3.0
[INFO] [stderr]   Downloaded utf8-ranges v1.0.4
[INFO] [stderr]   Downloaded normalize-line-endings v0.2.2
[INFO] [stderr]   Downloaded tracing-serde v0.1.1
[INFO] [stderr]   Downloaded hostname v0.1.5
[INFO] [stderr]   Downloaded adler32 v1.0.4
[INFO] [stderr]   Downloaded num-iter v0.1.40
[INFO] [stderr]   Downloaded byteorder v1.3.2
[INFO] [stderr]   Downloaded lib3h_zombie_actor v0.0.42
[INFO] [stderr]   Downloaded core-foundation v0.6.4
[INFO] [stderr]   Downloaded base64 v0.11.0
[INFO] [stderr]   Downloaded rmp v0.8.9
[INFO] [stderr]   Downloaded rust_sodium_holochain_fork-sys v0.10.4
[INFO] [stderr]   Downloaded bzip2 v0.3.3
[INFO] [stderr]   Downloaded pin-utils v0.1.0-alpha.4
[INFO] [stderr]   Downloaded proc-macro-hack-impl v0.3.3
[INFO] [stderr]   Downloaded hexf-parse v0.1.0
[INFO] [stderr]   Downloaded httparse v1.3.4
[INFO] [stderr]   Downloaded holochain_tracing v0.0.24
[INFO] [stderr]   Downloaded time v0.1.42
[INFO] [stderr]   Downloaded num-integer v0.1.42
[INFO] [stderr]   Downloaded zip v0.3.3
[INFO] [stderr]   Downloaded num-rational v0.2.3
[INFO] [stderr]   Downloaded zeroize v0.10.1
[INFO] [stderr]   Downloaded hexf v0.1.0
[INFO] [stderr]   Downloaded proc-macro-hack v0.3.3
[INFO] [stderr]   Downloaded hexf-impl v0.1.0
[INFO] [stderr]   Downloaded unicode-xid v0.0.4
[INFO] [stderr]   Downloaded edit-distance v2.1.0
[INFO] [stderr]   Downloaded rmp-serde v0.13.7
[INFO] [stderr]   Downloaded num-traits v0.2.11
[INFO] [stderr]   Downloaded predicates v1.0.1
[INFO] [stderr]   Downloaded sharded-slab v0.0.8
[INFO] [stderr]   Downloaded crossbeam-channel v0.3.8
[INFO] [stderr]   Downloaded opentelemetry-jaeger v0.1.0
[INFO] [stderr]   Downloaded miniz_oxide v0.3.6
[INFO] [stderr]   Downloaded holochain_persistence_api v0.0.18
[INFO] [stderr]   Downloaded lib3h_mdns v0.0.42
[INFO] [stderr]   Downloaded synom v0.11.3
[INFO] [stderr]   Downloaded tungstenite v0.9.2
[INFO] [stderr]   Downloaded native-tls v0.2.3
[INFO] [stderr]   Downloaded security-framework v0.3.4
[INFO] [stderr]   Downloaded opentelemetry v0.2.0
[INFO] [stderr]   Downloaded prometheus v0.7.0
[INFO] [stderr]   Downloaded crc32fast v1.2.0
[INFO] [stderr]   Downloaded tar v0.4.26
[INFO] [stderr]   Downloaded http_req v0.2.1
[INFO] [stderr]   Downloaded synstructure v0.10.2
[INFO] [stderr]   Downloaded lib3h_p2p_protocol v0.0.42
[INFO] [stderr]   Downloaded env_logger v0.6.1
[INFO] [stderr]   Downloaded indexmap v1.3.2
[INFO] [stderr]   Downloaded tracing-core v0.1.10
[INFO] [stderr]   Downloaded tracing v0.1.13
[INFO] [stderr]   Downloaded crossbeam-utils v0.6.6
[INFO] [stderr]   Downloaded backtrace v0.3.27
[INFO] [stderr]   Downloaded flate2 v1.0.13
[INFO] [stderr]   Downloaded capnp v0.10.0
[INFO] [stderr]   Downloaded syn v0.11.11
[INFO] [stderr]   Downloaded http v0.1.21
[INFO] [stderr]   Downloaded rustracing_jaeger v0.2.1
[INFO] [stderr]   Downloaded idna v0.2.0
[INFO] [stderr]   Downloaded tracing-subscriber v0.2.3
[INFO] [stderr]   Downloaded regex-automata v0.1.9
[INFO] [stderr]   Downloaded protobuf v2.10.2
[INFO] [stderr]   Downloaded libc v0.2.66
[INFO] [stderr]   Downloaded bzip2-sys v0.1.8+1.0.8
[INFO] [stderr]   Downloaded rust_sodium_holochain_fork v0.10.2
[INFO] running `Command { std: "docker" "create" "-v" "/var/lib/crater-agent-workspace/builds/worker-0-tc1/source:/opt/rustwide/workdir:ro,Z" "-v" "/var/lib/crater-agent-workspace/builds/worker-0-tc1/target:/opt/rustwide/target:rw,Z" "-v" "/var/lib/crater-agent-workspace/cargo-home:/opt/rustwide/cargo-home:ro,Z" "-v" "/var/lib/crater-agent-workspace/rustup-home:/opt/rustwide/rustup-home:ro,Z" "-m" "1610612736" "--network" "none" "ghcr.io/rust-lang/crates-build-env/linux@sha256:77db811e55d90add9212f6832c23229e3de5f1c1f9905e8cb07319ea15df73ac" "sleep" "infinity", kill_on_drop: false }`
[INFO] [stdout] 4c2cee935aa9ba3bd4978ce2a91d203f597ced5336d8ba9527c49869cde35330
[INFO] running `Command { std: "docker" "start" "4c2cee935aa9ba3bd4978ce2a91d203f597ced5336d8ba9527c49869cde35330", kill_on_drop: false }`
[INFO] running `Command { std: "docker" "inspect" "4c2cee935aa9ba3bd4978ce2a91d203f597ced5336d8ba9527c49869cde35330", kill_on_drop: false }`
[INFO] running `Command { std: "docker" "exec" "-e" "SOURCE_DIR=/opt/rustwide/workdir" "-e" "CARGO_HOME=/opt/rustwide/cargo-home" "-e" "RUSTUP_HOME=/opt/rustwide/rustup-home" "-e" "CARGO_TARGET_DIR=/opt/rustwide/target" "-w" "/opt/rustwide/workdir" "--user" "0:0" "4c2cee935aa9ba3bd4978ce2a91d203f597ced5336d8ba9527c49869cde35330" "/opt/rustwide/cargo-home/bin/cargo" "+1.99.0-beta.8" "metadata" "--no-deps" "--format-version=1", kill_on_drop: false }`
[INFO] running `Command { std: "docker" "inspect" "4c2cee935aa9ba3bd4978ce2a91d203f597ced5336d8ba9527c49869cde35330", kill_on_drop: false }`
[INFO] running `Command { std: "docker" "exec" "-e" "SOURCE_DIR=/opt/rustwide/workdir" "-e" "CARGO_HOME=/opt/rustwide/cargo-home" "-e" "RUSTUP_HOME=/opt/rustwide/rustup-home" "-e" "CARGO_TARGET_DIR=/opt/rustwide/target" "-e" "CARGO_INCREMENTAL=0" "-e" "RUST_BACKTRACE=full" "-e" "RUSTFLAGS=--cap-lints=warn" "-e" "RUSTDOCFLAGS=--cap-lints=warn" "-w" "/opt/rustwide/workdir" "--user" "0:0" "4c2cee935aa9ba3bd4978ce2a91d203f597ced5336d8ba9527c49869cde35330" "/opt/rustwide/cargo-home/bin/cargo" "+1.99.0-beta.8" "build" "--frozen" "--message-format=json" "--release", kill_on_drop: false }`
[INFO] [stderr]    Compiling libc v0.2.66
[INFO] [stderr]    Compiling proc-macro2 v1.0.9
[INFO] [stderr]    Compiling unicode-xid v0.2.0
[INFO] [stderr]    Compiling syn v1.0.16
[INFO] [stderr]    Compiling cc v1.0.50
[INFO] [stderr]    Compiling byteorder v1.3.2
[INFO] [stderr]    Compiling serde v1.0.104
[INFO] [stderr]    Compiling typenum v1.11.2
[INFO] [stderr]    Compiling num-traits v0.2.11
[INFO] [stderr]    Compiling bitflags v1.2.1
[INFO] [stderr]    Compiling log v0.4.8
[INFO] [stderr]    Compiling pkg-config v0.3.17
[INFO] [stderr]    Compiling rand_core v0.4.2
[INFO] [stderr]    Compiling autocfg v0.1.7
[INFO] [stderr]    Compiling rand_core v0.3.1
[INFO] [stderr]    Compiling memchr v2.3.3
[INFO] [stderr]    Compiling indexmap v1.3.2
[INFO] [stderr]    Compiling num-integer v0.1.42
[INFO] [stderr]    Compiling ryu v1.0.2
[INFO] [stderr]    Compiling openssl-sys v0.9.54
[INFO] [stderr]    Compiling quote v1.0.3
[INFO] [stderr]    Compiling proc-macro2 v0.4.30
[INFO] [stderr]    Compiling cfg-if v0.1.10
[INFO] [stderr]    Compiling getrandom v0.1.14
[INFO] [stderr]    Compiling openssl v0.10.28
[INFO] [stderr]    Compiling rand_core v0.5.1
[INFO] [stderr]    Compiling ppv-lite86 v0.2.6
[INFO] [stderr]    Compiling syn v0.15.31
[INFO] [stderr]    Compiling smallvec v1.2.0
[INFO] [stderr]    Compiling num_cpus v1.12.0
[INFO] [stderr]    Compiling itoa v0.4.5
[INFO] [stderr] warning: openssl-sys@0.9.54: build/expando.c:4:24: error: pasting "RUST_VERSION_OPENSSL_" and "(" does not give a valid preprocessing token
[INFO] [stderr] warning: openssl-sys@0.9.54:     4 | #define VERSION2(n, v) RUST_VERSION_##n##_##v
[INFO] [stderr] warning: openssl-sys@0.9.54:       |                        ^~~~~~~~~~~~~
[INFO] [stderr] warning: openssl-sys@0.9.54: build/expando.c:5:23: note: in expansion of macro 'VERSION2'
[INFO] [stderr] warning: openssl-sys@0.9.54:     5 | #define VERSION(n, v) VERSION2(n, v)
[INFO] [stderr] warning: openssl-sys@0.9.54:       |                       ^~~~~~~~
[INFO] [stderr] warning: openssl-sys@0.9.54: build/expando.c:10:1: note: in expansion of macro 'VERSION'
[INFO] [stderr] warning: openssl-sys@0.9.54:    10 | VERSION(OPENSSL, OPENSSL_VERSION_NUMBER)
[INFO] [stderr] warning: openssl-sys@0.9.54:       | ^~~~~~~
[INFO] [stderr] error: failed to run custom build command for `openssl-sys v0.9.54`
[INFO] [stderr] note: To improve backtraces for build dependencies, set the CARGO_PROFILE_RELEASE_BUILD_OVERRIDE_DEBUG=true environment variable to enable debug information generation.
[INFO] [stderr] 
[INFO] [stderr] Caused by:
[INFO] [stderr]   process didn't exit successfully: `/opt/rustwide/target/release/build/openssl-sys-ba8d29d87f4a48fe/build-script-main` (exit status: 101)
[INFO] [stderr]   --- stdout
[INFO] [stderr]   cargo:rustc-cfg=const_fn
[INFO] [stderr]   cargo:rerun-if-env-changed=X86_64_UNKNOWN_LINUX_GNU_OPENSSL_LIB_DIR
[INFO] [stderr]   X86_64_UNKNOWN_LINUX_GNU_OPENSSL_LIB_DIR unset
[INFO] [stderr]   cargo:rerun-if-env-changed=OPENSSL_LIB_DIR
[INFO] [stderr]   OPENSSL_LIB_DIR unset
[INFO] [stderr]   cargo:rerun-if-env-changed=X86_64_UNKNOWN_LINUX_GNU_OPENSSL_INCLUDE_DIR
[INFO] [stderr]   X86_64_UNKNOWN_LINUX_GNU_OPENSSL_INCLUDE_DIR unset
[INFO] [stderr]   cargo:rerun-if-env-changed=OPENSSL_INCLUDE_DIR
[INFO] [stderr]   OPENSSL_INCLUDE_DIR unset
[INFO] [stderr]   cargo:rerun-if-env-changed=X86_64_UNKNOWN_LINUX_GNU_OPENSSL_DIR
[INFO] [stderr]   X86_64_UNKNOWN_LINUX_GNU_OPENSSL_DIR unset
[INFO] [stderr]   cargo:rerun-if-env-changed=OPENSSL_DIR
[INFO] [stderr]   OPENSSL_DIR unset
[INFO] [stderr]   cargo:rustc-link-lib=ssl
[INFO] [stderr]   cargo:rustc-link-lib=crypto
[INFO] [stderr]   OPT_LEVEL = Some("0")
[INFO] [stderr]   TARGET = Some("x86_64-unknown-linux-gnu")
[INFO] [stderr]   HOST = Some("x86_64-unknown-linux-gnu")
[INFO] [stderr]   CC_x86_64-unknown-linux-gnu = None
[INFO] [stderr]   CC_x86_64_unknown_linux_gnu = None
[INFO] [stderr]   HOST_CC = None
[INFO] [stderr]   CC = None
[INFO] [stderr]   CFLAGS_x86_64-unknown-linux-gnu = None
[INFO] [stderr]   CFLAGS_x86_64_unknown_linux_gnu = None
[INFO] [stderr]   HOST_CFLAGS = None
[INFO] [stderr]   CFLAGS = None
[INFO] [stderr]   CRATE_CC_NO_DEFAULTS = None
[INFO] [stderr]   DEBUG = Some("false")
[INFO] [stderr]   CARGO_CFG_TARGET_FEATURE = Some("fxsr,sse,sse2")
[INFO] [stderr]   running: "cc" "-O0" "-ffunction-sections" "-fdata-sections" "-fPIC" "-m64" "-I" "/usr/include" "-Wall" "-Wextra" "-E" "build/expando.c"
[INFO] [stderr]   cargo:warning=build/expando.c:4:24: error: pasting "RUST_VERSION_OPENSSL_" and "(" does not give a valid preprocessing token
[INFO] [stderr]   cargo:warning=    4 | #define VERSION2(n, v) RUST_VERSION_##n##_##v
[INFO] [stderr]   cargo:warning=      |                        ^~~~~~~~~~~~~
[INFO] [stderr]   cargo:warning=build/expando.c:5:23: note: in expansion of macro 'VERSION2'
[INFO] [stderr]   cargo:warning=    5 | #define VERSION(n, v) VERSION2(n, v)
[INFO] [stderr]   cargo:warning=      |                       ^~~~~~~~
[INFO] [stderr]   cargo:warning=build/expando.c:10:1: note: in expansion of macro 'VERSION'
[INFO] [stderr]   cargo:warning=   10 | VERSION(OPENSSL, OPENSSL_VERSION_NUMBER)
[INFO] [stderr]   cargo:warning=      | ^~~~~~~
[INFO] [stderr]   exit status: 1
[INFO] [stderr] 
[INFO] [stderr]   --- stderr
[INFO] [stderr] 
[INFO] [stderr]   thread 'main' (614) panicked at /opt/rustwide/cargo-home/registry/src/index.crates.io-1949cf8c6b5b557f/openssl-sys-0.9.54/build/main.rs:126:13:
[INFO] [stderr] 
[INFO] [stderr]   Header expansion error:
[INFO] [stderr]   Error { kind: ToolExecError, message: "Command \"cc\" \"-O0\" \"-ffunction-sections\" \"-fdata-sections\" \"-fPIC\" \"-m64\" \"-I\" \"/usr/include\" \"-Wall\" \"-Wextra\" \"-E\" \"build/expando.c\" with args \"cc\" did not execute successfully (status code exit status: 1)." }
[INFO] [stderr] 
[INFO] [stderr]   Failed to find OpenSSL development headers.
[INFO] [stderr] 
[INFO] [stderr]   You can try fixing this setting the `OPENSSL_DIR` environment variable
[INFO] [stderr]   pointing to your OpenSSL installation or installing OpenSSL headers package
[INFO] [stderr]   specific to your distribution:
[INFO] [stderr] 
[INFO] [stderr]       # On Ubuntu
[INFO] [stderr]       sudo apt-get install libssl-dev
[INFO] [stderr]       # On Arch Linux
[INFO] [stderr]       sudo pacman -S openssl
[INFO] [stderr]       # On Fedora
[INFO] [stderr]       sudo dnf install openssl-devel
[INFO] [stderr] 
[INFO] [stderr]   See rust-openssl README for more information:
[INFO] [stderr] 
[INFO] [stderr]       https://github.com/sfackler/rust-openssl#linux
[INFO] [stderr] 
[INFO] [stderr]   stack backtrace:
[INFO] [stderr]      0:     0x5d7e95e8e531 - <<std[70759c8f55707aa4]::sys::backtrace::BacktraceLock>::print::DisplayBacktrace as core[df12db4294e9bfd3]::fmt::Display>::fmt
[INFO] [stderr]      1:     0x5d7e95ea2dfa - core[df12db4294e9bfd3]::fmt::write
[INFO] [stderr]      2:     0x5d7e95e945ec - <std[70759c8f55707aa4]::sys::stdio::unix::Stderr as core[df12db4294e9bfd3]::io::write::Write>::write_fmt
[INFO] [stderr]      3:     0x5d7e95e6dc66 - std[70759c8f55707aa4]::panicking::default_hook::{closure#0}
[INFO] [stderr]      4:     0x5d7e95e89241 - std[70759c8f55707aa4]::panicking::default_hook
[INFO] [stderr]      5:     0x5d7e95e893fb - std[70759c8f55707aa4]::panicking::panic_with_hook
[INFO] [stderr]      6:     0x5d7e95e6dd12 - std[70759c8f55707aa4]::panicking::panic_handler::{closure#0}
[INFO] [stderr]      7:     0x5d7e95e66789 - std[70759c8f55707aa4]::sys::backtrace::__rust_end_short_backtrace::<std[70759c8f55707aa4]::panicking::panic_handler::{closure#0}, !>
[INFO] [stderr]      8:     0x5d7e95e6e5cd - __rustc[8fa7c3cbc660c2b3]::rust_begin_unwind
[INFO] [stderr]      9:     0x5d7e95ea356c - core[df12db4294e9bfd3]::panicking::panic_fmt
[INFO] [stderr]     10:     0x5d7e95e04bcf - build_script_main[65fe36b65b3c946b]::validate_headers
[INFO] [stderr]     11:     0x5d7e95e08313 - build_script_main[65fe36b65b3c946b]::find::try_pkg_config
[INFO] [stderr]     12:     0x5d7e95e086d8 - build_script_main[65fe36b65b3c946b]::find::find_openssl_dir
[INFO] [stderr]     13:     0x5d7e95e03007 - build_script_main[65fe36b65b3c946b]::find::get_openssl::{closure#0}
[INFO] [stderr]     14:     0x5d7e95e01490 - <core[df12db4294e9bfd3]::option::Option<std[70759c8f55707aa4]::ffi::os_str::OsString>>::unwrap_or_else::<build_script_main[65fe36b65b3c946b]::find::get_openssl::{closure#0}>
[INFO] [stderr]     15:     0x5d7e95e07c0f - build_script_main[65fe36b65b3c946b]::find::get_openssl
[INFO] [stderr]     16:     0x5d7e95e051e9 - build_script_main[65fe36b65b3c946b]::main
[INFO] [stderr]     17:     0x5d7e95e0aae3 - <fn() as core[df12db4294e9bfd3]::ops::function::FnOnce<()>>::call_once
[INFO] [stderr]     18:     0x5d7e95e01dd6 - std[70759c8f55707aa4]::sys::backtrace::__rust_begin_short_backtrace::<fn(), ()>
[INFO] [stderr]     19:     0x5d7e95e02519 - std[70759c8f55707aa4]::rt::lang_start::<()>::{closure#0}
[INFO] [stderr]     20:     0x5d7e95e88609 - std[70759c8f55707aa4]::rt::lang_start_internal
[INFO] [stderr]     21:     0x5d7e95e01af1 - std[70759c8f55707aa4]::rt::lang_start::<()>
[INFO] [stderr]     22:     0x5d7e95e0ac95 - main
[INFO] [stderr]     23:     0x7920e3a88601 - <unknown>
[INFO] [stderr]     24:     0x7920e3a88718 - __libc_start_main
[INFO] [stderr]     25:     0x5d7e95e01155 - _start
[INFO] [stderr]     26:                0x0 - <unknown>
[INFO] [stderr] warning: build failed, waiting for other jobs to finish...
[INFO] running `Command { std: "docker" "inspect" "4c2cee935aa9ba3bd4978ce2a91d203f597ced5336d8ba9527c49869cde35330", kill_on_drop: false }`
[INFO] running `Command { std: "docker" "rm" "-f" "4c2cee935aa9ba3bd4978ce2a91d203f597ced5336d8ba9527c49869cde35330", kill_on_drop: false }`
[INFO] [stdout] 4c2cee935aa9ba3bd4978ce2a91d203f597ced5336d8ba9527c49869cde35330
