[INFO] fetching crate leviathan-driver 0.3.0...
[INFO] testing leviathan-driver-0.3.0 against 1.99.0-beta.8+cargoflags=--release for beta-release-1.100-2
[INFO] extracting crate leviathan-driver 0.3.0 into /workspace/builds/worker-4-tc1/source
[INFO] started tweaking crates.io crate leviathan-driver 0.3.0
[INFO] finished tweaking crates.io crate leviathan-driver 0.3.0
[INFO] tweaked toml for crates.io crate leviathan-driver 0.3.0 written to /workspace/builds/worker-4-tc1/source/Cargo.toml
[INFO] validating manifest of crates.io crate leviathan-driver 0.3.0 on toolchain 1.99.0-beta.8
[INFO] running `Command { std: CARGO_HOME="/workspace/cargo-home" RUSTUP_HOME="/workspace/rustup-home" "/workspace/cargo-home/bin/cargo" "+1.99.0-beta.8" "metadata" "--manifest-path" "Cargo.toml" "--no-deps", kill_on_drop: false }`
[INFO] crate crates.io crate leviathan-driver 0.3.0 already has a lockfile, it will not be regenerated
[INFO] running `Command { std: CARGO_HOME="/workspace/cargo-home" RUSTUP_HOME="/workspace/rustup-home" "/workspace/cargo-home/bin/cargo" "+1.99.0-beta.8" "fetch" "--manifest-path" "Cargo.toml", kill_on_drop: false }`
[INFO] [stderr]     Updating crates.io index
[INFO] [stderr]  Downloading crates ...
[INFO] [stderr]   Downloaded wdk-macros v0.5.1
[INFO] [stderr]   Downloaded wdk-build v0.5.1
[INFO] [stderr]   Downloaded clap-cargo v0.15.2
[INFO] [stderr]   Downloaded wdk-panic v0.4.1
[INFO] [stderr]   Downloaded wdk-alloc v0.4.1
[INFO] [stderr]   Downloaded leviathan-common v0.3.0
[INFO] [stderr]   Downloaded wdk v0.4.1
[INFO] [stderr]   Downloaded wdk-sys v0.5.1
[INFO] [stderr]   Downloaded bindgen v0.71.1
[INFO] running `Command { std: "docker" "create" "-v" "/var/lib/crater-agent-workspace/builds/worker-4-tc1/source:/opt/rustwide/workdir:ro,Z" "-v" "/var/lib/crater-agent-workspace/builds/worker-4-tc1/target:/opt/rustwide/target:rw,Z" "-v" "/var/lib/crater-agent-workspace/cargo-home:/opt/rustwide/cargo-home:ro,Z" "-v" "/var/lib/crater-agent-workspace/rustup-home:/opt/rustwide/rustup-home:ro,Z" "-m" "1610612736" "--network" "none" "ghcr.io/rust-lang/crates-build-env/linux@sha256:77db811e55d90add9212f6832c23229e3de5f1c1f9905e8cb07319ea15df73ac" "sleep" "infinity", kill_on_drop: false }`
[INFO] [stdout] 59a8d1932fb38dd24381ae02ba3492bf6cfc1cd312f4e5f3594affd4add638f4
[INFO] running `Command { std: "docker" "start" "59a8d1932fb38dd24381ae02ba3492bf6cfc1cd312f4e5f3594affd4add638f4", kill_on_drop: false }`
[INFO] running `Command { std: "docker" "inspect" "59a8d1932fb38dd24381ae02ba3492bf6cfc1cd312f4e5f3594affd4add638f4", kill_on_drop: false }`
[INFO] running `Command { std: "docker" "exec" "-e" "SOURCE_DIR=/opt/rustwide/workdir" "-e" "CARGO_HOME=/opt/rustwide/cargo-home" "-e" "RUSTUP_HOME=/opt/rustwide/rustup-home" "-e" "CARGO_TARGET_DIR=/opt/rustwide/target" "-w" "/opt/rustwide/workdir" "--user" "0:0" "59a8d1932fb38dd24381ae02ba3492bf6cfc1cd312f4e5f3594affd4add638f4" "/opt/rustwide/cargo-home/bin/cargo" "+1.99.0-beta.8" "metadata" "--no-deps" "--format-version=1", kill_on_drop: false }`
[INFO] running `Command { std: "docker" "inspect" "59a8d1932fb38dd24381ae02ba3492bf6cfc1cd312f4e5f3594affd4add638f4", kill_on_drop: false }`
[INFO] running `Command { std: "docker" "exec" "-e" "SOURCE_DIR=/opt/rustwide/workdir" "-e" "CARGO_HOME=/opt/rustwide/cargo-home" "-e" "RUSTUP_HOME=/opt/rustwide/rustup-home" "-e" "CARGO_TARGET_DIR=/opt/rustwide/target" "-e" "CARGO_INCREMENTAL=0" "-e" "RUST_BACKTRACE=full" "-e" "RUSTFLAGS=--cap-lints=warn" "-e" "RUSTDOCFLAGS=--cap-lints=warn" "-w" "/opt/rustwide/workdir" "--user" "0:0" "59a8d1932fb38dd24381ae02ba3492bf6cfc1cd312f4e5f3594affd4add638f4" "/opt/rustwide/cargo-home/bin/cargo" "+1.99.0-beta.8" "build" "--frozen" "--message-format=json" "--release", kill_on_drop: false }`
[INFO] [stderr]    Compiling memchr v2.8.0
[INFO] [stderr]    Compiling serde_core v1.0.228
[INFO] [stderr]    Compiling windows_x86_64_gnu v0.52.6
[INFO] [stderr]    Compiling utf8parse v0.2.2
[INFO] [stderr]    Compiling glob v0.3.3
[INFO] [stderr]    Compiling regex-syntax v0.8.10
[INFO] [stderr]    Compiling serde_json v1.0.149
[INFO] [stderr]    Compiling is_terminal_polyfill v1.70.2
[INFO] [stderr]    Compiling bitflags v2.11.1
[INFO] [stderr]    Compiling prettyplease v0.2.37
[INFO] [stderr]    Compiling anstyle v1.0.14
[INFO] [stderr]    Compiling colorchoice v1.0.5
[INFO] [stderr]    Compiling anstyle-query v1.1.5
[INFO] [stderr]    Compiling libc v0.2.185
[INFO] [stderr]    Compiling tracing-core v0.1.36
[INFO] [stderr]    Compiling log v0.4.29
[INFO] [stderr]    Compiling anstyle-parse v1.0.0
[INFO] [stderr]    Compiling clap_lex v1.1.0
[INFO] [stderr]    Compiling camino v1.2.2
[INFO] [stderr]    Compiling clap_derive v4.6.1
[INFO] [stderr]    Compiling itertools v0.13.0
[INFO] [stderr]    Compiling libloading v0.8.9
[INFO] [stderr]    Compiling windows-targets v0.52.6
[INFO] [stderr]    Compiling windows-implement v0.58.0
[INFO] [stderr]    Compiling windows-interface v0.58.0
[INFO] [stderr]    Compiling windows-result v0.2.0
[INFO] [stderr]    Compiling bindgen v0.71.1
[INFO] [stderr]    Compiling anyhow v1.0.102
[INFO] [stderr]    Compiling thiserror v2.0.18
[INFO] [stderr]    Compiling clang-sys v1.8.1
[INFO] [stderr]    Compiling wdk-build v0.5.1
[INFO] [stderr]    Compiling windows-strings v0.1.0
[INFO] [stderr]    Compiling anstream v1.0.0
[INFO] [stderr]    Compiling rustc-hash v2.1.2
[INFO] [stderr]    Compiling sharded-slab v0.1.7
[INFO] [stderr]    Compiling tracing v0.1.44
[INFO] [stderr]    Compiling tracing-log v0.2.0
[INFO] [stderr]    Compiling aho-corasick v1.1.4
[INFO] [stderr]    Compiling clap_builder v4.6.0
[INFO] [stderr]    Compiling nom v7.1.3
[INFO] [stderr]    Compiling thread_local v1.1.9
[INFO] [stderr]    Compiling nu-ansi-term v0.50.3
[INFO] [stderr]    Compiling smallvec v1.15.1
[INFO] [stderr]    Compiling rustix v1.1.4
[INFO] [stderr]    Compiling scratch v1.0.9
[INFO] [stderr]    Compiling linux-raw-sys v0.12.1
[INFO] [stderr]    Compiling leviathan-common v0.3.0
[INFO] [stderr]    Compiling wdk-panic v0.4.1
[INFO] [stderr]    Compiling windows-core v0.58.0
[INFO] [stderr]    Compiling windows v0.58.0
[INFO] [stderr]    Compiling regex-automata v0.4.14
[INFO] [stderr]    Compiling cexpr v0.6.0
[INFO] [stderr]    Compiling clap v4.6.1
[INFO] [stderr]    Compiling clap-cargo v0.15.2
[INFO] [stderr]    Compiling serde v1.0.228
[INFO] [stderr]    Compiling semver v1.0.28
[INFO] [stderr]    Compiling fs4 v0.13.1
[INFO] [stderr]    Compiling cargo-platform v0.1.9
[INFO] [stderr]    Compiling wdk-macros v0.5.1
[INFO] [stderr]    Compiling cargo_metadata v0.19.2
[INFO] [stderr]    Compiling regex v1.12.3
[INFO] [stderr]    Compiling matchers v0.2.0
[INFO] [stderr]    Compiling tracing-subscriber v0.3.23
[INFO] [stdout] error: windows-drivers-rs is designed to be run on a Windows host machine in a WDK environment. Please build using a Windows target.
[INFO] [stdout]    --> /opt/rustwide/cargo-home/registry/src/index.crates.io-1949cf8c6b5b557f/wdk-build-0.5.1/src/utils.rs:382:5
[INFO] [stdout]     |
[INFO] [stdout] 382 | /     compile_error!(
[INFO] [stdout] 383 | |         "windows-drivers-rs is designed to be run on a Windows host machine in a WDK environment. \
[INFO] [stdout] 384 | |          Please build using a Windows target."
[INFO] [stdout] 385 | |     );
[INFO] [stdout]     | |_____^
[INFO] [stdout] 
[INFO] [stdout] 
[INFO] [stdout] error: windows-drivers-rs is designed to be run on a Windows host machine in a WDK environment. Please build using a Windows target.
[INFO] [stdout]    --> /opt/rustwide/cargo-home/registry/src/index.crates.io-1949cf8c6b5b557f/wdk-build-0.5.1/src/utils.rs:417:5
[INFO] [stdout]     |
[INFO] [stdout] 417 | /     compile_error!(
[INFO] [stdout] 418 | |         "windows-drivers-rs is designed to be run on a Windows host machine in a WDK environment. \
[INFO] [stdout] 419 | |          Please build using a Windows target."
[INFO] [stdout] 420 | |     );
[INFO] [stdout]     | |_____^
[INFO] [stdout] 
[INFO] [stdout] 
[INFO] [stdout] error[E0433]: cannot find `Win32` in `windows`
[INFO] [stdout]   --> /opt/rustwide/cargo-home/registry/src/index.crates.io-1949cf8c6b5b557f/wdk-build-0.5.1/src/utils.rs:15:5
[INFO] [stdout]    |
[INFO] [stdout] 15 |     Win32::System::Registry::{
[INFO] [stdout]    |     ^^^^^ could not find `Win32` in `windows`
[INFO] [stdout] 
[INFO] [stdout] 
[INFO] [stdout] error[E0432]: unresolved import `windows::core`
[INFO] [stdout]   --> /opt/rustwide/cargo-home/registry/src/index.crates.io-1949cf8c6b5b557f/wdk-build-0.5.1/src/utils.rs:24:5
[INFO] [stdout]    |
[INFO] [stdout] 24 |     core::{PCSTR, s},
[INFO] [stdout]    |     ^^^^ could not find `core` in `windows`
[INFO] [stdout] 
[INFO] [stdout] 
[INFO] [stdout] error[E0433]: cannot find `windows` in `os`
[INFO] [stdout]    --> /opt/rustwide/cargo-home/registry/src/index.crates.io-1949cf8c6b5b557f/wdk-build-0.5.1/src/cargo_make.rs:917:18
[INFO] [stdout]     |
[INFO] [stdout] 917 |         std::os::windows::fs::symlink_file(&rust_driver_makefile_toml_path, &destination_path)
[INFO] [stdout]     |                  ^^^^^^^ could not find `windows` in `os`
[INFO] [stdout] 
[INFO] [stdout] 
[INFO] [stdout] error[E0433]: cannot find `windows` in `os`
[INFO] [stdout]    --> /opt/rustwide/cargo-home/registry/src/index.crates.io-1949cf8c6b5b557f/wdk-build-0.5.1/src/cargo_make.rs:932:18
[INFO] [stdout]     |
[INFO] [stdout] 932 |         std::os::windows::fs::symlink_file(&rust_driver_makefile_toml_path, &destination_path)
[INFO] [stdout]     |                  ^^^^^^^ could not find `windows` in `os`
[INFO] [stdout] 
[INFO] [stdout] 
[INFO] [stdout] Some errors have detailed explanations: E0432, E0433.
[INFO] [stdout] 
[INFO] [stdout] For more information about an error, try `rustc --explain E0432`.
[INFO] [stdout] 
[INFO] [stderr] error: could not compile `wdk-build` (lib) due to 6 previous errors
[INFO] running `Command { std: "docker" "inspect" "59a8d1932fb38dd24381ae02ba3492bf6cfc1cd312f4e5f3594affd4add638f4", kill_on_drop: false }`
[INFO] running `Command { std: "docker" "rm" "-f" "59a8d1932fb38dd24381ae02ba3492bf6cfc1cd312f4e5f3594affd4add638f4", kill_on_drop: false }`
[INFO] [stdout] 59a8d1932fb38dd24381ae02ba3492bf6cfc1cd312f4e5f3594affd4add638f4
