[INFO] fetching crate leptos_router_macro 0.9.0-rc0...
[INFO] testing leptos_router_macro-0.9.0-rc0 against 1.99.0-beta.8+cargoflags=--release for beta-release-1.100-2
[INFO] extracting crate leptos_router_macro 0.9.0-rc0 into /workspace/builds/worker-1-tc1/source
[INFO] started tweaking crates.io crate leptos_router_macro 0.9.0-rc0
[INFO] removed 0 missing tests
[INFO] finished tweaking crates.io crate leptos_router_macro 0.9.0-rc0
[INFO] tweaked toml for crates.io crate leptos_router_macro 0.9.0-rc0 written to /workspace/builds/worker-1-tc1/source/Cargo.toml
[INFO] validating manifest of crates.io crate leptos_router_macro 0.9.0-rc0 on toolchain 1.99.0-beta.8
[INFO] running `Command { std: CARGO_HOME="/workspace/cargo-home" RUSTUP_HOME="/workspace/rustup-home" "/workspace/cargo-home/bin/cargo" "+1.99.0-beta.8" "metadata" "--manifest-path" "Cargo.toml" "--no-deps", kill_on_drop: false }`
[INFO] crate crates.io crate leptos_router_macro 0.9.0-rc0 already has a lockfile, it will not be regenerated
[INFO] running `Command { std: CARGO_HOME="/workspace/cargo-home" RUSTUP_HOME="/workspace/rustup-home" "/workspace/cargo-home/bin/cargo" "+1.99.0-beta.8" "fetch" "--manifest-path" "Cargo.toml", kill_on_drop: false }`
[INFO] [stderr]     Updating crates.io index
[INFO] [stderr]  Downloading crates ...
[INFO] [stderr]   Downloaded serde_spanned v1.1.2
[INFO] [stderr]   Downloaded toml_writer v1.1.3+spec-1.1.0
[INFO] [stderr]   Downloaded target-tuple v1.0.2
[INFO] [stderr]   Downloaded toml v1.1.8+spec-1.1.0
[INFO] [stderr]   Downloaded trybuild v1.0.122
[INFO] running `Command { std: "docker" "create" "-v" "/var/lib/crater-agent-workspace/builds/worker-1-tc1/source:/opt/rustwide/workdir:ro,Z" "-v" "/var/lib/crater-agent-workspace/builds/worker-1-tc1/target:/opt/rustwide/target:rw,Z" "-v" "/var/lib/crater-agent-workspace/cargo-home:/opt/rustwide/cargo-home:ro,Z" "-v" "/var/lib/crater-agent-workspace/rustup-home:/opt/rustwide/rustup-home:ro,Z" "-m" "1610612736" "--network" "none" "ghcr.io/rust-lang/crates-build-env/linux@sha256:77db811e55d90add9212f6832c23229e3de5f1c1f9905e8cb07319ea15df73ac" "sleep" "infinity", kill_on_drop: false }`
[INFO] [stdout] e62fdf38dcc003181c0bb99aa8a277f0164be96bf65c25275213d19740fb3809
[INFO] running `Command { std: "docker" "start" "e62fdf38dcc003181c0bb99aa8a277f0164be96bf65c25275213d19740fb3809", kill_on_drop: false }`
[INFO] running `Command { std: "docker" "inspect" "e62fdf38dcc003181c0bb99aa8a277f0164be96bf65c25275213d19740fb3809", kill_on_drop: false }`
[INFO] running `Command { std: "docker" "exec" "-e" "SOURCE_DIR=/opt/rustwide/workdir" "-e" "CARGO_HOME=/opt/rustwide/cargo-home" "-e" "RUSTUP_HOME=/opt/rustwide/rustup-home" "-e" "CARGO_TARGET_DIR=/opt/rustwide/target" "-w" "/opt/rustwide/workdir" "--user" "0:0" "e62fdf38dcc003181c0bb99aa8a277f0164be96bf65c25275213d19740fb3809" "/opt/rustwide/cargo-home/bin/cargo" "+1.99.0-beta.8" "metadata" "--no-deps" "--format-version=1", kill_on_drop: false }`
[INFO] running `Command { std: "docker" "inspect" "e62fdf38dcc003181c0bb99aa8a277f0164be96bf65c25275213d19740fb3809", kill_on_drop: false }`
[INFO] running `Command { std: "docker" "exec" "-e" "SOURCE_DIR=/opt/rustwide/workdir" "-e" "CARGO_HOME=/opt/rustwide/cargo-home" "-e" "RUSTUP_HOME=/opt/rustwide/rustup-home" "-e" "CARGO_TARGET_DIR=/opt/rustwide/target" "-e" "CARGO_INCREMENTAL=0" "-e" "RUST_BACKTRACE=full" "-e" "RUSTFLAGS=--cap-lints=warn" "-e" "RUSTDOCFLAGS=--cap-lints=warn" "-w" "/opt/rustwide/workdir" "--user" "0:0" "e62fdf38dcc003181c0bb99aa8a277f0164be96bf65c25275213d19740fb3809" "/opt/rustwide/cargo-home/bin/cargo" "+1.99.0-beta.8" "build" "--frozen" "--message-format=json" "--release", kill_on_drop: false }`
[INFO] [stderr]    Compiling leptos_router_macro v0.9.0-rc0 (/opt/rustwide/workdir)
[INFO] [stderr]     Finished `release` profile [optimized] target(s) in 2.65s
[INFO] running `Command { std: "docker" "inspect" "e62fdf38dcc003181c0bb99aa8a277f0164be96bf65c25275213d19740fb3809", kill_on_drop: false }`
[INFO] running `Command { std: "docker" "exec" "-e" "SOURCE_DIR=/opt/rustwide/workdir" "-e" "CARGO_HOME=/opt/rustwide/cargo-home" "-e" "RUSTUP_HOME=/opt/rustwide/rustup-home" "-e" "CARGO_TARGET_DIR=/opt/rustwide/target" "-e" "CARGO_INCREMENTAL=0" "-e" "RUST_BACKTRACE=full" "-e" "RUSTFLAGS=--cap-lints=warn" "-e" "RUSTDOCFLAGS=--cap-lints=warn" "-w" "/opt/rustwide/workdir" "--user" "0:0" "e62fdf38dcc003181c0bb99aa8a277f0164be96bf65c25275213d19740fb3809" "/opt/rustwide/cargo-home/bin/cargo" "+1.99.0-beta.8" "test" "--frozen" "--no-run" "--message-format=json" "--release", kill_on_drop: false }`
[INFO] [stderr]    Compiling serde v1.0.229
[INFO] [stderr]    Compiling target-tuple v1.0.2
[INFO] [stderr]    Compiling serde_core v1.0.229
[INFO] [stderr]    Compiling proc-macro2 v1.0.107
[INFO] [stderr]    Compiling unicode-ident v1.0.27
[INFO] [stderr]    Compiling zmij v1.0.23
[INFO] [stderr]    Compiling quote v1.0.47
[INFO] [stderr]    Compiling toml_writer v1.1.3+spec-1.1.0
[INFO] [stderr]    Compiling winnow v1.0.4
[INFO] [stderr]    Compiling toml_parser v1.1.5+spec-1.1.0
[INFO] [stderr]    Compiling serde_json v1.0.154
[INFO] [stderr]    Compiling itoa v1.0.18
[INFO] [stderr]    Compiling termcolor v1.4.1
[INFO] [stderr]    Compiling toml_datetime v1.1.2+spec-1.1.0
[INFO] [stderr]    Compiling serde_spanned v1.1.2
[INFO] [stderr]    Compiling leptos_router_macro v0.9.0-rc0 (/opt/rustwide/workdir)
[INFO] [stderr]    Compiling memchr v2.8.3
[INFO] [stderr]    Compiling glob v0.3.4
[INFO] [stderr]    Compiling toml v1.1.8+spec-1.1.0
[INFO] [stderr]    Compiling syn v3.0.9
[INFO] [stderr]    Compiling trybuild v1.0.122
[INFO] [stdout] error[E0433]: cannot find module or crate `leptos` in this scope
[INFO] [stdout]  --> tests/lazy_route.rs:1:5
[INFO] [stdout]   |
[INFO] [stdout] 1 | use leptos::prelude::*;
[INFO] [stdout]   |     ^^^^^^ use of unresolved module or unlinked crate `leptos`
[INFO] [stdout]   |
[INFO] [stdout]   = help: if you wanted to use a crate named `leptos`, use `cargo add leptos` to add it to your `Cargo.toml`
[INFO] [stdout] 
[INFO] [stdout] 
[INFO] [stdout] error[E0432]: unresolved import `leptos_router`
[INFO] [stdout]  --> tests/path.rs:1:5
[INFO] [stdout]   |
[INFO] [stdout] 1 | use leptos_router::{
[INFO] [stdout]   |     ^^^^^^^^^^^^^ use of unresolved module or unlinked crate `leptos_router`
[INFO] [stdout]   |
[INFO] [stdout]   = help: if you wanted to use a crate named `leptos_router`, use `cargo add leptos_router` to add it to your `Cargo.toml`
[INFO] [stdout] 
[INFO] [stdout] 
[INFO] [stdout] error[E0432]: unresolved import `leptos_router`
[INFO] [stdout]  --> tests/lazy_route.rs:2:5
[INFO] [stdout]   |
[INFO] [stdout] 2 | use leptos_router::{LazyRoute, lazy_route};
[INFO] [stdout]   |     ^^^^^^^^^^^^^ use of unresolved module or unlinked crate `leptos_router`
[INFO] [stdout]   |
[INFO] [stdout]   = help: if you wanted to use a crate named `leptos_router`, use `cargo add leptos_router` to add it to your `Cargo.toml`
[INFO] [stdout] 
[INFO] [stdout] 
[INFO] [stderr] error: could not compile `leptos_router_macro` (test "lazy_route") due to 4 previous errors
[INFO] [stdout] error[E0425]: cannot find type `AnyView` in this scope
[INFO] [stdout]   --> tests/lazy_route.rs:17:32
[INFO] [stdout]    |
[INFO] [stdout] 17 |     fn view(mut this: Self) -> AnyView {
[INFO] [stdout]    |                                ^^^^^^^ not found in this scope
[INFO] [stdout] 
[INFO] [stdout] 
[INFO] [stderr] warning: build failed, waiting for other jobs to finish...
[INFO] [stdout] error[E0425]: cannot find type `AnyView` in this scope
[INFO] [stdout]   --> tests/lazy_route.rs:35:51
[INFO] [stdout]    |
[INFO] [stdout] 35 |     fn view(DestructuredRoute { value }: Self) -> AnyView {
[INFO] [stdout]    |                                                   ^^^^^^^ not found in this scope
[INFO] [stdout] 
[INFO] [stdout] 
[INFO] [stdout] Some errors have detailed explanations: E0425, E0432, E0433.
[INFO] [stdout] 
[INFO] [stdout] For more information about an error, try `rustc --explain E0425`.
[INFO] [stdout] 
[INFO] [stdout] error[E0433]: cannot find module or crate `leptos_router` in this scope
[INFO] [stdout]   --> tests/path.rs:32:18
[INFO] [stdout]    |
[INFO] [stdout] 32 |     let output = path!("/foo/:bar/*any");
[INFO] [stdout]    |                  ^^^^^^^^^^^^^^^^^^^^^^^ use of unresolved module or unlinked crate `leptos_router`
[INFO] [stdout]    |
[INFO] [stdout]    = help: if you wanted to use a crate named `leptos_router`, use `cargo add leptos_router` to add it to your `Cargo.toml`
[INFO] [stdout]    = note: this error originates in the macro `path` (in Nightly builds, run with -Z macro-backtrace for more info)
[INFO] [stdout] 
[INFO] [stdout] 
[INFO] [stdout] error[E0433]: cannot find module or crate `leptos_router` in this scope
[INFO] [stdout]   --> tests/path.rs:45:18
[INFO] [stdout]    |
[INFO] [stdout] 45 |     let output = path!("/foo/bar-baz");
[INFO] [stdout]    |                  ^^^^^^^^^^^^^^^^^^^^^ use of unresolved module or unlinked crate `leptos_router`
[INFO] [stdout]    |
[INFO] [stdout]    = help: if you wanted to use a crate named `leptos_router`, use `cargo add leptos_router` to add it to your `Cargo.toml`
[INFO] [stdout]    = note: this error originates in the macro `path` (in Nightly builds, run with -Z macro-backtrace for more info)
[INFO] [stdout] 
[INFO] [stdout] 
[INFO] [stdout] error[E0433]: cannot find module or crate `leptos_router` in this scope
[INFO] [stdout]   --> tests/path.rs:51:18
[INFO] [stdout]    |
[INFO] [stdout] 51 |     let output = path!("/-._~");
[INFO] [stdout]    |                  ^^^^^^^^^^^^^^ use of unresolved module or unlinked crate `leptos_router`
[INFO] [stdout]    |
[INFO] [stdout]    = help: if you wanted to use a crate named `leptos_router`, use `cargo add leptos_router` to add it to your `Cargo.toml`
[INFO] [stdout]    = note: this error originates in the macro `path` (in Nightly builds, run with -Z macro-backtrace for more info)
[INFO] [stdout] 
[INFO] [stdout] 
[INFO] [stdout] error[E0433]: cannot find module or crate `leptos_router` in this scope
[INFO] [stdout]   --> tests/path.rs:57:18
[INFO] [stdout]    |
[INFO] [stdout] 57 |     let output = path!("/@");
[INFO] [stdout]    |                  ^^^^^^^^^^^ use of unresolved module or unlinked crate `leptos_router`
[INFO] [stdout]    |
[INFO] [stdout]    = help: if you wanted to use a crate named `leptos_router`, use `cargo add leptos_router` to add it to your `Cargo.toml`
[INFO] [stdout]    = note: this error originates in the macro `path` (in Nightly builds, run with -Z macro-backtrace for more info)
[INFO] [stdout] 
[INFO] [stdout] 
[INFO] [stdout] error[E0433]: cannot find module or crate `leptos_router` in this scope
[INFO] [stdout]   --> tests/path.rs:63:18
[INFO] [stdout]    |
[INFO] [stdout] 63 |     let output = path!("home");
[INFO] [stdout]    |                  ^^^^^^^^^^^^^ use of unresolved module or unlinked crate `leptos_router`
[INFO] [stdout]    |
[INFO] [stdout]    = help: if you wanted to use a crate named `leptos_router`, use `cargo add leptos_router` to add it to your `Cargo.toml`
[INFO] [stdout]    = note: this error originates in the macro `path` (in Nightly builds, run with -Z macro-backtrace for more info)
[INFO] [stdout] 
[INFO] [stdout] 
[INFO] [stdout] error[E0433]: cannot find module or crate `leptos_router` in this scope
[INFO] [stdout]   --> tests/path.rs:69:18
[INFO] [stdout]    |
[INFO] [stdout] 69 |     let output = path!("home");
[INFO] [stdout]    |                  ^^^^^^^^^^^^^ use of unresolved module or unlinked crate `leptos_router`
[INFO] [stdout]    |
[INFO] [stdout]    = help: if you wanted to use a crate named `leptos_router`, use `cargo add leptos_router` to add it to your `Cargo.toml`
[INFO] [stdout]    = note: this error originates in the macro `path` (in Nightly builds, run with -Z macro-backtrace for more info)
[INFO] [stdout] 
[INFO] [stdout] 
[INFO] [stdout] error[E0433]: cannot find module or crate `leptos_router` in this scope
[INFO] [stdout]   --> tests/path.rs:75:18
[INFO] [stdout]    |
[INFO] [stdout] 75 |     let output = path!("/home/");
[INFO] [stdout]    |                  ^^^^^^^^^^^^^^^ use of unresolved module or unlinked crate `leptos_router`
[INFO] [stdout]    |
[INFO] [stdout]    = help: if you wanted to use a crate named `leptos_router`, use `cargo add leptos_router` to add it to your `Cargo.toml`
[INFO] [stdout]    = note: this error originates in the macro `path` (in Nightly builds, run with -Z macro-backtrace for more info)
[INFO] [stdout] 
[INFO] [stdout] 
[INFO] [stdout] error[E0433]: cannot find module or crate `leptos_router` in this scope
[INFO] [stdout]   --> tests/path.rs:81:18
[INFO] [stdout]    |
[INFO] [stdout] 81 |     let output = path!("/home");
[INFO] [stdout]    |                  ^^^^^^^^^^^^^^ use of unresolved module or unlinked crate `leptos_router`
[INFO] [stdout]    |
[INFO] [stdout]    = help: if you wanted to use a crate named `leptos_router`, use `cargo add leptos_router` to add it to your `Cargo.toml`
[INFO] [stdout]    = note: this error originates in the macro `path` (in Nightly builds, run with -Z macro-backtrace for more info)
[INFO] [stdout] 
[INFO] [stdout] 
[INFO] [stdout] error[E0433]: cannot find module or crate `leptos_router` in this scope
[INFO] [stdout]   --> tests/path.rs:87:18
[INFO] [stdout]    |
[INFO] [stdout] 87 |     let output = path!("/:id");
[INFO] [stdout]    |                  ^^^^^^^^^^^^^ use of unresolved module or unlinked crate `leptos_router`
[INFO] [stdout]    |
[INFO] [stdout]    = help: if you wanted to use a crate named `leptos_router`, use `cargo add leptos_router` to add it to your `Cargo.toml`
[INFO] [stdout]    = note: this error originates in the macro `path` (in Nightly builds, run with -Z macro-backtrace for more info)
[INFO] [stdout] 
[INFO] [stdout] 
[INFO] [stdout] error[E0433]: cannot find module or crate `leptos_router` in this scope
[INFO] [stdout]   --> tests/path.rs:93:18
[INFO] [stdout]    |
[INFO] [stdout] 93 |     let output = path!("/:id?");
[INFO] [stdout]    |                  ^^^^^^^^^^^^^^ use of unresolved module or unlinked crate `leptos_router`
[INFO] [stdout]    |
[INFO] [stdout]    = help: if you wanted to use a crate named `leptos_router`, use `cargo add leptos_router` to add it to your `Cargo.toml`
[INFO] [stdout]    = note: this error originates in the macro `path` (in Nightly builds, run with -Z macro-backtrace for more info)
[INFO] [stdout] 
[INFO] [stdout] 
[INFO] [stdout] error[E0433]: cannot find module or crate `leptos_router` in this scope
[INFO] [stdout]   --> tests/path.rs:99:18
[INFO] [stdout]    |
[INFO] [stdout] 99 |     let output = path!("/home/:id");
[INFO] [stdout]    |                  ^^^^^^^^^^^^^^^^^^ use of unresolved module or unlinked crate `leptos_router`
[INFO] [stdout]    |
[INFO] [stdout]    = help: if you wanted to use a crate named `leptos_router`, use `cargo add leptos_router` to add it to your `Cargo.toml`
[INFO] [stdout]    = note: this error originates in the macro `path` (in Nightly builds, run with -Z macro-backtrace for more info)
[INFO] [stdout] 
[INFO] [stdout] 
[INFO] [stdout] error[E0433]: cannot find module or crate `leptos_router` in this scope
[INFO] [stdout]    --> tests/path.rs:105:18
[INFO] [stdout]     |
[INFO] [stdout] 105 |     let output = path!("/foo/:bar/*baz");
[INFO] [stdout]     |                  ^^^^^^^^^^^^^^^^^^^^^^^ use of unresolved module or unlinked crate `leptos_router`
[INFO] [stdout]     |
[INFO] [stdout]     = help: if you wanted to use a crate named `leptos_router`, use `cargo add leptos_router` to add it to your `Cargo.toml`
[INFO] [stdout]     = note: this error originates in the macro `path` (in Nightly builds, run with -Z macro-backtrace for more info)
[INFO] [stdout] 
[INFO] [stdout] 
[INFO] [stdout] error[E0433]: cannot find module or crate `leptos_router` in this scope
[INFO] [stdout]    --> tests/path.rs:118:18
[INFO] [stdout]     |
[INFO] [stdout] 118 |     let output = path!("/foo/:bar/");
[INFO] [stdout]     |                  ^^^^^^^^^^^^^^^^^^^ use of unresolved module or unlinked crate `leptos_router`
[INFO] [stdout]     |
[INFO] [stdout]     = help: if you wanted to use a crate named `leptos_router`, use `cargo add leptos_router` to add it to your `Cargo.toml`
[INFO] [stdout]     = note: this error originates in the macro `path` (in Nightly builds, run with -Z macro-backtrace for more info)
[INFO] [stdout] 
[INFO] [stdout] 
[INFO] [stdout] error[E0433]: cannot find module or crate `leptos_router` in this scope
[INFO] [stdout]    --> tests/path.rs:131:18
[INFO] [stdout]     |
[INFO] [stdout] 131 |     let output = path!("/foo/bar/baz");
[INFO] [stdout]     |                  ^^^^^^^^^^^^^^^^^^^^^ use of unresolved module or unlinked crate `leptos_router`
[INFO] [stdout]     |
[INFO] [stdout]     = help: if you wanted to use a crate named `leptos_router`, use `cargo add leptos_router` to add it to your `Cargo.toml`
[INFO] [stdout]     = note: this error originates in the macro `path` (in Nightly builds, run with -Z macro-backtrace for more info)
[INFO] [stdout] 
[INFO] [stdout] 
[INFO] [stdout] error[E0433]: cannot find module or crate `leptos_router` in this scope
[INFO] [stdout]    --> tests/path.rs:144:18
[INFO] [stdout]     |
[INFO] [stdout] 144 |     let output = path!("/:foo/:bar/:baz");
[INFO] [stdout]     |                  ^^^^^^^^^^^^^^^^^^^^^^^^ use of unresolved module or unlinked crate `leptos_router`
[INFO] [stdout]     |
[INFO] [stdout]     = help: if you wanted to use a crate named `leptos_router`, use `cargo add leptos_router` to add it to your `Cargo.toml`
[INFO] [stdout]     = note: this error originates in the macro `path` (in Nightly builds, run with -Z macro-backtrace for more info)
[INFO] [stdout] 
[INFO] [stdout] 
[INFO] [stdout] error[E0433]: cannot find module or crate `leptos_router` in this scope
[INFO] [stdout]    --> tests/path.rs:157:18
[INFO] [stdout]     |
[INFO] [stdout] 157 |     let output = path!("/:foo?/:bar?/:baz?");
[INFO] [stdout]     |                  ^^^^^^^^^^^^^^^^^^^^^^^^^^^ use of unresolved module or unlinked crate `leptos_router`
[INFO] [stdout]     |
[INFO] [stdout]     = help: if you wanted to use a crate named `leptos_router`, use `cargo add leptos_router` to add it to your `Cargo.toml`
[INFO] [stdout]     = note: this error originates in the macro `path` (in Nightly builds, run with -Z macro-backtrace for more info)
[INFO] [stdout] 
[INFO] [stdout] 
[INFO] [stdout] error[E0433]: cannot find module or crate `leptos_router` in this scope
[INFO] [stdout]    --> tests/path.rs:170:18
[INFO] [stdout]     |
[INFO] [stdout] 170 |     let output = path!("/home/:id/foo/:bar/:baz?/*any");
[INFO] [stdout]     |                  ^^^^^^^^^^^^^^^^^^^^^^^^^^^^^^^^^^^^^^ use of unresolved module or unlinked crate `leptos_router`
[INFO] [stdout]     |
[INFO] [stdout]     = help: if you wanted to use a crate named `leptos_router`, use `cargo add leptos_router` to add it to your `Cargo.toml`
[INFO] [stdout]     = note: this error originates in the macro `path` (in Nightly builds, run with -Z macro-backtrace for more info)
[INFO] [stdout] 
[INFO] [stdout] 
[INFO] [stdout] error[E0433]: cannot find module or crate `leptos_router` in this scope
[INFO] [stdout]    --> tests/path.rs:186:18
[INFO] [stdout]     |
[INFO] [stdout] 186 |     let output = path!(r"/home");
[INFO] [stdout]     |                  ^^^^^^^^^^^^^^^ use of unresolved module or unlinked crate `leptos_router`
[INFO] [stdout]     |
[INFO] [stdout]     = help: if you wanted to use a crate named `leptos_router`, use `cargo add leptos_router` to add it to your `Cargo.toml`
[INFO] [stdout]     = note: this error originates in the macro `path` (in Nightly builds, run with -Z macro-backtrace for more info)
[INFO] [stdout] 
[INFO] [stdout] 
[INFO] [stdout] error[E0433]: cannot find module or crate `leptos_router` in this scope
[INFO] [stdout]    --> tests/path.rs:192:18
[INFO] [stdout]     |
[INFO] [stdout] 192 |     let output = path!(r#"/home/"#);
[INFO] [stdout]     |                  ^^^^^^^^^^^^^^^^^^ use of unresolved module or unlinked crate `leptos_router`
[INFO] [stdout]     |
[INFO] [stdout]     = help: if you wanted to use a crate named `leptos_router`, use `cargo add leptos_router` to add it to your `Cargo.toml`
[INFO] [stdout]     = note: this error originates in the macro `path` (in Nightly builds, run with -Z macro-backtrace for more info)
[INFO] [stdout] 
[INFO] [stdout] 
[INFO] [stdout] error[E0433]: cannot find module or crate `leptos_router` in this scope
[INFO] [stdout]    --> tests/path.rs:204:18
[INFO] [stdout]     |
[INFO] [stdout] 204 |     let output = path!("/v1:beta/items;color=red/$5/me!/(a+b)");
[INFO] [stdout]     |                  ^^^^^^^^^^^^^^^^^^^^^^^^^^^^^^^^^^^^^^^^^^^^^^ use of unresolved module or unlinked crate `leptos_router`
[INFO] [stdout]     |
[INFO] [stdout]     = help: if you wanted to use a crate named `leptos_router`, use `cargo add leptos_router` to add it to your `Cargo.toml`
[INFO] [stdout]     = note: this error originates in the macro `path` (in Nightly builds, run with -Z macro-backtrace for more info)
[INFO] [stdout] 
[INFO] [stdout] 
[INFO] [stdout] Some errors have detailed explanations: E0432, E0433.
[INFO] [stdout] 
[INFO] [stdout] For more information about an error, try `rustc --explain E0432`.
[INFO] [stdout] 
[INFO] [stderr] error: could not compile `leptos_router_macro` (test "path") due to 21 previous errors
[INFO] running `Command { std: "docker" "inspect" "e62fdf38dcc003181c0bb99aa8a277f0164be96bf65c25275213d19740fb3809", kill_on_drop: false }`
[INFO] running `Command { std: "docker" "rm" "-f" "e62fdf38dcc003181c0bb99aa8a277f0164be96bf65c25275213d19740fb3809", kill_on_drop: false }`
[INFO] [stdout] e62fdf38dcc003181c0bb99aa8a277f0164be96bf65c25275213d19740fb3809
