[INFO] fetching crate leo-imports 1.5.3...
[INFO] testing leo-imports-1.5.3 against 1.100.0-beta.1+cargoflags=--release for beta-release-1.100-2
[INFO] extracting crate leo-imports 1.5.3 into /workspace/builds/worker-7-tc2/source
[INFO] started tweaking crates.io crate leo-imports 1.5.3
[INFO] finished tweaking crates.io crate leo-imports 1.5.3
[INFO] tweaked toml for crates.io crate leo-imports 1.5.3 written to /workspace/builds/worker-7-tc2/source/Cargo.toml
[INFO] validating manifest of crates.io crate leo-imports 1.5.3 on toolchain 1.100.0-beta.1
[INFO] running `Command { std: CARGO_HOME="/workspace/cargo-home" RUSTUP_HOME="/workspace/rustup-home" "/workspace/cargo-home/bin/cargo" "+1.100.0-beta.1" "metadata" "--manifest-path" "Cargo.toml" "--no-deps", kill_on_drop: false }`
[INFO] running `Command { std: CARGO_HOME="/workspace/cargo-home" RUSTUP_HOME="/workspace/rustup-home" "/workspace/cargo-home/bin/cargo" "+1.100.0-beta.1" "generate-lockfile" "--manifest-path" "Cargo.toml", kill_on_drop: false }`
[INFO] [stderr]     Updating crates.io index
[INFO] [stderr]      Locking 398 packages to highest compatible versions
[INFO] [stderr]       Adding generic-array v0.14.7 (available: v0.14.9)
[INFO] [stderr]       Adding indexmap v1.9.3 (available: v2.14.2)
[INFO] [stderr]       Adding leo-ast v1.12.0 (available: v4.4.5)
[INFO] [stderr]       Adding leo-parser v1.12.0 (available: v4.4.5)
[INFO] [stderr]       Adding thiserror v1.0.69 (available: v2.0.21)
[INFO] running `Command { std: CARGO_HOME="/workspace/cargo-home" RUSTUP_HOME="/workspace/rustup-home" "/workspace/cargo-home/bin/cargo" "+1.100.0-beta.1" "fetch" "--manifest-path" "Cargo.toml", kill_on_drop: false }`
[INFO] running `Command { std: "docker" "create" "-v" "/var/lib/crater-agent-workspace/builds/worker-7-tc2/source:/opt/rustwide/workdir:ro,Z" "-v" "/var/lib/crater-agent-workspace/builds/worker-7-tc2/target:/opt/rustwide/target:rw,Z" "-v" "/var/lib/crater-agent-workspace/cargo-home:/opt/rustwide/cargo-home:ro,Z" "-v" "/var/lib/crater-agent-workspace/rustup-home:/opt/rustwide/rustup-home:ro,Z" "-m" "1610612736" "--network" "none" "ghcr.io/rust-lang/crates-build-env/linux@sha256:77db811e55d90add9212f6832c23229e3de5f1c1f9905e8cb07319ea15df73ac" "sleep" "infinity", kill_on_drop: false }`
[INFO] [stdout] 5e86707a3e161aec98ffdb39b0f1d77ccaa7c13b91b21badeab0f0e5c9335a7c
[INFO] running `Command { std: "docker" "start" "5e86707a3e161aec98ffdb39b0f1d77ccaa7c13b91b21badeab0f0e5c9335a7c", kill_on_drop: false }`
[INFO] running `Command { std: "docker" "inspect" "5e86707a3e161aec98ffdb39b0f1d77ccaa7c13b91b21badeab0f0e5c9335a7c", kill_on_drop: false }`
[INFO] running `Command { std: "docker" "exec" "-e" "SOURCE_DIR=/opt/rustwide/workdir" "-e" "CARGO_HOME=/opt/rustwide/cargo-home" "-e" "RUSTUP_HOME=/opt/rustwide/rustup-home" "-e" "CARGO_TARGET_DIR=/opt/rustwide/target" "-w" "/opt/rustwide/workdir" "--user" "0:0" "5e86707a3e161aec98ffdb39b0f1d77ccaa7c13b91b21badeab0f0e5c9335a7c" "/opt/rustwide/cargo-home/bin/cargo" "+1.100.0-beta.1" "metadata" "--no-deps" "--format-version=1", kill_on_drop: false }`
[INFO] running `Command { std: "docker" "inspect" "5e86707a3e161aec98ffdb39b0f1d77ccaa7c13b91b21badeab0f0e5c9335a7c", kill_on_drop: false }`
[INFO] running `Command { std: "docker" "exec" "-e" "SOURCE_DIR=/opt/rustwide/workdir" "-e" "CARGO_HOME=/opt/rustwide/cargo-home" "-e" "RUSTUP_HOME=/opt/rustwide/rustup-home" "-e" "CARGO_TARGET_DIR=/opt/rustwide/target" "-e" "CARGO_INCREMENTAL=0" "-e" "RUST_BACKTRACE=full" "-e" "RUSTFLAGS=--cap-lints=warn" "-e" "RUSTDOCFLAGS=--cap-lints=warn" "-w" "/opt/rustwide/workdir" "--user" "0:0" "5e86707a3e161aec98ffdb39b0f1d77ccaa7c13b91b21badeab0f0e5c9335a7c" "/opt/rustwide/cargo-home/bin/cargo" "+1.100.0-beta.1" "build" "--frozen" "--message-format=json" "--release", kill_on_drop: false }`
[INFO] [stderr]    Compiling serde_core v1.0.229
[INFO] [stderr]    Compiling serde v1.0.229
[INFO] [stderr]    Compiling syn v2.0.119
[INFO] [stderr]    Compiling equivalent v1.0.3
[INFO] [stderr]    Compiling syn v1.0.109
[INFO] [stderr]    Compiling serde_json v1.0.154
[INFO] [stderr]    Compiling num-traits v0.2.19
[INFO] [stderr]    Compiling dirs-sys v0.3.7
[INFO] [stderr]    Compiling socket2 v0.6.5
[INFO] [stderr]    Compiling rand_chacha v0.3.1
[INFO] [stderr]    Compiling aleo-std-cpu v0.1.4
[INFO] [stderr]    Compiling dirs v4.0.0
[INFO] [stderr]    Compiling aleo-std-storage v0.1.7
[INFO] [stderr]    Compiling aleo-std-profiler v0.1.15
[INFO] [stderr]    Compiling aleo-std-timer v0.1.2
[INFO] [stderr]    Compiling rand v0.8.8
[INFO] [stderr]    Compiling rand_xorshift v0.3.0
[INFO] [stderr]    Compiling smol_str v0.2.2
[INFO] [stderr]    Compiling itertools v0.11.0
[INFO] [stderr]    Compiling nom v7.1.3
[INFO] [stderr]    Compiling num-integer v0.1.47
[INFO] [stderr]    Compiling bech32 v0.9.1
[INFO] [stderr]    Compiling libz-sys v1.1.30
[INFO] [stderr]    Compiling num-bigint v0.4.8
[INFO] [stderr]    Compiling curl-sys v0.4.91+curl-8.22.0
[INFO] [stderr]    Compiling digest v0.10.7
[INFO] [stderr]    Compiling arrayvec v0.7.8
[INFO] [stderr]    Compiling tiny-keccak v2.0.2
[INFO] [stderr]    Compiling curl v0.4.51
[INFO] [stderr]    Compiling fxhash v0.2.1
[INFO] [stderr]    Compiling colored v2.2.0
[INFO] [stderr]    Compiling blake2s_simd v1.0.5
[INFO] [stderr]    Compiling indexmap v2.14.2
[INFO] [stderr]    Compiling sha2 v0.10.9
[INFO] [stderr]    Compiling smallvec v1.16.3
[INFO] [stderr]    Compiling bincode v1.3.3
[INFO] [stderr]    Compiling parking_lot_core v0.9.12
[INFO] [stderr]    Compiling ahash v0.8.12
[INFO] [stderr]    Compiling parking_lot v0.12.5
[INFO] [stderr]    Compiling hashbrown v0.14.5
[INFO] [stderr]    Compiling blake2 v0.10.6
[INFO] [stderr]    Compiling snarkvm-circuit-environment-witness v0.16.19
[INFO] [stderr]    Compiling snarkvm-circuit-types-boolean v0.16.19
[INFO] [stderr]    Compiling snarkvm-circuit-types-field v0.16.19
[INFO] [stderr]    Compiling snarkvm-circuit-types-scalar v0.16.19
[INFO] [stderr]    Compiling snarkvm-circuit-types-group v0.16.19
[INFO] [stderr]    Compiling snarkvm-circuit-types-integers v0.16.19
[INFO] [stderr]    Compiling snarkvm-circuit-types-string v0.16.19
[INFO] [stderr]    Compiling snarkvm-circuit-types-address v0.16.19
[INFO] [stderr]    Compiling unicode-xid v0.0.4
[INFO] [stderr]    Compiling synom v0.11.3
[INFO] [stderr]    Compiling quote v0.3.15
[INFO] [stderr]    Compiling mio v1.2.4
[INFO] [stderr]    Compiling snarkvm-circuit-algorithms v0.16.19
[INFO] [stderr]    Compiling snarkvm-circuit-collections v0.16.19
[INFO] [stderr]    Compiling enum_index v0.2.0
[INFO] [stderr]    Compiling snarkvm-circuit-network v0.16.19
[INFO] [stderr]    Compiling zeroize_derive v1.5.0
[INFO] [stderr]    Compiling thiserror-impl v1.0.69
[INFO] [stderr]    Compiling snarkvm-utilities-derives v0.16.19
[INFO] [stderr]    Compiling syn v0.11.11
[INFO] [stderr]    Compiling aleo-std-timed v0.1.2
[INFO] [stderr]    Compiling zeroize v1.9.1
[INFO] [stderr]    Compiling aleo-std-time v0.1.2
[INFO] [stderr]    Compiling tokio v1.53.3
[INFO] [stderr]    Compiling aleo-std v0.1.24
[INFO] [stderr]    Compiling num-derive v0.4.2
[INFO] [stderr]    Compiling snarkvm-circuit-account v0.16.19
[INFO] [stderr]    Compiling snarkvm-circuit-program v0.16.19
[INFO] [stderr]    Compiling tracing-attributes v0.1.31
[INFO] [stderr]    Compiling futures-util v0.3.34
[INFO] [stderr]    Compiling want v0.3.2
[INFO] [stderr]    Compiling icu_normalizer v2.3.0
[INFO] [stderr]    Compiling thiserror v1.0.69
[INFO] [stderr]    Compiling snarkvm-utilities v0.16.19
[INFO] [stderr]    Compiling enum_index_derive v0.2.0
[INFO] [stderr]    Compiling openssl-macros v0.1.1
[INFO] [stderr]    Compiling rustls-pki-types v1.15.1
[INFO] [stderr]    Compiling http v0.2.12
[INFO] [stderr]    Compiling openssl v0.10.81
[INFO] [stderr]    Compiling tracing v0.1.44
[INFO] [stderr]    Compiling idna_adapter v1.2.2
[INFO] [stderr]    Compiling snarkvm-fields v0.16.19
[INFO] [stderr]    Compiling idna v1.1.0
[INFO] [stderr]    Compiling ring v0.17.14
[INFO] [stderr]    Compiling serde_urlencoded v0.7.1
[INFO] [stderr]    Compiling url v2.5.8
[INFO] [stderr]    Compiling snarkvm-curves v0.16.19
[INFO] [stderr]    Compiling http-body v0.4.6
[INFO] [stderr]    Compiling socket2 v0.5.10
[INFO] [stderr]    Compiling crc32fast v1.5.2
[INFO] [stderr]    Compiling base64 v0.21.7
[INFO] [stderr]    Compiling snarkvm-console-network-environment v0.16.19
[INFO] [stderr]    Compiling snarkvm-parameters v0.16.19
[INFO] [stderr]    Compiling rustls v0.23.46
[INFO] [stderr]    Compiling snarkvm-console-types-boolean v0.16.19
[INFO] [stderr]    Compiling snarkvm-console-types-field v0.16.19
[INFO] [stderr]    Compiling snarkvm-console-types-scalar v0.16.19
[INFO] [stderr]    Compiling tokio-util v0.7.20
[INFO] [stderr]    Compiling snarkvm-console-types-group v0.16.19
[INFO] [stderr]    Compiling snarkvm-console-types-integers v0.16.19
[INFO] [stderr]    Compiling snarkvm-console-types-address v0.16.19
[INFO] [stderr]    Compiling snarkvm-console-types-string v0.16.19
[INFO] [stderr]    Compiling native-tls v0.2.18
[INFO] [stderr]    Compiling snarkvm-console-types v0.16.19
[INFO] [stderr]    Compiling snarkvm-console-algorithms v0.16.19
[INFO] [stderr]    Compiling tokio-native-tls v0.3.1
[INFO] [stderr]    Compiling snarkvm-console-collections v0.16.19
[INFO] [stderr]    Compiling snarkvm-algorithms v0.16.19
[INFO] [stderr]    Compiling h2 v0.3.27
[INFO] [stderr]    Compiling rustls-pemfile v1.0.4
[INFO] [stderr]    Compiling webpki-roots v1.0.9
[INFO] [stderr]    Compiling sync_wrapper v0.1.2
[INFO] [stderr]    Compiling webpki-roots v0.26.11
[INFO] [stderr]    Compiling flate2 v1.1.10
[INFO] [stderr]    Compiling h2 v0.4.20
[INFO] [stderr]    Compiling async-trait v0.1.92
[INFO] [stderr]    Compiling portable-atomic v1.15.0
[INFO] [stderr]    Compiling hyper v0.14.32
[INFO] [stderr]    Compiling indexmap v1.9.3
[INFO] [stderr]    Compiling console v0.15.11
[INFO] [stderr]    Compiling tower v0.5.3
[INFO] [stderr]    Compiling object v0.37.3
[INFO] [stderr]    Compiling snarkvm-console-network v0.16.19
[INFO] [stderr]    Compiling hyper v1.12.0
[INFO] [stderr]    Compiling snarkvm-circuit-environment v0.16.19
[INFO] [stderr]    Compiling snarkvm-console-account v0.16.19
[INFO] [stderr]    Compiling snarkvm-console-program v0.16.19
[INFO] [stderr]    Compiling snarkvm-console v0.16.19
[INFO] [stderr]    Compiling snarkvm-ledger-committee v0.16.19
[INFO] [stderr]    Compiling rustls-webpki v0.103.15
[INFO] [stderr]    Compiling hyper-tls v0.5.0
[INFO] [stderr]    Compiling snarkvm-ledger-narwhal-data v0.16.19
[INFO] [stderr]    Compiling reqwest v0.11.27
[INFO] [stderr]    Compiling hyper-util v0.1.21
[INFO] [stderr]    Compiling powerfmt v0.2.1
[INFO] [stderr]    Compiling deranged v0.5.9
[INFO] [stderr]    Compiling self_update v0.38.0
[INFO] [stderr]    Compiling backtrace v0.3.76
[INFO] [stderr]    Compiling snarkvm-circuit-types v0.16.19
[INFO] [stderr]    Compiling time v0.3.55
[INFO] [stderr]    Compiling hyper-tls v0.6.0
[INFO] [stderr]    Compiling indicatif v0.17.11
[INFO] [stderr]    Compiling snarkvm-circuit v0.16.19
[INFO] [stderr]    Compiling snarkvm-synthesizer-snark v0.16.19
[INFO] [stderr]    Compiling snarkvm-synthesizer-program v0.16.19
[INFO] [stderr]    Compiling snarkvm-ledger-coinbase v0.16.19
[INFO] [stderr]    Compiling snarkvm-ledger-narwhal-transmission-id v0.16.19
[INFO] [stderr]    Compiling snarkvm-ledger-narwhal-batch-header v0.16.19
[INFO] [stderr]    Compiling snarkvm-ledger-narwhal-batch-certificate v0.16.19
[INFO] [stderr]    Compiling snarkvm-ledger-narwhal-subdag v0.16.19
[INFO] [stderr]    Compiling snarkvm-ledger-authority v0.16.19
[INFO] [stderr]    Compiling clap_derive v4.6.7
[INFO] [stderr]    Compiling tower-http v0.6.11
[INFO] [stderr]    Compiling self-replace v1.5.0
[INFO] [stderr]    Compiling quick-xml v0.23.1
[INFO] [stderr]    Compiling ureq v2.12.1
[INFO] [stderr]    Compiling urlencoding v2.1.3
[INFO] [stderr]    Compiling semver v1.0.28
[INFO] [stderr]    Compiling color-backtrace v0.6.1
[INFO] [stderr]    Compiling snarkvm-ledger-block v0.16.19
[INFO] [stderr]    Compiling leo-span v1.12.0
[INFO] [stderr]    Compiling clap v4.6.7
[INFO] [stderr]    Compiling reqwest v0.12.28
[INFO] [stderr]    Compiling derivative v2.2.0
[INFO] [stderr]    Compiling snarkvm-ledger-store v0.16.19
[INFO] [stderr]    Compiling snarkvm-ledger-narwhal-transmission v0.16.19
[INFO] [stderr]    Compiling snarkvm-ledger-narwhal v0.16.19
[INFO] [stderr]    Compiling num-format v0.4.4
[INFO] [stderr]    Compiling snarkvm-ledger-query v0.16.19
[INFO] [stderr]    Compiling leo-errors v1.12.0
[INFO] [stderr]    Compiling snarkvm-synthesizer-process v0.16.19
[INFO] [stderr]    Compiling itertools v0.12.1
[INFO] [stderr]    Compiling typed-arena v2.0.2
[INFO] [stderr]    Compiling snarkvm-synthesizer v0.16.19
[INFO] [stderr]    Compiling snarkvm-ledger v0.16.19
[INFO] [stderr]    Compiling snarkvm v0.16.19
[INFO] [stderr]    Compiling leo-ast v1.12.0
[INFO] [stderr]    Compiling leo-parser v1.12.0
[INFO] [stderr]    Compiling leo-asg v1.5.3
[INFO] [stdout] error[E0432]: unresolved import `leo_ast::GroupValue`
[INFO] [stdout]   --> /opt/rustwide/cargo-home/registry/src/index.crates.io-1949cf8c6b5b557f/leo-asg-1.5.3/src/const_value.rs:98:22
[INFO] [stdout]    |
[INFO] [stdout] 98 |         use leo_ast::GroupValue::*;
[INFO] [stdout]    |                      ^^^^^^^^^^ could not find `GroupValue` in `leo_ast`
[INFO] [stdout] 
[INFO] [stdout] 
[INFO] [stdout] error[E0432]: unresolved import `leo_ast::Char`
[INFO] [stdout]    --> /opt/rustwide/cargo-home/registry/src/index.crates.io-1949cf8c6b5b557f/leo-asg-1.5.3/src/const_value.rs:114:22
[INFO] [stdout]     |
[INFO] [stdout] 114 |         use leo_ast::Char::*;
[INFO] [stdout]     |                      ^^^^ could not find `Char` in `leo_ast`
[INFO] [stdout] 
[INFO] [stdout] 
[INFO] [stdout] error[E0432]: unresolved import `leo_ast::Char`
[INFO] [stdout]    --> /opt/rustwide/cargo-home/registry/src/index.crates.io-1949cf8c6b5b557f/leo-asg-1.5.3/src/const_value.rs:124:22
[INFO] [stdout]     |
[INFO] [stdout] 124 |         use leo_ast::Char::*;
[INFO] [stdout]     |                      ^^^^ could not find `Char` in `leo_ast`
[INFO] [stdout] 
[INFO] [stdout] 
[INFO] [stdout] error[E0432]: unresolved imports `leo_ast::FormattedError`, `leo_ast::LeoError`
[INFO] [stdout]   --> /opt/rustwide/cargo-home/registry/src/index.crates.io-1949cf8c6b5b557f/leo-asg-1.5.3/src/error/mod.rs:20:25
[INFO] [stdout]    |
[INFO] [stdout] 20 | use leo_ast::{AstError, FormattedError, LeoError};
[INFO] [stdout]    |                         ^^^^^^^^^^^^^^  ^^^^^^^^ no `LeoError` in the root
[INFO] [stdout]    |                         |
[INFO] [stdout]    |                         no `FormattedError` in the root
[INFO] [stdout] 
[INFO] [stdout] 
[INFO] [stdout] error[E0432]: unresolved import `leo_parser::SyntaxError`
[INFO] [stdout]   --> /opt/rustwide/cargo-home/registry/src/index.crates.io-1949cf8c6b5b557f/leo-asg-1.5.3/src/error/mod.rs:21:5
[INFO] [stdout]    |
[INFO] [stdout] 21 | use leo_parser::SyntaxError;
[INFO] [stdout]    |     ^^^^^^^^^^^^-----------
[INFO] [stdout]    |                 |
[INFO] [stdout]    |                 no `SyntaxError` in the root
[INFO] [stdout]    |
[INFO] [stdout] help: consider importing this variant instead
[INFO] [stdout]    |
[INFO] [stdout] 21 - use leo_parser::SyntaxError;
[INFO] [stdout] 21 + use crate::AsgConvertError::SyntaxError;
[INFO] [stdout]    |
[INFO] [stdout] 
[INFO] [stdout] 
[INFO] [stdout] error[E0432]: unresolved import `leo_ast::SpreadOrExpression`
[INFO] [stdout]   --> /opt/rustwide/cargo-home/registry/src/index.crates.io-1949cf8c6b5b557f/leo-asg-1.5.3/src/expression/array_inline.rs:18:5
[INFO] [stdout]    |
[INFO] [stdout] 18 | use leo_ast::SpreadOrExpression;
[INFO] [stdout]    |     ^^^^^^^^^------------------
[INFO] [stdout]    |              |
[INFO] [stdout]    |              no `SpreadOrExpression` in the root
[INFO] [stdout]    |
[INFO] [stdout] help: a similar name exists in the module
[INFO] [stdout]    |
[INFO] [stdout] 18 - use leo_ast::SpreadOrExpression;
[INFO] [stdout] 18 + use leo_ast::ArrayExpression;
[INFO] [stdout]    |
[INFO] [stdout] 
[INFO] [stdout] 
[INFO] [stdout] error[E0432]: unresolved import `leo_ast::BinaryOperationClass`
[INFO] [stdout]   --> /opt/rustwide/cargo-home/registry/src/index.crates.io-1949cf8c6b5b557f/leo-asg-1.5.3/src/expression/binary.rs:18:36
[INFO] [stdout]    |
[INFO] [stdout] 18 | pub use leo_ast::{BinaryOperation, BinaryOperationClass};
[INFO] [stdout]    |                                    ^^^^^^^^^^^^^^^^^^^^ no `BinaryOperationClass` in the root
[INFO] [stdout]    |
[INFO] [stdout] help: a similar name exists in the module
[INFO] [stdout]    |
[INFO] [stdout] 18 - pub use leo_ast::{BinaryOperation, BinaryOperationClass};
[INFO] [stdout] 18 + pub use leo_ast::{BinaryOperation, BinaryOperation};
[INFO] [stdout]    |
[INFO] [stdout] 
[INFO] [stdout] 
[INFO] [stdout] error[E0432]: unresolved import `leo_ast::ValueExpression`
[INFO] [stdout]   --> /opt/rustwide/cargo-home/registry/src/index.crates.io-1949cf8c6b5b557f/leo-asg-1.5.3/src/expression/constant.rs:82:22
[INFO] [stdout]    |
[INFO] [stdout] 82 |         use leo_ast::ValueExpression::*;
[INFO] [stdout]    |                      ^^^^^^^^^^^^^^^ could not find `ValueExpression` in `leo_ast`
[INFO] [stdout] 
[INFO] [stdout] 
[INFO] [stdout] error[E0432]: unresolved import `leo_ast::FunctionInput`
[INFO] [stdout]   --> /opt/rustwide/cargo-home/registry/src/index.crates.io-1949cf8c6b5b557f/leo-asg-1.5.3/src/program/function.rs:33:5
[INFO] [stdout]    |
[INFO] [stdout] 33 | use leo_ast::FunctionInput;
[INFO] [stdout]    |     ^^^^^^^^^-------------
[INFO] [stdout]    |              |
[INFO] [stdout]    |              no `FunctionInput` in the root
[INFO] [stdout]    |
[INFO] [stdout] help: a similar name exists in the module
[INFO] [stdout]    |
[INFO] [stdout] 33 - use leo_ast::FunctionInput;
[INFO] [stdout] 33 + use leo_ast::FunctionStub;
[INFO] [stdout]    |
[INFO] [stdout] 
[INFO] [stdout] 
[INFO] [stdout] error[E0432]: unresolved imports `leo_ast::PackageAccess`, `leo_ast::PackageOrPackages`, `leo_ast::Span`
[INFO] [stdout]   --> /opt/rustwide/cargo-home/registry/src/index.crates.io-1949cf8c6b5b557f/leo-asg-1.5.3/src/program/mod.rs:38:27
[INFO] [stdout]    |
[INFO] [stdout] 38 | use leo_ast::{Identifier, PackageAccess, PackageOrPackages, Span};
[INFO] [stdout]    |                           ^^^^^^^^^^^^^  ^^^^^^^^^^^^^^^^^  ^^^^ no `Span` in the root
[INFO] [stdout]    |                           |              |
[INFO] [stdout]    |                           |              no `PackageOrPackages` in the root
[INFO] [stdout]    |                           no `PackageAccess` in the root
[INFO] [stdout] 
[INFO] [stdout] 
[INFO] [stdout] error[E0432]: unresolved import `leo_ast::AssignOperation`
[INFO] [stdout]   --> /opt/rustwide/cargo-home/registry/src/index.crates.io-1949cf8c6b5b557f/leo-asg-1.5.3/src/statement/assign.rs:35:9
[INFO] [stdout]    |
[INFO] [stdout] 35 | pub use leo_ast::AssignOperation;
[INFO] [stdout]    |         ^^^^^^^^^---------------
[INFO] [stdout]    |                  |
[INFO] [stdout]    |                  no `AssignOperation` in the root
[INFO] [stdout] 
[INFO] [stdout] 
[INFO] [stdout] error[E0432]: unresolved import `leo_ast::AssigneeAccess`
[INFO] [stdout]   --> /opt/rustwide/cargo-home/registry/src/index.crates.io-1949cf8c6b5b557f/leo-asg-1.5.3/src/statement/assign.rs:36:5
[INFO] [stdout]    |
[INFO] [stdout] 36 | use leo_ast::AssigneeAccess as AstAssigneeAccess;
[INFO] [stdout]    |     ^^^^^^^^^--------------^^^^^^^^^^^^^^^^^^^^^
[INFO] [stdout]    |              |
[INFO] [stdout]    |              no `AssigneeAccess` in the root
[INFO] [stdout] 
[INFO] [stdout] 
[INFO] [stdout] error[E0432]: unresolved import `leo_ast::FormattedError`
[INFO] [stdout]   --> /opt/rustwide/cargo-home/registry/src/index.crates.io-1949cf8c6b5b557f/leo-asg-1.5.3/src/pass.rs:18:9
[INFO] [stdout]    |
[INFO] [stdout] 18 | pub use leo_ast::FormattedError;
[INFO] [stdout]    |         ^^^^^^^^^--------------
[INFO] [stdout]    |                  |
[INFO] [stdout]    |                  no `FormattedError` in the root
[INFO] [stdout] 
[INFO] [stdout] 
[INFO] [stdout] error[E0432]: unresolved import `leo_ast::Span`
[INFO] [stdout]   --> /opt/rustwide/cargo-home/registry/src/index.crates.io-1949cf8c6b5b557f/leo-asg-1.5.3/src/lib.rs:80:36
[INFO] [stdout]    |
[INFO] [stdout] 80 | pub use leo_ast::{Ast, Identifier, Span};
[INFO] [stdout]    |                                    ^^^^ no `Span` in the root
[INFO] [stdout] 
[INFO] [stdout] 
[INFO] [stdout] error[E0603]: enum `AstError` is private
[INFO] [stdout]   --> /opt/rustwide/cargo-home/registry/src/index.crates.io-1949cf8c6b5b557f/leo-asg-1.5.3/src/error/mod.rs:20:15
[INFO] [stdout]    |
[INFO] [stdout] 20 | use leo_ast::{AstError, FormattedError, LeoError};
[INFO] [stdout]    |               ^^^^^^^^ private enum
[INFO] [stdout]    |
[INFO] [stdout] note: the enum `AstError` is defined here
[INFO] [stdout]   --> /opt/rustwide/cargo-home/registry/src/index.crates.io-1949cf8c6b5b557f/leo-ast-1.12.0/src/lib.rs:67:18
[INFO] [stdout]    |
[INFO] [stdout] 67 | use leo_errors::{AstError, Result};
[INFO] [stdout]    |                  ^^^^^^^^
[INFO] [stdout] 
[INFO] [stdout] 
[INFO] [stdout] Some errors have detailed explanations: E0432, E0603.
[INFO] [stdout] 
[INFO] [stdout] For more information about an error, try `rustc --explain E0432`.
[INFO] [stdout] 
[INFO] [stderr] error: could not compile `leo-asg` (lib) due to 15 previous errors
[INFO] [stderr] warning: build failed, waiting for other jobs to finish...
[INFO] running `Command { std: "docker" "inspect" "5e86707a3e161aec98ffdb39b0f1d77ccaa7c13b91b21badeab0f0e5c9335a7c", kill_on_drop: false }`
[INFO] running `Command { std: "docker" "rm" "-f" "5e86707a3e161aec98ffdb39b0f1d77ccaa7c13b91b21badeab0f0e5c9335a7c", kill_on_drop: false }`
[INFO] [stdout] 5e86707a3e161aec98ffdb39b0f1d77ccaa7c13b91b21badeab0f0e5c9335a7c
