[INFO] fetching crate lean-ctx 3.11.4...
[INFO] testing lean-ctx-3.11.4 against 1.100.0-beta.1+cargoflags=--release for beta-release-1.100-2
[INFO] extracting crate lean-ctx 3.11.4 into /workspace/builds/worker-2-tc2/source
[INFO] started tweaking crates.io crate lean-ctx 3.11.4
[INFO] removed 0 missing examples
[INFO] finished tweaking crates.io crate lean-ctx 3.11.4
[INFO] tweaked toml for crates.io crate lean-ctx 3.11.4 written to /workspace/builds/worker-2-tc2/source/Cargo.toml
[INFO] validating manifest of crates.io crate lean-ctx 3.11.4 on toolchain 1.100.0-beta.1
[INFO] running `Command { std: CARGO_HOME="/workspace/cargo-home" RUSTUP_HOME="/workspace/rustup-home" "/workspace/cargo-home/bin/cargo" "+1.100.0-beta.1" "metadata" "--manifest-path" "Cargo.toml" "--no-deps", kill_on_drop: false }`
[INFO] crate crates.io crate lean-ctx 3.11.4 already has a lockfile, it will not be regenerated
[INFO] running `Command { std: CARGO_HOME="/workspace/cargo-home" RUSTUP_HOME="/workspace/rustup-home" "/workspace/cargo-home/bin/cargo" "+1.100.0-beta.1" "fetch" "--manifest-path" "Cargo.toml", kill_on_drop: false }`
[INFO] running `Command { std: "docker" "create" "-v" "/var/lib/crater-agent-workspace/builds/worker-2-tc2/source:/opt/rustwide/workdir:ro,Z" "-v" "/var/lib/crater-agent-workspace/builds/worker-2-tc2/target:/opt/rustwide/target:rw,Z" "-v" "/var/lib/crater-agent-workspace/cargo-home:/opt/rustwide/cargo-home:ro,Z" "-v" "/var/lib/crater-agent-workspace/rustup-home:/opt/rustwide/rustup-home:ro,Z" "-m" "1610612736" "--network" "none" "ghcr.io/rust-lang/crates-build-env/linux@sha256:77db811e55d90add9212f6832c23229e3de5f1c1f9905e8cb07319ea15df73ac" "sleep" "infinity", kill_on_drop: false }`
[INFO] [stdout] 1e68ba77d0cd61f4dc59fc4e3cc475b95afe7ac7444aca68bbcdc3d4854043e4
[INFO] running `Command { std: "docker" "start" "1e68ba77d0cd61f4dc59fc4e3cc475b95afe7ac7444aca68bbcdc3d4854043e4", kill_on_drop: false }`
[INFO] running `Command { std: "docker" "inspect" "1e68ba77d0cd61f4dc59fc4e3cc475b95afe7ac7444aca68bbcdc3d4854043e4", kill_on_drop: false }`
[INFO] running `Command { std: "docker" "exec" "-e" "SOURCE_DIR=/opt/rustwide/workdir" "-e" "CARGO_HOME=/opt/rustwide/cargo-home" "-e" "RUSTUP_HOME=/opt/rustwide/rustup-home" "-e" "CARGO_TARGET_DIR=/opt/rustwide/target" "-w" "/opt/rustwide/workdir" "--user" "0:0" "1e68ba77d0cd61f4dc59fc4e3cc475b95afe7ac7444aca68bbcdc3d4854043e4" "/opt/rustwide/cargo-home/bin/cargo" "+1.100.0-beta.1" "metadata" "--no-deps" "--format-version=1", kill_on_drop: false }`
[INFO] running `Command { std: "docker" "inspect" "1e68ba77d0cd61f4dc59fc4e3cc475b95afe7ac7444aca68bbcdc3d4854043e4", kill_on_drop: false }`
[INFO] running `Command { std: "docker" "exec" "-e" "SOURCE_DIR=/opt/rustwide/workdir" "-e" "CARGO_HOME=/opt/rustwide/cargo-home" "-e" "RUSTUP_HOME=/opt/rustwide/rustup-home" "-e" "CARGO_TARGET_DIR=/opt/rustwide/target" "-e" "CARGO_INCREMENTAL=0" "-e" "RUST_BACKTRACE=full" "-e" "RUSTFLAGS=--cap-lints=warn" "-e" "RUSTDOCFLAGS=--cap-lints=warn" "-w" "/opt/rustwide/workdir" "--user" "0:0" "1e68ba77d0cd61f4dc59fc4e3cc475b95afe7ac7444aca68bbcdc3d4854043e4" "/opt/rustwide/cargo-home/bin/cargo" "+1.100.0-beta.1" "build" "--frozen" "--message-format=json" "--release", kill_on_drop: false }`
[INFO] [stderr]    Compiling libc v0.2.189
[INFO] [stderr]    Compiling find-msvc-tools v0.1.10
[INFO] [stderr]    Compiling shlex v2.0.1
[INFO] [stderr]    Compiling cfg-if v1.0.4
[INFO] [stderr]    Compiling tree-sitter-language v0.1.7
[INFO] [stderr]    Compiling typenum v1.20.1
[INFO] [stderr]    Compiling memchr v2.8.3
[INFO] [stderr]    Compiling version_check v0.9.5
[INFO] [stderr]    Compiling pkg-config v0.3.33
[INFO] [stderr]    Compiling itoa v1.0.18
[INFO] [stderr]    Compiling log v0.4.33
[INFO] [stderr]    Compiling subtle v2.6.1
[INFO] [stderr]    Compiling serde_core v1.0.229
[INFO] [stderr]    Compiling pin-project-lite v0.2.17
[INFO] [stderr]    Compiling syn v2.0.119
[INFO] [stderr]    Compiling syn v3.0.3
[INFO] [stderr]    Compiling bytes v1.12.1
[INFO] [stderr]    Compiling once_cell v1.21.4
[INFO] [stderr]    Compiling smallvec v1.15.2
[INFO] [stderr]    Compiling stable_deref_trait v1.2.1
[INFO] [stderr]    Compiling futures-core v0.3.33
[INFO] [stderr]    Compiling zmij v1.0.23
[INFO] [stderr]    Compiling autocfg v1.5.1
[INFO] [stderr]    Compiling cpufeatures v0.2.17
[INFO] [stderr]    Compiling serde v1.0.229
[INFO] [stderr]    Compiling generic-array v0.14.7
[INFO] [stderr]    Compiling fs_extra v1.3.0
[INFO] [stderr]    Compiling dunce v1.0.5
[INFO] [stderr]    Compiling bitflags v2.13.1
[INFO] [stderr]    Compiling futures-sink v0.3.33
[INFO] [stderr]    Compiling aws-lc-rs v1.18.0
[INFO] [stderr]    Compiling percent-encoding v2.3.2
[INFO] [stderr]    Compiling futures-channel v0.3.33
[INFO] [stderr]    Compiling tracing-core v0.1.36
[INFO] [stderr]    Compiling slab v0.4.12
[INFO] [stderr]    Compiling foldhash v0.2.0
[INFO] [stderr]    Compiling cpufeatures v0.3.0
[INFO] [stderr]    Compiling litemap v0.8.2
[INFO] [stderr]    Compiling futures-task v0.3.33
[INFO] [stderr]    Compiling num-traits v0.2.19
[INFO] [stderr]    Compiling writeable v0.6.3
[INFO] [stderr]    Compiling futures-io v0.3.33
[INFO] [stderr]    Compiling http v1.5.0
[INFO] [stderr]    Compiling icu_properties_data v2.1.2
[INFO] [stderr]    Compiling regex-syntax v0.8.11
[INFO] [stderr]    Compiling zerocopy v0.8.56
[INFO] [stderr]    Compiling untrusted v0.9.0
[INFO] [stderr]    Compiling cmov v0.5.4
[INFO] [stderr]    Compiling aho-corasick v1.1.5
[INFO] [stderr]    Compiling httparse v1.10.1
[INFO] [stderr]    Compiling icu_normalizer_data v2.1.1
[INFO] [stderr]    Compiling const-oid v0.10.2
[INFO] [stderr]    Compiling ctutils v0.4.2
[INFO] [stderr]    Compiling equivalent v1.0.2
[INFO] [stderr]    Compiling thiserror v2.0.20
[INFO] [stderr]    Compiling serde_json v1.0.151
[INFO] [stderr]    Compiling rustls v0.23.45
[INFO] [stderr]    Compiling hybrid-array v0.4.14
[INFO] [stderr]    Compiling semver v1.0.28
[INFO] [stderr]    Compiling getrandom v0.4.3
[INFO] [stderr]    Compiling allocator-api2 v0.2.21
[INFO] [stderr]    Compiling http-body v1.1.0
[INFO] [stderr]    Compiling crossbeam-utils v0.8.22
[INFO] [stderr]    Compiling crypto-common v0.2.2
[INFO] [stderr]    Compiling jobserver v0.1.35
[INFO] [stderr]    Compiling rand_core v0.10.1
[INFO] [stderr]    Compiling rustc_version v0.4.1
[INFO] [stderr]    Compiling hashbrown v0.17.1
[INFO] [stderr]    Compiling base64 v0.22.1
[INFO] [stderr]    Compiling getrandom v0.3.4
[INFO] [stderr]    Compiling cc v1.4.2
[INFO] [stderr]    Compiling tower-service v0.3.3
[INFO] [stderr]    Compiling form_urlencoded v1.2.2
[INFO] [stderr]    Compiling scopeguard v1.2.0
[INFO] [stderr]    Compiling crc32fast v1.5.0
[INFO] [stderr]    Compiling block-buffer v0.10.4
[INFO] [stderr]    Compiling block-padding v0.3.3
[INFO] [stderr]    Compiling utf8_iter v1.0.4
[INFO] [stderr]    Compiling lock_api v0.4.14
[INFO] [stderr]    Compiling inout v0.1.4
[INFO] [stderr]    Compiling getrandom v0.2.17
[INFO] [stderr]    Compiling errno v0.3.14
[INFO] [stderr]    Compiling signal-hook-registry v1.4.8
[INFO] [stderr]    Compiling mio v1.2.2
[INFO] [stderr]    Compiling socket2 v0.6.5
[INFO] [stderr]    Compiling rand_core v0.6.4
[INFO] [stderr]    Compiling indexmap v2.14.0
[INFO] [stderr]    Compiling crypto-common v0.1.7
[INFO] [stderr]    Compiling digest v0.10.7
[INFO] [stderr]    Compiling time-core v0.1.9
[INFO] [stderr]    Compiling tower-layer v0.3.3
[INFO] [stderr]    Compiling crossbeam-epoch v0.9.20
[INFO] [stderr]    Compiling num-conv v0.2.2
[INFO] [stderr]    Compiling simd-adler32 v0.3.10
[INFO] [stderr]    Compiling try-lock v0.2.5
[INFO] [stderr]    Compiling time-macros v0.2.32
[INFO] [stderr]    Compiling want v0.3.1
[INFO] [stderr]    Compiling sha2 v0.10.9
[INFO] [stderr]    Compiling sync_wrapper v1.0.2
[INFO] [stderr]    Compiling atomic-waker v1.1.2
[INFO] [stderr]    Compiling iana-time-zone v0.1.65
[INFO] [stderr]    Compiling powerfmt v0.2.0
[INFO] [stderr]    Compiling cmake v0.1.58
[INFO] [stderr]    Compiling regex-automata v0.4.18
[INFO] [stderr]    Compiling httpdate v1.0.3
[INFO] [stderr]    Compiling deranged v0.5.8
[INFO] [stderr]    Compiling adler2 v2.0.1
[INFO] [stderr]    Compiling rustix v1.1.4
[INFO] [stderr]    Compiling miniz_oxide v0.8.9
[INFO] [stderr]    Compiling rand_core v0.9.5
[INFO] [stderr]    Compiling http-body-util v0.1.4
[INFO] [stderr]    Compiling cookie v0.18.2
[INFO] [stderr]    Compiling aws-lc-sys v0.44.0
[INFO] [stderr]    Compiling ring v0.17.14
[INFO] [stderr]    Compiling zstd-sys v2.0.16+zstd.1.5.7
[INFO] [stderr]    Compiling libdbus-sys v0.2.7
[INFO] [stderr]    Compiling bumpalo v3.20.3
[INFO] [stderr]    Compiling cfg_aliases v0.2.2
[INFO] [stderr]    Compiling strsim v0.11.1
[INFO] [stderr]    Compiling linux-raw-sys v0.12.1
[INFO] [stderr]    Compiling tinyvec_macros v0.1.1
[INFO] [stderr]    Compiling ipnet v2.12.1
[INFO] [stderr]    Compiling openssl-probe v0.2.1
[INFO] [stderr]    Compiling parking_lot_core v0.9.12
[INFO] [stderr]    Compiling ident_case v1.0.1
[INFO] [stderr]    Compiling zlib-rs v0.6.7
[INFO] [stderr]    Compiling crossbeam-deque v0.8.7
[INFO] [stderr]    Compiling libm v0.2.16
[INFO] [stderr]    Compiling tinyvec v1.12.0
[INFO] [stderr]    Compiling synstructure v0.13.2
[INFO] [stderr]    Compiling darling_core v0.23.0
[INFO] [stderr]    Compiling time v0.3.55
[INFO] [stderr]    Compiling nix v0.31.3
[INFO] [stderr]    Compiling serde_derive v1.0.229
[INFO] [stderr]    Compiling displaydoc v0.2.7
[INFO] [stderr]    Compiling tokio-macros v2.7.2
[INFO] [stderr]    Compiling thiserror-impl v2.0.20
[INFO] [stderr]    Compiling ppv-lite86 v0.2.21
[INFO] [stderr]    Compiling tikv-jemalloc-sys v0.7.1+5.3.1-0-g81034ce1f1373e37dc865038e1bc8eeecf559ce8
[INFO] [stderr]    Compiling universal-hash v0.5.1
[INFO] [stderr]    Compiling tokio v1.53.1
[INFO] [stderr]    Compiling curve25519-dalek v4.1.3
[INFO] [stderr]    Compiling chacha20 v0.10.2
[INFO] [stderr]    Compiling rand_chacha v0.9.0
[INFO] [stderr]    Compiling matrixmultiply v0.3.11
[INFO] [stderr]    Compiling thiserror v1.0.69
[INFO] [stderr]    Compiling ref-cast v1.0.26
[INFO] [stderr]    Compiling opaque-debug v0.3.1
[INFO] [stderr]    Compiling psl-types v2.0.11
[INFO] [stderr]    Compiling litrs v1.0.0
[INFO] [stderr]    Compiling utf8parse v0.2.2
[INFO] [stderr]    Compiling zstd-safe v7.2.4
[INFO] [stderr]    Compiling leb128fmt v0.1.0
[INFO] [stderr]    Compiling vcpkg v0.2.15
[INFO] [stderr]    Compiling wasm-encoder v0.255.0
[INFO] [stderr]    Compiling anstyle-parse v1.0.0
[INFO] [stderr]    Compiling poly1305 v0.8.0
[INFO] [stderr]    Compiling document-features v0.2.12
[INFO] [stderr]    Compiling zeroize_derive v1.5.0
[INFO] [stderr]    Compiling zerofrom-derive v0.1.7
[INFO] [stderr]    Compiling zeroize v1.9.0
[INFO] [stderr]    Compiling yoke-derive v0.8.2
[INFO] [stderr]    Compiling zerovec-derive v0.11.3
[INFO] [stderr]    Compiling rustls-pki-types v1.15.1
[INFO] [stderr]    Compiling futures-macro v0.3.33
[INFO] [stderr]    Compiling tracing-attributes v0.1.31
[INFO] [stderr]    Compiling block-buffer v0.12.1
[INFO] [stderr]    Compiling digest v0.11.3
[INFO] [stderr]    Compiling cipher v0.4.4
[INFO] [stderr]    Compiling futures-util v0.3.33
[INFO] [stderr]    Compiling zerofrom v0.1.8
[INFO] [stderr]    Compiling sha2 v0.11.0
[INFO] [stderr]    Compiling regex v1.13.1
[INFO] [stderr]    Compiling flate2 v1.1.9
[INFO] [stderr]    Compiling yoke v0.8.3
[INFO] [stderr]    Compiling zerovec v0.11.6
[INFO] [stderr]    Compiling zerotrie v0.2.4
[INFO] [stderr]    Compiling tracing v0.1.44
[INFO] [stderr]    Compiling rustls-native-certs v0.8.4
[INFO] [stderr]    Compiling chrono v0.4.45
[INFO] [stderr]    Compiling webpki-roots v1.0.9
[INFO] [stderr]    Compiling darling_macro v0.23.0
[INFO] [stderr]    Compiling chacha20 v0.9.1
[INFO] [stderr]    Compiling hmac v0.13.0
[INFO] [stderr]    Compiling bstr v1.13.0
[INFO] [stderr]    Compiling libsqlite3-sys v0.37.0
[INFO] [stderr]    Compiling curve25519-dalek-derive v0.1.1
[INFO] [stderr]    Compiling thiserror-impl v1.0.69
[INFO] [stderr]    Compiling rand v0.10.2
[INFO] [stderr]    Compiling rand v0.9.5
[INFO] [stderr]    Compiling tinystr v0.8.3
[INFO] [stderr]    Compiling potential_utf v0.1.5
[INFO] [stderr]    Compiling icu_collections v2.1.1
[INFO] [stderr]    Compiling rand_chacha v0.3.1
[INFO] [stderr]    Compiling icu_locale_core v2.1.1
[INFO] [stderr]    Compiling unicode-normalization v0.1.25
[INFO] [stderr]    Compiling tree-sitter v0.26.12
[INFO] [stderr]    Compiling ref-cast-impl v1.0.26
[INFO] [stderr]    Compiling blake3 v1.8.6
[INFO] [stderr]    Compiling serde_derive_internals v0.30.0
[INFO] [stderr]    Compiling sha1 v0.10.7
[INFO] [stderr]    Compiling aead v0.5.2
[INFO] [stderr]    Compiling serde_path_to_error v0.1.20
[INFO] [stderr]    Compiling spin v0.9.9
[INFO] [stderr]    Compiling heapless v0.7.17
[INFO] [stderr]    Compiling inout v0.2.2
[INFO] [stderr]    Compiling unicode-properties v0.1.4
[INFO] [stderr]    Compiling data-encoding v2.11.1
[INFO] [stderr]    Compiling icu_provider v2.1.1
[INFO] [stderr]    Compiling wasmparser v0.239.0
[INFO] [stderr]    Compiling is_terminal_polyfill v1.70.2
[INFO] [stderr]    Compiling constant_time_eq v0.4.2
[INFO] [stderr]    Compiling futures-executor v0.3.33
[INFO] [stderr]    Compiling anstyle v1.0.14
[INFO] [stderr]    Compiling icu_properties v2.1.2
[INFO] [stderr]    Compiling icu_normalizer v2.1.1
[INFO] [stderr]    Compiling signature v2.2.0
[INFO] [stderr]    Compiling anstyle-query v1.1.5
[INFO] [stderr]    Compiling byteorder v1.5.0
[INFO] [stderr]    Compiling unicode-bidi v0.3.18
[INFO] [stderr]    Compiling colorchoice v1.0.5
[INFO] [stderr]    Compiling ryu v1.0.23
[INFO] [stderr]    Compiling anyhow v1.0.104
[INFO] [stderr]    Compiling pom v1.1.0
[INFO] [stderr]    Compiling ort-sys v2.0.0-rc.12
[INFO] [stderr]    Compiling lazy_static v1.5.0
[INFO] [stderr]    Compiling rayon-core v1.13.0
[INFO] [stderr]    Compiling bit-vec v0.8.0
[INFO] [stderr]    Compiling paste v1.0.15
[INFO] [stderr]    Compiling portable-atomic v1.14.0
[INFO] [stderr]    Compiling mime v0.3.17
[INFO] [stderr]    Compiling winnow v1.0.4
[INFO] [stderr]    Compiling rawpointer v0.2.1
[INFO] [stderr]    Compiling unicode-width v0.2.2
[INFO] [stderr]    Compiling stringprep v0.1.5
[INFO] [stderr]    Compiling bit-set v0.8.0
[INFO] [stderr]    Compiling hash32 v0.2.1
[INFO] [stderr]    Compiling wasmi_core v1.1.0
[INFO] [stderr]    Compiling anstream v1.0.0
[INFO] [stderr]    Compiling hyper v1.11.0
[INFO] [stderr]    Compiling tower v0.5.3
[INFO] [stderr]    Compiling tokio-util v0.7.19
[INFO] [stderr]    Compiling wast v255.0.0
[INFO] [stderr]    Compiling schemars_derive v1.2.2
[INFO] [stderr]    Compiling ed25519 v2.2.3
[INFO] [stderr]    Compiling idna_adapter v1.2.1
[INFO] [stderr]    Compiling idna v1.1.0
[INFO] [stderr]    Compiling futures v0.3.33
[INFO] [stderr]    Compiling cipher v0.5.2
[INFO] [stderr]    Compiling chacha20poly1305 v0.10.1
[INFO] [stderr]    Compiling url v2.5.8
[INFO] [stderr]    Compiling publicsuffix v2.3.0
[INFO] [stderr]    Compiling rand v0.8.8
[INFO] [stderr]    Compiling toml_parser v1.1.3+spec-1.1.0
[INFO] [stderr]    Compiling hyper-util v0.1.20
[INFO] [stderr]    Compiling tower-http v0.6.11
[INFO] [stderr]    Compiling cookie_store v0.22.0
[INFO] [stderr]    Compiling darling v0.23.0
[INFO] [stderr]    Compiling webpki-roots v0.26.11
[INFO] [stderr]    Compiling aes v0.8.4
[INFO] [stderr]    Compiling ecb v0.1.2
[INFO] [stderr]    Compiling cbc v0.1.2
[INFO] [stderr]    Compiling async-trait v0.1.92
[INFO] [stderr]    Compiling tree-sitter-lua v0.5.0
[INFO] [stderr]    Compiling tree-sitter-luau v1.2.0
[INFO] [stderr]    Compiling tree-sitter-nix v0.3.0
[INFO] [stderr]    Compiling tree-sitter-ocaml v0.25.0
[INFO] [stderr]    Compiling tree-sitter-php v0.24.2
[INFO] [stderr]    Compiling tree-sitter-powershell v0.26.4
[INFO] [stderr]    Compiling tree-sitter-python v0.25.0
[INFO] [stderr]    Compiling tree-sitter-ruby v0.23.1
[INFO] [stderr]    Compiling tree-sitter-rust v0.24.2
[INFO] [stderr]    Compiling tree-sitter-scala v0.26.2
[INFO] [stderr]    Compiling tree-sitter-solidity v1.2.13
[INFO] [stderr]    Compiling tree-sitter-swift v0.7.3
[INFO] [stderr]    Compiling tree-sitter-typescript v0.23.2
[INFO] [stderr]    Compiling tree-sitter-zig v1.1.2
[INFO] [stderr]    Compiling tree-sitter-bash v0.25.1
[INFO] [stderr]    Compiling tree-sitter-c v0.24.2
[INFO] [stderr]    Compiling tree-sitter-c-sharp v0.23.5
[INFO] [stderr]    Compiling tree-sitter-cpp v0.23.4
[INFO] [stderr]    Compiling tree-sitter-dart v0.2.0
[INFO] [stderr]    Compiling tree-sitter-elixir v0.3.5
[INFO] [stderr]    Compiling tree-sitter-gdscript v6.1.0
[INFO] [stderr]    Compiling tree-sitter-go v0.25.0
[INFO] [stderr]    Compiling tree-sitter-haskell v0.23.1
[INFO] [stderr]    Compiling tree-sitter-java v0.23.5
[INFO] [stderr]    Compiling tree-sitter-javascript v0.25.0
[INFO] [stderr]    Compiling tree-sitter-julia v0.23.1
[INFO] [stderr]    Compiling tree-sitter-kotlin-ng v1.1.0
[INFO] [stderr]    Compiling md-5 v0.10.6
[INFO] [stderr]    Compiling uuid v1.24.0
[INFO] [stderr]    Compiling toml_datetime v1.1.1+spec-1.1.0
[INFO] [stderr]    Compiling num-integer v0.1.46
[INFO] [stderr]    Compiling num-complex v0.4.6
[INFO] [stderr]    Compiling nom v8.0.0
[INFO] [stderr]    Compiling hashbrown v0.16.1
[INFO] [stderr]    Compiling encoding_rs v0.8.35
[INFO] [stderr]    Compiling rangemap v1.7.1
[INFO] [stderr]    Compiling weezl v0.1.12
[INFO] [stderr]    Compiling base64ct v1.8.3
[INFO] [stderr]    Compiling rmcp v2.2.0
[INFO] [stderr]    Compiling ttf-parser v0.25.1
[INFO] [stderr]    Compiling clap_lex v1.1.0
[INFO] [stderr]    Compiling toml_writer v1.1.2+spec-1.1.0
[INFO] [stderr]    Compiling libbz2-rs-sys v0.2.5
[INFO] [stderr]    Compiling dyn-clone v1.0.20
[INFO] [stderr]    Compiling arrayref v0.3.9
[INFO] [stderr]    Compiling arrayvec v0.7.8
[INFO] [stderr]    Compiling bitflags v1.3.2
[INFO] [stderr]    Compiling option-ext v0.2.0
[INFO] [stderr]    Compiling cpubits v0.1.1
[INFO] [stderr]    Compiling same-file v1.0.6
[INFO] [stderr]    Compiling base64 v0.23.1
[INFO] [stderr]    Compiling walkdir v2.5.0
[INFO] [stderr]    Compiling aes v0.9.2
[INFO] [stderr]    Compiling clap_derive v4.6.4
[INFO] [stderr]    Compiling ureq-proto v0.6.1
[INFO] [stderr]    Compiling bzip2 v0.6.1
[INFO] [stderr]    Compiling dirs-sys v0.5.0
[INFO] [stderr]    Compiling fluent-uri v0.1.4
[INFO] [stderr]    Compiling schemars v1.2.2
[INFO] [stderr]    Compiling hashlink v0.11.1
[INFO] [stderr]    Compiling dbus v0.9.12
[INFO] [stderr]    Compiling clap_builder v4.6.6
[INFO] [stderr]    Compiling password-hash v0.5.0
[INFO] [stderr]    Compiling ndarray v0.17.2
[INFO] [stderr] error: could not compile `ttf-parser` (lib)
[INFO] [stderr] 
[INFO] [stderr] Caused by:
[INFO] [stderr]   process didn't exit successfully: `/opt/rustwide/rustup-home/toolchains/1.100.0-beta.1-x86_64-unknown-linux-gnu/bin/rustc --crate-name ttf_parser --edition=2018 /opt/rustwide/cargo-home/registry/src/index.crates.io-1949cf8c6b5b557f/ttf-parser-0.25.1/src/lib.rs --error-format=json --json=diagnostic-rendered-ansi,artifacts,future-incompat,unused-externs-silent --crate-type lib --emit=dep-info,metadata,link -C opt-level=z -C linker-plugin-lto -C codegen-units=1 --cfg 'feature="apple-layout"' --cfg 'feature="default"' --cfg 'feature="glyph-names"' --cfg 'feature="opentype-layout"' --cfg 'feature="std"' --cfg 'feature="variable-fonts"' --check-cfg 'cfg(docsrs,test)' --check-cfg 'cfg(feature, values("apple-layout", "core_maths", "default", "glyph-names", "gvar-alloc", "no-std-float", "opentype-layout", "std", "variable-fonts"))' -C metadata=4a05950e49ed34fb -C extra-filename=-8dce8c9142011d8d --out-dir /opt/rustwide/target/release/build/ttf-parser/8dce8c9142011d8d/out -C strip=symbols --cap-lints allow --cap-lints=warn --force-warn=unused_crate_dependencies` (signal: 9, SIGKILL: kill)
[INFO] [stderr] warning: build failed, waiting for other jobs to finish...
[INFO] [stderr] error: could not compile `wast` (lib)
[INFO] [stderr] 
[INFO] [stderr] Caused by:
[INFO] [stderr]   process didn't exit successfully: `/opt/rustwide/rustup-home/toolchains/1.100.0-beta.1-x86_64-unknown-linux-gnu/bin/rustc --crate-name wast --edition=2024 /opt/rustwide/cargo-home/registry/src/index.crates.io-1949cf8c6b5b557f/wast-255.0.0/src/lib.rs --error-format=json --json=diagnostic-rendered-ansi,artifacts,future-incompat,unused-externs-silent --crate-type lib --emit=dep-info,metadata,link -C opt-level=z -C linker-plugin-lto -C codegen-units=1 --cfg 'feature="wasm-module"' --check-cfg 'cfg(docsrs,test)' --check-cfg 'cfg(feature, values("component-model", "default", "dwarf", "wasm-module"))' -C metadata=0a199918527b8e8a -C extra-filename=-800af10d4745fa64 --out-dir /opt/rustwide/target/release/build/wast/800af10d4745fa64/out -C strip=symbols -L dependency=/opt/rustwide/target/release/build/leb128fmt/dd4e89853baa62cf/out --extern bumpalo=/opt/rustwide/target/release/build/bumpalo/18f97bdfb426237b/out/libbumpalo-18f97bdfb426237b.rmeta --extern leb128fmt=/opt/rustwide/target/release/build/leb128fmt/dd4e89853baa62cf/out/libleb128fmt-dd4e89853baa62cf.rmeta --extern memchr=/opt/rustwide/target/release/build/memchr/74da906037854961/out/libmemchr-74da906037854961.rmeta --extern unicode_width=/opt/rustwide/target/release/build/unicode-width/2700e777a2512b67/out/libunicode_width-2700e777a2512b67.rmeta --extern wasm_encoder=/opt/rustwide/target/release/build/wasm-encoder/dfa0f689eae1e5bb/out/libwasm_encoder-dfa0f689eae1e5bb.rmeta --cap-lints allow --cap-lints=warn --force-warn=unused_crate_dependencies` (signal: 9, SIGKILL: kill)
[INFO] [stderr] warning: libsqlite3-sys@0.37.0: cc: fatal error: Killed signal terminated program cc1
[INFO] [stderr] warning: libsqlite3-sys@0.37.0: compilation terminated.
[INFO] [stderr] error: failed to run custom build command for `libsqlite3-sys v0.37.0`
[INFO] [stderr] note: To improve backtraces for build dependencies, set the CARGO_PROFILE_RELEASE_BUILD_OVERRIDE_DEBUG=true environment variable to enable debug information generation.
[INFO] [stderr] 
[INFO] [stderr] Caused by:
[INFO] [stderr]   process didn't exit successfully: `/opt/rustwide/target/release/build/libsqlite3-sys/0e31ccfa540a3e49/out/build_script_build` (exit status: 1)
[INFO] [stderr]   --- stdout
[INFO] [stderr]   cargo:rerun-if-env-changed=LIBSQLITE3_SYS_USE_PKG_CONFIG
[INFO] [stderr]   cargo:include=/opt/rustwide/cargo-home/registry/src/index.crates.io-1949cf8c6b5b557f/libsqlite3-sys-0.37.0/sqlite3
[INFO] [stderr]   cargo:rerun-if-changed=sqlite3/sqlite3.c
[INFO] [stderr]   cargo:rerun-if-changed=sqlite3/wasm32-wasi-vfs.c
[INFO] [stderr]   cargo:rerun-if-env-changed=SQLITE_MAX_VARIABLE_NUMBER
[INFO] [stderr]   cargo:rerun-if-env-changed=SQLITE_MAX_EXPR_DEPTH
[INFO] [stderr]   cargo:rerun-if-env-changed=SQLITE_MAX_COLUMN
[INFO] [stderr]   cargo:rerun-if-env-changed=LIBSQLITE3_FLAGS
[INFO] [stderr]   cargo:rerun-if-env-changed=CC_FORCE_DISABLE
[INFO] [stderr]   CC_FORCE_DISABLE = None
[INFO] [stderr]   cargo:rerun-if-env-changed=CC_x86_64-unknown-linux-gnu
[INFO] [stderr]   CC_x86_64-unknown-linux-gnu = None
[INFO] [stderr]   cargo:rerun-if-env-changed=CC_x86_64_unknown_linux_gnu
[INFO] [stderr]   CC_x86_64_unknown_linux_gnu = None
[INFO] [stderr]   cargo:rerun-if-env-changed=HOST_CC
[INFO] [stderr]   HOST_CC = None
[INFO] [stderr]   cargo:rerun-if-env-changed=CC
[INFO] [stderr]   CC = None
[INFO] [stderr]   cargo:rerun-if-env-changed=CC_ENABLE_DEBUG_OUTPUT
[INFO] [stderr]   cargo:rerun-if-env-changed=CRATE_CC_NO_DEFAULTS
[INFO] [stderr]   CRATE_CC_NO_DEFAULTS = None
[INFO] [stderr]   cargo:rerun-if-env-changed=CFLAGS
[INFO] [stderr]   CFLAGS = None
[INFO] [stderr]   cargo:rerun-if-env-changed=HOST_CFLAGS
[INFO] [stderr]   HOST_CFLAGS = None
[INFO] [stderr]   cargo:rerun-if-env-changed=CFLAGS_x86_64_unknown_linux_gnu
[INFO] [stderr]   CFLAGS_x86_64_unknown_linux_gnu = None
[INFO] [stderr]   cargo:rerun-if-env-changed=CFLAGS_x86_64-unknown-linux-gnu
[INFO] [stderr]   CFLAGS_x86_64-unknown-linux-gnu = None
[INFO] [stderr]   cargo:warning=cc: fatal error: Killed signal terminated program cc1
[INFO] [stderr]   cargo:warning=compilation terminated.
[INFO] [stderr] 
[INFO] [stderr]   --- stderr
[INFO] [stderr] 
[INFO] [stderr] 
[INFO] [stderr]   error occurred in cc-rs: command did not execute successfully (status code exit status: 1): LC_ALL="C" "cc" "-Os" "-ffunction-sections" "-fdata-sections" "-fPIC" "-m64" "-w" "-DSQLITE_CORE" "-DSQLITE_DEFAULT_FOREIGN_KEYS=1" "-DSQLITE_ENABLE_API_ARMOR" "-DSQLITE_ENABLE_COLUMN_METADATA" "-DSQLITE_ENABLE_DBSTAT_VTAB" "-DSQLITE_ENABLE_FTS3" "-DSQLITE_ENABLE_FTS3_PARENTHESIS" "-DSQLITE_ENABLE_FTS5" "-DSQLITE_ENABLE_JSON1" "-DSQLITE_ENABLE_LOAD_EXTENSION=1" "-DSQLITE_ENABLE_MEMORY_MANAGEMENT" "-DSQLITE_ENABLE_RTREE" "-DSQLITE_ENABLE_STAT4" "-DSQLITE_SOUNDEX" "-DSQLITE_THREADSAFE=1" "-DSQLITE_USE_URI" "-DHAVE_USLEEP=1" "-DHAVE_ISNAN" "-D_POSIX_THREAD_SAFE_FUNCTIONS" "-DHAVE_LOCALTIME_R" "-o" "/opt/rustwide/target/release/build/libsqlite3-sys/f4a98e4ae58f1d6e/out/c877a2978823c39d-sqlite3.o" "-c" "sqlite3/sqlite3.c"
[INFO] [stderr] 
[INFO] [stderr] 
[INFO] [stderr] warning: tree-sitter-julia@0.23.1: src/scanner.c: In function 'tree_sitter_julia_external_scanner_destroy':
[INFO] [stderr] warning: tree-sitter-julia@0.23.1: src/scanner.c:36:55: warning: unused parameter 'payload' [-Wunused-parameter]
[INFO] [stderr] warning: tree-sitter-julia@0.23.1:    36 | void tree_sitter_julia_external_scanner_destroy(void *payload) {}
[INFO] [stderr] warning: tree-sitter-julia@0.23.1:       |                                                 ~~~~~~^~~~~~~
[INFO] [stderr] warning: tree-sitter-julia@0.23.1: src/scanner.c: In function 'tree_sitter_julia_external_scanner_serialize':
[INFO] [stderr] warning: tree-sitter-julia@0.23.1: src/scanner.c:38:61: warning: unused parameter 'payload' [-Wunused-parameter]
[INFO] [stderr] warning: tree-sitter-julia@0.23.1:    38 | unsigned tree_sitter_julia_external_scanner_serialize(void *payload, char *buffer) { return 0; }
[INFO] [stderr] warning: tree-sitter-julia@0.23.1:       |                                                       ~~~~~~^~~~~~~
[INFO] [stderr] warning: tree-sitter-julia@0.23.1: src/scanner.c:38:76: warning: unused parameter 'buffer' [-Wunused-parameter]
[INFO] [stderr] warning: tree-sitter-julia@0.23.1:    38 | unsigned tree_sitter_julia_external_scanner_serialize(void *payload, char *buffer) { return 0; }
[INFO] [stderr] warning: tree-sitter-julia@0.23.1:       |                                                                      ~~~~~~^~~~~~
[INFO] [stderr] warning: tree-sitter-julia@0.23.1: src/scanner.c: In function 'tree_sitter_julia_external_scanner_deserialize':
[INFO] [stderr] warning: tree-sitter-julia@0.23.1: src/scanner.c:40:59: warning: unused parameter 'payload' [-Wunused-parameter]
[INFO] [stderr] warning: tree-sitter-julia@0.23.1:    40 | void tree_sitter_julia_external_scanner_deserialize(void *payload, const char *buffer, unsigned size) {}
[INFO] [stderr] warning: tree-sitter-julia@0.23.1:       |                                                     ~~~~~~^~~~~~~
[INFO] [stderr] warning: tree-sitter-julia@0.23.1: src/scanner.c:40:80: warning: unused parameter 'buffer' [-Wunused-parameter]
[INFO] [stderr] warning: tree-sitter-julia@0.23.1:    40 | void tree_sitter_julia_external_scanner_deserialize(void *payload, const char *buffer, unsigned size) {}
[INFO] [stderr] warning: tree-sitter-julia@0.23.1:       |                                                                    ~~~~~~~~~~~~^~~~~~
[INFO] [stderr] warning: tree-sitter-julia@0.23.1: src/scanner.c:40:97: warning: unused parameter 'size' [-Wunused-parameter]
[INFO] [stderr] warning: tree-sitter-julia@0.23.1:    40 | void tree_sitter_julia_external_scanner_deserialize(void *payload, const char *buffer, unsigned size) {}
[INFO] [stderr] warning: tree-sitter-julia@0.23.1:       |                                                                                        ~~~~~~~~~^~~~
[INFO] [stderr] warning: tree-sitter-julia@0.23.1: src/scanner.c: In function 'tree_sitter_julia_external_scanner_scan':
[INFO] [stderr] warning: tree-sitter-julia@0.23.1: src/scanner.c:129:52: warning: unused parameter 'payload' [-Wunused-parameter]
[INFO] [stderr] warning: tree-sitter-julia@0.23.1:   129 | bool tree_sitter_julia_external_scanner_scan(void *payload, TSLexer *lexer, const bool *valid_symbols) {
[INFO] [stderr] warning: tree-sitter-julia@0.23.1:       |                                              ~~~~~~^~~~~~~
[INFO] [stderr] warning: tree-sitter-julia@0.23.1: cc: fatal error: Killed signal terminated program cc1
[INFO] [stderr] warning: tree-sitter-julia@0.23.1: compilation terminated.
[INFO] [stderr] warning: tree-sitter-julia@0.23.1: ToolExecError: command did not execute successfully (status code exit status: 1): LC_ALL="C" "cc" "-Os" "-ffunction-sections" "-fdata-sections" "-fPIC" "-m64" "-std=c11" "-I" "src" "-Wall" "-Wextra" "-Wno-unused-value" "-o" "/opt/rustwide/target/release/build/tree-sitter-julia/0a823b139ae52408/out/ea708c7824d36062-parser.o" "-c" "src/parser.c"
[INFO] [stderr] error: failed to run custom build command for `tree-sitter-julia v0.23.1`
[INFO] [stderr] note: To improve backtraces for build dependencies, set the CARGO_PROFILE_RELEASE_BUILD_OVERRIDE_DEBUG=true environment variable to enable debug information generation.
[INFO] [stderr] 
[INFO] [stderr] Caused by:
[INFO] [stderr]   process didn't exit successfully: `/opt/rustwide/target/release/build/tree-sitter-julia/979bb25a26fddc02/out/build_script_build` (exit status: 1)
[INFO] [stderr]   --- stdout
[INFO] [stderr]   cargo:rerun-if-changed=src/parser.c
[INFO] [stderr]   cargo:rerun-if-changed=src/scanner.c
[INFO] [stderr]   cargo:rerun-if-env-changed=CC_FORCE_DISABLE
[INFO] [stderr]   CC_FORCE_DISABLE = None
[INFO] [stderr]   cargo:rerun-if-env-changed=CC_x86_64-unknown-linux-gnu
[INFO] [stderr]   CC_x86_64-unknown-linux-gnu = None
[INFO] [stderr]   cargo:rerun-if-env-changed=CC_x86_64_unknown_linux_gnu
[INFO] [stderr]   CC_x86_64_unknown_linux_gnu = None
[INFO] [stderr]   cargo:rerun-if-env-changed=HOST_CC
[INFO] [stderr]   HOST_CC = None
[INFO] [stderr]   cargo:rerun-if-env-changed=CC
[INFO] [stderr]   CC = None
[INFO] [stderr]   cargo:rerun-if-env-changed=CC_ENABLE_DEBUG_OUTPUT
[INFO] [stderr]   cargo:rerun-if-env-changed=CRATE_CC_NO_DEFAULTS
[INFO] [stderr]   CRATE_CC_NO_DEFAULTS = None
[INFO] [stderr]   cargo:rerun-if-env-changed=CFLAGS
[INFO] [stderr]   CFLAGS = None
[INFO] [stderr]   cargo:rerun-if-env-changed=HOST_CFLAGS
[INFO] [stderr]   HOST_CFLAGS = None
[INFO] [stderr]   cargo:rerun-if-env-changed=CFLAGS_x86_64_unknown_linux_gnu
[INFO] [stderr]   CFLAGS_x86_64_unknown_linux_gnu = None
[INFO] [stderr]   cargo:rerun-if-env-changed=CFLAGS_x86_64-unknown-linux-gnu
[INFO] [stderr]   CFLAGS_x86_64-unknown-linux-gnu = None
[INFO] [stderr]   cargo:rerun-if-env-changed=CC_ENABLE_DEBUG_OUTPUT
[INFO] [stderr]   cargo:rerun-if-env-changed=CRATE_CC_NO_DEFAULTS
[INFO] [stderr]   CRATE_CC_NO_DEFAULTS = None
[INFO] [stderr]   cargo:rerun-if-env-changed=CFLAGS
[INFO] [stderr]   CFLAGS = None
[INFO] [stderr]   cargo:rerun-if-env-changed=HOST_CFLAGS
[INFO] [stderr]   HOST_CFLAGS = None
[INFO] [stderr]   cargo:rerun-if-env-changed=CFLAGS_x86_64_unknown_linux_gnu
[INFO] [stderr]   CFLAGS_x86_64_unknown_linux_gnu = None
[INFO] [stderr]   cargo:rerun-if-env-changed=CFLAGS_x86_64-unknown-linux-gnu
[INFO] [stderr]   CFLAGS_x86_64-unknown-linux-gnu = None
[INFO] [stderr]   cargo:rerun-if-env-changed=CC_x86_64-unknown-linux-gnu
[INFO] [stderr]   CC_x86_64-unknown-linux-gnu = None
[INFO] [stderr]   cargo:rerun-if-env-changed=CC_x86_64_unknown_linux_gnu
[INFO] [stderr]   CC_x86_64_unknown_linux_gnu = None
[INFO] [stderr]   cargo:rerun-if-env-changed=HOST_CC
[INFO] [stderr]   HOST_CC = None
[INFO] [stderr]   cargo:rerun-if-env-changed=CC
[INFO] [stderr]   CC = None
[INFO] [stderr]   cargo:rerun-if-env-changed=CRATE_CC_NO_DEFAULTS
[INFO] [stderr]   CRATE_CC_NO_DEFAULTS = None
[INFO] [stderr]   cargo:rerun-if-env-changed=CFLAGS
[INFO] [stderr]   CFLAGS = None
[INFO] [stderr]   cargo:rerun-if-env-changed=HOST_CFLAGS
[INFO] [stderr]   HOST_CFLAGS = None
[INFO] [stderr]   cargo:rerun-if-env-changed=CFLAGS_x86_64_unknown_linux_gnu
[INFO] [stderr]   CFLAGS_x86_64_unknown_linux_gnu = None
[INFO] [stderr]   cargo:rerun-if-env-changed=CFLAGS_x86_64-unknown-linux-gnu
[INFO] [stderr]   CFLAGS_x86_64-unknown-linux-gnu = None
[INFO] [stderr]   cargo:warning=src/scanner.c: In function 'tree_sitter_julia_external_scanner_destroy':
[INFO] [stderr]   cargo:warning=src/scanner.c:36:55: warning: unused parameter 'payload' [-Wunused-parameter]
[INFO] [stderr]   cargo:warning=   36 | void tree_sitter_julia_external_scanner_destroy(void *payload) {}
[INFO] [stderr]   cargo:warning=      |                                                 ~~~~~~^~~~~~~
[INFO] [stderr]   cargo:warning=src/scanner.c: In function 'tree_sitter_julia_external_scanner_serialize':
[INFO] [stderr]   cargo:warning=src/scanner.c:38:61: warning: unused parameter 'payload' [-Wunused-parameter]
[INFO] [stderr]   cargo:warning=   38 | unsigned tree_sitter_julia_external_scanner_serialize(void *payload, char *buffer) { return 0; }
[INFO] [stderr]   cargo:warning=      |                                                       ~~~~~~^~~~~~~
[INFO] [stderr]   cargo:warning=src/scanner.c:38:76: warning: unused parameter 'buffer' [-Wunused-parameter]
[INFO] [stderr]   cargo:warning=   38 | unsigned tree_sitter_julia_external_scanner_serialize(void *payload, char *buffer) { return 0; }
[INFO] [stderr]   cargo:warning=      |                                                                      ~~~~~~^~~~~~
[INFO] [stderr]   cargo:warning=src/scanner.c: In function 'tree_sitter_julia_external_scanner_deserialize':
[INFO] [stderr]   cargo:warning=src/scanner.c:40:59: warning: unused parameter 'payload' [-Wunused-parameter]
[INFO] [stderr]   cargo:warning=   40 | void tree_sitter_julia_external_scanner_deserialize(void *payload, const char *buffer, unsigned size) {}
[INFO] [stderr]   cargo:warning=      |                                                     ~~~~~~^~~~~~~
[INFO] [stderr]   cargo:warning=src/scanner.c:40:80: warning: unused parameter 'buffer' [-Wunused-parameter]
[INFO] [stderr]   cargo:warning=   40 | void tree_sitter_julia_external_scanner_deserialize(void *payload, const char *buffer, unsigned size) {}
[INFO] [stderr]   cargo:warning=      |                                                                    ~~~~~~~~~~~~^~~~~~
[INFO] [stderr]   cargo:warning=src/scanner.c:40:97: warning: unused parameter 'size' [-Wunused-parameter]
[INFO] [stderr]   cargo:warning=   40 | void tree_sitter_julia_external_scanner_deserialize(void *payload, const char *buffer, unsigned size) {}
[INFO] [stderr]   cargo:warning=      |                                                                                        ~~~~~~~~~^~~~
[INFO] [stderr]   cargo:warning=src/scanner.c: In function 'tree_sitter_julia_external_scanner_scan':
[INFO] [stderr]   cargo:warning=src/scanner.c:129:52: warning: unused parameter 'payload' [-Wunused-parameter]
[INFO] [stderr]   cargo:warning=  129 | bool tree_sitter_julia_external_scanner_scan(void *payload, TSLexer *lexer, const bool *valid_symbols) {
[INFO] [stderr]   cargo:warning=      |                                              ~~~~~~^~~~~~~
[INFO] [stderr]   cargo:warning=cc: fatal error: Killed signal terminated program cc1
[INFO] [stderr]   cargo:warning=compilation terminated.
[INFO] [stderr]   exit status: 0
[INFO] [stderr]   exit status: 1
[INFO] [stderr]   cargo:warning=ToolExecError: command did not execute successfully (status code exit status: 1): LC_ALL="C" "cc" "-Os" "-ffunction-sections" "-fdata-sections" "-fPIC" "-m64" "-std=c11" "-I" "src" "-Wall" "-Wextra" "-Wno-unused-value" "-o" "/opt/rustwide/target/release/build/tree-sitter-julia/0a823b139ae52408/out/ea708c7824d36062-parser.o" "-c" "src/parser.c"
[INFO] [stderr] 
[INFO] [stderr]   --- stderr
[INFO] [stderr] 
[INFO] [stderr] 
[INFO] [stderr]   error occurred in cc-rs: command did not execute successfully (status code exit status: 1): LC_ALL="C" "cc" "-Os" "-ffunction-sections" "-fdata-sections" "-fPIC" "-m64" "-std=c11" "-I" "src" "-Wall" "-Wextra" "-Wno-unused-value" "-o" "/opt/rustwide/target/release/build/tree-sitter-julia/0a823b139ae52408/out/ea708c7824d36062-parser.o" "-c" "src/parser.c"
[INFO] [stderr] 
[INFO] [stderr] 
[INFO] running `Command { std: "docker" "inspect" "1e68ba77d0cd61f4dc59fc4e3cc475b95afe7ac7444aca68bbcdc3d4854043e4", kill_on_drop: false }`
[INFO] running `Command { std: "docker" "rm" "-f" "1e68ba77d0cd61f4dc59fc4e3cc475b95afe7ac7444aca68bbcdc3d4854043e4", kill_on_drop: false }`
[INFO] [stdout] 1e68ba77d0cd61f4dc59fc4e3cc475b95afe7ac7444aca68bbcdc3d4854043e4
