[INFO] fetching crate ldap-acis 0.3.1...
[INFO] testing ldap-acis-0.3.1 against 1.99.0-beta.8+cargoflags=--release for beta-release-1.100-2
[INFO] extracting crate ldap-acis 0.3.1 into /workspace/builds/worker-4-tc1/source
[INFO] started tweaking crates.io crate ldap-acis 0.3.1
[INFO] removed 0 missing tests
[INFO] finished tweaking crates.io crate ldap-acis 0.3.1
[INFO] tweaked toml for crates.io crate ldap-acis 0.3.1 written to /workspace/builds/worker-4-tc1/source/Cargo.toml
[INFO] validating manifest of crates.io crate ldap-acis 0.3.1 on toolchain 1.99.0-beta.8
[INFO] running `Command { std: CARGO_HOME="/workspace/cargo-home" RUSTUP_HOME="/workspace/rustup-home" "/workspace/cargo-home/bin/cargo" "+1.99.0-beta.8" "metadata" "--manifest-path" "Cargo.toml" "--no-deps", kill_on_drop: false }`
[INFO] crate crates.io crate ldap-acis 0.3.1 already has a lockfile, it will not be regenerated
[INFO] running `Command { std: CARGO_HOME="/workspace/cargo-home" RUSTUP_HOME="/workspace/rustup-home" "/workspace/cargo-home/bin/cargo" "+1.99.0-beta.8" "fetch" "--manifest-path" "Cargo.toml", kill_on_drop: false }`
[INFO] [stderr]     Updating crates.io index
[INFO] [stderr]  Downloading crates ...
[INFO] [stderr]   Downloaded acls-rs v0.3.1
[INFO] running `Command { std: "docker" "create" "-v" "/var/lib/crater-agent-workspace/builds/worker-4-tc1/source:/opt/rustwide/workdir:ro,Z" "-v" "/var/lib/crater-agent-workspace/builds/worker-4-tc1/target:/opt/rustwide/target:rw,Z" "-v" "/var/lib/crater-agent-workspace/cargo-home:/opt/rustwide/cargo-home:ro,Z" "-v" "/var/lib/crater-agent-workspace/rustup-home:/opt/rustwide/rustup-home:ro,Z" "-m" "1610612736" "--network" "none" "ghcr.io/rust-lang/crates-build-env/linux@sha256:77db811e55d90add9212f6832c23229e3de5f1c1f9905e8cb07319ea15df73ac" "sleep" "infinity", kill_on_drop: false }`
[INFO] [stdout] 527fc81a08a73d5868d9a6897f1b3c2737b5a44b4a36517f81bc2de9c15e74dd
[INFO] running `Command { std: "docker" "start" "527fc81a08a73d5868d9a6897f1b3c2737b5a44b4a36517f81bc2de9c15e74dd", kill_on_drop: false }`
[INFO] running `Command { std: "docker" "inspect" "527fc81a08a73d5868d9a6897f1b3c2737b5a44b4a36517f81bc2de9c15e74dd", kill_on_drop: false }`
[INFO] running `Command { std: "docker" "exec" "-e" "SOURCE_DIR=/opt/rustwide/workdir" "-e" "CARGO_HOME=/opt/rustwide/cargo-home" "-e" "RUSTUP_HOME=/opt/rustwide/rustup-home" "-e" "CARGO_TARGET_DIR=/opt/rustwide/target" "-w" "/opt/rustwide/workdir" "--user" "0:0" "527fc81a08a73d5868d9a6897f1b3c2737b5a44b4a36517f81bc2de9c15e74dd" "/opt/rustwide/cargo-home/bin/cargo" "+1.99.0-beta.8" "metadata" "--no-deps" "--format-version=1", kill_on_drop: false }`
[INFO] running `Command { std: "docker" "inspect" "527fc81a08a73d5868d9a6897f1b3c2737b5a44b4a36517f81bc2de9c15e74dd", kill_on_drop: false }`
[INFO] running `Command { std: "docker" "exec" "-e" "SOURCE_DIR=/opt/rustwide/workdir" "-e" "CARGO_HOME=/opt/rustwide/cargo-home" "-e" "RUSTUP_HOME=/opt/rustwide/rustup-home" "-e" "CARGO_TARGET_DIR=/opt/rustwide/target" "-e" "CARGO_INCREMENTAL=0" "-e" "RUST_BACKTRACE=full" "-e" "RUSTFLAGS=--cap-lints=warn" "-e" "RUSTDOCFLAGS=--cap-lints=warn" "-w" "/opt/rustwide/workdir" "--user" "0:0" "527fc81a08a73d5868d9a6897f1b3c2737b5a44b4a36517f81bc2de9c15e74dd" "/opt/rustwide/cargo-home/bin/cargo" "+1.99.0-beta.8" "build" "--frozen" "--message-format=json" "--release", kill_on_drop: false }`
[INFO] [stderr]    Compiling tiny-keccak v2.0.2
[INFO] [stderr]    Compiling crunchy v0.2.4
[INFO] [stderr]    Compiling syn v3.0.6
[INFO] [stderr]    Compiling getrandom v0.2.17
[INFO] [stderr]    Compiling once_cell v1.21.4
[INFO] [stderr]    Compiling zerocopy v0.8.59
[INFO] [stderr]    Compiling ahash v0.8.12
[INFO] [stderr]    Compiling foldhash v0.2.0
[INFO] [stderr]    Compiling smallvec v1.16.2
[INFO] [stderr]    Compiling hashbrown v0.17.1
[INFO] [stderr]    Compiling const-random-macro v0.1.16
[INFO] [stderr]    Compiling const-random v0.1.18
[INFO] [stderr]    Compiling lru v0.18.5
[INFO] [stderr]    Compiling thiserror-impl v2.0.21
[INFO] [stderr]    Compiling thiserror v2.0.21
[INFO] [stderr]    Compiling acls-rs v0.3.1
[INFO] [stderr]    Compiling ldap-acis v0.3.1 (/opt/rustwide/workdir)
[INFO] [stderr]     Finished `release` profile [optimized] target(s) in 15.09s
[INFO] running `Command { std: "docker" "inspect" "527fc81a08a73d5868d9a6897f1b3c2737b5a44b4a36517f81bc2de9c15e74dd", kill_on_drop: false }`
[INFO] running `Command { std: "docker" "exec" "-e" "SOURCE_DIR=/opt/rustwide/workdir" "-e" "CARGO_HOME=/opt/rustwide/cargo-home" "-e" "RUSTUP_HOME=/opt/rustwide/rustup-home" "-e" "CARGO_TARGET_DIR=/opt/rustwide/target" "-e" "CARGO_INCREMENTAL=0" "-e" "RUST_BACKTRACE=full" "-e" "RUSTFLAGS=--cap-lints=warn" "-e" "RUSTDOCFLAGS=--cap-lints=warn" "-w" "/opt/rustwide/workdir" "--user" "0:0" "527fc81a08a73d5868d9a6897f1b3c2737b5a44b4a36517f81bc2de9c15e74dd" "/opt/rustwide/cargo-home/bin/cargo" "+1.99.0-beta.8" "test" "--frozen" "--no-run" "--message-format=json" "--release", kill_on_drop: false }`
[INFO] [stderr]    Compiling ldap-acis v0.3.1 (/opt/rustwide/workdir)
[INFO] [stdout] error[E0433]: cannot find module or crate `proptest` in this scope
[INFO] [stdout]  --> tests/ordering_properties.rs:4:5
[INFO] [stdout]   |
[INFO] [stdout] 4 | use proptest::prelude::*;
[INFO] [stdout]   |     ^^^^^^^^ use of unresolved module or unlinked crate `proptest`
[INFO] [stdout]   |
[INFO] [stdout]   = help: if you wanted to use a crate named `proptest`, use `cargo add proptest` to add it to your `Cargo.toml`
[INFO] [stdout] 
[INFO] [stdout] 
[INFO] [stdout] error: cannot find macro `prop_oneof` in this scope
[INFO] [stdout]   --> tests/ordering_properties.rs:12:5
[INFO] [stdout]    |
[INFO] [stdout] 12 |     prop_oneof![
[INFO] [stdout]    |     ^^^^^^^^^^
[INFO] [stdout] 
[INFO] [stdout] 
[INFO] [stdout] error: cannot find macro `prop_oneof` in this scope
[INFO] [stdout]   --> tests/ordering_properties.rs:20:5
[INFO] [stdout]    |
[INFO] [stdout] 20 |     prop_oneof![
[INFO] [stdout]    |     ^^^^^^^^^^
[INFO] [stdout] 
[INFO] [stdout] 
[INFO] [stdout] error: cannot find macro `prop_oneof` in this scope
[INFO] [stdout]   --> tests/ordering_properties.rs:40:5
[INFO] [stdout]    |
[INFO] [stdout] 40 |     prop_oneof![
[INFO] [stdout]    |     ^^^^^^^^^^
[INFO] [stdout] 
[INFO] [stdout] 
[INFO] [stdout] error: cannot find macro `prop_oneof` in this scope
[INFO] [stdout]   --> tests/ordering_properties.rs:51:5
[INFO] [stdout]    |
[INFO] [stdout] 51 |     prop_oneof![
[INFO] [stdout]    |     ^^^^^^^^^^
[INFO] [stdout] 
[INFO] [stdout] 
[INFO] [stdout] error: cannot find macro `prop_oneof` in this scope
[INFO] [stdout]   --> tests/ordering_properties.rs:59:5
[INFO] [stdout]    |
[INFO] [stdout] 59 |     prop_oneof![
[INFO] [stdout]    |     ^^^^^^^^^^
[INFO] [stdout] 
[INFO] [stdout] 
[INFO] [stdout] error: cannot find macro `prop_oneof` in this scope
[INFO] [stdout]   --> tests/ordering_properties.rs:71:9
[INFO] [stdout]    |
[INFO] [stdout] 71 |         prop_oneof![
[INFO] [stdout]    |         ^^^^^^^^^^
[INFO] [stdout] 
[INFO] [stdout] 
[INFO] [stdout] error: cannot find macro `prop_oneof` in this scope
[INFO] [stdout]   --> tests/ordering_properties.rs:80:5
[INFO] [stdout]    |
[INFO] [stdout] 80 |     prop_oneof![
[INFO] [stdout]    |     ^^^^^^^^^^
[INFO] [stdout] 
[INFO] [stdout] 
[INFO] [stdout] error: cannot find macro `prop_oneof` in this scope
[INFO] [stdout]   --> tests/ordering_properties.rs:92:23
[INFO] [stdout]    |
[INFO] [stdout] 92 |     let dn_strategy = prop_oneof![
[INFO] [stdout]    |                       ^^^^^^^^^^
[INFO] [stdout] 
[INFO] [stdout] 
[INFO] [stdout] error: cannot find macro `prop_oneof` in this scope
[INFO] [stdout]    --> tests/ordering_properties.rs:105:9
[INFO] [stdout]     |
[INFO] [stdout] 105 |         prop_oneof![
[INFO] [stdout]     |         ^^^^^^^^^^
[INFO] [stdout] 
[INFO] [stdout] 
[INFO] [stdout] error: cannot find macro `proptest` in this scope
[INFO] [stdout]    --> tests/ordering_properties.rs:121:13
[INFO] [stdout]     |
[INFO] [stdout] 121 |             proptest! {
[INFO] [stdout]     |             ^^^^^^^^
[INFO] [stdout] ...
[INFO] [stdout] 157 | partial_ord_laws!(scope_partial_ord, arb_scope());
[INFO] [stdout]     | ------------------------------------------------- in this macro invocation
[INFO] [stdout]     |
[INFO] [stdout]     = note: this error originates in the macro `partial_ord_laws` (in Nightly builds, run with -Z macro-backtrace for more info)
[INFO] [stdout] 
[INFO] [stdout] 
[INFO] [stdout] error: cannot find macro `proptest` in this scope
[INFO] [stdout]    --> tests/ordering_properties.rs:121:13
[INFO] [stdout]     |
[INFO] [stdout] 121 |             proptest! {
[INFO] [stdout]     |             ^^^^^^^^
[INFO] [stdout] ...
[INFO] [stdout] 158 | partial_ord_laws!(operation_type_partial_ord, arb_operation_type());
[INFO] [stdout]     | ------------------------------------------------------------------- in this macro invocation
[INFO] [stdout]     |
[INFO] [stdout]     = note: this error originates in the macro `partial_ord_laws` (in Nightly builds, run with -Z macro-backtrace for more info)
[INFO] [stdout] 
[INFO] [stdout] 
[INFO] [stdout] error: cannot find macro `proptest` in this scope
[INFO] [stdout]    --> tests/ordering_properties.rs:121:13
[INFO] [stdout]     |
[INFO] [stdout] 121 |             proptest! {
[INFO] [stdout]     |             ^^^^^^^^
[INFO] [stdout] ...
[INFO] [stdout] 159 | partial_ord_laws!(operation_set_partial_ord, arb_operation_set());
[INFO] [stdout]     | ----------------------------------------------------------------- in this macro invocation
[INFO] [stdout]     |
[INFO] [stdout]     = note: this error originates in the macro `partial_ord_laws` (in Nightly builds, run with -Z macro-backtrace for more info)
[INFO] [stdout] 
[INFO] [stdout] 
[INFO] [stdout] error: cannot find macro `proptest` in this scope
[INFO] [stdout]    --> tests/ordering_properties.rs:121:13
[INFO] [stdout]     |
[INFO] [stdout] 121 |             proptest! {
[INFO] [stdout]     |             ^^^^^^^^
[INFO] [stdout] ...
[INFO] [stdout] 160 | partial_ord_laws!(attribute_set_partial_ord, arb_attribute_set());
[INFO] [stdout]     | ----------------------------------------------------------------- in this macro invocation
[INFO] [stdout]     |
[INFO] [stdout]     = note: this error originates in the macro `partial_ord_laws` (in Nightly builds, run with -Z macro-backtrace for more info)
[INFO] [stdout] 
[INFO] [stdout] 
[INFO] [stdout] error: cannot find macro `proptest` in this scope
[INFO] [stdout]    --> tests/ordering_properties.rs:121:13
[INFO] [stdout]     |
[INFO] [stdout] 121 |             proptest! {
[INFO] [stdout]     |             ^^^^^^^^
[INFO] [stdout] ...
[INFO] [stdout] 161 | partial_ord_laws!(target_filter_partial_ord, arb_target_filter());
[INFO] [stdout]     | ----------------------------------------------------------------- in this macro invocation
[INFO] [stdout]     |
[INFO] [stdout]     = note: this error originates in the macro `partial_ord_laws` (in Nightly builds, run with -Z macro-backtrace for more info)
[INFO] [stdout] 
[INFO] [stdout] 
[INFO] [stdout] error: cannot find macro `proptest` in this scope
[INFO] [stdout]    --> tests/ordering_properties.rs:121:13
[INFO] [stdout]     |
[INFO] [stdout] 121 |             proptest! {
[INFO] [stdout]     |             ^^^^^^^^
[INFO] [stdout] ...
[INFO] [stdout] 162 | partial_ord_laws!(dn_scope_partial_ord, arb_dn_scope());
[INFO] [stdout]     | ------------------------------------------------------- in this macro invocation
[INFO] [stdout]     |
[INFO] [stdout]     = note: this error originates in the macro `partial_ord_laws` (in Nightly builds, run with -Z macro-backtrace for more info)
[INFO] [stdout] 
[INFO] [stdout] 
[INFO] [stdout] error: cannot find macro `proptest` in this scope
[INFO] [stdout]    --> tests/ordering_properties.rs:121:13
[INFO] [stdout]     |
[INFO] [stdout] 121 |             proptest! {
[INFO] [stdout]     |             ^^^^^^^^
[INFO] [stdout] ...
[INFO] [stdout] 163 | partial_ord_laws!(bind_rule_partial_ord, arb_bind_rule());
[INFO] [stdout]     | --------------------------------------------------------- in this macro invocation
[INFO] [stdout]     |
[INFO] [stdout]     = note: this error originates in the macro `partial_ord_laws` (in Nightly builds, run with -Z macro-backtrace for more info)
[INFO] [stdout] 
[INFO] [stdout] 
[INFO] [stdout] error: cannot find macro `proptest` in this scope
[INFO] [stdout]    --> tests/ordering_properties.rs:173:13
[INFO] [stdout]     |
[INFO] [stdout] 173 |             proptest! {
[INFO] [stdout]     |             ^^^^^^^^
[INFO] [stdout] ...
[INFO] [stdout] 241 | lattice_laws!(scope_lattice, arb_scope(), Scope);
[INFO] [stdout]     | ------------------------------------------------ in this macro invocation
[INFO] [stdout]     |
[INFO] [stdout]     = note: this error originates in the macro `lattice_laws` (in Nightly builds, run with -Z macro-backtrace for more info)
[INFO] [stdout] 
[INFO] [stdout] 
[INFO] [stdout] error: cannot find macro `proptest` in this scope
[INFO] [stdout]    --> tests/ordering_properties.rs:173:13
[INFO] [stdout]     |
[INFO] [stdout] 173 |             proptest! {
[INFO] [stdout]     |             ^^^^^^^^
[INFO] [stdout] ...
[INFO] [stdout] 242 | lattice_laws!(operation_set_lattice, arb_operation_set(), OperationSet);
[INFO] [stdout]     | ----------------------------------------------------------------------- in this macro invocation
[INFO] [stdout]     |
[INFO] [stdout]     = note: this error originates in the macro `lattice_laws` (in Nightly builds, run with -Z macro-backtrace for more info)
[INFO] [stdout] 
[INFO] [stdout] 
[INFO] [stdout] error: cannot find macro `proptest` in this scope
[INFO] [stdout]    --> tests/ordering_properties.rs:173:13
[INFO] [stdout]     |
[INFO] [stdout] 173 |             proptest! {
[INFO] [stdout]     |             ^^^^^^^^
[INFO] [stdout] ...
[INFO] [stdout] 243 | lattice_laws!(attribute_set_lattice, arb_attribute_set(), AttributeSet);
[INFO] [stdout]     | ----------------------------------------------------------------------- in this macro invocation
[INFO] [stdout]     |
[INFO] [stdout]     = note: this error originates in the macro `lattice_laws` (in Nightly builds, run with -Z macro-backtrace for more info)
[INFO] [stdout] 
[INFO] [stdout] 
[INFO] [stdout] error: cannot find macro `proptest` in this scope
[INFO] [stdout]    --> tests/ordering_properties.rs:277:13
[INFO] [stdout]     |
[INFO] [stdout] 277 |             proptest! {
[INFO] [stdout]     |             ^^^^^^^^
[INFO] [stdout] ...
[INFO] [stdout] 365 | lattice_laws_full!(dn_region_set_lattice, arb_dn_region_set());
[INFO] [stdout]     | -------------------------------------------------------------- in this macro invocation
[INFO] [stdout]     |
[INFO] [stdout]     = note: this error originates in the macro `lattice_laws_full` (in Nightly builds, run with -Z macro-backtrace for more info)
[INFO] [stdout] 
[INFO] [stdout] 
[INFO] [stdout] error: cannot find macro `proptest` in this scope
[INFO] [stdout]    --> tests/ordering_properties.rs:325:13
[INFO] [stdout]     |
[INFO] [stdout] 325 |             proptest! {
[INFO] [stdout]     |             ^^^^^^^^
[INFO] [stdout] ...
[INFO] [stdout] 366 | lattice_laws_sound!(target_filter_lattice, arb_target_filter());
[INFO] [stdout]     | --------------------------------------------------------------- in this macro invocation
[INFO] [stdout]     |
[INFO] [stdout]     = note: this error originates in the macro `lattice_laws_sound` (in Nightly builds, run with -Z macro-backtrace for more info)
[INFO] [stdout] 
[INFO] [stdout] 
[INFO] [stdout] error: cannot find macro `proptest` in this scope
[INFO] [stdout]    --> tests/ordering_properties.rs:325:13
[INFO] [stdout]     |
[INFO] [stdout] 325 |             proptest! {
[INFO] [stdout]     |             ^^^^^^^^
[INFO] [stdout] ...
[INFO] [stdout] 367 | lattice_laws_sound!(bind_rule_lattice, arb_bind_rule());
[INFO] [stdout]     | ------------------------------------------------------- in this macro invocation
[INFO] [stdout]     |
[INFO] [stdout]     = note: this error originates in the macro `lattice_laws_sound` (in Nightly builds, run with -Z macro-backtrace for more info)
[INFO] [stdout] 
[INFO] [stdout] 
[INFO] [stdout] error[E0433]: cannot find module or crate `prop` in this scope
[INFO] [stdout]   --> tests/ordering_properties.rs:35:5
[INFO] [stdout]    |
[INFO] [stdout] 35 |     prop::collection::vec(arb_operation_type(), 0..6)
[INFO] [stdout]    |     ^^^^ use of unresolved module or unlinked crate `prop`
[INFO] [stdout]    |
[INFO] [stdout]    = help: if you wanted to use a crate named `prop`, use `cargo add prop` to add it to your `Cargo.toml`
[INFO] [stdout] 
[INFO] [stdout] 
[INFO] [stdout] error[E0433]: cannot find module or crate `prop` in this scope
[INFO] [stdout]    --> tests/ordering_properties.rs:246:5
[INFO] [stdout]     |
[INFO] [stdout] 246 |     prop::collection::vec(arb_dn_scope(), 1..4).prop_map(|scopes| {
[INFO] [stdout]     |     ^^^^ use of unresolved module or unlinked crate `prop`
[INFO] [stdout]     |
[INFO] [stdout]     = help: if you wanted to use a crate named `prop`, use `cargo add prop` to add it to your `Cargo.toml`
[INFO] [stdout] 
[INFO] [stdout] 
[INFO] [stdout] error[E0405]: cannot find trait `Strategy` in this scope
[INFO] [stdout]   --> tests/ordering_properties.rs:11:24
[INFO] [stdout]    |
[INFO] [stdout] 11 | fn arb_scope() -> impl Strategy<Value = Scope> {
[INFO] [stdout]    |                        ^^^^^^^^ not found in this scope
[INFO] [stdout] 
[INFO] [stdout] 
[INFO] [stdout] error[E0405]: cannot find trait `Strategy` in this scope
[INFO] [stdout]   --> tests/ordering_properties.rs:19:33
[INFO] [stdout]    |
[INFO] [stdout] 19 | fn arb_operation_type() -> impl Strategy<Value = OperationType> {
[INFO] [stdout]    |                                 ^^^^^^^^ not found in this scope
[INFO] [stdout] 
[INFO] [stdout] 
[INFO] [stdout] error[E0405]: cannot find trait `Strategy` in this scope
[INFO] [stdout]   --> tests/ordering_properties.rs:34:32
[INFO] [stdout]    |
[INFO] [stdout] 34 | fn arb_operation_set() -> impl Strategy<Value = OperationSet> {
[INFO] [stdout]    |                                ^^^^^^^^ not found in this scope
[INFO] [stdout] 
[INFO] [stdout] 
[INFO] [stdout] error[E0405]: cannot find trait `Strategy` in this scope
[INFO] [stdout]   --> tests/ordering_properties.rs:39:28
[INFO] [stdout]    |
[INFO] [stdout] 39 | fn arb_attr_name() -> impl Strategy<Value = String> {
[INFO] [stdout]    |                            ^^^^^^^^ not found in this scope
[INFO] [stdout] 
[INFO] [stdout] 
[INFO] [stdout] error[E0405]: cannot find trait `Strategy` in this scope
[INFO] [stdout]   --> tests/ordering_properties.rs:50:32
[INFO] [stdout]    |
[INFO] [stdout] 50 | fn arb_attribute_set() -> impl Strategy<Value = AttributeSet> {
[INFO] [stdout]    |                                ^^^^^^^^ not found in this scope
[INFO] [stdout] 
[INFO] [stdout] 
[INFO] [stdout] error[E0405]: cannot find trait `Strategy` in this scope
[INFO] [stdout]   --> tests/ordering_properties.rs:58:37
[INFO] [stdout]    |
[INFO] [stdout] 58 | fn arb_target_filter_leaf() -> impl Strategy<Value = TargetFilter> {
[INFO] [stdout]    |                                     ^^^^^^^^ not found in this scope
[INFO] [stdout] 
[INFO] [stdout] 
[INFO] [stdout] error[E0405]: cannot find trait `Strategy` in this scope
[INFO] [stdout]   --> tests/ordering_properties.rs:69:32
[INFO] [stdout]    |
[INFO] [stdout] 69 | fn arb_target_filter() -> impl Strategy<Value = TargetFilter> {
[INFO] [stdout]    |                                ^^^^^^^^ not found in this scope
[INFO] [stdout] 
[INFO] [stdout] 
[INFO] [stdout] error[E0405]: cannot find trait `Strategy` in this scope
[INFO] [stdout]   --> tests/ordering_properties.rs:79:33
[INFO] [stdout]    |
[INFO] [stdout] 79 | fn arb_bind_rule_leaf() -> impl Strategy<Value = BindRule> {
[INFO] [stdout]    |                                 ^^^^^^^^ not found in this scope
[INFO] [stdout] 
[INFO] [stdout] 
[INFO] [stdout] error[E0405]: cannot find trait `Strategy` in this scope
[INFO] [stdout]   --> tests/ordering_properties.rs:91:27
[INFO] [stdout]    |
[INFO] [stdout] 91 | fn arb_dn_scope() -> impl Strategy<Value = DnScope> {
[INFO] [stdout]    |                           ^^^^^^^^ not found in this scope
[INFO] [stdout] 
[INFO] [stdout] 
[INFO] [stdout] error[E0405]: cannot find trait `Strategy` in this scope
[INFO] [stdout]    --> tests/ordering_properties.rs:103:28
[INFO] [stdout]     |
[INFO] [stdout] 103 | fn arb_bind_rule() -> impl Strategy<Value = BindRule> {
[INFO] [stdout]     |                            ^^^^^^^^ not found in this scope
[INFO] [stdout] 
[INFO] [stdout] 
[INFO] [stdout] error[E0405]: cannot find trait `Strategy` in this scope
[INFO] [stdout]    --> tests/ordering_properties.rs:245:32
[INFO] [stdout]     |
[INFO] [stdout] 245 | fn arb_dn_region_set() -> impl Strategy<Value = DnRegionSet> {
[INFO] [stdout]     |                                ^^^^^^^^ not found in this scope
[INFO] [stdout] 
[INFO] [stdout] 
[INFO] [stdout] warning: unused imports: `BoundedJoinSemilattice` and `BoundedMeetSemilattice`
[INFO] [stdout]  --> tests/ordering_properties.rs:6:24
[INFO] [stdout]   |
[INFO] [stdout] 6 | use acls_rs::algebra::{BoundedJoinSemilattice, BoundedMeetSemilattice};
[INFO] [stdout]   |                        ^^^^^^^^^^^^^^^^^^^^^^  ^^^^^^^^^^^^^^^^^^^^^^
[INFO] [stdout]   |
[INFO] [stdout]   = note: `#[warn(unused_imports)]` (part of `#[warn(unused)]`) on by default
[INFO] [stdout] 
[INFO] [stdout] 
[INFO] [stdout] warning: unused import: `super::*`
[INFO] [stdout]    --> tests/ordering_properties.rs:119:17
[INFO] [stdout]     |
[INFO] [stdout] 119 |             use super::*;
[INFO] [stdout]     |                 ^^^^^^^^
[INFO] [stdout] ...
[INFO] [stdout] 157 | partial_ord_laws!(scope_partial_ord, arb_scope());
[INFO] [stdout]     | ------------------------------------------------- in this macro invocation
[INFO] [stdout]     |
[INFO] [stdout]     = note: this warning originates in the macro `partial_ord_laws` (in Nightly builds, run with -Z macro-backtrace for more info)
[INFO] [stdout] 
[INFO] [stdout] 
[INFO] [stdout] warning: unused import: `super::*`
[INFO] [stdout]    --> tests/ordering_properties.rs:119:17
[INFO] [stdout]     |
[INFO] [stdout] 119 |             use super::*;
[INFO] [stdout]     |                 ^^^^^^^^
[INFO] [stdout] ...
[INFO] [stdout] 158 | partial_ord_laws!(operation_type_partial_ord, arb_operation_type());
[INFO] [stdout]     | ------------------------------------------------------------------- in this macro invocation
[INFO] [stdout]     |
[INFO] [stdout]     = note: this warning originates in the macro `partial_ord_laws` (in Nightly builds, run with -Z macro-backtrace for more info)
[INFO] [stdout] 
[INFO] [stdout] 
[INFO] [stdout] warning: unused import: `super::*`
[INFO] [stdout]    --> tests/ordering_properties.rs:119:17
[INFO] [stdout]     |
[INFO] [stdout] 119 |             use super::*;
[INFO] [stdout]     |                 ^^^^^^^^
[INFO] [stdout] ...
[INFO] [stdout] 159 | partial_ord_laws!(operation_set_partial_ord, arb_operation_set());
[INFO] [stdout]     | ----------------------------------------------------------------- in this macro invocation
[INFO] [stdout]     |
[INFO] [stdout]     = note: this warning originates in the macro `partial_ord_laws` (in Nightly builds, run with -Z macro-backtrace for more info)
[INFO] [stdout] 
[INFO] [stdout] 
[INFO] [stdout] warning: unused import: `super::*`
[INFO] [stdout]    --> tests/ordering_properties.rs:119:17
[INFO] [stdout]     |
[INFO] [stdout] 119 |             use super::*;
[INFO] [stdout]     |                 ^^^^^^^^
[INFO] [stdout] ...
[INFO] [stdout] 160 | partial_ord_laws!(attribute_set_partial_ord, arb_attribute_set());
[INFO] [stdout]     | ----------------------------------------------------------------- in this macro invocation
[INFO] [stdout]     |
[INFO] [stdout]     = note: this warning originates in the macro `partial_ord_laws` (in Nightly builds, run with -Z macro-backtrace for more info)
[INFO] [stdout] 
[INFO] [stdout] 
[INFO] [stdout] warning: unused import: `super::*`
[INFO] [stdout]    --> tests/ordering_properties.rs:119:17
[INFO] [stdout]     |
[INFO] [stdout] 119 |             use super::*;
[INFO] [stdout]     |                 ^^^^^^^^
[INFO] [stdout] ...
[INFO] [stdout] 161 | partial_ord_laws!(target_filter_partial_ord, arb_target_filter());
[INFO] [stdout]     | ----------------------------------------------------------------- in this macro invocation
[INFO] [stdout]     |
[INFO] [stdout]     = note: this warning originates in the macro `partial_ord_laws` (in Nightly builds, run with -Z macro-backtrace for more info)
[INFO] [stdout] 
[INFO] [stdout] 
[INFO] [stdout] warning: unused import: `super::*`
[INFO] [stdout]    --> tests/ordering_properties.rs:119:17
[INFO] [stdout]     |
[INFO] [stdout] 119 |             use super::*;
[INFO] [stdout]     |                 ^^^^^^^^
[INFO] [stdout] ...
[INFO] [stdout] 162 | partial_ord_laws!(dn_scope_partial_ord, arb_dn_scope());
[INFO] [stdout]     | ------------------------------------------------------- in this macro invocation
[INFO] [stdout]     |
[INFO] [stdout]     = note: this warning originates in the macro `partial_ord_laws` (in Nightly builds, run with -Z macro-backtrace for more info)
[INFO] [stdout] 
[INFO] [stdout] 
[INFO] [stdout] warning: unused import: `super::*`
[INFO] [stdout]    --> tests/ordering_properties.rs:119:17
[INFO] [stdout]     |
[INFO] [stdout] 119 |             use super::*;
[INFO] [stdout]     |                 ^^^^^^^^
[INFO] [stdout] ...
[INFO] [stdout] 163 | partial_ord_laws!(bind_rule_partial_ord, arb_bind_rule());
[INFO] [stdout]     | --------------------------------------------------------- in this macro invocation
[INFO] [stdout]     |
[INFO] [stdout]     = note: this warning originates in the macro `partial_ord_laws` (in Nightly builds, run with -Z macro-backtrace for more info)
[INFO] [stdout] 
[INFO] [stdout] 
[INFO] [stdout] warning: unused import: `super::*`
[INFO] [stdout]    --> tests/ordering_properties.rs:171:17
[INFO] [stdout]     |
[INFO] [stdout] 171 |             use super::*;
[INFO] [stdout]     |                 ^^^^^^^^
[INFO] [stdout] ...
[INFO] [stdout] 241 | lattice_laws!(scope_lattice, arb_scope(), Scope);
[INFO] [stdout]     | ------------------------------------------------ in this macro invocation
[INFO] [stdout]     |
[INFO] [stdout]     = note: this warning originates in the macro `lattice_laws` (in Nightly builds, run with -Z macro-backtrace for more info)
[INFO] [stdout] 
[INFO] [stdout] 
[INFO] [stdout] warning: unused import: `super::*`
[INFO] [stdout]    --> tests/ordering_properties.rs:171:17
[INFO] [stdout]     |
[INFO] [stdout] 171 |             use super::*;
[INFO] [stdout]     |                 ^^^^^^^^
[INFO] [stdout] ...
[INFO] [stdout] 242 | lattice_laws!(operation_set_lattice, arb_operation_set(), OperationSet);
[INFO] [stdout]     | ----------------------------------------------------------------------- in this macro invocation
[INFO] [stdout]     |
[INFO] [stdout]     = note: this warning originates in the macro `lattice_laws` (in Nightly builds, run with -Z macro-backtrace for more info)
[INFO] [stdout] 
[INFO] [stdout] 
[INFO] [stdout] warning: unused import: `super::*`
[INFO] [stdout]    --> tests/ordering_properties.rs:171:17
[INFO] [stdout]     |
[INFO] [stdout] 171 |             use super::*;
[INFO] [stdout]     |                 ^^^^^^^^
[INFO] [stdout] ...
[INFO] [stdout] 243 | lattice_laws!(attribute_set_lattice, arb_attribute_set(), AttributeSet);
[INFO] [stdout]     | ----------------------------------------------------------------------- in this macro invocation
[INFO] [stdout]     |
[INFO] [stdout]     = note: this warning originates in the macro `lattice_laws` (in Nightly builds, run with -Z macro-backtrace for more info)
[INFO] [stdout] 
[INFO] [stdout] 
[INFO] [stdout] warning: unused import: `super::*`
[INFO] [stdout]    --> tests/ordering_properties.rs:275:17
[INFO] [stdout]     |
[INFO] [stdout] 275 |             use super::*;
[INFO] [stdout]     |                 ^^^^^^^^
[INFO] [stdout] ...
[INFO] [stdout] 365 | lattice_laws_full!(dn_region_set_lattice, arb_dn_region_set());
[INFO] [stdout]     | -------------------------------------------------------------- in this macro invocation
[INFO] [stdout]     |
[INFO] [stdout]     = note: this warning originates in the macro `lattice_laws_full` (in Nightly builds, run with -Z macro-backtrace for more info)
[INFO] [stdout] 
[INFO] [stdout] 
[INFO] [stdout] warning: unused import: `super::*`
[INFO] [stdout]    --> tests/ordering_properties.rs:323:17
[INFO] [stdout]     |
[INFO] [stdout] 323 |             use super::*;
[INFO] [stdout]     |                 ^^^^^^^^
[INFO] [stdout] ...
[INFO] [stdout] 366 | lattice_laws_sound!(target_filter_lattice, arb_target_filter());
[INFO] [stdout]     | --------------------------------------------------------------- in this macro invocation
[INFO] [stdout]     |
[INFO] [stdout]     = note: this warning originates in the macro `lattice_laws_sound` (in Nightly builds, run with -Z macro-backtrace for more info)
[INFO] [stdout] 
[INFO] [stdout] 
[INFO] [stdout] warning: unused import: `super::*`
[INFO] [stdout]    --> tests/ordering_properties.rs:323:17
[INFO] [stdout]     |
[INFO] [stdout] 323 |             use super::*;
[INFO] [stdout]     |                 ^^^^^^^^
[INFO] [stdout] ...
[INFO] [stdout] 367 | lattice_laws_sound!(bind_rule_lattice, arb_bind_rule());
[INFO] [stdout]     | ------------------------------------------------------- in this macro invocation
[INFO] [stdout]     |
[INFO] [stdout]     = note: this warning originates in the macro `lattice_laws_sound` (in Nightly builds, run with -Z macro-backtrace for more info)
[INFO] [stdout] 
[INFO] [stdout] 
[INFO] [stdout] Some errors have detailed explanations: E0405, E0433.
[INFO] [stdout] 
[INFO] [stdout] For more information about an error, try `rustc --explain E0405`.
[INFO] [stdout] 
[INFO] [stderr] error: could not compile `ldap-acis` (test "ordering_properties") due to 36 previous errors; 14 warnings emitted
[INFO] [stderr] warning: build failed, waiting for other jobs to finish...
[INFO] running `Command { std: "docker" "inspect" "527fc81a08a73d5868d9a6897f1b3c2737b5a44b4a36517f81bc2de9c15e74dd", kill_on_drop: false }`
[INFO] running `Command { std: "docker" "rm" "-f" "527fc81a08a73d5868d9a6897f1b3c2737b5a44b4a36517f81bc2de9c15e74dd", kill_on_drop: false }`
[INFO] [stdout] 527fc81a08a73d5868d9a6897f1b3c2737b5a44b4a36517f81bc2de9c15e74dd
