[INFO] fetching crate layer-client 0.5.0...
[INFO] testing layer-client-0.5.0 against 1.99.0-beta.8+cargoflags=--release for beta-release-1.100-2
[INFO] extracting crate layer-client 0.5.0 into /workspace/builds/worker-3-tc1/source
[INFO] started tweaking crates.io crate layer-client 0.5.0
[INFO] removed 0 missing tests
[INFO] finished tweaking crates.io crate layer-client 0.5.0
[INFO] tweaked toml for crates.io crate layer-client 0.5.0 written to /workspace/builds/worker-3-tc1/source/Cargo.toml
[INFO] validating manifest of crates.io crate layer-client 0.5.0 on toolchain 1.99.0-beta.8
[INFO] running `Command { std: CARGO_HOME="/workspace/cargo-home" RUSTUP_HOME="/workspace/rustup-home" "/workspace/cargo-home/bin/cargo" "+1.99.0-beta.8" "metadata" "--manifest-path" "Cargo.toml" "--no-deps", kill_on_drop: false }`
[INFO] crate crates.io crate layer-client 0.5.0 already has a lockfile, it will not be regenerated
[INFO] running `Command { std: CARGO_HOME="/workspace/cargo-home" RUSTUP_HOME="/workspace/rustup-home" "/workspace/cargo-home/bin/cargo" "+1.99.0-beta.8" "fetch" "--manifest-path" "Cargo.toml", kill_on_drop: false }`
[INFO] [stderr]     Updating crates.io index
[INFO] [stderr]  Downloading crates ...
[INFO] [stderr]   Downloaded pulldown-cmark v0.11.3
[INFO] [stderr]   Downloaded http-range-header v0.3.1
[INFO] [stderr]   Downloaded libsql-hrana v0.2.0
[INFO] [stderr]   Downloaded layer-tl-gen v0.5.0
[INFO] [stderr]   Downloaded layer-crypto v0.5.0
[INFO] [stderr]   Downloaded markup5ever v0.38.0
[INFO] [stderr]   Downloaded layer-tl-parser v0.5.0
[INFO] [stderr]   Downloaded hyper-rustls v0.25.0
[INFO] [stderr]   Downloaded libsql_replication v0.6.0
[INFO] [stderr]   Downloaded libsql-sys v0.8.0
[INFO] [stderr]   Downloaded layer-mtproto v0.5.0
[INFO] [stderr]   Downloaded web_atoms v0.2.3
[INFO] [stderr]   Downloaded html5ever v0.38.0
[INFO] [stderr]   Downloaded tonic v0.11.0
[INFO] [stderr]   Downloaded layer-tl-types v0.5.0
[INFO] [stderr]   Downloaded libsql v0.6.0
[INFO] [stderr]   Downloaded libsql-sqlite3-parser v0.13.0
[INFO] [stderr]   Downloaded tower-http v0.4.4
[INFO] [stderr]   Downloaded libsql-rusqlite v0.33.0
[INFO] [stderr]   Downloaded bindgen v0.66.1
[INFO] [stderr]   Downloaded tonic-web v0.11.0
[INFO] [stderr]   Downloaded libsql-ffi v0.5.0
[INFO] running `Command { std: "docker" "create" "-v" "/var/lib/crater-agent-workspace/builds/worker-3-tc1/source:/opt/rustwide/workdir:ro,Z" "-v" "/var/lib/crater-agent-workspace/builds/worker-3-tc1/target:/opt/rustwide/target:rw,Z" "-v" "/var/lib/crater-agent-workspace/cargo-home:/opt/rustwide/cargo-home:ro,Z" "-v" "/var/lib/crater-agent-workspace/rustup-home:/opt/rustwide/rustup-home:ro,Z" "-m" "1610612736" "--network" "none" "ghcr.io/rust-lang/crates-build-env/linux@sha256:77db811e55d90add9212f6832c23229e3de5f1c1f9905e8cb07319ea15df73ac" "sleep" "infinity", kill_on_drop: false }`
[INFO] [stdout] 70e76f331d63235f6d11ebef894637234c23cac0409ce295991536ec96158d44
[INFO] running `Command { std: "docker" "start" "70e76f331d63235f6d11ebef894637234c23cac0409ce295991536ec96158d44", kill_on_drop: false }`
[INFO] running `Command { std: "docker" "inspect" "70e76f331d63235f6d11ebef894637234c23cac0409ce295991536ec96158d44", kill_on_drop: false }`
[INFO] running `Command { std: "docker" "exec" "-e" "SOURCE_DIR=/opt/rustwide/workdir" "-e" "CARGO_HOME=/opt/rustwide/cargo-home" "-e" "RUSTUP_HOME=/opt/rustwide/rustup-home" "-e" "CARGO_TARGET_DIR=/opt/rustwide/target" "-w" "/opt/rustwide/workdir" "--user" "0:0" "70e76f331d63235f6d11ebef894637234c23cac0409ce295991536ec96158d44" "/opt/rustwide/cargo-home/bin/cargo" "+1.99.0-beta.8" "metadata" "--no-deps" "--format-version=1", kill_on_drop: false }`
[INFO] running `Command { std: "docker" "inspect" "70e76f331d63235f6d11ebef894637234c23cac0409ce295991536ec96158d44", kill_on_drop: false }`
[INFO] running `Command { std: "docker" "exec" "-e" "SOURCE_DIR=/opt/rustwide/workdir" "-e" "CARGO_HOME=/opt/rustwide/cargo-home" "-e" "RUSTUP_HOME=/opt/rustwide/rustup-home" "-e" "CARGO_TARGET_DIR=/opt/rustwide/target" "-e" "CARGO_INCREMENTAL=0" "-e" "RUST_BACKTRACE=full" "-e" "RUSTFLAGS=--cap-lints=warn" "-e" "RUSTDOCFLAGS=--cap-lints=warn" "-w" "/opt/rustwide/workdir" "--user" "0:0" "70e76f331d63235f6d11ebef894637234c23cac0409ce295991536ec96158d44" "/opt/rustwide/cargo-home/bin/cargo" "+1.99.0-beta.8" "build" "--frozen" "--message-format=json" "--release", kill_on_drop: false }`
[INFO] [stderr]    Compiling generic-array v0.14.7
[INFO] [stderr]    Compiling layer-tl-parser v0.5.0
[INFO] [stderr]    Compiling pulldown-cmark v0.11.3
[INFO] [stderr]    Compiling either v1.15.0
[INFO] [stderr]    Compiling pulldown-cmark-escape v0.11.0
[INFO] [stderr]    Compiling getrandom v0.2.17
[INFO] [stderr]    Compiling socket2 v0.5.10
[INFO] [stderr]    Compiling num-integer v0.1.46
[INFO] [stderr]    Compiling chrono v0.4.44
[INFO] [stderr]    Compiling futures-util v0.3.32
[INFO] [stderr]    Compiling tokio v1.51.1
[INFO] [stderr]    Compiling tracing v0.1.44
[INFO] [stderr]    Compiling layer-tl-gen v0.5.0
[INFO] [stderr]    Compiling num-bigint v0.4.6
[INFO] [stderr]    Compiling layer-tl-types v0.5.0
[INFO] [stderr]    Compiling crypto-common v0.1.7
[INFO] [stderr]    Compiling block-buffer v0.10.4
[INFO] [stderr]    Compiling inout v0.1.4
[INFO] [stderr]    Compiling cipher v0.4.4
[INFO] [stderr]    Compiling digest v0.10.7
[INFO] [stderr]    Compiling ctr v0.9.2
[INFO] [stderr]    Compiling aes v0.8.4
[INFO] [stderr]    Compiling sha2 v0.10.9
[INFO] [stderr]    Compiling sha1 v0.10.6
[INFO] [stderr]    Compiling hmac v0.12.1
[INFO] [stderr]    Compiling pbkdf2 v0.12.2
[INFO] [stderr]    Compiling layer-crypto v0.5.0
[INFO] [stderr]    Compiling tokio-util v0.7.18
[INFO] [stderr]    Compiling tokio-socks v0.5.2
[INFO] [stderr]    Compiling layer-mtproto v0.5.0
[INFO] [stderr]    Compiling layer-client v0.5.0 (/opt/rustwide/workdir)
[INFO] [stderr]     Finished `release` profile [optimized] target(s) in 1m 00s
[INFO] running `Command { std: "docker" "inspect" "70e76f331d63235f6d11ebef894637234c23cac0409ce295991536ec96158d44", kill_on_drop: false }`
[INFO] running `Command { std: "docker" "exec" "-e" "SOURCE_DIR=/opt/rustwide/workdir" "-e" "CARGO_HOME=/opt/rustwide/cargo-home" "-e" "RUSTUP_HOME=/opt/rustwide/rustup-home" "-e" "CARGO_TARGET_DIR=/opt/rustwide/target" "-e" "CARGO_INCREMENTAL=0" "-e" "RUST_BACKTRACE=full" "-e" "RUSTFLAGS=--cap-lints=warn" "-e" "RUSTDOCFLAGS=--cap-lints=warn" "-w" "/opt/rustwide/workdir" "--user" "0:0" "70e76f331d63235f6d11ebef894637234c23cac0409ce295991536ec96158d44" "/opt/rustwide/cargo-home/bin/cargo" "+1.99.0-beta.8" "test" "--frozen" "--no-run" "--message-format=json" "--release", kill_on_drop: false }`
[INFO] [stderr]    Compiling layer-client v0.5.0 (/opt/rustwide/workdir)
[INFO] [stdout] warning: unused import: `std::sync::Arc`
[INFO] [stdout]   --> tests/integration.rs:43:9
[INFO] [stdout]    |
[INFO] [stdout] 43 |     use std::sync::Arc;
[INFO] [stdout]    |         ^^^^^^^^^^^^^^
[INFO] [stdout]    |
[INFO] [stdout]    = note: `#[warn(unused_imports)]` (part of `#[warn(unused)]`) on by default
[INFO] [stdout] 
[INFO] [stdout] 
[INFO] [stdout] warning: field `0` is never read
[INFO] [stdout]   --> tests/integration.rs:50:12
[INFO] [stdout]    |
[INFO] [stdout] 50 |         Io(String),
[INFO] [stdout]    |         -- ^^^^^^
[INFO] [stdout]    |         |
[INFO] [stdout]    |         field in this variant
[INFO] [stdout]    |
[INFO] [stdout]    = note: `InvocationError` has a derived impl for the trait `Debug`, but this is intentionally ignored during dead code analysis
[INFO] [stdout]    = note: `#[warn(dead_code)]` (part of `#[warn(unused)]`) on by default
[INFO] [stdout] help: consider changing the field to be of unit type to suppress this warning while preserving the field numbering, or remove the field
[INFO] [stdout]    |
[INFO] [stdout] 50 -         Io(String),
[INFO] [stdout] 50 +         Io(()),
[INFO] [stdout]    |
[INFO] [stdout] 
[INFO] [stdout] 
[INFO] [stdout] warning: variant `Dropped` is never constructed
[INFO] [stdout]   --> tests/integration.rs:51:9
[INFO] [stdout]    |
[INFO] [stdout] 48 |     enum InvocationError {
[INFO] [stdout]    |          --------------- variant in this enum
[INFO] [stdout] ...
[INFO] [stdout] 51 |         Dropped,
[INFO] [stdout]    |         ^^^^^^^
[INFO] [stdout]    |
[INFO] [stdout]    = note: `InvocationError` has a derived impl for the trait `Debug`, but this is intentionally ignored during dead code analysis
[INFO] [stdout] 
[INFO] [stdout] 
[INFO] [stdout] warning: method `flood_wait_seconds` is never used
[INFO] [stdout]   --> tests/integration.rs:62:12
[INFO] [stdout]    |
[INFO] [stdout] 61 |     impl RpcError {
[INFO] [stdout]    |     ------------- method in this implementation
[INFO] [stdout] 62 |         fn flood_wait_seconds(&self) -> Option<u64> {
[INFO] [stdout]    |            ^^^^^^^^^^^^^^^^^^
[INFO] [stdout] 
[INFO] [stdout] 
[INFO] [stdout] warning: field `slept_so_far` is never read
[INFO] [stdout]   --> tests/integration.rs:88:9
[INFO] [stdout]    |
[INFO] [stdout] 86 |     struct RetryContext {
[INFO] [stdout]    |            ------------ field in this struct
[INFO] [stdout] 87 |         fail_count: NonZeroU32,
[INFO] [stdout] 88 |         slept_so_far: Duration,
[INFO] [stdout]    |         ^^^^^^^^^^^^
[INFO] [stdout] 
[INFO] [stdout] 
[INFO] [stdout] warning: field `id` is never read
[INFO] [stdout]    --> tests/integration.rs:591:9
[INFO] [stdout]     |
[INFO] [stdout] 590 |     struct Message {
[INFO] [stdout]     |            ------- field in this struct
[INFO] [stdout] 591 |         id: i32,
[INFO] [stdout]     |         ^^
[INFO] [stdout] 
[INFO] [stdout] 
[INFO] [stdout] warning: methods `id` and `date` are never used
[INFO] [stdout]    --> tests/integration.rs:602:12
[INFO] [stdout]     |
[INFO] [stdout] 601 |     impl Message {
[INFO] [stdout]     |     ------------ methods in this implementation
[INFO] [stdout] 602 |         fn id(&self) -> i32 {
[INFO] [stdout]     |            ^^
[INFO] [stdout] ...
[INFO] [stdout] 611 |         fn date(&self) -> i32 {
[INFO] [stdout]     |            ^^^^
[INFO] [stdout] 
[INFO] [stdout] 
[INFO] [stdout] error[E0433]: cannot find type `DcFlags` in this scope
[INFO] [stdout]    --> src/session_backend.rs:379:20
[INFO] [stdout]     |
[INFO] [stdout] 379 |             flags: DcFlags::NONE,
[INFO] [stdout]     |                    ^^^^^^^ use of undeclared type `DcFlags`
[INFO] [stdout]     |
[INFO] [stdout] help: consider importing this struct through its public re-export
[INFO] [stdout]     |
[INFO] [stdout] 370 +     use crate::DcFlags;
[INFO] [stdout]     |
[INFO] [stdout] 
[INFO] [stdout] 
[INFO] [stdout] error[E0433]: cannot find type `DcFlags` in this scope
[INFO] [stdout]    --> src/session_backend.rs:571:20
[INFO] [stdout]     |
[INFO] [stdout] 571 |             flags: DcFlags::IPV6,
[INFO] [stdout]     |                    ^^^^^^^ use of undeclared type `DcFlags`
[INFO] [stdout]     |
[INFO] [stdout] help: consider importing this struct through its public re-export
[INFO] [stdout]     |
[INFO] [stdout] 370 +     use crate::DcFlags;
[INFO] [stdout]     |
[INFO] [stdout] 
[INFO] [stdout] 
[INFO] [stdout] error[E0433]: cannot find type `DcFlags` in this scope
[INFO] [stdout]    --> src/session_backend.rs:577:64
[INFO] [stdout]     |
[INFO] [stdout] 577 |         let dc = DcEntry::from_parts(1, "149.154.175.53", 443, DcFlags::NONE);
[INFO] [stdout]     |                                                                ^^^^^^^ use of undeclared type `DcFlags`
[INFO] [stdout]     |
[INFO] [stdout] help: consider importing this struct through its public re-export
[INFO] [stdout]     |
[INFO] [stdout] 370 +     use crate::DcFlags;
[INFO] [stdout]     |
[INFO] [stdout] 
[INFO] [stdout] 
[INFO] [stdout] error[E0433]: cannot find type `DcFlags` in this scope
[INFO] [stdout]    --> src/session_backend.rs:586:71
[INFO] [stdout]     |
[INFO] [stdout] 586 |         let dc = DcEntry::from_parts(2, "2001:b28:f23d:f001::a", 443, DcFlags::IPV6);
[INFO] [stdout]     |                                                                       ^^^^^^^ use of undeclared type `DcFlags`
[INFO] [stdout]     |
[INFO] [stdout] help: consider importing this struct through its public re-export
[INFO] [stdout]     |
[INFO] [stdout] 370 +     use crate::DcFlags;
[INFO] [stdout]     |
[INFO] [stdout] 
[INFO] [stdout] 
[INFO] [stdout] error[E0063]: missing fields `channel_diff_calls` and `getting_global_diff_since` in initializer of `PtsState`
[INFO] [stdout]   --> src/pts_tests.rs:29:9
[INFO] [stdout]    |
[INFO] [stdout] 29 |         PtsState {
[INFO] [stdout]    |         ^^^^^^^^ missing `channel_diff_calls` and `getting_global_diff_since`
[INFO] [stdout] 
[INFO] [stdout] 
[INFO] [stdout] Some errors have detailed explanations: E0063, E0433.
[INFO] [stdout] 
[INFO] [stdout] For more information about an error, try `rustc --explain E0063`.
[INFO] [stdout] 
[INFO] [stderr] error: could not compile `layer-client` (lib test) due to 5 previous errors
[INFO] running `Command { std: "docker" "inspect" "70e76f331d63235f6d11ebef894637234c23cac0409ce295991536ec96158d44", kill_on_drop: false }`
[INFO] running `Command { std: "docker" "rm" "-f" "70e76f331d63235f6d11ebef894637234c23cac0409ce295991536ec96158d44", kill_on_drop: false }`
[INFO] [stdout] 70e76f331d63235f6d11ebef894637234c23cac0409ce295991536ec96158d44
