[INFO] fetching crate lava-api 0.2.1...
[INFO] testing lava-api-0.2.1 against 1.99.0-beta.8+cargoflags=--release for beta-release-1.100-2
[INFO] extracting crate lava-api 0.2.1 into /workspace/builds/worker-2-tc1/source
[INFO] started tweaking crates.io crate lava-api 0.2.1
[INFO] removed 0 missing examples
[INFO] finished tweaking crates.io crate lava-api 0.2.1
[INFO] tweaked toml for crates.io crate lava-api 0.2.1 written to /workspace/builds/worker-2-tc1/source/Cargo.toml
[INFO] validating manifest of crates.io crate lava-api 0.2.1 on toolchain 1.99.0-beta.8
[INFO] running `Command { std: CARGO_HOME="/workspace/cargo-home" RUSTUP_HOME="/workspace/rustup-home" "/workspace/cargo-home/bin/cargo" "+1.99.0-beta.8" "metadata" "--manifest-path" "Cargo.toml" "--no-deps", kill_on_drop: false }`
[INFO] crate crates.io crate lava-api 0.2.1 already has a lockfile, it will not be regenerated
[INFO] running `Command { std: CARGO_HOME="/workspace/cargo-home" RUSTUP_HOME="/workspace/rustup-home" "/workspace/cargo-home/bin/cargo" "+1.99.0-beta.8" "fetch" "--manifest-path" "Cargo.toml", kill_on_drop: false }`
[INFO] [stderr]     Updating crates.io index
[INFO] [stderr]     Blocking waiting for file lock on package cache
[INFO] [stderr]  Downloading crates ...
[INFO] [stderr]   Downloaded wiremock v0.5.22
[INFO] [stderr]   Downloaded infer v0.2.3
[INFO] [stderr]   Downloaded retain_mut v0.1.9
[INFO] [stderr]   Downloaded serde_qs v0.8.5
[INFO] [stderr]   Downloaded deadpool v0.9.5
[INFO] [stderr]   Downloaded test-log v0.2.19
[INFO] [stderr]   Downloaded test-log-macros v0.2.19
[INFO] [stderr]   Downloaded jiff-static v0.2.23
[INFO] [stderr]   Downloaded serde_with_macros v3.12.0
[INFO] [stderr]   Downloaded serde_norway v0.9.42
[INFO] [stderr]   Downloaded unsafe-libyaml-norway v0.2.15
[INFO] [stderr]   Downloaded serde_with v3.12.0
[INFO] [stderr]   Downloaded persian-rug v0.1.4
[INFO] [stderr]   Downloaded strum v0.21.0
[INFO] [stderr]   Downloaded persian-rug_derive v0.1.3
[INFO] [stderr]   Downloaded django-query_derive v0.2.1
[INFO] [stderr]   Downloaded boulder v0.3.0
[INFO] [stderr]   Downloaded convert_case v0.5.0
[INFO] [stderr]   Downloaded junit-parser v1.5.0
[INFO] [stderr]   Downloaded boulder_derive v0.3.0
[INFO] [stderr]   Downloaded django-query v0.2.1
[INFO] [stderr]   Downloaded jiff v0.2.23
[INFO] [stderr]   Downloaded http-types v2.12.0
[INFO] [stderr]   Downloaded aws-lc-sys v0.39.1
[INFO] running `Command { std: "docker" "create" "-v" "/var/lib/crater-agent-workspace/builds/worker-2-tc1/source:/opt/rustwide/workdir:ro,Z" "-v" "/var/lib/crater-agent-workspace/builds/worker-2-tc1/target:/opt/rustwide/target:rw,Z" "-v" "/var/lib/crater-agent-workspace/cargo-home:/opt/rustwide/cargo-home:ro,Z" "-v" "/var/lib/crater-agent-workspace/rustup-home:/opt/rustwide/rustup-home:ro,Z" "-m" "1610612736" "--network" "none" "ghcr.io/rust-lang/crates-build-env/linux@sha256:77db811e55d90add9212f6832c23229e3de5f1c1f9905e8cb07319ea15df73ac" "sleep" "infinity", kill_on_drop: false }`
[INFO] [stdout] 0f7e9b798157f125a7481a82fda6cc2b899ffa0a384b9d32c0a80a652eb3f194
[INFO] running `Command { std: "docker" "start" "0f7e9b798157f125a7481a82fda6cc2b899ffa0a384b9d32c0a80a652eb3f194", kill_on_drop: false }`
[INFO] running `Command { std: "docker" "inspect" "0f7e9b798157f125a7481a82fda6cc2b899ffa0a384b9d32c0a80a652eb3f194", kill_on_drop: false }`
[INFO] running `Command { std: "docker" "exec" "-e" "SOURCE_DIR=/opt/rustwide/workdir" "-e" "CARGO_HOME=/opt/rustwide/cargo-home" "-e" "RUSTUP_HOME=/opt/rustwide/rustup-home" "-e" "CARGO_TARGET_DIR=/opt/rustwide/target" "-w" "/opt/rustwide/workdir" "--user" "0:0" "0f7e9b798157f125a7481a82fda6cc2b899ffa0a384b9d32c0a80a652eb3f194" "/opt/rustwide/cargo-home/bin/cargo" "+1.99.0-beta.8" "metadata" "--no-deps" "--format-version=1", kill_on_drop: false }`
[INFO] running `Command { std: "docker" "inspect" "0f7e9b798157f125a7481a82fda6cc2b899ffa0a384b9d32c0a80a652eb3f194", kill_on_drop: false }`
[INFO] running `Command { std: "docker" "exec" "-e" "SOURCE_DIR=/opt/rustwide/workdir" "-e" "CARGO_HOME=/opt/rustwide/cargo-home" "-e" "RUSTUP_HOME=/opt/rustwide/rustup-home" "-e" "CARGO_TARGET_DIR=/opt/rustwide/target" "-e" "CARGO_INCREMENTAL=0" "-e" "RUST_BACKTRACE=full" "-e" "RUSTFLAGS=--cap-lints=warn" "-e" "RUSTDOCFLAGS=--cap-lints=warn" "-w" "/opt/rustwide/workdir" "--user" "0:0" "0f7e9b798157f125a7481a82fda6cc2b899ffa0a384b9d32c0a80a652eb3f194" "/opt/rustwide/cargo-home/bin/cargo" "+1.99.0-beta.8" "build" "--frozen" "--message-format=json" "--release", kill_on_drop: false }`
[INFO] [stderr]    Compiling syn v2.0.117
[INFO] [stderr]    Compiling libc v0.2.183
[INFO] [stderr]    Compiling aws-lc-rs v1.16.2
[INFO] [stderr]    Compiling http v1.4.0
[INFO] [stderr]    Compiling rustls-pki-types v1.14.0
[INFO] [stderr]    Compiling rustls v0.23.37
[INFO] [stderr]    Compiling iri-string v0.7.11
[INFO] [stderr]    Compiling serde_json v1.0.149
[INFO] [stderr]    Compiling unsafe-libyaml-norway v0.2.15
[INFO] [stderr]    Compiling rustls-native-certs v0.8.3
[INFO] [stderr]    Compiling jobserver v0.1.34
[INFO] [stderr]    Compiling http-body v1.0.1
[INFO] [stderr]    Compiling http-body-util v0.1.3
[INFO] [stderr]    Compiling cc v1.2.58
[INFO] [stderr]    Compiling cmake v0.1.58
[INFO] [stderr]    Compiling aws-lc-sys v0.39.1
[INFO] [stderr]    Compiling synstructure v0.13.2
[INFO] [stderr]    Compiling darling_core v0.20.10
[INFO] [stderr]    Compiling zerofrom-derive v0.1.6
[INFO] [stderr]    Compiling yoke-derive v0.8.1
[INFO] [stderr]    Compiling zerovec-derive v0.11.2
[INFO] [stderr]    Compiling displaydoc v0.2.5
[INFO] [stderr]    Compiling tokio-macros v2.6.1
[INFO] [stderr]    Compiling zerofrom v0.1.6
[INFO] [stderr]    Compiling yoke v0.8.1
[INFO] [stderr]    Compiling futures-macro v0.3.32
[INFO] [stderr]    Compiling serde_derive v1.0.228
[INFO] [stderr]    Compiling zerotrie v0.2.3
[INFO] [stderr]    Compiling tokio v1.50.0
[INFO] [stderr]    Compiling strum_macros v0.28.0
[INFO] [stderr]    Compiling zerovec v0.11.5
[INFO] [stderr]    Compiling futures-util v0.3.32
[INFO] [stderr]    Compiling thiserror-impl v2.0.18
[INFO] [stderr]    Compiling darling_macro v0.20.10
[INFO] [stderr]    Compiling darling v0.20.10
[INFO] [stderr]    Compiling serde_with_macros v3.12.0
[INFO] [stderr]    Compiling tinystr v0.8.2
[INFO] [stderr]    Compiling icu_locale_core v2.1.1
[INFO] [stderr]    Compiling potential_utf v0.1.4
[INFO] [stderr]    Compiling icu_collections v2.1.1
[INFO] [stderr]    Compiling thiserror v2.0.18
[INFO] [stderr]    Compiling icu_provider v2.1.1
[INFO] [stderr]    Compiling strum v0.28.0
[INFO] [stderr]    Compiling icu_normalizer v2.1.1
[INFO] [stderr]    Compiling icu_properties v2.1.2
[INFO] [stderr]    Compiling serde v1.0.228
[INFO] [stderr]    Compiling futures-executor v0.3.32
[INFO] [stderr]    Compiling serde_with v3.12.0
[INFO] [stderr]    Compiling chrono v0.4.44
[INFO] [stderr]    Compiling serde_norway v0.9.42
[INFO] [stderr]    Compiling idna_adapter v1.2.1
[INFO] [stderr]    Compiling idna v1.1.0
[INFO] [stderr]    Compiling url v2.5.8
[INFO] [stderr]    Compiling futures v0.3.32
[INFO] [stderr]    Compiling tokio-util v0.7.18
[INFO] [stderr]    Compiling tower v0.5.3
[INFO] [stderr]    Compiling h2 v0.4.13
[INFO] [stderr]    Compiling tower-http v0.6.8
[INFO] [stderr]    Compiling hyper v1.8.1
[INFO] [stderr]    Compiling hyper-util v0.1.20
[INFO] [stderr]    Compiling rustls-webpki v0.103.13
[INFO] [stderr]    Compiling tokio-rustls v0.26.4
[INFO] [stderr]    Compiling rustls-platform-verifier v0.6.2
[INFO] [stderr]    Compiling hyper-rustls v0.27.7
[INFO] [stderr]    Compiling reqwest v0.13.2
[INFO] [stderr]    Compiling lava-api v0.2.1 (/opt/rustwide/workdir)
[INFO] [stderr]     Finished `release` profile [optimized] target(s) in 3m 49s
[INFO] running `Command { std: "docker" "inspect" "0f7e9b798157f125a7481a82fda6cc2b899ffa0a384b9d32c0a80a652eb3f194", kill_on_drop: false }`
[INFO] running `Command { std: "docker" "exec" "-e" "SOURCE_DIR=/opt/rustwide/workdir" "-e" "CARGO_HOME=/opt/rustwide/cargo-home" "-e" "RUSTUP_HOME=/opt/rustwide/rustup-home" "-e" "CARGO_TARGET_DIR=/opt/rustwide/target" "-e" "CARGO_INCREMENTAL=0" "-e" "RUST_BACKTRACE=full" "-e" "RUSTFLAGS=--cap-lints=warn" "-e" "RUSTDOCFLAGS=--cap-lints=warn" "-w" "/opt/rustwide/workdir" "--user" "0:0" "0f7e9b798157f125a7481a82fda6cc2b899ffa0a384b9d32c0a80a652eb3f194" "/opt/rustwide/cargo-home/bin/cargo" "+1.99.0-beta.8" "test" "--frozen" "--no-run" "--message-format=json" "--release", kill_on_drop: false }`
[INFO] [stderr]    Compiling tokio v1.50.0
[INFO] [stderr]    Compiling serde v1.0.228
[INFO] [stderr]    Compiling futures-util v0.3.32
[INFO] [stderr]    Compiling num-traits v0.2.19
[INFO] [stderr]    Compiling syn v1.0.109
[INFO] [stderr]    Compiling icu_normalizer v2.1.1
[INFO] [stderr]    Compiling getrandom v0.1.16
[INFO] [stderr]    Compiling http v0.2.12
[INFO] [stderr]    Compiling darling_core v0.20.10
[INFO] [stderr]    Compiling idna_adapter v1.2.1
[INFO] [stderr]    Compiling idna v1.1.0
[INFO] [stderr]    Compiling url v2.5.8
[INFO] [stderr]    Compiling num-integer v0.1.46
[INFO] [stderr]    Compiling rand_core v0.5.1
[INFO] [stderr]    Compiling proc-macro-error-attr v1.0.4
[INFO] [stderr]    Compiling concurrent-queue v2.5.0
[INFO] [stderr]    Compiling rand_chacha v0.2.2
[INFO] [stderr]    Compiling proc-macro-error v1.0.4
[INFO] [stderr]    Compiling http-types v2.12.0
[INFO] [stderr]    Compiling chrono v0.4.44
[INFO] [stderr]    Compiling rand v0.7.3
[INFO] [stderr]    Compiling darling_macro v0.20.10
[INFO] [stderr]    Compiling futures-lite v1.13.0
[INFO] [stderr]    Compiling darling v0.20.10
[INFO] [stderr]    Compiling async-channel v1.9.0
[INFO] [stderr]    Compiling futures-executor v0.3.32
[INFO] [stderr]    Compiling futures v0.3.32
[INFO] [stderr]    Compiling serde_qs v0.8.5
[INFO] [stderr]    Compiling num-bigint v0.4.6
[INFO] [stderr]    Compiling http-body v0.4.6
[INFO] [stderr]    Compiling serde_urlencoded v0.7.1
[INFO] [stderr]    Compiling socket2 v0.5.10
[INFO] [stderr]    Compiling num_cpus v1.17.0
[INFO] [stderr]    Compiling infer v0.2.3
[INFO] [stderr]    Compiling retain_mut v0.1.9
[INFO] [stderr]    Compiling deadpool-runtime v0.1.4
[INFO] [stderr]    Compiling unicode-segmentation v1.13.2
[INFO] [stderr]    Compiling anstream v1.0.0
[INFO] [stderr]    Compiling textwrap v0.11.0
[INFO] [stderr]    Compiling heck v0.3.3
[INFO] [stderr]    Compiling num-rational v0.4.2
[INFO] [stderr]    Compiling serde_with_macros v3.12.0
[INFO] [stderr]    Compiling rustls-platform-verifier v0.6.2
[INFO] [stderr]    Compiling env_filter v1.0.1
[INFO] [stderr]    Compiling tokio-util v0.7.18
[INFO] [stderr]    Compiling tower v0.5.3
[INFO] [stderr]    Compiling tokio-rustls v0.26.4
[INFO] [stderr]    Compiling deadpool v0.9.5
[INFO] [stderr]    Compiling h2 v0.4.13
[INFO] [stderr]    Compiling h2 v0.3.27
[INFO] [stderr]    Compiling tower-http v0.6.8
[INFO] [stderr]    Compiling num-iter v0.1.45
[INFO] [stderr]    Compiling num-complex v0.4.6
[INFO] [stderr]    Compiling assert-json-diff v2.0.2
[INFO] [stderr]    Compiling atty v0.2.14
[INFO] [stderr]    Compiling futures-timer v3.0.3
[INFO] [stderr]    Compiling jiff v0.2.23
[INFO] [stderr]    Compiling convert_case v0.5.0
[INFO] [stderr]    Compiling persian-rug_derive v0.1.3
[INFO] [stderr]    Compiling serde_norway v0.9.42
[INFO] [stderr]    Compiling clap v2.34.0
[INFO] [stderr]    Compiling num v0.4.3
[INFO] [stderr]    Compiling serde_with v3.12.0
[INFO] [stderr]    Compiling hyper v1.8.1
[INFO] [stderr]    Compiling hyper v0.14.32
[INFO] [stderr]    Compiling hyper-util v0.1.20
[INFO] [stderr]    Compiling env_logger v0.11.10
[INFO] [stderr]    Compiling tokio-stream v0.1.18
[INFO] [stderr]    Compiling structopt-derive v0.4.18
[INFO] [stderr]    Compiling strum v0.28.0
[INFO] [stderr]    Compiling django-query_derive v0.2.1
[INFO] [stderr]    Compiling boulder_derive v0.3.0
[INFO] [stderr]    Compiling hyper-rustls v0.27.7
[INFO] [stderr]    Compiling reqwest v0.13.2
[INFO] [stderr]    Compiling quick-xml v0.38.4
[INFO] [stderr]    Compiling test-log-macros v0.2.19
[INFO] [stderr]    Compiling strum v0.21.0
[INFO] [stderr]    Compiling structopt v0.3.26
[INFO] [stderr]    Compiling boulder v0.3.0
[INFO] [stderr]    Compiling test-log v0.2.19
[INFO] [stderr]    Compiling tokio-test v0.4.5
[INFO] [stderr]    Compiling persian-rug v0.1.4
[INFO] [stderr]    Compiling wiremock v0.5.22
[INFO] [stderr]    Compiling django-query v0.2.1
[INFO] [stderr]    Compiling junit-parser v1.5.0
[INFO] [stderr]    Compiling lava-api v0.2.1 (/opt/rustwide/workdir)
[INFO] [stdout] error[E0432]: unresolved imports `boulder::GeneratableWithPersianRug`, `boulder::GeneratorWithPersianRugMutIterator`, `boulder::SubsetsFromPersianRug`
[INFO] [stdout]    --> src/job.rs:576:29
[INFO] [stdout]     |
[INFO] [stdout] 576 |         Buildable, Builder, GeneratableWithPersianRug, GeneratorWithPersianRugMutIterator, Repeat,
[INFO] [stdout]     |                             ^^^^^^^^^^^^^^^^^^^^^^^^^  ^^^^^^^^^^^^^^^^^^^^^^^^^^^^^^^^^^ no `GeneratorWithPersianRugMutIterator` in the root
[INFO] [stdout]     |                             |
[INFO] [stdout]     |                             no `GeneratableWithPersianRug` in the root
[INFO] [stdout] 577 |         Some as GSome, SubsetsFromPersianRug, Time,
[INFO] [stdout]     |                        ^^^^^^^^^^^^^^^^^^^^^ no `SubsetsFromPersianRug` in the root
[INFO] [stdout]     |
[INFO] [stdout] note: found an item that was configured out
[INFO] [stdout]    --> /opt/rustwide/cargo-home/registry/src/index.crates.io-1949cf8c6b5b557f/boulder-0.3.0/src/lib.rs:151:53
[INFO] [stdout]     |
[INFO] [stdout] 148 | #[cfg(feature = "persian-rug")]
[INFO] [stdout]     |       ----------------------- the item is gated behind the `persian-rug` feature
[INFO] [stdout] ...
[INFO] [stdout] 151 |     BuildableWithPersianRug, BuilderWithPersianRug, GeneratableWithPersianRug,
[INFO] [stdout]     |                                                     ^^^^^^^^^^^^^^^^^^^^^^^^^
[INFO] [stdout] note: found an item that was configured out
[INFO] [stdout]    --> /opt/rustwide/cargo-home/registry/src/index.crates.io-1949cf8c6b5b557f/boulder-0.3.0/src/lib.rs:153:38
[INFO] [stdout]     |
[INFO] [stdout] 148 | #[cfg(feature = "persian-rug")]
[INFO] [stdout]     |       ----------------------- the item is gated behind the `persian-rug` feature
[INFO] [stdout] ...
[INFO] [stdout] 153 |     GeneratorWithPersianRugIterator, GeneratorWithPersianRugMutIterator, RepeatFromPersianRug,
[INFO] [stdout]     |                                      ^^^^^^^^^^^^^^^^^^^^^^^^^^^^^^^^^^
[INFO] [stdout] note: found an item that was configured out
[INFO] [stdout]    --> /opt/rustwide/cargo-home/registry/src/index.crates.io-1949cf8c6b5b557f/boulder-0.3.0/src/lib.rs:154:60
[INFO] [stdout]     |
[INFO] [stdout] 148 | #[cfg(feature = "persian-rug")]
[INFO] [stdout]     |       ----------------------- the item is gated behind the `persian-rug` feature
[INFO] [stdout] ...
[INFO] [stdout] 154 |     SampleFromPersianRug, SequenceGeneratorWithPersianRug, SubsetsFromPersianRug,
[INFO] [stdout]     |                                                            ^^^^^^^^^^^^^^^^^^^^^
[INFO] [stdout] 
[INFO] [stdout] 
[INFO] [stdout] error[E0432]: unresolved import `lava_api_mock`
[INFO] [stdout]    --> src/device.rs:142:9
[INFO] [stdout]     |
[INFO] [stdout] 142 |     use lava_api_mock::{
[INFO] [stdout]     |         ^^^^^^^^^^^^^ use of unresolved module or unlinked crate `lava_api_mock`
[INFO] [stdout]     |
[INFO] [stdout]     = help: if you wanted to use a crate named `lava_api_mock`, use `cargo add lava_api_mock` to add it to your `Cargo.toml`
[INFO] [stdout] 
[INFO] [stdout] 
[INFO] [stdout] error[E0432]: unresolved import `lava_api_mock`
[INFO] [stdout]    --> src/job.rs:581:9
[INFO] [stdout]     |
[INFO] [stdout] 581 |     use lava_api_mock::{
[INFO] [stdout]     |         ^^^^^^^^^^^^^ use of unresolved module or unlinked crate `lava_api_mock`
[INFO] [stdout]     |
[INFO] [stdout]     = help: if you wanted to use a crate named `lava_api_mock`, use `cargo add lava_api_mock` to add it to your `Cargo.toml`
[INFO] [stdout] 
[INFO] [stdout] 
[INFO] [stdout] error[E0432]: unresolved import `lava_api_mock`
[INFO] [stdout]   --> src/tag.rs:22:9
[INFO] [stdout]    |
[INFO] [stdout] 22 |     use lava_api_mock::{
[INFO] [stdout]    |         ^^^^^^^^^^^^^ use of unresolved module or unlinked crate `lava_api_mock`
[INFO] [stdout]    |
[INFO] [stdout]    = help: if you wanted to use a crate named `lava_api_mock`, use `cargo add lava_api_mock` to add it to your `Cargo.toml`
[INFO] [stdout] 
[INFO] [stdout] 
[INFO] [stdout] error[E0432]: unresolved import `lava_api_mock`
[INFO] [stdout]    --> src/test.rs:148:9
[INFO] [stdout]     |
[INFO] [stdout] 148 |     use lava_api_mock::{Job, LavaMock, PaginationLimits, PopulationParams, SharedState, State};
[INFO] [stdout]     |         ^^^^^^^^^^^^^ use of unresolved module or unlinked crate `lava_api_mock`
[INFO] [stdout]     |
[INFO] [stdout]     = help: if you wanted to use a crate named `lava_api_mock`, use `cargo add lava_api_mock` to add it to your `Cargo.toml`
[INFO] [stdout] 
[INFO] [stdout] 
[INFO] [stdout] error[E0432]: unresolved import `lava_api_mock`
[INFO] [stdout]   --> src/worker.rs:35:9
[INFO] [stdout]    |
[INFO] [stdout] 35 |     use lava_api_mock::{LavaMock, PaginationLimits, PopulationParams, SharedState, State, Worker};
[INFO] [stdout]    |         ^^^^^^^^^^^^^ use of unresolved module or unlinked crate `lava_api_mock`
[INFO] [stdout]    |
[INFO] [stdout]    = help: if you wanted to use a crate named `lava_api_mock`, use `cargo add lava_api_mock` to add it to your `Cargo.toml`
[INFO] [stdout] 
[INFO] [stdout] 
[INFO] [stdout] error[E0433]: cannot find module or crate `lava_api_mock` in this scope
[INFO] [stdout]    --> src/job.rs:794:26
[INFO] [stdout]     |
[INFO] [stdout] 794 |         let mut server = lava_api_mock::LavaMock::new(
[INFO] [stdout]     |                          ^^^^^^^^^^^^^ use of unresolved module or unlinked crate `lava_api_mock`
[INFO] [stdout]     |
[INFO] [stdout]     = help: if you wanted to use a crate named `lava_api_mock`, use `cargo add lava_api_mock` to add it to your `Cargo.toml`
[INFO] [stdout] 
[INFO] [stdout] 
[INFO] [stdout] warning: unused import: `Buildable`
[INFO] [stdout]    --> src/device.rs:140:19
[INFO] [stdout]     |
[INFO] [stdout] 140 |     use boulder::{Buildable, Builder};
[INFO] [stdout]     |                   ^^^^^^^^^
[INFO] [stdout]     |
[INFO] [stdout]     = note: `#[warn(unused_imports)]` (part of `#[warn(unused)]`) on by default
[INFO] [stdout] 
[INFO] [stdout] 
[INFO] [stdout] warning: unused import: `Buildable`
[INFO] [stdout]    --> src/job.rs:576:9
[INFO] [stdout]     |
[INFO] [stdout] 576 |         Buildable, Builder, GeneratableWithPersianRug, GeneratorWithPersianRugMutIterator, Repeat,
[INFO] [stdout]     |         ^^^^^^^^^
[INFO] [stdout] 
[INFO] [stdout] 
[INFO] [stdout] warning: unused import: `Buildable`
[INFO] [stdout]   --> src/tag.rs:21:19
[INFO] [stdout]    |
[INFO] [stdout] 21 |     use boulder::{Buildable, Builder};
[INFO] [stdout]    |                   ^^^^^^^^^
[INFO] [stdout] 
[INFO] [stdout] 
[INFO] [stdout] warning: unused import: `Buildable`
[INFO] [stdout]    --> src/test.rs:146:19
[INFO] [stdout]     |
[INFO] [stdout] 146 |     use boulder::{Buildable, Builder};
[INFO] [stdout]     |                   ^^^^^^^^^
[INFO] [stdout] 
[INFO] [stdout] 
[INFO] [stdout] warning: unused import: `Buildable`
[INFO] [stdout]   --> src/worker.rs:33:19
[INFO] [stdout]    |
[INFO] [stdout] 33 |     use boulder::{Buildable, Builder};
[INFO] [stdout]    |                   ^^^^^^^^^
[INFO] [stdout] 
[INFO] [stdout] 
[INFO] [stdout] error[E0119]: conflicting implementations of trait `TryFrom<&str>` for type `device::Health`
[INFO] [stdout]   --> src/device.rs:17:59
[INFO] [stdout]    |
[INFO] [stdout] 17 | #[derive(Clone, Copy, Debug, DeserializeFromStr, Display, EnumString, Eq, PartialEq)]
[INFO] [stdout]    |                                                           ^^^^^^^^^^
[INFO] [stdout]    |
[INFO] [stdout]    = note: conflicting implementation in crate `core`:
[INFO] [stdout]            - impl<T, U> TryFrom<U> for T
[INFO] [stdout]              where U: Into<T>;
[INFO] [stdout]    = note: this error originates in the derive macro `EnumString` (in Nightly builds, run with -Z macro-backtrace for more info)
[INFO] [stdout] 
[INFO] [stdout] 
[INFO] [stdout] error[E0119]: conflicting implementations of trait `TryFrom<&str>` for type `job::State`
[INFO] [stdout]   --> src/job.rs:24:65
[INFO] [stdout]    |
[INFO] [stdout] 24 |     Copy, Clone, Debug, Hash, PartialEq, Eq, EnumIter, Display, EnumString, DeserializeFromStr,
[INFO] [stdout]    |                                                                 ^^^^^^^^^^
[INFO] [stdout]    |
[INFO] [stdout]    = note: conflicting implementation in crate `core`:
[INFO] [stdout]            - impl<T, U> TryFrom<U> for T
[INFO] [stdout]              where U: Into<T>;
[INFO] [stdout]    = note: this error originates in the derive macro `EnumString` (in Nightly builds, run with -Z macro-backtrace for more info)
[INFO] [stdout] 
[INFO] [stdout] 
[INFO] [stdout] error[E0119]: conflicting implementations of trait `TryFrom<&str>` for type `job::Health`
[INFO] [stdout]   --> src/job.rs:44:56
[INFO] [stdout]    |
[INFO] [stdout] 44 |     Copy, Clone, Debug, PartialEq, Eq, Hash, EnumIter, EnumString, Display, DeserializeFromStr,
[INFO] [stdout]    |                                                        ^^^^^^^^^^
[INFO] [stdout]    |
[INFO] [stdout]    = note: conflicting implementation in crate `core`:
[INFO] [stdout]            - impl<T, U> TryFrom<U> for T
[INFO] [stdout]              where U: Into<T>;
[INFO] [stdout]    = note: this error originates in the derive macro `EnumString` (in Nightly builds, run with -Z macro-backtrace for more info)
[INFO] [stdout] 
[INFO] [stdout] 
[INFO] [stdout] error[E0433]: cannot find module or crate `lava_api_mock` in this scope
[INFO] [stdout]    --> src/device.rs:203:40
[INFO] [stdout]     |
[INFO] [stdout] 203 |         for device in start.get_iter::<lava_api_mock::Device<State>>() {
[INFO] [stdout]     |                                        ^^^^^^^^^^^^^ use of unresolved module or unlinked crate `lava_api_mock`
[INFO] [stdout]     |
[INFO] [stdout]     = help: if you wanted to use a crate named `lava_api_mock`, use `cargo add lava_api_mock` to add it to your `Cargo.toml`
[INFO] [stdout] 
[INFO] [stdout] 
[INFO] [stdout] error[E0433]: cannot find module or crate `lava_api_mock` in this scope
[INFO] [stdout]    --> src/job.rs:729:35
[INFO] [stdout]     |
[INFO] [stdout] 729 |         for j in start.get_iter::<lava_api_mock::Job<lava_api_mock::State>>() {
[INFO] [stdout]     |                                   ^^^^^^^^^^^^^ use of unresolved module or unlinked crate `lava_api_mock`
[INFO] [stdout]     |
[INFO] [stdout]     = help: if you wanted to use a crate named `lava_api_mock`, use `cargo add lava_api_mock` to add it to your `Cargo.toml`
[INFO] [stdout] 
[INFO] [stdout] 
[INFO] [stdout] error[E0433]: cannot find module or crate `lava_api_mock` in this scope
[INFO] [stdout]    --> src/job.rs:729:54
[INFO] [stdout]     |
[INFO] [stdout] 729 |         for j in start.get_iter::<lava_api_mock::Job<lava_api_mock::State>>() {
[INFO] [stdout]     |                                                      ^^^^^^^^^^^^^ use of unresolved module or unlinked crate `lava_api_mock`
[INFO] [stdout]     |
[INFO] [stdout]     = help: if you wanted to use a crate named `lava_api_mock`, use `cargo add lava_api_mock` to add it to your `Cargo.toml`
[INFO] [stdout] 
[INFO] [stdout] 
[INFO] [stdout] error[E0433]: cannot find module or crate `lava_api_mock` in this scope
[INFO] [stdout]    --> src/job.rs:809:36
[INFO] [stdout]     |
[INFO] [stdout] 809 |         let mut item_gen = Proxy::<lava_api_mock::Job<lava_api_mock::State>>::generator()
[INFO] [stdout]     |                                    ^^^^^^^^^^^^^ use of unresolved module or unlinked crate `lava_api_mock`
[INFO] [stdout]     |
[INFO] [stdout]     = help: if you wanted to use a crate named `lava_api_mock`, use `cargo add lava_api_mock` to add it to your `Cargo.toml`
[INFO] [stdout] 
[INFO] [stdout] 
[INFO] [stdout] error[E0433]: cannot find module or crate `lava_api_mock` in this scope
[INFO] [stdout]    --> src/job.rs:809:55
[INFO] [stdout]     |
[INFO] [stdout] 809 |         let mut item_gen = Proxy::<lava_api_mock::Job<lava_api_mock::State>>::generator()
[INFO] [stdout]     |                                                       ^^^^^^^^^^^^^ use of unresolved module or unlinked crate `lava_api_mock`
[INFO] [stdout]     |
[INFO] [stdout]     = help: if you wanted to use a crate named `lava_api_mock`, use `cargo add lava_api_mock` to add it to your `Cargo.toml`
[INFO] [stdout] 
[INFO] [stdout] 
[INFO] [stdout] error[E0433]: cannot find module or crate `lava_api_mock` in this scope
[INFO] [stdout]    --> src/job.rs:981:35
[INFO] [stdout]     |
[INFO] [stdout] 981 |         for t in start.get_iter::<lava_api_mock::TestCase<lava_api_mock::State>>() {
[INFO] [stdout]     |                                   ^^^^^^^^^^^^^ use of unresolved module or unlinked crate `lava_api_mock`
[INFO] [stdout]     |
[INFO] [stdout]     = help: if you wanted to use a crate named `lava_api_mock`, use `cargo add lava_api_mock` to add it to your `Cargo.toml`
[INFO] [stdout] 
[INFO] [stdout] 
[INFO] [stdout] error[E0433]: cannot find module or crate `lava_api_mock` in this scope
[INFO] [stdout]    --> src/job.rs:981:59
[INFO] [stdout]     |
[INFO] [stdout] 981 |         for t in start.get_iter::<lava_api_mock::TestCase<lava_api_mock::State>>() {
[INFO] [stdout]     |                                                           ^^^^^^^^^^^^^ use of unresolved module or unlinked crate `lava_api_mock`
[INFO] [stdout]     |
[INFO] [stdout]     = help: if you wanted to use a crate named `lava_api_mock`, use `cargo add lava_api_mock` to add it to your `Cargo.toml`
[INFO] [stdout] 
[INFO] [stdout] 
[INFO] [stdout] error[E0433]: cannot find module or crate `lava_api_mock` in this scope
[INFO] [stdout]    --> src/job.rs:988:37
[INFO] [stdout]     |
[INFO] [stdout] 988 |         for job in start.get_iter::<lava_api_mock::Job<lava_api_mock::State>>() {
[INFO] [stdout]     |                                     ^^^^^^^^^^^^^ use of unresolved module or unlinked crate `lava_api_mock`
[INFO] [stdout]     |
[INFO] [stdout]     = help: if you wanted to use a crate named `lava_api_mock`, use `cargo add lava_api_mock` to add it to your `Cargo.toml`
[INFO] [stdout] 
[INFO] [stdout] 
[INFO] [stdout] error[E0433]: cannot find module or crate `lava_api_mock` in this scope
[INFO] [stdout]    --> src/job.rs:988:56
[INFO] [stdout]     |
[INFO] [stdout] 988 |         for job in start.get_iter::<lava_api_mock::Job<lava_api_mock::State>>() {
[INFO] [stdout]     |                                                        ^^^^^^^^^^^^^ use of unresolved module or unlinked crate `lava_api_mock`
[INFO] [stdout]     |
[INFO] [stdout]     = help: if you wanted to use a crate named `lava_api_mock`, use `cargo add lava_api_mock` to add it to your `Cargo.toml`
[INFO] [stdout] 
[INFO] [stdout] 
[INFO] [stdout] error[E0433]: cannot find module or crate `lava_api_mock` in this scope
[INFO] [stdout]    --> src/test.rs:263:35
[INFO] [stdout]     |
[INFO] [stdout] 263 |         for t in start.get_iter::<lava_api_mock::TestCase<State>>() {
[INFO] [stdout]     |                                   ^^^^^^^^^^^^^ use of unresolved module or unlinked crate `lava_api_mock`
[INFO] [stdout]     |
[INFO] [stdout]     = help: if you wanted to use a crate named `lava_api_mock`, use `cargo add lava_api_mock` to add it to your `Cargo.toml`
[INFO] [stdout] 
[INFO] [stdout] 
[INFO] [stdout] Some errors have detailed explanations: E0119, E0432, E0433.
[INFO] [stdout] 
[INFO] [stdout] For more information about an error, try `rustc --explain E0119`.
[INFO] [stdout] 
[INFO] [stderr] error: could not compile `lava-api` (lib test) due to 20 previous errors; 5 warnings emitted
[INFO] [stderr] warning: build failed, waiting for other jobs to finish...
[INFO] running `Command { std: "docker" "inspect" "0f7e9b798157f125a7481a82fda6cc2b899ffa0a384b9d32c0a80a652eb3f194", kill_on_drop: false }`
[INFO] running `Command { std: "docker" "rm" "-f" "0f7e9b798157f125a7481a82fda6cc2b899ffa0a384b9d32c0a80a652eb3f194", kill_on_drop: false }`
[INFO] [stdout] 0f7e9b798157f125a7481a82fda6cc2b899ffa0a384b9d32c0a80a652eb3f194
