[INFO] fetching crate latent 0.1.0...
[INFO] testing latent-0.1.0 against 1.99.0-beta.8+cargoflags=--release for beta-release-1.100-2
[INFO] extracting crate latent 0.1.0 into /workspace/builds/worker-6-tc1/source
[INFO] started tweaking crates.io crate latent 0.1.0
[INFO] removed 0 missing tests
[INFO] finished tweaking crates.io crate latent 0.1.0
[INFO] tweaked toml for crates.io crate latent 0.1.0 written to /workspace/builds/worker-6-tc1/source/Cargo.toml
[INFO] validating manifest of crates.io crate latent 0.1.0 on toolchain 1.99.0-beta.8
[INFO] running `Command { std: CARGO_HOME="/workspace/cargo-home" RUSTUP_HOME="/workspace/rustup-home" "/workspace/cargo-home/bin/cargo" "+1.99.0-beta.8" "metadata" "--manifest-path" "Cargo.toml" "--no-deps", kill_on_drop: false }`
[INFO] crate crates.io crate latent 0.1.0 already has a lockfile, it will not be regenerated
[INFO] running `Command { std: CARGO_HOME="/workspace/cargo-home" RUSTUP_HOME="/workspace/rustup-home" "/workspace/cargo-home/bin/cargo" "+1.99.0-beta.8" "fetch" "--manifest-path" "Cargo.toml", kill_on_drop: false }`
[INFO] [stderr]     Updating crates.io index
[INFO] [stderr]  Downloading crates ...
[INFO] [stderr]   Downloaded rmcp-macros v3.4.1
[INFO] [stderr]   Downloaded instability v0.3.14
[INFO] [stderr]   Downloaded process-wrap v10.0.1
[INFO] [stderr]   Downloaded rmcp v3.4.1
[INFO] [stderr]   Downloaded pest_derive v2.9.2
[INFO] [stderr]   Downloaded pest_meta v2.9.2
[INFO] [stderr]   Downloaded pest_generator v2.9.2
[INFO] [stderr]   Downloaded pest v2.9.2
[INFO] [stderr]   Downloaded latent-web v0.1.0
[INFO] [stderr]   Downloaded latent-agent v0.1.0
[INFO] [stderr]   Downloaded latent-ai v0.1.0
[INFO] [stderr]   Downloaded jsonschema v0.58.0
[INFO] [stderr]   Downloaded rustls-platform-verifier-android v0.2.0
[INFO] [stderr]   Downloaded rustls-platform-verifier v0.7.1
[INFO] [stderr]   Downloaded micromap v0.3.0
[INFO] [stderr]   Downloaded referencing v0.58.0
[INFO] [stderr]   Downloaded jsonschema-value v0.58.0
[INFO] [stderr]   Downloaded fraction v0.17.0
[INFO] [stderr]   Downloaded jsonschema-regex v0.58.0
[INFO] [stderr]   Downloaded fancy-regex v0.19.2
[INFO] [stderr]   Downloaded htmd v0.3.2
[INFO] [stderr]   Downloaded latent-tui v0.1.0
[INFO] [stderr]   Downloaded readkey v0.2.2
[INFO] [stderr]   Downloaded ratatui-themes v0.3.0
[INFO] [stderr]   Downloaded latent-tools v0.1.0
[INFO] [stderr]   Downloaded ignore v0.4.33
[INFO] [stderr]   Downloaded latent-sandbox v0.1.0
[INFO] [stderr]   Downloaded latent-session v0.1.0
[INFO] [stderr]   Downloaded landlock v0.4.7
[INFO] [stderr]   Downloaded latent-core v0.1.0
[INFO] [stderr]   Downloaded seccompiler v0.4.0
[INFO] running `Command { std: "docker" "create" "-v" "/var/lib/crater-agent-workspace/builds/worker-6-tc1/source:/opt/rustwide/workdir:ro,Z" "-v" "/var/lib/crater-agent-workspace/builds/worker-6-tc1/target:/opt/rustwide/target:rw,Z" "-v" "/var/lib/crater-agent-workspace/cargo-home:/opt/rustwide/cargo-home:ro,Z" "-v" "/var/lib/crater-agent-workspace/rustup-home:/opt/rustwide/rustup-home:ro,Z" "-m" "1610612736" "--network" "none" "ghcr.io/rust-lang/crates-build-env/linux@sha256:77db811e55d90add9212f6832c23229e3de5f1c1f9905e8cb07319ea15df73ac" "sleep" "infinity", kill_on_drop: false }`
[INFO] [stdout] 90a28eba3c088a64562d84ada4e257ce485e9c569baea92c6f2e51c82ca01e73
[INFO] running `Command { std: "docker" "start" "90a28eba3c088a64562d84ada4e257ce485e9c569baea92c6f2e51c82ca01e73", kill_on_drop: false }`
[INFO] running `Command { std: "docker" "inspect" "90a28eba3c088a64562d84ada4e257ce485e9c569baea92c6f2e51c82ca01e73", kill_on_drop: false }`
[INFO] running `Command { std: "docker" "exec" "-e" "SOURCE_DIR=/opt/rustwide/workdir" "-e" "CARGO_HOME=/opt/rustwide/cargo-home" "-e" "RUSTUP_HOME=/opt/rustwide/rustup-home" "-e" "CARGO_TARGET_DIR=/opt/rustwide/target" "-w" "/opt/rustwide/workdir" "--user" "0:0" "90a28eba3c088a64562d84ada4e257ce485e9c569baea92c6f2e51c82ca01e73" "/opt/rustwide/cargo-home/bin/cargo" "+1.99.0-beta.8" "metadata" "--no-deps" "--format-version=1", kill_on_drop: false }`
[INFO] running `Command { std: "docker" "inspect" "90a28eba3c088a64562d84ada4e257ce485e9c569baea92c6f2e51c82ca01e73", kill_on_drop: false }`
[INFO] running `Command { std: "docker" "exec" "-e" "SOURCE_DIR=/opt/rustwide/workdir" "-e" "CARGO_HOME=/opt/rustwide/cargo-home" "-e" "RUSTUP_HOME=/opt/rustwide/rustup-home" "-e" "CARGO_TARGET_DIR=/opt/rustwide/target" "-e" "CARGO_INCREMENTAL=0" "-e" "RUST_BACKTRACE=full" "-e" "RUSTFLAGS=--cap-lints=warn" "-e" "RUSTDOCFLAGS=--cap-lints=warn" "-w" "/opt/rustwide/workdir" "--user" "0:0" "90a28eba3c088a64562d84ada4e257ce485e9c569baea92c6f2e51c82ca01e73" "/opt/rustwide/cargo-home/bin/cargo" "+1.99.0-beta.8" "build" "--frozen" "--message-format=json" "--release", kill_on_drop: false }`
[INFO] [stderr]    Compiling zerocopy v0.8.59
[INFO] [stderr]    Compiling smallvec v1.16.2
[INFO] [stderr]    Compiling syn v3.0.6
[INFO] [stderr]    Compiling syn v2.0.119
[INFO] [stderr]    Compiling errno v0.3.14
[INFO] [stderr]    Compiling hashbrown v0.17.1
[INFO] [stderr]    Compiling mio v1.2.3
[INFO] [stderr]    Compiling getrandom v0.2.17
[INFO] [stderr]    Compiling signal-hook-registry v1.4.8
[INFO] [stderr]    Compiling rand_core v0.6.4
[INFO] [stderr]    Compiling bitflags v2.13.2
[INFO] [stderr]    Compiling find-msvc-tools v0.1.13
[INFO] [stderr]    Compiling parking_lot_core v0.9.12
[INFO] [stderr]    Compiling cc v1.4.7
[INFO] [stderr]    Compiling socket2 v0.6.5
[INFO] [stderr]    Compiling parking_lot v0.12.5
[INFO] [stderr]    Compiling thiserror v2.0.21
[INFO] [stderr]    Compiling indexmap v2.14.2
[INFO] [stderr]    Compiling serde_json v1.0.151
[INFO] [stderr]    Compiling cmake v0.1.58
[INFO] [stderr]    Compiling http v1.5.0
[INFO] [stderr]    Compiling aho-corasick v1.1.5
[INFO] [stderr]    Compiling rustls v0.23.45
[INFO] [stderr]    Compiling bit-set v0.8.0
[INFO] [stderr]    Compiling aws-lc-sys v0.45.0
[INFO] [stderr]    Compiling ring v0.17.14
[INFO] [stderr]    Compiling regex-automata v0.4.18
[INFO] [stderr]    Compiling synstructure v0.14.0
[INFO] [stderr]    Compiling ppv-lite86 v0.2.21
[INFO] [stderr]    Compiling http-body v1.1.0
[INFO] [stderr]    Compiling darling_core v0.24.1
[INFO] [stderr]    Compiling rand_chacha v0.3.1
[INFO] [stderr]    Compiling rand v0.8.8
[INFO] [stderr]    Compiling tracing-attributes v0.1.31
[INFO] [stderr]    Compiling serde_derive v1.0.229
[INFO] [stderr]    Compiling zerofrom-derive v0.1.8
[INFO] [stderr]    Compiling yoke-derive v0.8.3
[INFO] [stderr]    Compiling zerofrom v0.1.8
[INFO] [stderr]    Compiling zerovec-derive v0.11.6
[INFO] [stderr]    Compiling yoke v0.8.3
[INFO] [stderr]    Compiling tokio-macros v2.7.2
[INFO] [stderr]    Compiling displaydoc v0.2.7
[INFO] [stderr]    Compiling tokio v1.53.1
[INFO] [stderr]    Compiling zerovec v0.11.8
[INFO] [stderr]    Compiling phf_generator v0.11.3
[INFO] [stderr]    Compiling thiserror-impl v2.0.21
[INFO] [stderr]    Compiling serde v1.0.229
[INFO] [stderr]    Compiling futures-macro v0.3.34
[INFO] [stderr]    Compiling tinystr v0.8.4
[INFO] [stderr]    Compiling icu_locale_core v2.3.0
[INFO] [stderr]    Compiling futures-util v0.3.34
[INFO] [stderr]    Compiling potential_utf v0.1.6
[INFO] [stderr]    Compiling zerotrie v0.2.5
[INFO] [stderr]    Compiling icu_collections v2.3.0
[INFO] [stderr]    Compiling tracing v0.1.44
[INFO] [stderr]    Compiling icu_provider v2.3.1
[INFO] [stderr]    Compiling phf_codegen v0.11.3
[INFO] [stderr]    Compiling string_cache_codegen v0.5.4
[INFO] [stderr]    Compiling icu_normalizer v2.3.0
[INFO] [stderr]    Compiling icu_properties v2.3.0
[INFO] [stderr]    Compiling strum_macros v0.28.0
[INFO] [stderr]    Compiling idna_adapter v1.2.2
[INFO] [stderr]    Compiling phf_macros v0.11.3
[INFO] [stderr]    Compiling idna v1.1.0
[INFO] [stderr]    Compiling darling_macro v0.24.1
[INFO] [stderr]    Compiling phf v0.11.3
[INFO] [stderr]    Compiling url v2.5.8
[INFO] [stderr]    Compiling ref-cast-impl v1.0.27
[INFO] [stderr]    Compiling ahash v0.8.12
[INFO] [stderr]    Compiling strum v0.28.0
[INFO] [stderr]    Compiling ref-cast v1.0.27
[INFO] [stderr]    Compiling getrandom v0.3.4
[INFO] [stderr]    Compiling tokio-util v0.7.19
[INFO] [stderr]    Compiling h2 v0.4.19
[INFO] [stderr]    Compiling tower v0.5.3
[INFO] [stderr]    Compiling darling v0.24.1
[INFO] [stderr]    Compiling string_cache v0.8.9
[INFO] [stderr]    Compiling webpki-roots v1.0.9
[INFO] [stderr]    Compiling num-rational v0.4.2
[INFO] [stderr]    Compiling tower-http v0.6.11
[INFO] [stderr]    Compiling futures-executor v0.3.34
[INFO] [stderr]    Compiling http-body-util v0.1.5
[INFO] [stderr]    Compiling num-iter v0.1.46
[INFO] [stderr]    Compiling num-complex v0.4.6
[INFO] [stderr]    Compiling getrandom v0.4.3
[INFO] [stderr]    Compiling time v0.3.55
[INFO] [stderr]    Compiling itertools v0.14.0
[INFO] [stderr]    Compiling num v0.4.3
[INFO] [stderr]    Compiling futures v0.3.34
[INFO] [stderr]    Compiling castaway v0.2.4
[INFO] [stderr]    Compiling web_atoms v0.1.3
[INFO] [stderr]    Compiling signal-hook v0.3.18
[INFO] [stderr]    Compiling borrow-or-share v0.2.4
[INFO] [stderr]    Compiling hyper v1.11.1
[INFO] [stderr]    Compiling jsonschema-value v0.58.0
[INFO] [stderr]    Compiling compact_str v0.9.1
[INFO] [stderr]    Compiling unicode-truncate v2.0.1
[INFO] [stderr]    Compiling fluent-uri v0.4.1
[INFO] [stderr]    Compiling kasuari v0.4.12
[INFO] [stderr]    Compiling hyper-util v0.1.21
[INFO] [stderr]    Compiling fraction v0.17.0
[INFO] [stderr]    Compiling serde_urlencoded v0.7.1
[INFO] [stderr]    Compiling regex v1.13.1
[INFO] [stderr]    Compiling async-stream-impl v0.3.6
[INFO] [stderr]    Compiling lru v0.18.5
[INFO] [stderr]    Compiling vsimd v0.8.0
[INFO] [stderr]    Compiling outref v0.5.2
[INFO] [stderr]    Compiling bytecount v0.6.9
[INFO] [stderr]    Compiling num-cmp v0.1.0
[INFO] [stderr]    Compiling rustix v1.1.5
[INFO] [stderr]    Compiling micromap v0.3.0
[INFO] [stderr]    Compiling instability v0.3.14
[INFO] [stderr]    Compiling uuid-simd v0.8.0
[INFO] [stderr]    Compiling ratatui-core v0.1.2
[INFO] [stderr]    Compiling referencing v0.58.0
[INFO] [stderr]    Compiling nix v0.31.3
[INFO] [stderr]    Compiling async-stream v0.3.6
[INFO] [stderr]    Compiling uuid v1.26.1
[INFO] [stderr]    Compiling phf_generator v0.10.0
[INFO] [stderr]    Compiling derive_more-impl v2.1.1
[INFO] [stderr]    Compiling email_address v0.2.9
[INFO] [stderr]    Compiling fancy-regex v0.19.2
[INFO] [stderr]    Compiling async-trait v0.1.92
[INFO] [stderr]    Compiling jsonschema-regex v0.58.0
[INFO] [stderr]    Compiling crossbeam-utils v0.8.23
[INFO] [stderr]    Compiling crc32fast v1.5.2
[INFO] [stderr]    Compiling serde_core v1.0.229
[INFO] [stderr]    Compiling generic-array v0.14.7
[INFO] [stderr]    Compiling derive_more v2.1.1
[INFO] [stderr]    Compiling markup5ever v0.35.0
[INFO] [stderr]    Compiling phf_codegen v0.10.0
[INFO] [stderr]    Compiling signal-hook-mio v0.2.5
[INFO] [stderr]    Compiling markup5ever v0.12.1
[INFO] [stderr]    Compiling line-clipping v0.3.8
[INFO] [stderr]    Compiling chrono v0.4.42
[INFO] [stderr]    Compiling ratatui-widgets v0.3.2
[INFO] [stderr]    Compiling selectors v0.25.0
[INFO] [stderr]    Compiling crossterm v0.29.0
[INFO] [stderr]    Compiling match_token v0.35.0
[INFO] [stderr]    Compiling cssparser-macros v0.6.1
[INFO] [stderr]    Compiling html5ever v0.27.0
[INFO] [stderr]    Compiling serde_derive_internals v0.30.0
[INFO] [stderr]    Compiling quick-xml v0.42.0
[INFO] [stderr]    Compiling linked-hash-map v0.5.6
[INFO] [stderr]    Compiling schemars_derive v1.2.2
[INFO] [stderr]    Compiling yaml-rust v0.4.5
[INFO] [stderr]    Compiling plist v1.10.1
[INFO] [stderr]    Compiling html5ever v0.35.0
[INFO] [stderr]    Compiling cssparser v0.31.2
[INFO] [stderr]    Compiling crossbeam-epoch v0.9.21
[INFO] [stderr]    Compiling flate2 v1.1.10
[INFO] [stderr]    Compiling ratatui-macros v0.7.2
[INFO] [stderr]    Compiling ratatui-crossterm v0.1.2
[INFO] [stderr]    Compiling block-buffer v0.10.4
[INFO] [stderr]    Compiling crypto-common v0.1.7
[INFO] [stderr]    Compiling xml5ever v0.35.0
[INFO] [stderr]    Compiling bincode v1.3.3
[INFO] [stderr]    Compiling fancy-regex v0.16.2
[INFO] [stderr]    Compiling derive_more v0.99.20
[INFO] [stderr]    Compiling enumflags2_derive v0.7.12
[INFO] [stderr]    Compiling bstr v1.13.1
[INFO] [stderr]    Compiling rmcp v3.4.1
[INFO] [stderr]    Compiling syntect v5.3.0
[INFO] [stderr]    Compiling schemars v1.2.2
[INFO] [stderr]    Compiling enumflags2 v0.7.12
[INFO] [stderr]    Compiling globset v0.4.20
[INFO] [stderr]    Compiling markup5ever_rcdom v0.35.0+unofficial
[INFO] [stderr]    Compiling digest v0.10.7
[INFO] [stderr]    Compiling ratatui v0.30.2
[INFO] [stderr]    Compiling rmcp-macros v3.4.1
[INFO] [stderr]    Compiling crossbeam-deque v0.8.8
[INFO] [stderr]    Compiling process-wrap v10.0.1
[INFO] [stderr]    Compiling tokio-stream v0.1.19
[INFO] [stderr]    Compiling pastey v0.2.3
[INFO] [stderr]    Compiling scraper v0.20.0
[INFO] [stderr]    Compiling sha2 v0.10.9
[INFO] [stderr]    Compiling unicode-normalization v0.1.25
[INFO] [stderr]    Compiling two-face v0.5.2+bat-0.26.1
[INFO] [stderr]    Compiling ignore v0.4.33
[INFO] [stderr]    Compiling ratatui-themes v0.3.0
[INFO] [stderr]    Compiling htmd v0.3.2
[INFO] [stderr]    Compiling landlock v0.4.7
[INFO] [stderr]    Compiling seccompiler v0.4.0
[INFO] [stderr]    Compiling latent-sandbox v0.1.0
[INFO] [stdout] error[E0433]: cannot find `SeccompValueMask` in `seccompiler`
[INFO] [stdout]    --> /opt/rustwide/cargo-home/registry/src/index.crates.io-1949cf8c6b5b557f/latent-sandbox-0.1.0/src/landlock.rs:156:26
[INFO] [stdout]     |
[INFO] [stdout] 156 |             seccompiler::SeccompValueMask::Eq(1),
[INFO] [stdout]     |                          ^^^^^^^^^^^^^^^^ could not find `SeccompValueMask` in `seccompiler`
[INFO] [stdout] 
[INFO] [stdout] 
[INFO] [stdout] error[E0599]: no variant, associated function, or constant named `new_enforceable` found for enum `ABI` in the current scope
[INFO] [stdout]    --> /opt/rustwide/cargo-home/registry/src/index.crates.io-1949cf8c6b5b557f/latent-sandbox-0.1.0/src/landlock.rs:116:20
[INFO] [stdout]     |
[INFO] [stdout] 116 |     let abi = ABI::new_enforceable().map_err(|e| format!("landlock ABI probe failed: {e}"))?;
[INFO] [stdout]     |                    ^^^^^^^^^^^^^^^ variant, associated function, or constant not found in `ABI`
[INFO] [stdout] 
[INFO] [stdout] 
[INFO] [stdout] error[E0599]: no method named `map_err` found for struct `BitFlags<T, N>` in the current scope
[INFO] [stdout]    --> /opt/rustwide/cargo-home/registry/src/index.crates.io-1949cf8c6b5b557f/latent-sandbox-0.1.0/src/landlock.rs:118:10
[INFO] [stdout]     |
[INFO] [stdout] 117 |       let read_access = AccessFs::from_read(abi)
[INFO] [stdout]     |  _______________________-
[INFO] [stdout] 118 | |         .map_err(|e| format!("failed to build landlock read access set: {e}"))?;
[INFO] [stdout]     | |         -^^^^^^^ method not found in `BitFlags<AccessFs, u64>`
[INFO] [stdout]     | |_________|
[INFO] [stdout]     |
[INFO] [stdout] 
[INFO] [stdout] 
[INFO] [stdout] error[E0599]: no variant, associated function, or constant named `from_all` found for enum `AccessFs` in the current scope
[INFO] [stdout]    --> /opt/rustwide/cargo-home/registry/src/index.crates.io-1949cf8c6b5b557f/latent-sandbox-0.1.0/src/landlock.rs:119:32
[INFO] [stdout]     |
[INFO] [stdout] 119 |     let all_access = AccessFs::from_all(abi).map_err(|e| format!("failed to build landlock full access set: {e}"))?;
[INFO] [stdout]     |                                ^^^^^^^^ variant, associated function, or constant not found in `AccessFs`
[INFO] [stdout]     |
[INFO] [stdout]     = help: items from traits can only be used if the trait is in scope
[INFO] [stdout] help: trait `Access` which provides `from_all` is implemented but not in scope; perhaps you want to import it
[INFO] [stdout]     |
[INFO] [stdout]   9 + use landlock::Access;
[INFO] [stdout]     |
[INFO] [stdout] help: there is an associated function `from` with a similar name
[INFO] [stdout]     |
[INFO] [stdout] 119 -     let all_access = AccessFs::from_all(abi).map_err(|e| format!("failed to build landlock full access set: {e}"))?;
[INFO] [stdout] 119 +     let all_access = AccessFs::from(abi).map_err(|e| format!("failed to build landlock full access set: {e}"))?;
[INFO] [stdout]     |
[INFO] [stdout] 
[INFO] [stdout] 
[INFO] [stdout] error[E0599]: no method named `set_compatibility` found for struct `Ruleset` in the current scope
[INFO] [stdout]    --> /opt/rustwide/cargo-home/registry/src/index.crates.io-1949cf8c6b5b557f/latent-sandbox-0.1.0/src/landlock.rs:121:10
[INFO] [stdout]     |
[INFO] [stdout] 120 |       let ruleset = Ruleset::default()
[INFO] [stdout]     |  ___________________-
[INFO] [stdout] 121 | |         .set_compatibility(true)
[INFO] [stdout]     | |         -^^^^^^^^^^^^^^^^^ method not found in `Ruleset`
[INFO] [stdout]     | |_________|
[INFO] [stdout]     |
[INFO] [stdout]     |
[INFO] [stdout]    ::: /opt/rustwide/cargo-home/registry/src/index.crates.io-1949cf8c6b5b557f/landlock-0.4.7/src/compat.rs:645:8
[INFO] [stdout]     |
[INFO] [stdout] 645 |       fn set_compatibility(mut self, level: CompatLevel) -> Self {
[INFO] [stdout]     |          ----------------- the method is available for `Ruleset` here
[INFO] [stdout]     |
[INFO] [stdout]     = help: items from traits can only be used if the trait is in scope
[INFO] [stdout] help: trait `Compatible` which provides `set_compatibility` is implemented but not in scope; perhaps you want to import it
[INFO] [stdout]     |
[INFO] [stdout]   9 + use landlock::Compatible;
[INFO] [stdout]     |
[INFO] [stdout] 
[INFO] [stdout] 
[INFO] [stdout] error[E0277]: the trait bound `BitFlags<AccessFs, u64>: From<PathBuf>` is not satisfied
[INFO] [stdout]    --> /opt/rustwide/cargo-home/registry/src/index.crates.io-1949cf8c6b5b557f/latent-sandbox-0.1.0/src/landlock.rs:127:49
[INFO] [stdout]     |
[INFO] [stdout] 127 |         .add_rule(PathBeneath::new(read_access, PathBuf::from("/")))
[INFO] [stdout]     |                   ----------------              ^^^^^^^^^^^^^^^^^^ the trait `From<PathBuf>` is not implemented for `BitFlags<AccessFs, u64>`
[INFO] [stdout]     |                   |
[INFO] [stdout]     |                   required by a bound introduced by this call
[INFO] [stdout]     |
[INFO] [stdout] help: the following other types implement trait `From<T>`
[INFO] [stdout]    --> /opt/rustwide/cargo-home/registry/src/index.crates.io-1949cf8c6b5b557f/landlock-0.4.7/src/errata.rs:89:1
[INFO] [stdout]     |
[INFO] [stdout]  89 | impl From<ABI> for BitFlags<Erratum> {
[INFO] [stdout]     | ^^^^^^^^^^^^^^^^^^^^^^^^^^^^^^^^^^^^ `BitFlags<Erratum, u32>` implements `From<ABI>`
[INFO] [stdout]     |
[INFO] [stdout]    ::: /opt/rustwide/cargo-home/registry/src/index.crates.io-1949cf8c6b5b557f/enumflags2-0.7.12/src/lib.rs:607:1
[INFO] [stdout]     |
[INFO] [stdout] 607 | impl<T: BitFlag> From<T> for BitFlags<T> {
[INFO] [stdout]     | ^^^^^^^^^^^^^^^^^^^^^^^^^^^^^^^^^^^^^^^^ `BitFlags<T>` implements `From<T>`
[INFO] [stdout]     = note: required for `PathBuf` to implement `Into<BitFlags<AccessFs, u64>>`
[INFO] [stdout] note: required by a bound in `landlock::PathBeneath::<F>::new`
[INFO] [stdout]    --> /opt/rustwide/cargo-home/registry/src/index.crates.io-1949cf8c6b5b557f/landlock-0.4.7/src/fs.rs:260:12
[INFO] [stdout]     |
[INFO] [stdout] 258 |     pub fn new<A>(parent: F, access: A) -> Self
[INFO] [stdout]     |            --- required by a bound in this associated function
[INFO] [stdout] 259 |     where
[INFO] [stdout] 260 |         A: Into<BitFlags<AccessFs>>,
[INFO] [stdout]     |            ^^^^^^^^^^^^^^^^^^^^^^^^ required by this bound in `PathBeneath::<F>::new`
[INFO] [stdout] 
[INFO] [stdout] 
[INFO] [stdout] error[E0277]: the trait bound `BitFlags<AccessFs, u64>: From<PathFd>` is not satisfied
[INFO] [stdout]    --> /opt/rustwide/cargo-home/registry/src/index.crates.io-1949cf8c6b5b557f/latent-sandbox-0.1.0/src/landlock.rs:132:52
[INFO] [stdout]     |
[INFO] [stdout] 132 |             .add_rule(PathBeneath::new(all_access, fd))
[INFO] [stdout]     |                       ----------------             ^^ the trait `From<PathFd>` is not implemented for `BitFlags<AccessFs, u64>`
[INFO] [stdout]     |                       |
[INFO] [stdout]     |                       required by a bound introduced by this call
[INFO] [stdout]     |
[INFO] [stdout] help: the following other types implement trait `From<T>`
[INFO] [stdout]    --> /opt/rustwide/cargo-home/registry/src/index.crates.io-1949cf8c6b5b557f/landlock-0.4.7/src/errata.rs:89:1
[INFO] [stdout]     |
[INFO] [stdout]  89 | impl From<ABI> for BitFlags<Erratum> {
[INFO] [stdout]     | ^^^^^^^^^^^^^^^^^^^^^^^^^^^^^^^^^^^^ `BitFlags<Erratum, u32>` implements `From<ABI>`
[INFO] [stdout]     |
[INFO] [stdout]    ::: /opt/rustwide/cargo-home/registry/src/index.crates.io-1949cf8c6b5b557f/enumflags2-0.7.12/src/lib.rs:607:1
[INFO] [stdout]     |
[INFO] [stdout] 607 | impl<T: BitFlag> From<T> for BitFlags<T> {
[INFO] [stdout]     | ^^^^^^^^^^^^^^^^^^^^^^^^^^^^^^^^^^^^^^^^ `BitFlags<T>` implements `From<T>`
[INFO] [stdout]     = note: required for `PathFd` to implement `Into<BitFlags<AccessFs, u64>>`
[INFO] [stdout] note: required by a bound in `landlock::PathBeneath::<F>::new`
[INFO] [stdout]    --> /opt/rustwide/cargo-home/registry/src/index.crates.io-1949cf8c6b5b557f/landlock-0.4.7/src/fs.rs:260:12
[INFO] [stdout]     |
[INFO] [stdout] 258 |     pub fn new<A>(parent: F, access: A) -> Self
[INFO] [stdout]     |            --- required by a bound in this associated function
[INFO] [stdout] 259 |     where
[INFO] [stdout] 260 |         A: Into<BitFlags<AccessFs>>,
[INFO] [stdout]     |            ^^^^^^^^^^^^^^^^^^^^^^^^ required by this bound in `PathBeneath::<F>::new`
[INFO] [stdout] 
[INFO] [stdout] 
[INFO] [stdout] error[E0599]: no method named `and_condition` found for enum `Result<T, E>` in the current scope
[INFO] [stdout]    --> /opt/rustwide/cargo-home/registry/src/index.crates.io-1949cf8c6b5b557f/latent-sandbox-0.1.0/src/landlock.rs:154:10
[INFO] [stdout]     |
[INFO] [stdout] 153 |       let socket_not_unix = SeccompRule::new(vec![])
[INFO] [stdout]     |  ___________________________-
[INFO] [stdout] 154 | |         .and_condition(seccompiler::SeccompCondition::new(
[INFO] [stdout]     | |         -^^^^^^^^^^^^^ method not found in `Result<SeccompRule, BackendError>`
[INFO] [stdout]     | |_________|
[INFO] [stdout]     |
[INFO] [stdout] 
[INFO] [stdout] 
[INFO] [stdout] error[E0061]: this function takes 4 arguments but 3 arguments were supplied
[INFO] [stdout]    --> /opt/rustwide/cargo-home/registry/src/index.crates.io-1949cf8c6b5b557f/latent-sandbox-0.1.0/src/landlock.rs:154:24
[INFO] [stdout]     |
[INFO] [stdout] 154 |           .and_condition(seccompiler::SeccompCondition::new(
[INFO] [stdout]     |  ________________________^^^^^^^^^^^^^^^^^^^^^^^^^^^^^^^^^^-
[INFO] [stdout] 155 | |             0,
[INFO] [stdout] 156 | |             seccompiler::SeccompValueMask::Eq(1),
[INFO] [stdout] 157 | |             false,
[INFO] [stdout]     | |             ----- expected `SeccompCmpOp`, found `bool`
[INFO] [stdout] 158 | |         ))
[INFO] [stdout]     | |_________- argument #4 of type `u64` is missing
[INFO] [stdout]     |
[INFO] [stdout] note: associated function defined here
[INFO] [stdout]    --> /opt/rustwide/cargo-home/registry/src/index.crates.io-1949cf8c6b5b557f/seccompiler-0.4.0/src/backend/condition.rs:39:12
[INFO] [stdout]     |
[INFO] [stdout]  39 |     pub fn new(
[INFO] [stdout]     |            ^^^
[INFO] [stdout] help: provide the argument
[INFO] [stdout]     |
[INFO] [stdout] 154 ~         .and_condition(seccompiler::SeccompCondition::new(
[INFO] [stdout] 155 +             0,
[INFO] [stdout] 156 +             seccompiler::SeccompValueMask::Eq(1),
[INFO] [stdout] 157 +             /* SeccompCmpOp */,
[INFO] [stdout] 158 +             /* u64 */,
[INFO] [stdout] 159 ~         ))
[INFO] [stdout]     |
[INFO] [stdout] 
[INFO] [stdout] 
[INFO] [stdout] error[E0308]: mismatched types
[INFO] [stdout]    --> /opt/rustwide/cargo-home/registry/src/index.crates.io-1949cf8c6b5b557f/latent-sandbox-0.1.0/src/landlock.rs:164:9
[INFO] [stdout]     |
[INFO] [stdout] 160 |     let filter = SeccompFilter::new(
[INFO] [stdout]     |                  ------------------ arguments to this function are incorrect
[INFO] [stdout] ...
[INFO] [stdout] 164 |         SeccompAction::Errno,
[INFO] [stdout]     |         ^^^^^^^^^^^^^^^^^^^^ expected `SeccompAction`, found enum constructor
[INFO] [stdout]     |
[INFO] [stdout]     = note:          expected enum `SeccompAction`
[INFO] [stdout]             found enum constructor `fn(u32) -> SeccompAction {Errno}`
[INFO] [stdout] note: associated function defined here
[INFO] [stdout]    --> /opt/rustwide/cargo-home/registry/src/index.crates.io-1949cf8c6b5b557f/seccompiler-0.4.0/src/backend/filter.rs:85:12
[INFO] [stdout]     |
[INFO] [stdout]  85 |     pub fn new(
[INFO] [stdout]     |            ^^^
[INFO] [stdout] help: use parentheses to construct this tuple variant
[INFO] [stdout]     |
[INFO] [stdout] 164 |         SeccompAction::Errno(/* u32 */),
[INFO] [stdout]     |                             +++++++++++
[INFO] [stdout] 
[INFO] [stdout] 
[INFO] [stdout] Some errors have detailed explanations: E0061, E0277, E0308, E0433, E0599.
[INFO] [stdout] 
[INFO] [stdout] For more information about an error, try `rustc --explain E0061`.
[INFO] [stdout] 
[INFO] [stderr] error: could not compile `latent-sandbox` (lib) due to 10 previous errors
[INFO] [stderr] warning: build failed, waiting for other jobs to finish...
[INFO] running `Command { std: "docker" "inspect" "90a28eba3c088a64562d84ada4e257ce485e9c569baea92c6f2e51c82ca01e73", kill_on_drop: false }`
[INFO] running `Command { std: "docker" "rm" "-f" "90a28eba3c088a64562d84ada4e257ce485e9c569baea92c6f2e51c82ca01e73", kill_on_drop: false }`
[INFO] [stdout] 90a28eba3c088a64562d84ada4e257ce485e9c569baea92c6f2e51c82ca01e73
