[INFO] fetching crate lamquant-lsl 0.1.2...
[INFO] testing lamquant-lsl-0.1.2 against 1.100.0-beta.1+cargoflags=--release for beta-release-1.100-2
[INFO] extracting crate lamquant-lsl 0.1.2 into /workspace/builds/worker-7-tc2/source
[INFO] started tweaking crates.io crate lamquant-lsl 0.1.2
[INFO] removed 0 missing examples
[INFO] removed 0 missing tests
[INFO] finished tweaking crates.io crate lamquant-lsl 0.1.2
[INFO] tweaked toml for crates.io crate lamquant-lsl 0.1.2 written to /workspace/builds/worker-7-tc2/source/Cargo.toml
[INFO] validating manifest of crates.io crate lamquant-lsl 0.1.2 on toolchain 1.100.0-beta.1
[INFO] running `Command { std: CARGO_HOME="/workspace/cargo-home" RUSTUP_HOME="/workspace/rustup-home" "/workspace/cargo-home/bin/cargo" "+1.100.0-beta.1" "metadata" "--manifest-path" "Cargo.toml" "--no-deps", kill_on_drop: false }`
[INFO] crate crates.io crate lamquant-lsl 0.1.2 already has a lockfile, it will not be regenerated
[INFO] running `Command { std: CARGO_HOME="/workspace/cargo-home" RUSTUP_HOME="/workspace/rustup-home" "/workspace/cargo-home/bin/cargo" "+1.100.0-beta.1" "fetch" "--manifest-path" "Cargo.toml", kill_on_drop: false }`
[INFO] [stderr]     Blocking waiting for file lock on package cache
[INFO] [stderr]     Blocking waiting for file lock on package cache
[INFO] running `Command { std: "docker" "create" "-v" "/var/lib/crater-agent-workspace/builds/worker-7-tc2/source:/opt/rustwide/workdir:ro,Z" "-v" "/var/lib/crater-agent-workspace/builds/worker-7-tc2/target:/opt/rustwide/target:rw,Z" "-v" "/var/lib/crater-agent-workspace/cargo-home:/opt/rustwide/cargo-home:ro,Z" "-v" "/var/lib/crater-agent-workspace/rustup-home:/opt/rustwide/rustup-home:ro,Z" "-m" "1610612736" "--network" "none" "ghcr.io/rust-lang/crates-build-env/linux@sha256:77db811e55d90add9212f6832c23229e3de5f1c1f9905e8cb07319ea15df73ac" "sleep" "infinity", kill_on_drop: false }`
[INFO] [stdout] 04f6c835148c41e76d335ddf28369acf38b6ee9976ae6b89242fff5a10695502
[INFO] running `Command { std: "docker" "start" "04f6c835148c41e76d335ddf28369acf38b6ee9976ae6b89242fff5a10695502", kill_on_drop: false }`
[INFO] running `Command { std: "docker" "inspect" "04f6c835148c41e76d335ddf28369acf38b6ee9976ae6b89242fff5a10695502", kill_on_drop: false }`
[INFO] running `Command { std: "docker" "exec" "-e" "SOURCE_DIR=/opt/rustwide/workdir" "-e" "CARGO_HOME=/opt/rustwide/cargo-home" "-e" "RUSTUP_HOME=/opt/rustwide/rustup-home" "-e" "CARGO_TARGET_DIR=/opt/rustwide/target" "-w" "/opt/rustwide/workdir" "--user" "0:0" "04f6c835148c41e76d335ddf28369acf38b6ee9976ae6b89242fff5a10695502" "/opt/rustwide/cargo-home/bin/cargo" "+1.100.0-beta.1" "metadata" "--no-deps" "--format-version=1", kill_on_drop: false }`
[INFO] running `Command { std: "docker" "inspect" "04f6c835148c41e76d335ddf28369acf38b6ee9976ae6b89242fff5a10695502", kill_on_drop: false }`
[INFO] running `Command { std: "docker" "exec" "-e" "SOURCE_DIR=/opt/rustwide/workdir" "-e" "CARGO_HOME=/opt/rustwide/cargo-home" "-e" "RUSTUP_HOME=/opt/rustwide/rustup-home" "-e" "CARGO_TARGET_DIR=/opt/rustwide/target" "-e" "CARGO_INCREMENTAL=0" "-e" "RUST_BACKTRACE=full" "-e" "RUSTFLAGS=--cap-lints=warn" "-e" "RUSTDOCFLAGS=--cap-lints=warn" "-w" "/opt/rustwide/workdir" "--user" "0:0" "04f6c835148c41e76d335ddf28369acf38b6ee9976ae6b89242fff5a10695502" "/opt/rustwide/cargo-home/bin/cargo" "+1.100.0-beta.1" "build" "--frozen" "--message-format=json" "--release", kill_on_drop: false }`
[INFO] [stderr]    Compiling cmake v0.1.58
[INFO] [stderr]    Compiling lamquant-lsl-sys v0.1.2
[INFO] [stderr] error: failed to run custom build command for `lamquant-lsl-sys v0.1.2`
[INFO] [stderr] note: To improve backtraces for build dependencies, set the CARGO_PROFILE_RELEASE_BUILD_OVERRIDE_DEBUG=true environment variable to enable debug information generation.
[INFO] [stderr] 
[INFO] [stderr] Caused by:
[INFO] [stderr]   process didn't exit successfully: `/opt/rustwide/target/release/build/lamquant-lsl-sys/7d86cff6b8282abe/out/build_script_build` (exit status: 101)
[INFO] [stderr]   --- stdout
[INFO] [stderr]   CMAKE_TOOLCHAIN_FILE_x86_64-unknown-linux-gnu = None
[INFO] [stderr]   CMAKE_TOOLCHAIN_FILE_x86_64_unknown_linux_gnu = None
[INFO] [stderr]   HOST_CMAKE_TOOLCHAIN_FILE = None
[INFO] [stderr]   CMAKE_TOOLCHAIN_FILE = None
[INFO] [stderr]   CMAKE_GENERATOR_x86_64-unknown-linux-gnu = None
[INFO] [stderr]   CMAKE_GENERATOR_x86_64_unknown_linux_gnu = None
[INFO] [stderr]   HOST_CMAKE_GENERATOR = None
[INFO] [stderr]   CMAKE_GENERATOR = None
[INFO] [stderr]   CMAKE_PREFIX_PATH_x86_64-unknown-linux-gnu = None
[INFO] [stderr]   CMAKE_PREFIX_PATH_x86_64_unknown_linux_gnu = None
[INFO] [stderr]   HOST_CMAKE_PREFIX_PATH = None
[INFO] [stderr]   CMAKE_PREFIX_PATH = None
[INFO] [stderr]   CMAKE_x86_64-unknown-linux-gnu = None
[INFO] [stderr]   CMAKE_x86_64_unknown_linux_gnu = None
[INFO] [stderr]   HOST_CMAKE = None
[INFO] [stderr]   CMAKE = None
[INFO] [stderr]   -- The C compiler identification is GNU 15.2.0
[INFO] [stderr]   -- The CXX compiler identification is GNU 15.2.0
[INFO] [stderr]   -- Detecting C compiler ABI info
[INFO] [stderr]   -- Detecting C compiler ABI info - done
[INFO] [stderr]   -- Check for working C compiler: /usr/bin/cc - skipped
[INFO] [stderr]   -- Detecting C compile features
[INFO] [stderr]   -- Detecting C compile features - done
[INFO] [stderr]   -- Detecting CXX compiler ABI info
[INFO] [stderr]   -- Detecting CXX compiler ABI info - done
[INFO] [stderr]   -- Check for working CXX compiler: /usr/bin/c++ - skipped
[INFO] [stderr]   -- Detecting CXX compile features
[INFO] [stderr]   -- Detecting CXX compile features - done
[INFO] [stderr]   -- Using bundled pugixml
[INFO] [stderr]   -- Found Git: /usr/bin/git (found version "2.53.0")
[INFO] [stderr]   -- Git version information: /
[INFO] [stderr]   -- Performing Test CMAKE_HAVE_LIBC_PTHREAD
[INFO] [stderr]   -- Performing Test CMAKE_HAVE_LIBC_PTHREAD - Success
[INFO] [stderr]   -- Found Threads: TRUE
[INFO] [stderr]   -- Using bundled Boost
[INFO] [stderr]   -- Looking for clock_gettime
[INFO] [stderr]   -- Looking for clock_gettime - found
[INFO] [stderr]   -- Included LSL CMake helpers, rev. 15, /opt/rustwide/cargo-home/registry/src/index.crates.io-1949cf8c6b5b557f/lamquant-lsl-sys-0.1.2/liblsl/cmake
[INFO] [stderr]   -- Detected architecture: amd64
[INFO] [stderr]   -- Installing Components: liblsl
[INFO] [stderr]   -- Configuring done (1.6s)
[INFO] [stderr]   -- Generating done (0.0s)
[INFO] [stderr]   -- Build files have been written to: /opt/rustwide/target/release/build/lamquant-lsl-sys/56fbf6d29f3135f3/out/build
[INFO] [stderr]   [  2%] Building CXX object CMakeFiles/lslobj.dir/src/cancellation.cpp.o
[INFO] [stderr]   [  5%] Building CXX object CMakeFiles/lslobj.dir/src/lsl_xml_element_c.cpp.o
[INFO] [stderr]   [  8%] Building CXX object CMakeFiles/lslobj.dir/src/info_receiver.cpp.o
[INFO] [stderr]   [ 11%] Building CXX object CMakeFiles/lslobj.dir/src/sample.cpp.o
[INFO] [stderr]   [ 14%] Building CXX object CMakeFiles/lslobj.dir/src/consumer_queue.cpp.o
[INFO] [stderr]   [ 17%] Building CXX object CMakeFiles/lslobj.dir/src/resolve_attempt_udp.cpp.o
[INFO] [stderr]   [ 20%] Building CXX object CMakeFiles/lslobj.dir/src/lsl_resolver_c.cpp.o
[INFO] [stderr]   [ 22%] Building CXX object CMakeFiles/lslobj.dir/src/api_config.cpp.o
[INFO] [stderr]   [ 25%] Building CXX object CMakeFiles/lslobj.dir/src/common.cpp.o
[INFO] [stderr]   [ 28%] Building CXX object CMakeFiles/lslobj.dir/src/netinterfaces.cpp.o
[INFO] [stderr]   [ 31%] Building CXX object CMakeFiles/lslobj.dir/src/lsl_outlet_c.cpp.o
[INFO] [stderr]   [ 34%] Building CXX object CMakeFiles/lslobj.dir/src/lsl_inlet_c.cpp.o
[INFO] [stderr]   [ 37%] Building CXX object CMakeFiles/lslobj.dir/src/lsl_streaminfo_c.cpp.o
[INFO] [stderr]   [ 40%] Building CXX object CMakeFiles/lslobj.dir/src/resolver_impl.cpp.o
[INFO] [stderr]   [ 42%] Building CXX object CMakeFiles/lslobj.dir/src/inlet_connection.cpp.o
[INFO] [stderr]   [ 45%] Building CXX object CMakeFiles/lslobj.dir/src/data_receiver.cpp.o
[INFO] [stderr]   [ 48%] Building CXX object CMakeFiles/lslobj.dir/src/send_buffer.cpp.o
[INFO] [stderr]   [ 51%] Building CXX object CMakeFiles/lslobj.dir/src/socket_utils.cpp.o
[INFO] [stderr]   [ 54%] Building CXX object CMakeFiles/lslobj.dir/src/stream_info_impl.cpp.o
[INFO] [stderr]   [ 57%] Building CXX object CMakeFiles/lslobj.dir/src/stream_outlet_impl.cpp.o
[INFO] [stderr]   [ 60%] Building CXX object CMakeFiles/lslobj.dir/src/tcp_server.cpp.o
[INFO] [stderr]   [ 62%] Building CXX object CMakeFiles/lslobj.dir/src/time_postprocessor.cpp.o
[INFO] [stderr]   [ 65%] Building CXX object CMakeFiles/lslobj.dir/src/time_receiver.cpp.o
[INFO] [stderr] 
[INFO] [stderr]   --- stderr
[INFO] [stderr]   running: cd "/opt/rustwide/target/release/build/lamquant-lsl-sys/56fbf6d29f3135f3/out/build" && CMAKE_PREFIX_PATH="" LC_ALL="C" "cmake" "/opt/rustwide/cargo-home/registry/src/index.crates.io-1949cf8c6b5b557f/lamquant-lsl-sys-0.1.2/liblsl" "-B" "/opt/rustwide/target/release/build/lamquant-lsl-sys/56fbf6d29f3135f3/out/build" "-DLSL_NO_FANCY_LIBNAME=ON" "-DLSL_BUILD_STATIC=ON" "-DCMAKE_INSTALL_PREFIX=/opt/rustwide/target/release/build/lamquant-lsl-sys/56fbf6d29f3135f3/out" "-DCMAKE_C_FLAGS= -ffunction-sections -fdata-sections -fPIC -m64 -w" "-DCMAKE_C_COMPILER=/usr/bin/cc" "-DCMAKE_CXX_FLAGS= -ffunction-sections -fdata-sections -fPIC -m64 -w" "-DCMAKE_CXX_COMPILER=/usr/bin/c++" "-DCMAKE_ASM_FLAGS= -ffunction-sections -fdata-sections -fPIC -m64 -w" "-DCMAKE_ASM_COMPILER=/usr/bin/cc" "-DCMAKE_BUILD_TYPE=Release"
[INFO] [stderr]   fatal: not a git repository (or any parent up to mount point /opt/rustwide)
[INFO] [stderr]   Stopping at filesystem boundary (GIT_DISCOVERY_ACROSS_FILESYSTEM not set).
[INFO] [stderr]   fatal: not a git repository (or any parent up to mount point /opt/rustwide)
[INFO] [stderr]   Stopping at filesystem boundary (GIT_DISCOVERY_ACROSS_FILESYSTEM not set).
[INFO] [stderr]   CMake Warning:
[INFO] [stderr]     Manually-specified variables were not used by the project:
[INFO] [stderr] 
[INFO] [stderr]       CMAKE_ASM_COMPILER
[INFO] [stderr]       CMAKE_ASM_FLAGS
[INFO] [stderr]       LSL_NO_FANCY_LIBNAME
[INFO] [stderr] 
[INFO] [stderr] 
[INFO] [stderr]   running: cd "/opt/rustwide/target/release/build/lamquant-lsl-sys/56fbf6d29f3135f3/out/build" && LC_ALL="C" MAKEFLAGS="-j --jobserver-fds=4,5 --jobserver-auth=4,5" "cmake" "--build" "/opt/rustwide/target/release/build/lamquant-lsl-sys/56fbf6d29f3135f3/out/build" "--target" "install" "--config" "Release"
[INFO] [stderr]   c++: fatal error: Killed signal terminated program cc1plus
[INFO] [stderr]   compilation terminated.
[INFO] [stderr]   gmake[2]: *** [CMakeFiles/lslobj.dir/build.make:79: CMakeFiles/lslobj.dir/src/api_config.cpp.o] Error 1
[INFO] [stderr]   gmake[2]: *** Waiting for unfinished jobs....
[INFO] [stderr]   c++: fatal error: Killed signal terminated program cc1plus
[INFO] [stderr]   compilation terminated.
[INFO] [stderr]   gmake[2]: *** [CMakeFiles/lslobj.dir/build.make:135: CMakeFiles/lslobj.dir/src/data_receiver.cpp.o] Error 1
[INFO] [stderr]   c++: fatal error: Killed signal terminated program cc1plus
[INFO] [stderr]   compilation terminated.
[INFO] [stderr]   gmake[2]: *** [CMakeFiles/lslobj.dir/build.make:289: CMakeFiles/lslobj.dir/src/sample.cpp.o] Error 1
[INFO] [stderr]   c++: fatal error: Killed signal terminated program cc1plus
[INFO] [stderr]   compilation terminated.
[INFO] [stderr]   gmake[2]: *** [CMakeFiles/lslobj.dir/build.make:261: CMakeFiles/lslobj.dir/src/resolver_impl.cpp.o] Error 1
[INFO] [stderr]   c++: fatal error: Killed signal terminated program cc1plus
[INFO] [stderr]   compilation terminated.
[INFO] [stderr]   gmake[2]: *** [CMakeFiles/lslobj.dir/build.make:149: CMakeFiles/lslobj.dir/src/info_receiver.cpp.o] Error 1
[INFO] [stderr]   c++: fatal error: Killed signal terminated program cc1plus
[INFO] [stderr]   compilation terminated.
[INFO] [stderr]   gmake[2]: *** [CMakeFiles/lslobj.dir/build.make:163: CMakeFiles/lslobj.dir/src/inlet_connection.cpp.o] Error 1
[INFO] [stderr]   gmake[1]: *** [CMakeFiles/Makefile2:93: CMakeFiles/lslobj.dir/all] Error 2
[INFO] [stderr]   gmake: *** [Makefile:156: all] Error 2
[INFO] [stderr] 
[INFO] [stderr]   thread 'main' (89) panicked at /opt/rustwide/cargo-home/registry/src/index.crates.io-1949cf8c6b5b557f/cmake-0.1.58/src/lib.rs:1132:5:
[INFO] [stderr] 
[INFO] [stderr]   command did not execute successfully, got: exit status: 2
[INFO] [stderr] 
[INFO] [stderr]   build script failed, must exit now
[INFO] [stderr]   stack backtrace:
[INFO] [stderr]      0:     0x6451d1b82a01 - <<std[617be2ca0a6fd877]::sys::backtrace::BacktraceLock>::print::DisplayBacktrace as core[a373ad73a504971]::fmt::Display>::fmt
[INFO] [stderr]      1:     0x6451d1b968ea - core[a373ad73a504971]::fmt::write
[INFO] [stderr]      2:     0x6451d1b8813c - <std[617be2ca0a6fd877]::sys::stdio::unix::Stderr as core[a373ad73a504971]::io::write::Write>::write_fmt
[INFO] [stderr]      3:     0x6451d1b618f6 - std[617be2ca0a6fd877]::panicking::default_hook::{closure#0}
[INFO] [stderr]      4:     0x6451d1b7d721 - std[617be2ca0a6fd877]::panicking::default_hook
[INFO] [stderr]      5:     0x6451d1b7d8db - std[617be2ca0a6fd877]::panicking::panic_with_hook
[INFO] [stderr]      6:     0x6451d1b619a2 - std[617be2ca0a6fd877]::panicking::panic_handler::{closure#0}
[INFO] [stderr]      7:     0x6451d1b5a649 - std[617be2ca0a6fd877]::sys::backtrace::__rust_end_short_backtrace::<std[617be2ca0a6fd877]::panicking::panic_handler::{closure#0}, !>
[INFO] [stderr]      8:     0x6451d1b6218d - __rustc[ea4f61d10b84890b]::rust_begin_unwind
[INFO] [stderr]      9:     0x6451d1b9705c - core[a373ad73a504971]::panicking::panic_fmt
[INFO] [stderr]     10:     0x6451d1aea767 - cmake[d6e60cbedbb4a1ca]::fail
[INFO] [stderr]     11:     0x6451d1aea3f3 - cmake[d6e60cbedbb4a1ca]::run
[INFO] [stderr]     12:     0x6451d1af03c5 - <cmake[d6e60cbedbb4a1ca]::Config>::build
[INFO] [stderr]     13:     0x6451d1adcf83 - build_script_build[57d836aabbf37973]::build_liblsl
[INFO] [stderr]     14:     0x6451d1add6ce - build_script_build[57d836aabbf37973]::main
[INFO] [stderr]     15:     0x6451d1addc03 - <fn() as core[a373ad73a504971]::ops::function::FnOnce<()>>::call_once
[INFO] [stderr]     16:     0x6451d1adcd26 - std[617be2ca0a6fd877]::sys::backtrace::__rust_begin_short_backtrace::<fn(), ()>
[INFO] [stderr]     17:     0x6451d1adcd39 - std[617be2ca0a6fd877]::rt::lang_start::<()>::{closure#0}
[INFO] [stderr]     18:     0x6451d1b7ca28 - std[617be2ca0a6fd877]::rt::lang_start_internal
[INFO] [stderr]     19:     0x6451d1adc8b1 - std[617be2ca0a6fd877]::rt::lang_start::<()>
[INFO] [stderr]     20:     0x6451d1addc75 - main
[INFO] [stderr]     21:     0x79c7fd9c5601 - <unknown>
[INFO] [stderr]     22:     0x79c7fd9c5718 - __libc_start_main
[INFO] [stderr]     23:     0x6451d1adbc95 - _start
[INFO] [stderr]     24:                0x0 - <unknown>
[INFO] running `Command { std: "docker" "inspect" "04f6c835148c41e76d335ddf28369acf38b6ee9976ae6b89242fff5a10695502", kill_on_drop: false }`
[INFO] running `Command { std: "docker" "rm" "-f" "04f6c835148c41e76d335ddf28369acf38b6ee9976ae6b89242fff5a10695502", kill_on_drop: false }`
[INFO] [stdout] 04f6c835148c41e76d335ddf28369acf38b6ee9976ae6b89242fff5a10695502
