[INFO] fetching crate laminate 0.4.1...
[INFO] testing laminate-0.4.1 against 1.100.0-beta.1+cargoflags=--release for beta-release-1.100-2
[INFO] extracting crate laminate 0.4.1 into /workspace/builds/worker-5-tc2/source
[INFO] started tweaking crates.io crate laminate 0.4.1
[INFO] removed 0 missing examples
[INFO] removed 0 missing tests
[INFO] finished tweaking crates.io crate laminate 0.4.1
[INFO] tweaked toml for crates.io crate laminate 0.4.1 written to /workspace/builds/worker-5-tc2/source/Cargo.toml
[INFO] validating manifest of crates.io crate laminate 0.4.1 on toolchain 1.100.0-beta.1
[INFO] running `Command { std: CARGO_HOME="/workspace/cargo-home" RUSTUP_HOME="/workspace/rustup-home" "/workspace/cargo-home/bin/cargo" "+1.100.0-beta.1" "metadata" "--manifest-path" "Cargo.toml" "--no-deps", kill_on_drop: false }`
[INFO] crate crates.io crate laminate 0.4.1 already has a lockfile, it will not be regenerated
[INFO] running `Command { std: CARGO_HOME="/workspace/cargo-home" RUSTUP_HOME="/workspace/rustup-home" "/workspace/cargo-home/bin/cargo" "+1.100.0-beta.1" "fetch" "--manifest-path" "Cargo.toml", kill_on_drop: false }`
[INFO] running `Command { std: "docker" "create" "-v" "/var/lib/crater-agent-workspace/builds/worker-5-tc2/source:/opt/rustwide/workdir:ro,Z" "-v" "/var/lib/crater-agent-workspace/builds/worker-5-tc2/target:/opt/rustwide/target:rw,Z" "-v" "/var/lib/crater-agent-workspace/cargo-home:/opt/rustwide/cargo-home:ro,Z" "-v" "/var/lib/crater-agent-workspace/rustup-home:/opt/rustwide/rustup-home:ro,Z" "-m" "1610612736" "--network" "none" "ghcr.io/rust-lang/crates-build-env/linux@sha256:77db811e55d90add9212f6832c23229e3de5f1c1f9905e8cb07319ea15df73ac" "sleep" "infinity", kill_on_drop: false }`
[INFO] [stdout] 22ed3aa049b7bc4657f51f01724873ea2c0ce29037c43188dd0198b137840e15
[INFO] running `Command { std: "docker" "start" "22ed3aa049b7bc4657f51f01724873ea2c0ce29037c43188dd0198b137840e15", kill_on_drop: false }`
[INFO] running `Command { std: "docker" "inspect" "22ed3aa049b7bc4657f51f01724873ea2c0ce29037c43188dd0198b137840e15", kill_on_drop: false }`
[INFO] running `Command { std: "docker" "exec" "-e" "SOURCE_DIR=/opt/rustwide/workdir" "-e" "CARGO_HOME=/opt/rustwide/cargo-home" "-e" "RUSTUP_HOME=/opt/rustwide/rustup-home" "-e" "CARGO_TARGET_DIR=/opt/rustwide/target" "-w" "/opt/rustwide/workdir" "--user" "0:0" "22ed3aa049b7bc4657f51f01724873ea2c0ce29037c43188dd0198b137840e15" "/opt/rustwide/cargo-home/bin/cargo" "+1.100.0-beta.1" "metadata" "--no-deps" "--format-version=1", kill_on_drop: false }`
[INFO] running `Command { std: "docker" "inspect" "22ed3aa049b7bc4657f51f01724873ea2c0ce29037c43188dd0198b137840e15", kill_on_drop: false }`
[INFO] running `Command { std: "docker" "exec" "-e" "SOURCE_DIR=/opt/rustwide/workdir" "-e" "CARGO_HOME=/opt/rustwide/cargo-home" "-e" "RUSTUP_HOME=/opt/rustwide/rustup-home" "-e" "CARGO_TARGET_DIR=/opt/rustwide/target" "-e" "CARGO_INCREMENTAL=0" "-e" "RUST_BACKTRACE=full" "-e" "RUSTFLAGS=--cap-lints=warn" "-e" "RUSTDOCFLAGS=--cap-lints=warn" "-w" "/opt/rustwide/workdir" "--user" "0:0" "22ed3aa049b7bc4657f51f01724873ea2c0ce29037c43188dd0198b137840e15" "/opt/rustwide/cargo-home/bin/cargo" "+1.100.0-beta.1" "build" "--frozen" "--message-format=json" "--release", kill_on_drop: false }`
[INFO] [stderr]    Compiling laminate v0.4.1 (/opt/rustwide/workdir)
[INFO] [stderr]     Finished `release` profile [optimized] target(s) in 5.39s
[INFO] running `Command { std: "docker" "inspect" "22ed3aa049b7bc4657f51f01724873ea2c0ce29037c43188dd0198b137840e15", kill_on_drop: false }`
[INFO] running `Command { std: "docker" "exec" "-e" "SOURCE_DIR=/opt/rustwide/workdir" "-e" "CARGO_HOME=/opt/rustwide/cargo-home" "-e" "RUSTUP_HOME=/opt/rustwide/rustup-home" "-e" "CARGO_TARGET_DIR=/opt/rustwide/target" "-e" "CARGO_INCREMENTAL=0" "-e" "RUST_BACKTRACE=full" "-e" "RUSTFLAGS=--cap-lints=warn" "-e" "RUSTDOCFLAGS=--cap-lints=warn" "-w" "/opt/rustwide/workdir" "--user" "0:0" "22ed3aa049b7bc4657f51f01724873ea2c0ce29037c43188dd0198b137840e15" "/opt/rustwide/cargo-home/bin/cargo" "+1.100.0-beta.1" "test" "--frozen" "--no-run" "--message-format=json" "--release", kill_on_drop: false }`
[INFO] [stderr]    Compiling libc v0.2.183
[INFO] [stderr]    Compiling zerocopy-derive v0.8.48
[INFO] [stderr]    Compiling serde_derive v1.0.228
[INFO] [stderr]    Compiling regex-automata v0.4.14
[INFO] [stderr]    Compiling thiserror-impl v2.0.18
[INFO] [stderr]    Compiling tokio-macros v2.6.1
[INFO] [stderr]    Compiling clap v4.6.0
[INFO] [stderr]    Compiling laminate-derive v0.4.0
[INFO] [stderr]    Compiling tokio v1.50.0
[INFO] [stderr]    Compiling thiserror v2.0.18
[INFO] [stderr]    Compiling getrandom v0.3.4
[INFO] [stderr]    Compiling getrandom v0.4.2
[INFO] [stderr]    Compiling wait-timeout v0.2.1
[INFO] [stderr]    Compiling is-terminal v0.4.17
[INFO] [stderr]    Compiling zerocopy v0.8.48
[INFO] [stderr]    Compiling rand_core v0.9.5
[INFO] [stderr]    Compiling tempfile v3.27.0
[INFO] [stderr]    Compiling rand v0.9.2
[INFO] [stderr]    Compiling rand_xorshift v0.4.0
[INFO] [stderr]    Compiling rusty-fork v0.3.1
[INFO] [stderr]    Compiling regex v1.12.3
[INFO] [stderr]    Compiling serde v1.0.228
[INFO] [stderr]    Compiling tinytemplate v1.2.1
[INFO] [stderr]    Compiling laminate v0.4.1 (/opt/rustwide/workdir)
[INFO] [stderr]    Compiling half v2.7.1
[INFO] [stderr]    Compiling ppv-lite86 v0.2.21
[INFO] [stderr]    Compiling ciborium-ll v0.2.2
[INFO] [stderr]    Compiling rand_chacha v0.9.0
[INFO] [stderr]    Compiling ciborium v0.2.2
[INFO] [stderr]    Compiling proptest v1.11.0
[INFO] [stderr]    Compiling criterion v0.5.1
[INFO] [stdout] error[E0432]: unresolved import `laminate::Laminate`
[INFO] [stdout]   --> examples/api_consumption.rs:6:5
[INFO] [stdout]    |
[INFO] [stdout]  6 | use laminate::Laminate;
[INFO] [stdout]    |     ^^^^^^^^^^--------
[INFO] [stdout]    |               |
[INFO] [stdout]    |               no `Laminate` in the root
[INFO] [stdout]    |
[INFO] [stdout] note: found an item that was configured out
[INFO] [stdout]   --> src/lib.rs:94:26
[INFO] [stdout]    |
[INFO] [stdout] 93 | #[cfg(feature = "derive")]
[INFO] [stdout]    |       ------------------ the item is gated behind the `derive` feature
[INFO] [stdout] 94 | pub use laminate_derive::Laminate;
[INFO] [stdout]    |                          ^^^^^^^^
[INFO] [stdout] 
[INFO] [stdout] 
[INFO] [stdout] error: cannot find attribute `laminate` in this scope
[INFO] [stdout]   --> examples/api_consumption.rs:12:7
[INFO] [stdout]    |
[INFO] [stdout] 12 |     #[laminate(coerce)]
[INFO] [stdout]    |       ^^^^^^^^
[INFO] [stdout]    |
[INFO] [stdout]    = note: `laminate` is an attribute that can be used by the derive macro `Laminate`, you might be missing a `derive` attribute
[INFO] [stdout]    = note: `laminate` is in scope, but it is a crate, not an attribute
[INFO] [stdout] 
[INFO] [stdout] 
[INFO] [stdout] error: cannot find attribute `laminate` in this scope
[INFO] [stdout]   --> examples/api_consumption.rs:14:7
[INFO] [stdout]    |
[INFO] [stdout] 14 |     #[laminate(coerce)]
[INFO] [stdout]    |       ^^^^^^^^
[INFO] [stdout]    |
[INFO] [stdout]    = note: `laminate` is an attribute that can be used by the derive macro `Laminate`, you might be missing a `derive` attribute
[INFO] [stdout]    = note: `laminate` is in scope, but it is a crate, not an attribute
[INFO] [stdout] 
[INFO] [stdout] 
[INFO] [stdout] error[E0432]: unresolved imports `laminate::Laminate`, `laminate::ToolDefinition`
[INFO] [stdout]   --> tests/integration_scaffolding_test.rs:3:27
[INFO] [stdout]    |
[INFO] [stdout]  3 | use laminate::{FlexValue, Laminate, ToolDefinition};
[INFO] [stdout]    |                           ^^^^^^^^  ^^^^^^^^^^^^^^ no `ToolDefinition` in the root
[INFO] [stdout]    |                           |
[INFO] [stdout]    |                           no `Laminate` in the root
[INFO] [stdout]    |
[INFO] [stdout] note: found an item that was configured out
[INFO] [stdout]   --> src/lib.rs:94:26
[INFO] [stdout]    |
[INFO] [stdout] 93 | #[cfg(feature = "derive")]
[INFO] [stdout]    |       ------------------ the item is gated behind the `derive` feature
[INFO] [stdout] 94 | pub use laminate_derive::Laminate;
[INFO] [stdout]    |                          ^^^^^^^^
[INFO] [stdout] note: found an item that was configured out
[INFO] [stdout]   --> src/lib.rs:97:26
[INFO] [stdout]    |
[INFO] [stdout] 96 | #[cfg(feature = "derive")]
[INFO] [stdout]    |       ------------------ the item is gated behind the `derive` feature
[INFO] [stdout] 97 | pub use laminate_derive::ToolDefinition;
[INFO] [stdout]    |                          ^^^^^^^^^^^^^^
[INFO] [stdout] 
[INFO] [stdout] 
[INFO] [stdout] error[E0432]: unresolved import `laminate::schema`
[INFO] [stdout]   --> tests/expanded_domain_tests.rs:4:15
[INFO] [stdout]    |
[INFO] [stdout]  4 | use laminate::schema::InferredSchema;
[INFO] [stdout]    |               ^^^^^^ could not find `schema` in `laminate`
[INFO] [stdout]    |
[INFO] [stdout] note: found an item that was configured out
[INFO] [stdout]   --> src/lib.rs:67:9
[INFO] [stdout]    |
[INFO] [stdout] 66 | #[cfg(feature = "schema")]
[INFO] [stdout]    |       ------------------ the item is gated behind the `schema` feature
[INFO] [stdout] 67 | pub mod schema;
[INFO] [stdout]    |         ^^^^^^
[INFO] [stdout] 
[INFO] [stdout] 
[INFO] [stdout] error[E0432]: unresolved import `laminate::schema`
[INFO] [stdout]   --> tests/edge_case_tests.rs:3:15
[INFO] [stdout]    |
[INFO] [stdout]  3 | use laminate::schema::InferredSchema;
[INFO] [stdout]    |               ^^^^^^ could not find `schema` in `laminate`
[INFO] [stdout]    |
[INFO] [stdout] note: found an item that was configured out
[INFO] [stdout]   --> src/lib.rs:67:9
[INFO] [stdout]    |
[INFO] [stdout] 66 | #[cfg(feature = "schema")]
[INFO] [stdout]    |       ------------------ the item is gated behind the `schema` feature
[INFO] [stdout] 67 | pub mod schema;
[INFO] [stdout]    |         ^^^^^^
[INFO] [stdout] 
[INFO] [stdout] 
[INFO] [stdout] error[E0432]: unresolved import `laminate::ToolDefinition`
[INFO] [stdout]   --> tests/tool_definition_tests.rs:3:5
[INFO] [stdout]    |
[INFO] [stdout]  3 | use laminate::ToolDefinition;
[INFO] [stdout]    |     ^^^^^^^^^^--------------
[INFO] [stdout]    |               |
[INFO] [stdout]    |               no `ToolDefinition` in the root
[INFO] [stdout]    |
[INFO] [stdout] note: found an item that was configured out
[INFO] [stdout]   --> src/lib.rs:97:26
[INFO] [stdout]    |
[INFO] [stdout] 96 | #[cfg(feature = "derive")]
[INFO] [stdout]    |       ------------------ the item is gated behind the `derive` feature
[INFO] [stdout] 97 | pub use laminate_derive::ToolDefinition;
[INFO] [stdout]    |                          ^^^^^^^^^^^^^^
[INFO] [stdout] 
[INFO] [stdout] 
[INFO] [stdout] error: cannot find attribute `laminate` in this scope
[INFO] [stdout]   --> examples/api_consumption.rs:16:7
[INFO] [stdout]    |
[INFO] [stdout] 16 |     #[laminate(coerce, default)]
[INFO] [stdout]    |       ^^^^^^^^
[INFO] [stdout]    |
[INFO] [stdout]    = note: `laminate` is an attribute that can be used by the derive macro `Laminate`, you might be missing a `derive` attribute
[INFO] [stdout]    = note: `laminate` is in scope, but it is a crate, not an attribute
[INFO] [stdout] 
[INFO] [stdout] 
[INFO] [stdout] error: cannot find attribute `laminate` in this scope
[INFO] [stdout]   --> tests/integration_scaffolding_test.rs:11:7
[INFO] [stdout]    |
[INFO] [stdout] 11 |     #[laminate(coerce)]
[INFO] [stdout]    |       ^^^^^^^^
[INFO] [stdout]    |
[INFO] [stdout]    = note: `laminate` is an attribute that can be used by the derive macro `Laminate`, you might be missing a `derive` attribute
[INFO] [stdout]    = note: `laminate` is in scope, but it is a crate, not an attribute
[INFO] [stdout] 
[INFO] [stdout] 
[INFO] [stdout] error: cannot find attribute `laminate` in this scope
[INFO] [stdout]   --> examples/api_consumption.rs:18:7
[INFO] [stdout]    |
[INFO] [stdout] 18 |     #[laminate(overflow)]
[INFO] [stdout]    |       ^^^^^^^^
[INFO] [stdout]    |
[INFO] [stdout]    = note: `laminate` is an attribute that can be used by the derive macro `Laminate`, you might be missing a `derive` attribute
[INFO] [stdout]    = note: `laminate` is in scope, but it is a crate, not an attribute
[INFO] [stdout] 
[INFO] [stdout] 
[INFO] [stdout] error[E0432]: unresolved import `laminate::Laminate`
[INFO] [stdout]   --> tests/mode_system_tests.rs:2:27
[INFO] [stdout]    |
[INFO] [stdout]  2 | use laminate::{FlexValue, Laminate, Lenient, Strict};
[INFO] [stdout]    |                           ^^^^^^^^ no `Laminate` in the root
[INFO] [stdout]    |
[INFO] [stdout] note: found an item that was configured out
[INFO] [stdout]   --> src/lib.rs:94:26
[INFO] [stdout]    |
[INFO] [stdout] 93 | #[cfg(feature = "derive")]
[INFO] [stdout]    |       ------------------ the item is gated behind the `derive` feature
[INFO] [stdout] 94 | pub use laminate_derive::Laminate;
[INFO] [stdout]    |                          ^^^^^^^^
[INFO] [stdout] 
[INFO] [stdout] 
[INFO] [stdout] error: cannot find attribute `laminate` in this scope
[INFO] [stdout]   --> tests/integration_scaffolding_test.rs:14:7
[INFO] [stdout]    |
[INFO] [stdout] 14 |     #[laminate(coerce, default)]
[INFO] [stdout]    |       ^^^^^^^^
[INFO] [stdout]    |
[INFO] [stdout]    = note: `laminate` is an attribute that can be used by the derive macro `Laminate`, you might be missing a `derive` attribute
[INFO] [stdout]    = note: `laminate` is in scope, but it is a crate, not an attribute
[INFO] [stdout] 
[INFO] [stdout] 
[INFO] [stdout] error: cannot find attribute `tool` in this scope
[INFO] [stdout]   --> tests/tool_definition_tests.rs:66:3
[INFO] [stdout]    |
[INFO] [stdout] 66 | #[tool(name = "custom_name", description = "A custom description")]
[INFO] [stdout]    |   ^^^^
[INFO] [stdout]    |
[INFO] [stdout] help: `tool` is an attribute that can be used by the derive macro `ToolDefinition`, you might be missing a `derive` attribute
[INFO] [stdout]    |
[INFO] [stdout] 67 + #[derive(ToolDefinition)]
[INFO] [stdout] 68 | struct CustomNamed {
[INFO] [stdout]    |
[INFO] [stdout] 
[INFO] [stdout] 
[INFO] [stdout] error: cannot find attribute `laminate` in this scope
[INFO] [stdout]  --> tests/mode_system_tests.rs:7:7
[INFO] [stdout]   |
[INFO] [stdout] 7 |     #[laminate(coerce)]
[INFO] [stdout]   |       ^^^^^^^^
[INFO] [stdout]   |
[INFO] [stdout]   = note: `laminate` is an attribute that can be used by the derive macro `Laminate`, you might be missing a `derive` attribute
[INFO] [stdout]   = note: `laminate` is in scope, but it is a crate, not an attribute
[INFO] [stdout] 
[INFO] [stdout] 
[INFO] [stdout] error: cannot find attribute `laminate` in this scope
[INFO] [stdout]  --> tests/mode_system_tests.rs:9:7
[INFO] [stdout]   |
[INFO] [stdout] 9 |     #[laminate(coerce, default)]
[INFO] [stdout]   |       ^^^^^^^^
[INFO] [stdout]   |
[INFO] [stdout]   = note: `laminate` is an attribute that can be used by the derive macro `Laminate`, you might be missing a `derive` attribute
[INFO] [stdout]   = note: `laminate` is in scope, but it is a crate, not an attribute
[INFO] [stdout] 
[INFO] [stdout] 
[INFO] [stdout] error[E0432]: unresolved import `laminate::schema`
[INFO] [stdout]   --> tests/domain_tests.rs:9:15
[INFO] [stdout]    |
[INFO] [stdout]  9 | use laminate::schema::{InferredSchema, JsonType};
[INFO] [stdout]    |               ^^^^^^ could not find `schema` in `laminate`
[INFO] [stdout]    |
[INFO] [stdout] note: found an item that was configured out
[INFO] [stdout]   --> src/lib.rs:67:9
[INFO] [stdout]    |
[INFO] [stdout] 66 | #[cfg(feature = "schema")]
[INFO] [stdout]    |       ------------------ the item is gated behind the `schema` feature
[INFO] [stdout] 67 | pub mod schema;
[INFO] [stdout]    |         ^^^^^^
[INFO] [stdout] 
[INFO] [stdout] 
[INFO] [stdout] error[E0599]: no associated function or constant named `from_flex_value` found for struct `WeatherArgs` in the current scope
[INFO] [stdout]   --> tests/integration_scaffolding_test.rs:64:46
[INFO] [stdout]    |
[INFO] [stdout]  9 | struct WeatherArgs {
[INFO] [stdout]    | ------------------ associated function or constant `from_flex_value` not found for this struct
[INFO] [stdout] ...
[INFO] [stdout] 64 |     let (weather_args, diags) = WeatherArgs::from_flex_value(args_fv.raw()).unwrap();
[INFO] [stdout]    |                                              ^^^^^^^^^^^^^^^ associated function or constant not found in `WeatherArgs`
[INFO] [stdout] 
[INFO] [stdout] 
[INFO] [stdout] error[E0599]: no associated function or constant named `tool_definition` found for struct `GetWeather` in the current scope
[INFO] [stdout]   --> tests/tool_definition_tests.rs:16:27
[INFO] [stdout]    |
[INFO] [stdout]  7 | struct GetWeather {
[INFO] [stdout]    | ----------------- associated function or constant `tool_definition` not found for this struct
[INFO] [stdout] ...
[INFO] [stdout] 16 |     let def = GetWeather::tool_definition();
[INFO] [stdout]    |                           ^^^^^^^^^^^^^^^ associated function or constant not found in `GetWeather`
[INFO] [stdout] 
[INFO] [stdout] 
[INFO] [stdout] error[E0599]: no associated function or constant named `from_json` found for struct `User` in the current scope
[INFO] [stdout]   --> examples/api_consumption.rs:34:37
[INFO] [stdout]    |
[INFO] [stdout] 10 | struct User {
[INFO] [stdout]    | ----------- associated function or constant `from_json` not found for this struct
[INFO] [stdout] ...
[INFO] [stdout] 34 |     let (user, diagnostics) = User::from_json(api_response).unwrap();
[INFO] [stdout]    |                                     ^^^^^^^^^ associated function or constant not found in `User`
[INFO] [stdout] 
[INFO] [stdout] 
[INFO] [stdout] error[E0599]: no associated function or constant named `tool_definition` found for struct `WeatherArgs` in the current scope
[INFO] [stdout]   --> tests/integration_scaffolding_test.rs:70:33
[INFO] [stdout]    |
[INFO] [stdout]  9 | struct WeatherArgs {
[INFO] [stdout]    | ------------------ associated function or constant `tool_definition` not found for this struct
[INFO] [stdout] ...
[INFO] [stdout] 70 |     let tool_def = WeatherArgs::tool_definition();
[INFO] [stdout]    |                                 ^^^^^^^^^^^^^^^ associated function or constant not found in `WeatherArgs`
[INFO] [stdout] 
[INFO] [stdout] 
[INFO] [stdout] error[E0599]: no associated function or constant named `tool_definition` found for struct `SearchDocs` in the current scope
[INFO] [stdout]   --> tests/tool_definition_tests.rs:52:27
[INFO] [stdout]    |
[INFO] [stdout] 41 | struct SearchDocs {
[INFO] [stdout]    | ----------------- associated function or constant `tool_definition` not found for this struct
[INFO] [stdout] ...
[INFO] [stdout] 52 |     let def = SearchDocs::tool_definition();
[INFO] [stdout]    |                           ^^^^^^^^^^^^^^^ associated function or constant not found in `SearchDocs`
[INFO] [stdout] 
[INFO] [stdout] 
[INFO] [stdout] Some errors have detailed explanations: E0432, E0599.
[INFO] [stdout] 
[INFO] [stdout] For more information about an error, try `rustc --explain E0432`.
[INFO] [stdout] 
[INFO] [stdout] error[E0599]: no associated function or constant named `tool_definition` found for struct `CustomNamed` in the current scope
[INFO] [stdout]   --> tests/tool_definition_tests.rs:73:28
[INFO] [stdout]    |
[INFO] [stdout] 67 | struct CustomNamed {
[INFO] [stdout]    | ------------------ associated function or constant `tool_definition` not found for this struct
[INFO] [stdout] ...
[INFO] [stdout] 73 |     let def = CustomNamed::tool_definition();
[INFO] [stdout]    |                            ^^^^^^^^^^^^^^^ associated function or constant not found in `CustomNamed`
[INFO] [stdout] 
[INFO] [stdout] 
[INFO] [stderr] error: could not compile `laminate` (example "api_consumption") due to 6 previous errors
[INFO] [stderr] warning: build failed, waiting for other jobs to finish...
[INFO] [stdout] error[E0599]: no associated function or constant named `from_flex_value` found for struct `WeatherArgs` in the current scope
[INFO] [stdout]    --> tests/integration_scaffolding_test.rs:109:34
[INFO] [stdout]     |
[INFO] [stdout]   9 | struct WeatherArgs {
[INFO] [stdout]     | ------------------ associated function or constant `from_flex_value` not found for this struct
[INFO] [stdout] ...
[INFO] [stdout] 109 |     let (args, _) = WeatherArgs::from_flex_value(input_val.raw()).unwrap();
[INFO] [stdout]     |                                  ^^^^^^^^^^^^^^^ associated function or constant not found in `WeatherArgs`
[INFO] [stdout] 
[INFO] [stdout] 
[INFO] [stdout] Some errors have detailed explanations: E0432, E0599.
[INFO] [stdout] 
[INFO] [stdout] For more information about an error, try `rustc --explain E0432`.
[INFO] [stdout] 
[INFO] [stdout] error[E0599]: no associated function or constant named `shape_lenient` found for struct `Config` in the current scope
[INFO] [stdout]   --> tests/mode_system_tests.rs:34:26
[INFO] [stdout]    |
[INFO] [stdout]  5 | struct Config {
[INFO] [stdout]    | ------------- associated function or constant `shape_lenient` not found for this struct
[INFO] [stdout] ...
[INFO] [stdout] 34 |     let result = Config::shape_lenient(&json).unwrap();
[INFO] [stdout]    |                          ^^^^^^^^^^^^^ associated function or constant not found in `Config`
[INFO] [stdout] 
[INFO] [stdout] 
[INFO] [stderr] error: could not compile `laminate` (test "tool_definition_tests") due to 5 previous errors
[INFO] [stdout] error[E0599]: no associated function or constant named `shape_strict` found for struct `Config` in the current scope
[INFO] [stdout]   --> tests/mode_system_tests.rs:48:26
[INFO] [stdout]    |
[INFO] [stdout]  5 | struct Config {
[INFO] [stdout]    | ------------- associated function or constant `shape_strict` not found for this struct
[INFO] [stdout] ...
[INFO] [stdout] 48 |     let result = Config::shape_strict(&json);
[INFO] [stdout]    |                          ^^^^^^^^^^^^ associated function or constant not found in `Config`
[INFO] [stdout] 
[INFO] [stdout] 
[INFO] [stdout] Some errors have detailed explanations: E0432, E0599.
[INFO] [stdout] 
[INFO] [stdout] For more information about an error, try `rustc --explain E0432`.
[INFO] [stdout] 
[INFO] [stderr] error: could not compile `laminate` (test "integration_scaffolding_test") due to 6 previous errors
[INFO] [stdout] error[E0599]: no associated function or constant named `shape_strict` found for struct `Config` in the current scope
[INFO] [stdout]   --> tests/mode_system_tests.rs:59:26
[INFO] [stdout]    |
[INFO] [stdout]  5 | struct Config {
[INFO] [stdout]    | ------------- associated function or constant `shape_strict` not found for this struct
[INFO] [stdout] ...
[INFO] [stdout] 59 |     let result = Config::shape_strict(&json);
[INFO] [stdout]    |                          ^^^^^^^^^^^^ associated function or constant not found in `Config`
[INFO] [stdout] 
[INFO] [stdout] 
[INFO] [stdout] For more information about this error, try `rustc --explain E0432`.
[INFO] [stdout] 
[INFO] [stdout] error[E0599]: no associated function or constant named `shape_strict` found for struct `Config` in the current scope
[INFO] [stdout]   --> tests/mode_system_tests.rs:69:26
[INFO] [stdout]    |
[INFO] [stdout]  5 | struct Config {
[INFO] [stdout]    | ------------- associated function or constant `shape_strict` not found for this struct
[INFO] [stdout] ...
[INFO] [stdout] 69 |     let result = Config::shape_strict(&json);
[INFO] [stdout]    |                          ^^^^^^^^^^^^ associated function or constant not found in `Config`
[INFO] [stdout] 
[INFO] [stdout] 
[INFO] [stderr] error: could not compile `laminate` (test "edge_case_tests") due to 1 previous error
[INFO] [stdout] error[E0599]: no associated function or constant named `shape_absorbing` found for struct `Config` in the current scope
[INFO] [stdout]   --> tests/mode_system_tests.rs:76:26
[INFO] [stdout]    |
[INFO] [stdout]  5 | struct Config {
[INFO] [stdout]    | ------------- associated function or constant `shape_absorbing` not found for this struct
[INFO] [stdout] ...
[INFO] [stdout] 76 |     let result = Config::shape_absorbing(&json).unwrap();
[INFO] [stdout]    |                          ^^^^^^^^^^^^^^^ associated function or constant not found in `Config`
[INFO] [stdout] 
[INFO] [stdout] 
[INFO] [stdout] Some errors have detailed explanations: E0432, E0599.
[INFO] [stdout] 
[INFO] [stdout] For more information about an error, try `rustc --explain E0432`.
[INFO] [stdout] 
[INFO] [stderr] error: could not compile `laminate` (test "mode_system_tests") due to 8 previous errors
[INFO] [stdout] For more information about this error, try `rustc --explain E0432`.
[INFO] [stdout] 
[INFO] [stderr] error: could not compile `laminate` (test "expanded_domain_tests") due to 1 previous error
[INFO] [stdout] For more information about this error, try `rustc --explain E0432`.
[INFO] [stdout] 
[INFO] [stderr] error: could not compile `laminate` (test "domain_tests") due to 1 previous error
[INFO] running `Command { std: "docker" "inspect" "22ed3aa049b7bc4657f51f01724873ea2c0ce29037c43188dd0198b137840e15", kill_on_drop: false }`
[INFO] running `Command { std: "docker" "rm" "-f" "22ed3aa049b7bc4657f51f01724873ea2c0ce29037c43188dd0198b137840e15", kill_on_drop: false }`
[INFO] [stdout] 22ed3aa049b7bc4657f51f01724873ea2c0ce29037c43188dd0198b137840e15
