[INFO] fetching crate lagan 0.1.0...
[INFO] testing lagan-0.1.0 against 1.99.0-beta.8+cargoflags=--release for beta-release-1.100-2
[INFO] extracting crate lagan 0.1.0 into /workspace/builds/worker-5-tc1/source
[INFO] started tweaking crates.io crate lagan 0.1.0
[INFO] removed 0 missing examples
[INFO] finished tweaking crates.io crate lagan 0.1.0
[INFO] tweaked toml for crates.io crate lagan 0.1.0 written to /workspace/builds/worker-5-tc1/source/Cargo.toml
[INFO] validating manifest of crates.io crate lagan 0.1.0 on toolchain 1.99.0-beta.8
[INFO] running `Command { std: CARGO_HOME="/workspace/cargo-home" RUSTUP_HOME="/workspace/rustup-home" "/workspace/cargo-home/bin/cargo" "+1.99.0-beta.8" "metadata" "--manifest-path" "Cargo.toml" "--no-deps", kill_on_drop: false }`
[INFO] crate crates.io crate lagan 0.1.0 already has a lockfile, it will not be regenerated
[INFO] running `Command { std: CARGO_HOME="/workspace/cargo-home" RUSTUP_HOME="/workspace/rustup-home" "/workspace/cargo-home/bin/cargo" "+1.99.0-beta.8" "fetch" "--manifest-path" "Cargo.toml", kill_on_drop: false }`
[INFO] [stderr]     Updating crates.io index
[INFO] [stderr]  Downloading crates ...
[INFO] [stderr]   Downloaded typed-builder-macro v0.20.0
[INFO] [stderr]   Downloaded quote v1.0.37
[INFO] [stderr]   Downloaded typed-builder v0.20.0
[INFO] [stderr]   Downloaded unicode-ident v1.0.14
[INFO] [stderr]   Downloaded num-conv v0.1.0
[INFO] [stderr]   Downloaded pollster v0.4.0
[INFO] [stderr]   Downloaded num_threads v0.1.7
[INFO] [stderr]   Downloaded winapi-util v0.1.9
[INFO] [stderr]   Downloaded itoa v1.0.14
[INFO] [stderr]   Downloaded time-macros v0.2.19
[INFO] [stderr]   Downloaded deranged v0.3.11
[INFO] [stderr]   Downloaded cmake v0.1.52
[INFO] [stderr]   Downloaded termcolor v1.4.1
[INFO] [stderr]   Downloaded simplelog v0.12.2
[INFO] [stderr]   Downloaded time-core v0.1.2
[INFO] [stderr]   Downloaded snafu-derive v0.8.5
[INFO] [stderr]   Downloaded log v0.4.22
[INFO] [stderr]   Downloaded serde_derive v1.0.215
[INFO] [stderr]   Downloaded bitflags v2.6.0
[INFO] [stderr]   Downloaded proc-macro2 v1.0.92
[INFO] [stderr]   Downloaded snafu v0.8.5
[INFO] [stderr]   Downloaded serde v1.0.215
[INFO] [stderr]   Downloaded cc v1.2.2
[INFO] [stderr]   Downloaded time v0.3.37
[INFO] [stderr]   Downloaded syn v2.0.90
[INFO] [stderr]   Downloaded libc v0.2.167
[INFO] [stderr]   Downloaded ntcore-sys v0.3.0
[INFO] running `Command { std: "docker" "create" "-v" "/var/lib/crater-agent-workspace/builds/worker-5-tc1/source:/opt/rustwide/workdir:ro,Z" "-v" "/var/lib/crater-agent-workspace/builds/worker-5-tc1/target:/opt/rustwide/target:rw,Z" "-v" "/var/lib/crater-agent-workspace/cargo-home:/opt/rustwide/cargo-home:ro,Z" "-v" "/var/lib/crater-agent-workspace/rustup-home:/opt/rustwide/rustup-home:ro,Z" "-m" "1610612736" "--network" "none" "ghcr.io/rust-lang/crates-build-env/linux@sha256:77db811e55d90add9212f6832c23229e3de5f1c1f9905e8cb07319ea15df73ac" "sleep" "infinity", kill_on_drop: false }`
[INFO] [stdout] f94dbc09733b9271b0ceb6f8be4586435a291ee4ae4b71c63a7fecc706777185
[INFO] running `Command { std: "docker" "start" "f94dbc09733b9271b0ceb6f8be4586435a291ee4ae4b71c63a7fecc706777185", kill_on_drop: false }`
[INFO] running `Command { std: "docker" "inspect" "f94dbc09733b9271b0ceb6f8be4586435a291ee4ae4b71c63a7fecc706777185", kill_on_drop: false }`
[INFO] running `Command { std: "docker" "exec" "-e" "SOURCE_DIR=/opt/rustwide/workdir" "-e" "CARGO_HOME=/opt/rustwide/cargo-home" "-e" "RUSTUP_HOME=/opt/rustwide/rustup-home" "-e" "CARGO_TARGET_DIR=/opt/rustwide/target" "-w" "/opt/rustwide/workdir" "--user" "0:0" "f94dbc09733b9271b0ceb6f8be4586435a291ee4ae4b71c63a7fecc706777185" "/opt/rustwide/cargo-home/bin/cargo" "+1.99.0-beta.8" "metadata" "--no-deps" "--format-version=1", kill_on_drop: false }`
[INFO] running `Command { std: "docker" "inspect" "f94dbc09733b9271b0ceb6f8be4586435a291ee4ae4b71c63a7fecc706777185", kill_on_drop: false }`
[INFO] running `Command { std: "docker" "exec" "-e" "SOURCE_DIR=/opt/rustwide/workdir" "-e" "CARGO_HOME=/opt/rustwide/cargo-home" "-e" "RUSTUP_HOME=/opt/rustwide/rustup-home" "-e" "CARGO_TARGET_DIR=/opt/rustwide/target" "-e" "CARGO_INCREMENTAL=0" "-e" "RUST_BACKTRACE=full" "-e" "RUSTFLAGS=--cap-lints=warn" "-e" "RUSTDOCFLAGS=--cap-lints=warn" "-w" "/opt/rustwide/workdir" "--user" "0:0" "f94dbc09733b9271b0ceb6f8be4586435a291ee4ae4b71c63a7fecc706777185" "/opt/rustwide/cargo-home/bin/cargo" "+1.99.0-beta.8" "build" "--frozen" "--message-format=json" "--release", kill_on_drop: false }`
[INFO] [stderr]    Compiling proc-macro2 v1.0.92
[INFO] [stderr]    Compiling unicode-ident v1.0.14
[INFO] [stderr]    Compiling shlex v1.3.0
[INFO] [stderr]    Compiling heck v0.5.0
[INFO] [stderr]    Compiling bitflags v2.6.0
[INFO] [stderr]    Compiling log v0.4.22
[INFO] [stderr]    Compiling cc v1.2.2
[INFO] [stderr]    Compiling quote v1.0.37
[INFO] [stderr]    Compiling syn v2.0.90
[INFO] [stderr]    Compiling cmake v0.1.52
[INFO] [stderr]    Compiling ntcore-sys v0.3.0
[INFO] [stderr]    Compiling snafu-derive v0.8.5
[INFO] [stderr]    Compiling typed-builder-macro v0.20.0
[INFO] [stderr]    Compiling typed-builder v0.20.0
[INFO] [stderr]    Compiling snafu v0.8.5
[INFO] [stderr] error: failed to run custom build command for `ntcore-sys v0.3.0`
[INFO] [stderr] note: To improve backtraces for build dependencies, set the CARGO_PROFILE_RELEASE_BUILD_OVERRIDE_DEBUG=true environment variable to enable debug information generation.
[INFO] [stderr] 
[INFO] [stderr] Caused by:
[INFO] [stderr]   process didn't exit successfully: `/opt/rustwide/target/release/build/ntcore-sys-f3550d28f4dae008/build-script-build` (exit status: 101)
[INFO] [stderr]   --- stdout
[INFO] [stderr]   CMAKE_TOOLCHAIN_FILE_x86_64-unknown-linux-gnu = None
[INFO] [stderr]   CMAKE_TOOLCHAIN_FILE_x86_64_unknown_linux_gnu = None
[INFO] [stderr]   HOST_CMAKE_TOOLCHAIN_FILE = None
[INFO] [stderr]   CMAKE_TOOLCHAIN_FILE = None
[INFO] [stderr]   CMAKE_GENERATOR_x86_64-unknown-linux-gnu = None
[INFO] [stderr]   CMAKE_GENERATOR_x86_64_unknown_linux_gnu = None
[INFO] [stderr]   HOST_CMAKE_GENERATOR = None
[INFO] [stderr]   CMAKE_GENERATOR = None
[INFO] [stderr]   CMAKE_PREFIX_PATH_x86_64-unknown-linux-gnu = None
[INFO] [stderr]   CMAKE_PREFIX_PATH_x86_64_unknown_linux_gnu = None
[INFO] [stderr]   HOST_CMAKE_PREFIX_PATH = None
[INFO] [stderr]   CMAKE_PREFIX_PATH = None
[INFO] [stderr]   CMAKE_x86_64-unknown-linux-gnu = None
[INFO] [stderr]   CMAKE_x86_64_unknown_linux_gnu = None
[INFO] [stderr]   HOST_CMAKE = None
[INFO] [stderr]   CMAKE = None
[INFO] [stderr]   running: cd "/opt/rustwide/target/release/build/ntcore-sys-b1b8db95d38229f3/out/build" && CMAKE_PREFIX_PATH="" LC_ALL="C" "cmake" "/opt/rustwide/cargo-home/registry/src/index.crates.io-1949cf8c6b5b557f/ntcore-sys-0.3.0/allwpilib" "-DWITH_CSCORE=OFF" "-DWITH_GUI=OFF" "-DWITH_SIMULATION_MODULES=OFF" "-DWITH_TESTS=OFF" "-DWITH_WPILIB=OFF" "-DWITH_WPIMATH=OFF" "-DWITH_PROTOBUF=OFF" "-DBUILD_SHARED_LIBS=OFF" "-DCMAKE_INSTALL_PREFIX=/opt/rustwide/target/release/build/ntcore-sys-b1b8db95d38229f3/out" "-DCMAKE_C_FLAGS= -ffunction-sections -fdata-sections -fPIC -m64" "-DCMAKE_C_COMPILER=/usr/bin/cc" "-DCMAKE_CXX_FLAGS= -ffunction-sections -fdata-sections -fPIC -m64" "-DCMAKE_CXX_COMPILER=/usr/bin/c++" "-DCMAKE_ASM_FLAGS= -ffunction-sections -fdata-sections -fPIC -m64" "-DCMAKE_ASM_COMPILER=/usr/bin/cc" "-DCMAKE_BUILD_TYPE=Release"
[INFO] [stderr]   -- The C compiler identification is GNU 15.2.0
[INFO] [stderr]   -- The CXX compiler identification is GNU 15.2.0
[INFO] [stderr]   -- Detecting C compiler ABI info
[INFO] [stderr]   -- Detecting C compiler ABI info - done
[INFO] [stderr]   -- Check for working C compiler: /usr/bin/cc - skipped
[INFO] [stderr]   -- Detecting C compile features
[INFO] [stderr]   -- Detecting C compile features - done
[INFO] [stderr]   -- Detecting CXX compiler ABI info
[INFO] [stderr]   -- Detecting CXX compiler ABI info - done
[INFO] [stderr]   -- Check for working CXX compiler: /usr/bin/c++ - skipped
[INFO] [stderr]   -- Detecting CXX compile features
[INFO] [stderr]   -- Detecting CXX compile features - done
[INFO] [stderr]   -- Could NOT find LIBSSH (missing: LIBSSH_DIR)
[INFO] [stderr]   -- Performing Test CMAKE_HAVE_LIBC_PTHREAD
[INFO] [stderr]   -- Performing Test CMAKE_HAVE_LIBC_PTHREAD - Success
[INFO] [stderr]   -- Found Threads: TRUE
[INFO] [stderr]   -- Found libatomic: /usr/lib/x86_64-linux-gnu/libatomic.so.1
[INFO] [stderr]   -- Found libatomic: /usr/lib/x86_64-linux-gnu/libatomic.so.1
[INFO] [stderr]   -- Configuring done (2.0s)
[INFO] [stderr]   -- Generating done (0.2s)
[INFO] [stderr]   -- Build files have been written to: /opt/rustwide/target/release/build/ntcore-sys-b1b8db95d38229f3/out/build
[INFO] [stderr]   running: cd "/opt/rustwide/target/release/build/ntcore-sys-b1b8db95d38229f3/out/build" && LC_ALL="C" MAKEFLAGS="-j --jobserver-fds=4,5 --jobserver-auth=4,5" "cmake" "--build" "/opt/rustwide/target/release/build/ntcore-sys-b1b8db95d38229f3/out/build" "--target" "install" "--config" "Release"
[INFO] [stderr]   [  0%] Generating generated/main/cpp/wpilib-128.png.cpp
[INFO] [stderr]   [  1%] Building CXX object wpiutil/CMakeFiles/wpiutil.dir/src/main/native/cpp/FileLogger.cpp.o
[INFO] [stderr]   [  2%] Building CXX object wpiutil/CMakeFiles/wpiutil.dir/src/main/native/cpp/DataLog.cpp.o
[INFO] [stderr]   [  2%] Building CXX object wpiutil/CMakeFiles/wpiutil.dir/src/main/native/cpp/Base64.cpp.o
[INFO] [stderr]   [  2%] Building CXX object wpiutil/CMakeFiles/wpiutil.dir/src/main/native/cpp/DataLogBackgroundWriter.cpp.o
[INFO] [stderr]   [  3%] Building CXX object wpiutil/CMakeFiles/wpiutil.dir/src/main/native/cpp/DataLogReader.cpp.o
[INFO] [stderr]   [  3%] Building CXX object wpiutil/CMakeFiles/wpiutil.dir/src/main/native/cpp/DataLogWriter.cpp.o
[INFO] [stderr]   [  3%] Building CXX object wpiutil/CMakeFiles/wpiutil.dir/src/main/native/cpp/Logger.cpp.o
[INFO] [stderr]   [  3%] Building CXX object wpiutil/CMakeFiles/wpiutil.dir/src/main/native/cpp/MappedFileRegion.cpp.o
[INFO] [stderr]   [  4%] Building CXX object wpiutil/CMakeFiles/wpiutil.dir/src/main/native/cpp/MessagePack.cpp.o
[INFO] [stderr]   [  4%] Building CXX object wpiutil/CMakeFiles/wpiutil.dir/src/main/native/cpp/RawFrame.cpp.o
[INFO] [stderr]   [  5%] Building CXX object wpiutil/CMakeFiles/wpiutil.dir/src/main/native/cpp/RuntimeCheck.cpp.o
[INFO] [stderr]   [  5%] Building CXX object wpiutil/CMakeFiles/wpiutil.dir/src/main/native/cpp/SafeThread.cpp.o
[INFO] [stderr]   [  6%] Building CXX object wpiutil/CMakeFiles/wpiutil.dir/src/main/native/cpp/StackTraceWrap.cpp.o
[INFO] [stderr]   [  6%] Building CXX object wpiutil/CMakeFiles/wpiutil.dir/src/main/native/cpp/Synchronization.cpp.o
[INFO] [stderr]   [  7%] Building CXX object wpiutil/CMakeFiles/wpiutil.dir/src/main/native/cpp/fs.cpp.o
[INFO] [stderr]   [  7%] Building CXX object wpiutil/CMakeFiles/wpiutil.dir/src/main/native/cpp/future.cpp.o
[INFO] [stderr]   [  7%] Building CXX object wpiutil/CMakeFiles/wpiutil.dir/src/main/native/cpp/leb128.cpp.o
[INFO] [stderr]   [  8%] Building CXX object wpiutil/CMakeFiles/wpiutil.dir/src/main/native/cpp/raw_istream.cpp.o
[INFO] [stderr]   [  8%] Building CXX object wpiutil/CMakeFiles/wpiutil.dir/src/main/native/cpp/sendable/SendableRegistry.cpp.o
[INFO] [stderr]   [  9%] Building CXX object wpiutil/CMakeFiles/wpiutil.dir/src/main/native/cpp/sha1.cpp.o
[INFO] [stderr]   [  9%] Building CXX object wpiutil/CMakeFiles/wpiutil.dir/src/main/native/cpp/string.cpp.o
[INFO] [stderr]   [ 10%] Building CXX object wpiutil/CMakeFiles/wpiutil.dir/src/main/native/cpp/struct/DynamicStruct.cpp.o
[INFO] [stderr]   [ 10%] Building CXX object wpiutil/CMakeFiles/wpiutil.dir/src/main/native/cpp/struct/SchemaParser.cpp.o
[INFO] [stderr]   [ 10%] Building CXX object wpiutil/CMakeFiles/wpiutil.dir/src/main/native/cpp/timestamp.cpp.o
[INFO] [stderr]   [ 11%] Building CXX object wpiutil/CMakeFiles/wpiutil.dir/src/main/native/thirdparty/debugging/src/linux.cpp.o
[INFO] [stderr]   [ 11%] Building CXX object wpiutil/CMakeFiles/wpiutil.dir/src/main/native/thirdparty/debugging/src/macos.cpp.o
[INFO] [stderr]   [ 12%] Building CXX object wpiutil/CMakeFiles/wpiutil.dir/src/main/native/thirdparty/debugging/src/windows.cpp.o
[INFO] [stderr]   [ 12%] Building CXX object wpiutil/CMakeFiles/wpiutil.dir/src/main/native/thirdparty/llvm/cpp/llvm/ConvertUTF.cpp.o
[INFO] [stderr]   [ 13%] Building CXX object wpiutil/CMakeFiles/wpiutil.dir/src/main/native/thirdparty/llvm/cpp/llvm/ConvertUTFWrapper.cpp.o
[INFO] [stderr]   [ 13%] Building CXX object wpiutil/CMakeFiles/wpiutil.dir/src/main/native/thirdparty/llvm/cpp/llvm/ErrorHandling.cpp.o
[INFO] [stderr]   [ 13%] Building CXX object wpiutil/CMakeFiles/wpiutil.dir/src/main/native/thirdparty/llvm/cpp/llvm/Hashing.cpp.o
[INFO] [stderr]   [ 14%] Building CXX object wpiutil/CMakeFiles/wpiutil.dir/src/main/native/thirdparty/llvm/cpp/llvm/MemAlloc.cpp.o
[INFO] [stderr]   [ 14%] Building CXX object wpiutil/CMakeFiles/wpiutil.dir/src/main/native/thirdparty/llvm/cpp/llvm/MemoryBuffer.cpp.o
[INFO] [stderr]   [ 15%] Building CXX object wpiutil/CMakeFiles/wpiutil.dir/src/main/native/thirdparty/llvm/cpp/llvm/SmallPtrSet.cpp.o
[INFO] [stderr]   [ 15%] Building CXX object wpiutil/CMakeFiles/wpiutil.dir/src/main/native/thirdparty/llvm/cpp/llvm/SmallVector.cpp.o
[INFO] [stderr]   [ 16%] Building CXX object wpiutil/CMakeFiles/wpiutil.dir/src/main/native/thirdparty/llvm/cpp/llvm/StringExtras.cpp.o
[INFO] [stderr]   [ 16%] Building CXX object wpiutil/CMakeFiles/wpiutil.dir/src/main/native/thirdparty/llvm/cpp/llvm/raw_os_ostream.cpp.o
[INFO] [stderr]   [ 16%] Building CXX object wpiutil/CMakeFiles/wpiutil.dir/src/main/native/thirdparty/llvm/cpp/llvm/raw_ostream.cpp.o
[INFO] [stderr]   [ 17%] Building CXX object wpiutil/CMakeFiles/wpiutil.dir/src/main/native/thirdparty/llvm/cpp/llvm/xxhash.cpp.o
[INFO] [stderr]   [ 17%] Building CXX object wpiutil/CMakeFiles/wpiutil.dir/src/main/native/thirdparty/mpack/src/mpack.cpp.o
[INFO] [stderr]   [ 18%] Building CXX object wpiutil/CMakeFiles/wpiutil.dir/src/main/native/thirdparty/nanopb/src/pb_common.cpp.o
[INFO] [stderr]   [ 18%] Building CXX object wpiutil/CMakeFiles/wpiutil.dir/src/main/native/thirdparty/nanopb/src/pb_decode.cpp.o
[INFO] [stderr]   [ 19%] Building CXX object wpiutil/CMakeFiles/wpiutil.dir/src/main/native/thirdparty/nanopb/src/pb_encode.cpp.o
[INFO] [stderr]   [ 19%] Building CXX object wpiutil/CMakeFiles/wpiutil.dir/src/main/native/cpp/protobuf/Protobuf.cpp.o
[INFO] [stderr]   [ 19%] Building CXX object wpiutil/CMakeFiles/wpiutil.dir/src/main/native/thirdparty/memory/src/debugging.cpp.o
[INFO] [stderr]   [ 20%] Building CXX object wpiutil/CMakeFiles/wpiutil.dir/src/main/native/thirdparty/memory/src/detail/align.cpp.o
[INFO] [stderr]   [ 20%] Building CXX object wpiutil/CMakeFiles/wpiutil.dir/src/main/native/thirdparty/memory/src/detail/assert.cpp.o
[INFO] [stderr]   [ 21%] Building CXX object wpiutil/CMakeFiles/wpiutil.dir/src/main/native/thirdparty/memory/src/detail/debug_helpers.cpp.o
[INFO] [stderr]   [ 21%] Building CXX object wpiutil/CMakeFiles/wpiutil.dir/src/main/native/thirdparty/memory/src/detail/free_list.cpp.o
[INFO] [stderr]   [ 22%] Building CXX object wpiutil/CMakeFiles/wpiutil.dir/src/main/native/thirdparty/memory/src/detail/free_list_array.cpp.o
[INFO] [stderr]   [ 22%] Building CXX object wpiutil/CMakeFiles/wpiutil.dir/src/main/native/thirdparty/memory/src/detail/small_free_list.cpp.o
[INFO] [stderr]   [ 22%] Building CXX object wpiutil/CMakeFiles/wpiutil.dir/src/main/native/thirdparty/memory/src/error.cpp.o
[INFO] [stderr]   [ 23%] Building CXX object wpiutil/CMakeFiles/wpiutil.dir/src/main/native/thirdparty/memory/src/heap_allocator.cpp.o
[INFO] [stderr]   [ 23%] Building CXX object wpiutil/CMakeFiles/wpiutil.dir/src/main/native/thirdparty/memory/src/iteration_allocator.cpp.o
[INFO] [stderr]   [ 24%] Building CXX object wpiutil/CMakeFiles/wpiutil.dir/src/main/native/thirdparty/memory/src/malloc_allocator.cpp.o
[INFO] [stderr]   [ 24%] Building CXX object wpiutil/CMakeFiles/wpiutil.dir/src/main/native/thirdparty/memory/src/memory_arena.cpp.o
[INFO] [stderr]   [ 25%] Building CXX object wpiutil/CMakeFiles/wpiutil.dir/src/main/native/thirdparty/memory/src/memory_pool.cpp.o
[INFO] [stderr]   [ 25%] Building CXX object wpiutil/CMakeFiles/wpiutil.dir/src/main/native/thirdparty/memory/src/memory_pool_collection.cpp.o
[INFO] [stderr]   [ 25%] Building CXX object wpiutil/CMakeFiles/wpiutil.dir/src/main/native/thirdparty/memory/src/memory_stack.cpp.o
[INFO] [stderr]   [ 26%] Building CXX object wpiutil/CMakeFiles/wpiutil.dir/src/main/native/thirdparty/memory/src/new_allocator.cpp.o
[INFO] [stderr]   [ 26%] Building CXX object wpiutil/CMakeFiles/wpiutil.dir/src/main/native/thirdparty/memory/src/static_allocator.cpp.o
[INFO] [stderr]   [ 27%] Building CXX object wpiutil/CMakeFiles/wpiutil.dir/src/main/native/thirdparty/memory/src/temporary_allocator.cpp.o
[INFO] [stderr]   [ 27%] Building CXX object wpiutil/CMakeFiles/wpiutil.dir/src/main/native/thirdparty/memory/src/virtual_memory.cpp.o
[INFO] [stderr]   [ 28%] Building CXX object wpiutil/CMakeFiles/wpiutil.dir/generated/main/cpp/wpilib-128.png.cpp.o
[INFO] [stderr]   [ 28%] Building CXX object wpiutil/CMakeFiles/wpiutil.dir/src/main/native/thirdparty/fmtlib/src/format.cpp.o
[INFO] [stderr]   [ 28%] Building CXX object wpiutil/CMakeFiles/wpiutil.dir/src/main/native/thirdparty/fmtlib/src/os.cpp.o
[INFO] [stderr]   [ 29%] Building CXX object wpiutil/CMakeFiles/wpiutil.dir/src/main/native/unix/Demangle.cpp.o
[INFO] [stderr]   [ 29%] Building CXX object wpiutil/CMakeFiles/wpiutil.dir/src/main/native/unix/StackTrace.cpp.o
[INFO] [stderr]   [ 30%] Linking CXX static library ../lib/libwpiutil.a
[INFO] [stderr]   [ 30%] Built target wpiutil
[INFO] [stderr]   [ 30%] Generating generated/main/cpp/popper-1.14.min.js.gz.cpp
[INFO] [stderr]   [ 30%] Generating generated/main/cpp/bootstrap-4.1.min.js.gz.cpp
[INFO] [stderr]   [ 31%] Generating generated/main/cpp/feather-4.8.min.js.gz.cpp
[INFO] [stderr]   [ 31%] Generating generated/main/cpp/jquery-3.3.slim.min.js.gz.cpp
[INFO] [stderr]   [ 31%] Building CXX object wpiutil/CMakeFiles/wpiutil_writelog.dir/examples/writelog/writelog.cpp.o
[INFO] [stderr]   [ 32%] Building CXX object wpiutil/CMakeFiles/wpiutil_printlog.dir/examples/printlog/printlog.cpp.o
[INFO] [stderr]   [ 32%] Generating generated/main/cpp/coreui-2.1.min.css.gz.cpp
[INFO] [stderr]   [ 32%] Generating generated/main/cpp/coreui-2.1.min.js.gz.cpp
[INFO] [stderr]   [ 33%] Building CXX object wpinet/CMakeFiles/wpinet.dir/src/main/native/cpp/DsClient.cpp.o
[INFO] [stderr]   [ 34%] Building CXX object wpinet/CMakeFiles/wpinet.dir/src/main/native/cpp/HttpUtil.cpp.o
[INFO] [stderr]   [ 35%] Building CXX object wpinet/CMakeFiles/wpinet.dir/src/main/native/cpp/HttpParser.cpp.o
[INFO] [stderr]   [ 35%] Building CXX object wpinet/CMakeFiles/wpinet.dir/src/main/native/cpp/HttpServerConnection.cpp.o
[INFO] [stderr]   [ 35%] Building CXX object wpinet/CMakeFiles/wpinet.dir/src/main/native/cpp/EventLoopRunner.cpp.o
[INFO] [stderr]   [ 35%] Building CXX object wpinet/CMakeFiles/wpinet.dir/src/main/native/cpp/MimeTypes.cpp.o
[INFO] [stderr]   [ 35%] Building CXX object wpinet/CMakeFiles/wpinet.dir/src/main/native/cpp/MulticastHandleManager.cpp.o
[INFO] [stderr]   [ 36%] Building CXX object wpinet/CMakeFiles/wpinet.dir/src/main/native/cpp/MulticastServiceAnnouncer.cpp.o
[INFO] [stderr]   [ 36%] Building CXX object wpinet/CMakeFiles/wpinet.dir/src/main/native/cpp/MulticastServiceResolver.cpp.o
[INFO] [stderr]   [ 37%] Building CXX object wpinet/CMakeFiles/wpinet.dir/src/main/native/cpp/ParallelTcpConnector.cpp.o
[INFO] [stderr]   [ 38%] Linking CXX executable ../bin/wpiutil_printlog
[INFO] [stderr]   [ 38%] Built target wpiutil_printlog
[INFO] [stderr] 
[INFO] [stderr]   --- stderr
[INFO] [stderr]   CMake Warning:
[INFO] [stderr]     Manually-specified variables were not used by the project:
[INFO] [stderr] 
[INFO] [stderr]       CMAKE_ASM_COMPILER
[INFO] [stderr]       CMAKE_ASM_FLAGS
[INFO] [stderr] 
[INFO] [stderr] 
[INFO] [stderr]   c++: fatal error: Killed signal terminated program cc1plus
[INFO] [stderr]   compilation terminated.
[INFO] [stderr]   c++: fatal error: Killed signal terminated program cc1plus
[INFO] [stderr]   compilation terminated.
[INFO] [stderr]   gmake[2]: *** [wpiutil/CMakeFiles/wpiutil_writelog.dir/build.make:79: wpiutil/CMakeFiles/wpiutil_writelog.dir/examples/writelog/writelog.cpp.o] Error 1
[INFO] [stderr]   gmake[1]: *** [CMakeFiles/Makefile2:240: wpiutil/CMakeFiles/wpiutil_writelog.dir/all] Error 2
[INFO] [stderr]   gmake[1]: *** Waiting for unfinished jobs....
[INFO] [stderr]   gmake[2]: *** [wpinet/CMakeFiles/wpinet.dir/build.make:109: wpinet/CMakeFiles/wpinet.dir/src/main/native/cpp/DsClient.cpp.o] Error 1
[INFO] [stderr]   gmake[2]: *** Waiting for unfinished jobs....
[INFO] [stderr]   gmake[1]: *** [CMakeFiles/Makefile2:272: wpinet/CMakeFiles/wpinet.dir/all] Error 2
[INFO] [stderr]   gmake: *** [Makefile:156: all] Error 2
[INFO] [stderr] 
[INFO] [stderr]   thread 'main' (182) panicked at /opt/rustwide/cargo-home/registry/src/index.crates.io-1949cf8c6b5b557f/cmake-0.1.52/src/lib.rs:1115:5:
[INFO] [stderr] 
[INFO] [stderr]   command did not execute successfully, got: exit status: 2
[INFO] [stderr] 
[INFO] [stderr]   build script failed, must exit now
[INFO] [stderr]   stack backtrace:
[INFO] [stderr]      0:     0x614a638e35b1 - <<std[70759c8f55707aa4]::sys::backtrace::BacktraceLock>::print::DisplayBacktrace as core[df12db4294e9bfd3]::fmt::Display>::fmt
[INFO] [stderr]      1:     0x614a638f776a - core[df12db4294e9bfd3]::fmt::write
[INFO] [stderr]      2:     0x614a638e915c - <std[70759c8f55707aa4]::sys::stdio::unix::Stderr as core[df12db4294e9bfd3]::io::write::Write>::write_fmt
[INFO] [stderr]      3:     0x614a638c2e56 - std[70759c8f55707aa4]::panicking::default_hook::{closure#0}
[INFO] [stderr]      4:     0x614a638de3d1 - std[70759c8f55707aa4]::panicking::default_hook
[INFO] [stderr]      5:     0x614a638de58b - std[70759c8f55707aa4]::panicking::panic_with_hook
[INFO] [stderr]      6:     0x614a638c2f02 - std[70759c8f55707aa4]::panicking::panic_handler::{closure#0}
[INFO] [stderr]      7:     0x614a638bbb99 - std[70759c8f55707aa4]::sys::backtrace::__rust_end_short_backtrace::<std[70759c8f55707aa4]::panicking::panic_handler::{closure#0}, !>
[INFO] [stderr]      8:     0x614a638c371d - __rustc[8fa7c3cbc660c2b3]::rust_begin_unwind
[INFO] [stderr]      9:     0x614a638f7edc - core[df12db4294e9bfd3]::panicking::panic_fmt
[INFO] [stderr]     10:     0x614a6385c3c7 - cmake[1fd171d0e910c05d]::fail
[INFO] [stderr]     11:     0x614a6385c053 - cmake[1fd171d0e910c05d]::run
[INFO] [stderr]     12:     0x614a63861f9c - <cmake[1fd171d0e910c05d]::Config>::build
[INFO] [stderr]     13:     0x614a6384ec87 - build_script_build[e684b6bf8dfb9ff8]::main
[INFO] [stderr]     14:     0x614a6384f9a3 - <fn() as core[df12db4294e9bfd3]::ops::function::FnOnce<()>>::call_once
[INFO] [stderr]     15:     0x614a6384e596 - std[70759c8f55707aa4]::sys::backtrace::__rust_begin_short_backtrace::<fn(), ()>
[INFO] [stderr]     16:     0x614a6384e5a9 - std[70759c8f55707aa4]::rt::lang_start::<()>::{closure#0}
[INFO] [stderr]     17:     0x614a638dd699 - std[70759c8f55707aa4]::rt::lang_start_internal
[INFO] [stderr]     18:     0x614a6384e111 - std[70759c8f55707aa4]::rt::lang_start::<()>
[INFO] [stderr]     19:     0x614a6384fa15 - main
[INFO] [stderr]     20:     0x76824034c601 - <unknown>
[INFO] [stderr]     21:     0x76824034c718 - __libc_start_main
[INFO] [stderr]     22:     0x614a6384d3e5 - _start
[INFO] [stderr]     23:                0x0 - <unknown>
[INFO] running `Command { std: "docker" "inspect" "f94dbc09733b9271b0ceb6f8be4586435a291ee4ae4b71c63a7fecc706777185", kill_on_drop: false }`
[INFO] running `Command { std: "docker" "rm" "-f" "f94dbc09733b9271b0ceb6f8be4586435a291ee4ae4b71c63a7fecc706777185", kill_on_drop: false }`
[INFO] [stdout] f94dbc09733b9271b0ceb6f8be4586435a291ee4ae4b71c63a7fecc706777185
