[INFO] fetching crate laddu-amplitudes 0.26.0...
[INFO] testing laddu-amplitudes-0.26.0 against 1.99.0-beta.8+cargoflags=--release for beta-release-1.100-2
[INFO] extracting crate laddu-amplitudes 0.26.0 into /workspace/builds/worker-4-tc1/source
[INFO] started tweaking crates.io crate laddu-amplitudes 0.26.0
[INFO] finished tweaking crates.io crate laddu-amplitudes 0.26.0
[INFO] tweaked toml for crates.io crate laddu-amplitudes 0.26.0 written to /workspace/builds/worker-4-tc1/source/Cargo.toml
[INFO] validating manifest of crates.io crate laddu-amplitudes 0.26.0 on toolchain 1.99.0-beta.8
[INFO] running `Command { std: CARGO_HOME="/workspace/cargo-home" RUSTUP_HOME="/workspace/rustup-home" "/workspace/cargo-home/bin/cargo" "+1.99.0-beta.8" "metadata" "--manifest-path" "Cargo.toml" "--no-deps", kill_on_drop: false }`
[INFO] crate crates.io crate laddu-amplitudes 0.26.0 already has a lockfile, it will not be regenerated
[INFO] running `Command { std: CARGO_HOME="/workspace/cargo-home" RUSTUP_HOME="/workspace/rustup-home" "/workspace/cargo-home/bin/cargo" "+1.99.0-beta.8" "fetch" "--manifest-path" "Cargo.toml", kill_on_drop: false }`
[INFO] [stderr]     Updating crates.io index
[INFO] [stderr]  Downloading crates ...
[INFO] [stderr]   Downloaded num-iter v0.1.46
[INFO] [stderr]   Downloaded num-integer v0.1.47
[INFO] [stderr]   Downloaded laddu-physics v0.26.0
[INFO] [stderr]   Downloaded nalgebra-macros v0.3.0
[INFO] [stderr]   Downloaded factorial v0.4.0
[INFO] [stderr]   Downloaded rawpointer v0.2.1
[INFO] [stderr]   Downloaded fastrand-contrib v0.1.0
[INFO] [stderr]   Downloaded primal-bit v0.3.2
[INFO] [stderr]   Downloaded primal-estimate v0.3.3
[INFO] [stderr]   Downloaded hamming v0.1.3
[INFO] [stderr]   Downloaded auto_ops v0.3.0
[INFO] [stderr]   Downloaded schemars_derive v1.2.2
[INFO] [stderr]   Downloaded schemars v1.2.2
[INFO] [stderr]   Downloaded serde_derive_internals v0.30.0
[INFO] [stderr]   Downloaded laddu-kernel v0.26.0
[INFO] [stderr]   Downloaded matrixmultiply v0.3.11
[INFO] [stderr]   Downloaded primal-sieve v0.3.7
[INFO] [stderr]   Downloaded num-bigint v0.4.8
[INFO] [stderr]   Downloaded laddu-expr v0.26.0
[INFO] [stderr]   Downloaded simba v0.10.2
[INFO] [stderr]   Downloaded safe_arch v1.2.0
[INFO] [stderr]   Downloaded maryada v0.2.1
[INFO] [stderr]   Downloaded wide v1.7.1
[INFO] [stderr]   Downloaded nalgebra v0.35.0
[INFO] [stderr]   Downloaded glam v0.30.10
[INFO] [stderr]   Downloaded glam v0.33.11
[INFO] [stderr]   Downloaded glam v0.32.1
[INFO] [stderr]   Downloaded glam v0.31.1
[INFO] running `Command { std: "docker" "create" "-v" "/var/lib/crater-agent-workspace/builds/worker-4-tc1/source:/opt/rustwide/workdir:ro,Z" "-v" "/var/lib/crater-agent-workspace/builds/worker-4-tc1/target:/opt/rustwide/target:rw,Z" "-v" "/var/lib/crater-agent-workspace/cargo-home:/opt/rustwide/cargo-home:ro,Z" "-v" "/var/lib/crater-agent-workspace/rustup-home:/opt/rustwide/rustup-home:ro,Z" "-m" "1610612736" "--network" "none" "ghcr.io/rust-lang/crates-build-env/linux@sha256:77db811e55d90add9212f6832c23229e3de5f1c1f9905e8cb07319ea15df73ac" "sleep" "infinity", kill_on_drop: false }`
[INFO] [stdout] f26cae45208582ec5a5912e2ddd7854cfd9df2a9e4cf968c084c14d198f54af9
[INFO] running `Command { std: "docker" "start" "f26cae45208582ec5a5912e2ddd7854cfd9df2a9e4cf968c084c14d198f54af9", kill_on_drop: false }`
[INFO] running `Command { std: "docker" "inspect" "f26cae45208582ec5a5912e2ddd7854cfd9df2a9e4cf968c084c14d198f54af9", kill_on_drop: false }`
[INFO] running `Command { std: "docker" "exec" "-e" "SOURCE_DIR=/opt/rustwide/workdir" "-e" "CARGO_HOME=/opt/rustwide/cargo-home" "-e" "RUSTUP_HOME=/opt/rustwide/rustup-home" "-e" "CARGO_TARGET_DIR=/opt/rustwide/target" "-w" "/opt/rustwide/workdir" "--user" "0:0" "f26cae45208582ec5a5912e2ddd7854cfd9df2a9e4cf968c084c14d198f54af9" "/opt/rustwide/cargo-home/bin/cargo" "+1.99.0-beta.8" "metadata" "--no-deps" "--format-version=1", kill_on_drop: false }`
[INFO] running `Command { std: "docker" "inspect" "f26cae45208582ec5a5912e2ddd7854cfd9df2a9e4cf968c084c14d198f54af9", kill_on_drop: false }`
[INFO] running `Command { std: "docker" "exec" "-e" "SOURCE_DIR=/opt/rustwide/workdir" "-e" "CARGO_HOME=/opt/rustwide/cargo-home" "-e" "RUSTUP_HOME=/opt/rustwide/rustup-home" "-e" "CARGO_TARGET_DIR=/opt/rustwide/target" "-e" "CARGO_INCREMENTAL=0" "-e" "RUST_BACKTRACE=full" "-e" "RUSTFLAGS=--cap-lints=warn" "-e" "RUSTDOCFLAGS=--cap-lints=warn" "-w" "/opt/rustwide/workdir" "--user" "0:0" "f26cae45208582ec5a5912e2ddd7854cfd9df2a9e4cf968c084c14d198f54af9" "/opt/rustwide/cargo-home/bin/cargo" "+1.99.0-beta.8" "build" "--frozen" "--message-format=json" "--release", kill_on_drop: false }`
[INFO] [stderr]    Compiling unicode-ident v1.0.26
[INFO] [stderr]    Compiling autocfg v1.5.1
[INFO] [stderr]    Compiling serde_core v1.0.229
[INFO] [stderr]    Compiling serde v1.0.229
[INFO] [stderr]    Compiling bytemuck v1.25.2
[INFO] [stderr]    Compiling thiserror v2.0.21
[INFO] [stderr]    Compiling fastrand v2.5.0
[INFO] [stderr]    Compiling libm v0.2.16
[INFO] [stderr]    Compiling hamming v0.1.3
[INFO] [stderr]    Compiling serde_json v1.0.151
[INFO] [stderr]    Compiling ref-cast v1.0.27
[INFO] [stderr]    Compiling smallvec v1.16.2
[INFO] [stderr]    Compiling primal-estimate v0.3.3
[INFO] [stderr]    Compiling auto_ops v0.3.0
[INFO] [stderr]    Compiling rawpointer v0.2.1
[INFO] [stderr]    Compiling memchr v2.8.3
[INFO] [stderr]    Compiling hashbrown v0.17.1
[INFO] [stderr]    Compiling typenum v1.20.1
[INFO] [stderr]    Compiling proc-macro2 v1.0.107
[INFO] [stderr]    Compiling primal-bit v0.3.2
[INFO] [stderr]    Compiling primal-sieve v0.3.7
[INFO] [stderr]    Compiling fastrand-contrib v0.1.0
[INFO] [stderr]    Compiling safe_arch v1.2.0
[INFO] [stderr]    Compiling num-traits v0.2.19
[INFO] [stderr]    Compiling matrixmultiply v0.3.11
[INFO] [stderr]    Compiling quote v1.0.47
[INFO] [stderr]    Compiling syn v3.0.6
[INFO] [stderr]    Compiling syn v2.0.119
[INFO] [stderr]    Compiling wide v1.7.1
[INFO] [stderr]    Compiling num-integer v0.1.47
[INFO] [stderr]    Compiling approx v0.5.1
[INFO] [stderr]    Compiling maryada v0.2.1
[INFO] [stderr]    Compiling factorial v0.4.0
[INFO] [stderr]    Compiling num-iter v0.1.46
[INFO] [stderr]    Compiling serde_derive_internals v0.30.0
[INFO] [stderr]    Compiling serde_derive v1.0.229
[INFO] [stderr]    Compiling thiserror-impl v2.0.21
[INFO] [stderr]    Compiling ref-cast-impl v1.0.27
[INFO] [stderr]    Compiling indexmap v2.14.2
[INFO] [stderr]    Compiling schemars_derive v1.2.2
[INFO] [stderr]    Compiling nalgebra-macros v0.3.0
[INFO] [stderr]    Compiling num-bigint v0.4.8
[INFO] [stderr]    Compiling num-complex v0.4.6
[INFO] [stderr]    Compiling schemars v1.2.2
[INFO] [stderr]    Compiling num-rational v0.4.2
[INFO] [stderr]    Compiling num v0.4.3
[INFO] [stderr]    Compiling laddu-expr v0.26.0
[INFO] [stderr]    Compiling laddu-kernel v0.26.0
[INFO] [stderr]    Compiling simba v0.10.2
[INFO] [stderr]    Compiling nalgebra v0.35.0
[INFO] [stderr]    Compiling laddu-physics v0.26.0
[INFO] [stderr]    Compiling laddu-amplitudes v0.26.0 (/opt/rustwide/workdir)
[INFO] [stderr]     Finished `release` profile [optimized] target(s) in 48.27s
[INFO] running `Command { std: "docker" "inspect" "f26cae45208582ec5a5912e2ddd7854cfd9df2a9e4cf968c084c14d198f54af9", kill_on_drop: false }`
[INFO] running `Command { std: "docker" "exec" "-e" "SOURCE_DIR=/opt/rustwide/workdir" "-e" "CARGO_HOME=/opt/rustwide/cargo-home" "-e" "RUSTUP_HOME=/opt/rustwide/rustup-home" "-e" "CARGO_TARGET_DIR=/opt/rustwide/target" "-e" "CARGO_INCREMENTAL=0" "-e" "RUST_BACKTRACE=full" "-e" "RUSTFLAGS=--cap-lints=warn" "-e" "RUSTDOCFLAGS=--cap-lints=warn" "-w" "/opt/rustwide/workdir" "--user" "0:0" "f26cae45208582ec5a5912e2ddd7854cfd9df2a9e4cf968c084c14d198f54af9" "/opt/rustwide/cargo-home/bin/cargo" "+1.99.0-beta.8" "test" "--frozen" "--no-run" "--message-format=json" "--release", kill_on_drop: false }`
[INFO] [stderr]    Compiling laddu-amplitudes v0.26.0 (/opt/rustwide/workdir)
[INFO] [stdout] error[E0432]: unresolved import `approx`
[INFO] [stdout]   --> src/breit_wigner.rs:76:9
[INFO] [stdout]    |
[INFO] [stdout] 76 |     use approx::assert_relative_eq;
[INFO] [stdout]    |         ^^^^^^ use of unresolved module or unlinked crate `approx`
[INFO] [stdout]    |
[INFO] [stdout]    = help: if you wanted to use a crate named `approx`, use `cargo add approx` to add it to your `Cargo.toml`
[INFO] [stdout] 
[INFO] [stdout] 
[INFO] [stdout] error[E0432]: unresolved import `laddu_compile`
[INFO] [stdout]   --> src/breit_wigner.rs:77:9
[INFO] [stdout]    |
[INFO] [stdout] 77 |     use laddu_compile::{CompileOptions, CompiledModel};
[INFO] [stdout]    |         ^^^^^^^^^^^^^ use of unresolved module or unlinked crate `laddu_compile`
[INFO] [stdout]    |
[INFO] [stdout]    = help: if you wanted to use a crate named `laddu_compile`, use `cargo add laddu_compile` to add it to your `Cargo.toml`
[INFO] [stdout] 
[INFO] [stdout] 
[INFO] [stdout] error[E0432]: unresolved import `laddu_runtime`
[INFO] [stdout]   --> src/breit_wigner.rs:83:9
[INFO] [stdout]    |
[INFO] [stdout] 83 |     use laddu_runtime::CpuBackend;
[INFO] [stdout]    |         ^^^^^^^^^^^^^ use of unresolved module or unlinked crate `laddu_runtime`
[INFO] [stdout]    |
[INFO] [stdout]    = help: if you wanted to use a crate named `laddu_runtime`, use `cargo add laddu_runtime` to add it to your `Cargo.toml`
[INFO] [stdout] 
[INFO] [stdout] 
[INFO] [stdout] error[E0432]: unresolved import `approx`
[INFO] [stdout]    --> src/kmatrix.rs:411:9
[INFO] [stdout]     |
[INFO] [stdout] 411 |     use approx::assert_relative_eq;
[INFO] [stdout]     |         ^^^^^^ use of unresolved module or unlinked crate `approx`
[INFO] [stdout]     |
[INFO] [stdout]     = help: if you wanted to use a crate named `approx`, use `cargo add approx` to add it to your `Cargo.toml`
[INFO] [stdout] 
[INFO] [stdout] 
[INFO] [stdout] error[E0432]: unresolved import `laddu_compile`
[INFO] [stdout]    --> src/kmatrix.rs:412:9
[INFO] [stdout]     |
[INFO] [stdout] 412 |     use laddu_compile::{CompileOptions, CompiledModel};
[INFO] [stdout]     |         ^^^^^^^^^^^^^ use of unresolved module or unlinked crate `laddu_compile`
[INFO] [stdout]     |
[INFO] [stdout]     = help: if you wanted to use a crate named `laddu_compile`, use `cargo add laddu_compile` to add it to your `Cargo.toml`
[INFO] [stdout] 
[INFO] [stdout] 
[INFO] [stdout] error[E0432]: unresolved import `laddu_runtime`
[INFO] [stdout]    --> src/kmatrix.rs:414:9
[INFO] [stdout]     |
[INFO] [stdout] 414 |     use laddu_runtime::CpuBackend;
[INFO] [stdout]     |         ^^^^^^^^^^^^^ use of unresolved module or unlinked crate `laddu_runtime`
[INFO] [stdout]     |
[INFO] [stdout]     = help: if you wanted to use a crate named `laddu_runtime`, use `cargo add laddu_runtime` to add it to your `Cargo.toml`
[INFO] [stdout] 
[INFO] [stdout] 
[INFO] [stdout] error[E0432]: unresolved import `nalgebra`
[INFO] [stdout]    --> src/kmatrix.rs:415:9
[INFO] [stdout]     |
[INFO] [stdout] 415 |     use nalgebra::{Matrix2, Vector2};
[INFO] [stdout]     |         ^^^^^^^^ use of unresolved module or unlinked crate `nalgebra`
[INFO] [stdout]     |
[INFO] [stdout]     = help: if you wanted to use a crate named `nalgebra`, use `cargo add nalgebra` to add it to your `Cargo.toml`
[INFO] [stdout] 
[INFO] [stdout] 
[INFO] [stdout] For more information about this error, try `rustc --explain E0432`.
[INFO] [stdout] 
[INFO] [stderr] error: could not compile `laddu-amplitudes` (lib test) due to 7 previous errors
[INFO] running `Command { std: "docker" "inspect" "f26cae45208582ec5a5912e2ddd7854cfd9df2a9e4cf968c084c14d198f54af9", kill_on_drop: false }`
[INFO] running `Command { std: "docker" "rm" "-f" "f26cae45208582ec5a5912e2ddd7854cfd9df2a9e4cf968c084c14d198f54af9", kill_on_drop: false }`
[INFO] [stdout] f26cae45208582ec5a5912e2ddd7854cfd9df2a9e4cf968c084c14d198f54af9
