[INFO] fetching crate kubernetes-applier-interface 0.3.0...
[INFO] testing kubernetes-applier-interface-0.3.0 against 1.100.0-beta.1+cargoflags=--release for beta-release-1.100-2
[INFO] extracting crate kubernetes-applier-interface 0.3.0 into /workspace/builds/worker-5-tc2/source
[INFO] started tweaking crates.io crate kubernetes-applier-interface 0.3.0
[INFO] finished tweaking crates.io crate kubernetes-applier-interface 0.3.0
[INFO] tweaked toml for crates.io crate kubernetes-applier-interface 0.3.0 written to /workspace/builds/worker-5-tc2/source/Cargo.toml
[INFO] validating manifest of crates.io crate kubernetes-applier-interface 0.3.0 on toolchain 1.100.0-beta.1
[INFO] running `Command { std: CARGO_HOME="/workspace/cargo-home" RUSTUP_HOME="/workspace/rustup-home" "/workspace/cargo-home/bin/cargo" "+1.100.0-beta.1" "metadata" "--manifest-path" "Cargo.toml" "--no-deps", kill_on_drop: false }`
[INFO] running `Command { std: CARGO_HOME="/workspace/cargo-home" RUSTUP_HOME="/workspace/rustup-home" "/workspace/cargo-home/bin/cargo" "+1.100.0-beta.1" "generate-lockfile" "--manifest-path" "Cargo.toml", kill_on_drop: false }`
[INFO] [stderr]     Updating crates.io index
[INFO] [stderr]      Locking 371 packages to highest compatible versions
[INFO] [stderr]       Adding base64 v0.13.1 (available: v0.23.1)
[INFO] [stderr]       Adding base64ct v1.1.1 (available: v1.8.3)
[INFO] [stderr]       Adding curve25519-dalek v3.2.0 (available: v3.2.1)
[INFO] [stderr]       Adding generic-array v0.14.7 (available: v0.14.9)
[INFO] [stderr]       Adding psm v0.1.24 (available: v0.1.32)
[INFO] [stderr]       Adding wasmbus-rpc v0.9.3 (available: v0.15.0)
[INFO] [stderr]       Adding weld-codegen v0.4.6 (available: v0.7.0)
[INFO] running `Command { std: CARGO_HOME="/workspace/cargo-home" RUSTUP_HOME="/workspace/rustup-home" "/workspace/cargo-home/bin/cargo" "+1.100.0-beta.1" "fetch" "--manifest-path" "Cargo.toml", kill_on_drop: false }`
[INFO] [stderr] warning: unused build dependency `weld-codegen`
[INFO] [stderr]  --> Cargo.toml:1:21
[INFO] [stderr]   |
[INFO] [stderr] 1 | [build-dependencies.weld-codegen]
[INFO] [stderr]   |                     ^^^^^^^^^^^^^
[INFO] [stderr]   |
[INFO] [stderr]   = note: `cargo::unused_dependencies` is set to `warn` by default
[INFO] [stderr] help: consider removing the dependency on `weld-codegen`
[INFO] [stderr] warning: `kubernetes-applier-interface` (manifest) generated 1 warning
[INFO] running `Command { std: "docker" "create" "-v" "/var/lib/crater-agent-workspace/builds/worker-5-tc2/source:/opt/rustwide/workdir:ro,Z" "-v" "/var/lib/crater-agent-workspace/builds/worker-5-tc2/target:/opt/rustwide/target:rw,Z" "-v" "/var/lib/crater-agent-workspace/cargo-home:/opt/rustwide/cargo-home:ro,Z" "-v" "/var/lib/crater-agent-workspace/rustup-home:/opt/rustwide/rustup-home:ro,Z" "-m" "1610612736" "--network" "none" "ghcr.io/rust-lang/crates-build-env/linux@sha256:77db811e55d90add9212f6832c23229e3de5f1c1f9905e8cb07319ea15df73ac" "sleep" "infinity", kill_on_drop: false }`
[INFO] [stdout] 3edbae090961f6a78b240ffd3ec0b4a881e1b20a44f6b466fe3a9957b48cbdd3
[INFO] running `Command { std: "docker" "start" "3edbae090961f6a78b240ffd3ec0b4a881e1b20a44f6b466fe3a9957b48cbdd3", kill_on_drop: false }`
[INFO] running `Command { std: "docker" "inspect" "3edbae090961f6a78b240ffd3ec0b4a881e1b20a44f6b466fe3a9957b48cbdd3", kill_on_drop: false }`
[INFO] running `Command { std: "docker" "exec" "-e" "SOURCE_DIR=/opt/rustwide/workdir" "-e" "CARGO_HOME=/opt/rustwide/cargo-home" "-e" "RUSTUP_HOME=/opt/rustwide/rustup-home" "-e" "CARGO_TARGET_DIR=/opt/rustwide/target" "-w" "/opt/rustwide/workdir" "--user" "0:0" "3edbae090961f6a78b240ffd3ec0b4a881e1b20a44f6b466fe3a9957b48cbdd3" "/opt/rustwide/cargo-home/bin/cargo" "+1.100.0-beta.1" "metadata" "--no-deps" "--format-version=1", kill_on_drop: false }`
[INFO] running `Command { std: "docker" "inspect" "3edbae090961f6a78b240ffd3ec0b4a881e1b20a44f6b466fe3a9957b48cbdd3", kill_on_drop: false }`
[INFO] running `Command { std: "docker" "exec" "-e" "SOURCE_DIR=/opt/rustwide/workdir" "-e" "CARGO_HOME=/opt/rustwide/cargo-home" "-e" "RUSTUP_HOME=/opt/rustwide/rustup-home" "-e" "CARGO_TARGET_DIR=/opt/rustwide/target" "-e" "CARGO_INCREMENTAL=0" "-e" "RUST_BACKTRACE=full" "-e" "RUSTFLAGS=--cap-lints=warn" "-e" "RUSTDOCFLAGS=--cap-lints=warn" "-w" "/opt/rustwide/workdir" "--user" "0:0" "3edbae090961f6a78b240ffd3ec0b4a881e1b20a44f6b466fe3a9957b48cbdd3" "/opt/rustwide/cargo-home/bin/cargo" "+1.100.0-beta.1" "build" "--frozen" "--message-format=json" "--release", kill_on_drop: false }`
[INFO] [stderr] warning: unused build dependency `weld-codegen`
[INFO] [stderr]  --> Cargo.toml:1:21
[INFO] [stderr]   |
[INFO] [stderr] 1 | [build-dependencies.weld-codegen]
[INFO] [stderr]   |                     ^^^^^^^^^^^^^
[INFO] [stderr]   |
[INFO] [stderr]   = note: `cargo::unused_dependencies` is set to `warn` by default
[INFO] [stderr] help: consider removing the dependency on `weld-codegen`
[INFO] [stderr] warning: `kubernetes-applier-interface` (manifest) generated 1 warning
[INFO] [stderr]    Compiling syn v2.0.119
[INFO] [stderr]    Compiling zerovec-derive v0.11.6
[INFO] [stderr]    Compiling displaydoc v0.2.7
[INFO] [stderr]    Compiling ring v0.16.20
[INFO] [stderr]    Compiling const-oid v0.6.2
[INFO] [stderr]    Compiling serde v1.0.229
[INFO] [stderr]    Compiling regex-automata v0.4.18
[INFO] [stderr]    Compiling digest v0.9.0
[INFO] [stderr]    Compiling ring v0.17.14
[INFO] [stderr]    Compiling base64ct v1.1.1
[INFO] [stderr]    Compiling yoke v0.8.3
[INFO] [stderr]    Compiling futures-io v0.3.34
[INFO] [stderr]    Compiling signature v1.6.4
[INFO] [stderr]    Compiling getrandom v0.4.3
[INFO] [stderr]    Compiling block-buffer v0.9.0
[INFO] [stderr]    Compiling rand_core v0.5.1
[INFO] [stderr]    Compiling sha2 v0.9.9
[INFO] [stderr]    Compiling ed25519 v1.5.3
[INFO] [stderr]    Compiling rand_chacha v0.3.1
[INFO] [stderr]    Compiling errno v0.3.14
[INFO] [stderr]    Compiling event-listener v5.4.2
[INFO] [stderr]    Compiling pem-rfc7468 v0.2.4
[INFO] [stderr]    Compiling der v0.4.5
[INFO] [stderr]    Compiling signal-hook-registry v1.4.8
[INFO] [stderr]    Compiling rand v0.10.3
[INFO] [stderr]    Compiling serde_json v1.0.154
[INFO] [stderr]    Compiling rand v0.8.8
[INFO] [stderr]    Compiling mio v1.2.4
[INFO] [stderr]    Compiling zerotrie v0.2.5
[INFO] [stderr]    Compiling socket2 v0.6.5
[INFO] [stderr]    Compiling tokio-macros v2.7.2
[INFO] [stderr]    Compiling rustls v0.20.9
[INFO] [stderr]    Compiling futures-util v0.3.34
[INFO] [stderr]    Compiling nuid v0.3.2
[INFO] [stderr]    Compiling event-listener-strategy v0.5.4
[INFO] [stdout] error[E0432]: unresolved import `rand::distributions`
[INFO] [stdout]   --> /opt/rustwide/cargo-home/registry/src/index.crates.io-1949cf8c6b5b557f/nuid-0.3.2/src/lib.rs:19:11
[INFO] [stdout]    |
[INFO] [stdout] 19 | use rand::distributions::Alphanumeric;
[INFO] [stdout]    |           ^^^^^^^^^^^^^ could not find `distributions` in `rand`
[INFO] [stdout] 
[INFO] [stdout] 
[INFO] [stdout] error[E0432]: unresolved import `rand::rngs::OsRng`
[INFO] [stdout]   --> /opt/rustwide/cargo-home/registry/src/index.crates.io-1949cf8c6b5b557f/nuid-0.3.2/src/lib.rs:20:5
[INFO] [stdout]    |
[INFO] [stdout] 20 | use rand::rngs::OsRng;
[INFO] [stdout]    |     ^^^^^^^^^^^^-----
[INFO] [stdout]    |                 |
[INFO] [stdout]    |                 no `OsRng` in `rngs`
[INFO] [stdout] 
[INFO] [stdout] 
[INFO] [stdout] error[E0432]: unresolved import `rand::thread_rng`
[INFO] [stdout]   --> /opt/rustwide/cargo-home/registry/src/index.crates.io-1949cf8c6b5b557f/nuid-0.3.2/src/lib.rs:21:5
[INFO] [stdout]    |
[INFO] [stdout] 21 | use rand::thread_rng;
[INFO] [stdout]    |     ^^^^^^----------
[INFO] [stdout]    |           |
[INFO] [stdout]    |           no `thread_rng` in the root
[INFO] [stdout] 
[INFO] [stdout] 
[INFO] [stderr]    Compiling concurrent-queue v2.5.0
[INFO] [stdout] For more information about this error, try `rustc --explain E0432`.
[INFO] [stdout] 
[INFO] [stderr]    Compiling deranged v0.5.9
[INFO] [stderr] error: could not compile `nuid` (lib) due to 3 previous errors
[INFO] [stderr] warning: build failed, waiting for other jobs to finish...
[INFO] running `Command { std: "docker" "inspect" "3edbae090961f6a78b240ffd3ec0b4a881e1b20a44f6b466fe3a9957b48cbdd3", kill_on_drop: false }`
[INFO] running `Command { std: "docker" "rm" "-f" "3edbae090961f6a78b240ffd3ec0b4a881e1b20a44f6b466fe3a9957b48cbdd3", kill_on_drop: false }`
[INFO] [stdout] 3edbae090961f6a78b240ffd3ec0b4a881e1b20a44f6b466fe3a9957b48cbdd3
