[INFO] fetching crate kubectl-watch 0.2.4...
[INFO] testing kubectl-watch-0.2.4 against 1.100.0-beta.1+cargoflags=--release for beta-release-1.100-2
[INFO] extracting crate kubectl-watch 0.2.4 into /workspace/builds/worker-3-tc2/source
[INFO] started tweaking crates.io crate kubectl-watch 0.2.4
[INFO] finished tweaking crates.io crate kubectl-watch 0.2.4
[INFO] tweaked toml for crates.io crate kubectl-watch 0.2.4 written to /workspace/builds/worker-3-tc2/source/Cargo.toml
[INFO] validating manifest of crates.io crate kubectl-watch 0.2.4 on toolchain 1.100.0-beta.1
[INFO] running `Command { std: CARGO_HOME="/workspace/cargo-home" RUSTUP_HOME="/workspace/rustup-home" "/workspace/cargo-home/bin/cargo" "+1.100.0-beta.1" "metadata" "--manifest-path" "Cargo.toml" "--no-deps", kill_on_drop: false }`
[INFO] crate crates.io crate kubectl-watch 0.2.4 already has a lockfile, it will not be regenerated
[INFO] running `Command { std: CARGO_HOME="/workspace/cargo-home" RUSTUP_HOME="/workspace/rustup-home" "/workspace/cargo-home/bin/cargo" "+1.100.0-beta.1" "fetch" "--manifest-path" "Cargo.toml", kill_on_drop: false }`
[INFO] [stderr] warning: `package.homepage` is redundant with `package.repository`
[INFO] [stderr]   --> Cargo.toml:76:12
[INFO] [stderr]    |
[INFO] [stderr] 76 | homepage = "https://github.com/imuxin/kubectl-watch"
[INFO] [stderr]    |            ^^^^^^^^^^^^^^^^^^^^^^^^^^^^^^^^^^^^^^^^^
[INFO] [stderr] ...
[INFO] [stderr] 80 | repository = "https://github.com/imuxin/kubectl-watch"
[INFO] [stderr]    |              -----------------------------------------
[INFO] [stderr]    |
[INFO] [stderr]    = note: `cargo::redundant_homepage` is set to `warn` by default
[INFO] [stderr] help: consider removing `package.homepage`
[INFO] [stderr] warning: `kubectl-watch` (manifest) generated 1 warning
[INFO] running `Command { std: "docker" "create" "-v" "/var/lib/crater-agent-workspace/builds/worker-3-tc2/source:/opt/rustwide/workdir:ro,Z" "-v" "/var/lib/crater-agent-workspace/builds/worker-3-tc2/target:/opt/rustwide/target:rw,Z" "-v" "/var/lib/crater-agent-workspace/cargo-home:/opt/rustwide/cargo-home:ro,Z" "-v" "/var/lib/crater-agent-workspace/rustup-home:/opt/rustwide/rustup-home:ro,Z" "-m" "1610612736" "--network" "none" "ghcr.io/rust-lang/crates-build-env/linux@sha256:77db811e55d90add9212f6832c23229e3de5f1c1f9905e8cb07319ea15df73ac" "sleep" "infinity", kill_on_drop: false }`
[INFO] [stdout] 15e2e6983213da449bbb7356ec0763b7274662b7cfb5fd015ae0f9623039d91f
[INFO] running `Command { std: "docker" "start" "15e2e6983213da449bbb7356ec0763b7274662b7cfb5fd015ae0f9623039d91f", kill_on_drop: false }`
[INFO] running `Command { std: "docker" "inspect" "15e2e6983213da449bbb7356ec0763b7274662b7cfb5fd015ae0f9623039d91f", kill_on_drop: false }`
[INFO] running `Command { std: "docker" "exec" "-e" "SOURCE_DIR=/opt/rustwide/workdir" "-e" "CARGO_HOME=/opt/rustwide/cargo-home" "-e" "RUSTUP_HOME=/opt/rustwide/rustup-home" "-e" "CARGO_TARGET_DIR=/opt/rustwide/target" "-w" "/opt/rustwide/workdir" "--user" "0:0" "15e2e6983213da449bbb7356ec0763b7274662b7cfb5fd015ae0f9623039d91f" "/opt/rustwide/cargo-home/bin/cargo" "+1.100.0-beta.1" "metadata" "--no-deps" "--format-version=1", kill_on_drop: false }`
[INFO] running `Command { std: "docker" "inspect" "15e2e6983213da449bbb7356ec0763b7274662b7cfb5fd015ae0f9623039d91f", kill_on_drop: false }`
[INFO] running `Command { std: "docker" "exec" "-e" "SOURCE_DIR=/opt/rustwide/workdir" "-e" "CARGO_HOME=/opt/rustwide/cargo-home" "-e" "RUSTUP_HOME=/opt/rustwide/rustup-home" "-e" "CARGO_TARGET_DIR=/opt/rustwide/target" "-e" "CARGO_INCREMENTAL=0" "-e" "RUST_BACKTRACE=full" "-e" "RUSTFLAGS=--cap-lints=warn" "-e" "RUSTDOCFLAGS=--cap-lints=warn" "-w" "/opt/rustwide/workdir" "--user" "0:0" "15e2e6983213da449bbb7356ec0763b7274662b7cfb5fd015ae0f9623039d91f" "/opt/rustwide/cargo-home/bin/cargo" "+1.100.0-beta.1" "build" "--frozen" "--message-format=json" "--release", kill_on_drop: false }`
[INFO] [stderr] warning: `package.homepage` is redundant with `package.repository`
[INFO] [stderr]   --> Cargo.toml:76:12
[INFO] [stderr]    |
[INFO] [stderr] 76 | homepage = "https://github.com/imuxin/kubectl-watch"
[INFO] [stderr]    |            ^^^^^^^^^^^^^^^^^^^^^^^^^^^^^^^^^^^^^^^^^
[INFO] [stderr] ...
[INFO] [stderr] 80 | repository = "https://github.com/imuxin/kubectl-watch"
[INFO] [stderr]    |              -----------------------------------------
[INFO] [stderr]    |
[INFO] [stderr]    = note: `cargo::redundant_homepage` is set to `warn` by default
[INFO] [stderr] help: consider removing `package.homepage`
[INFO] [stderr] warning: `kubectl-watch` (manifest) generated 1 warning
[INFO] [stderr]    Compiling libc v0.2.139
[INFO] [stderr]    Compiling proc-macro2 v1.0.51
[INFO] [stderr]    Compiling unicode-ident v1.0.6
[INFO] [stderr]    Compiling quote v1.0.23
[INFO] [stderr]    Compiling syn v1.0.107
[INFO] [stderr]    Compiling log v0.4.17
[INFO] [stderr]    Compiling memchr v2.5.0
[INFO] [stderr]    Compiling once_cell v1.17.0
[INFO] [stderr]    Compiling indexmap v1.9.2
[INFO] [stderr]    Compiling cc v1.0.79
[INFO] [stderr]    Compiling serde_derive v1.0.152
[INFO] [stderr]    Compiling serde v1.0.152
[INFO] [stderr]    Compiling scopeguard v1.1.0
[INFO] [stderr]    Compiling lock_api v0.4.9
[INFO] [stderr]    Compiling itoa v1.0.5
[INFO] [stderr]    Compiling smallvec v1.10.0
[INFO] [stderr]    Compiling pin-project-lite v0.2.9
[INFO] [stderr]    Compiling parking_lot_core v0.9.7
[INFO] [stderr]    Compiling crossbeam-utils v0.8.14
[INFO] [stderr]    Compiling bytes v1.4.0
[INFO] [stderr]    Compiling memoffset v0.7.1
[INFO] [stderr]    Compiling futures-core v0.3.26
[INFO] [stderr]    Compiling slab v0.4.7
[INFO] [stderr]    Compiling serde_json v1.0.93
[INFO] [stderr]    Compiling crossbeam-epoch v0.9.13
[INFO] [stderr]    Compiling futures-channel v0.3.26
[INFO] [stderr]    Compiling futures-task v0.3.26
[INFO] [stderr]    Compiling futures-sink v0.3.26
[INFO] [stderr]    Compiling tracing-core v0.1.30
[INFO] [stderr]    Compiling tokio v1.25.0
[INFO] [stderr]    Compiling futures-util v0.3.26
[INFO] [stderr]    Compiling bitflags v1.3.2
[INFO] [stderr]    Compiling ryu v1.0.12
[INFO] [stderr]    Compiling ring v0.16.20
[INFO] [stderr]    Compiling num-traits v0.2.15
[INFO] [stderr]    Compiling futures-io v0.3.26
[INFO] [stderr]    Compiling http v0.2.8
[INFO] [stderr]    Compiling rayon-core v1.10.2
[INFO] [stderr]    Compiling spin v0.5.2
[INFO] [stderr]    Compiling untrusted v0.7.1
[INFO] [stderr]    Compiling tinyvec v1.6.0
[INFO] [stderr]    Compiling signal-hook-registry v1.4.1
[INFO] [stderr]    Compiling mio v0.8.5
[INFO] [stderr]    Compiling parking_lot v0.12.1
[INFO] [stderr]    Compiling num_cpus v1.15.0
[INFO] [stderr]    Compiling socket2 v0.4.7
[INFO] [stderr]    Compiling num-integer v0.1.45
[INFO] [stderr]    Compiling either v1.8.1
[INFO] [stderr]    Compiling httparse v1.8.0
[INFO] [stderr]    Compiling tower-service v0.3.2
[INFO] [stderr]    Compiling unicode-normalization v0.1.22
[INFO] [stderr]    Compiling http-body v0.4.5
[INFO] [stderr]    Compiling getrandom v0.2.8
[INFO] [stderr]    Compiling aho-corasick v0.7.20
[INFO] [stderr]    Compiling regex-syntax v0.6.28
[INFO] [stderr]    Compiling rustls v0.20.8
[INFO] [stderr]    Compiling thiserror v1.0.38
[INFO] [stderr]    Compiling percent-encoding v2.2.0
[INFO] [stderr]    Compiling io-lifetimes v1.0.5
[INFO] [stderr]    Compiling try-lock v0.2.4
[INFO] [stderr]    Compiling unicode-bidi v0.3.10
[INFO] [stderr]    Compiling want v0.3.0
[INFO] [stderr]    Compiling form_urlencoded v1.1.0
[INFO] [stderr]    Compiling idna v0.3.0
[INFO] [stderr]    Compiling ordered-float v2.10.0
[INFO] [stderr]    Compiling serde_derive_internals v0.26.0
[INFO] [stderr]    Compiling atty v0.2.14
[INFO] [stderr]    Compiling proc-macro-error-attr v1.0.4
[INFO] [stderr]    Compiling k8s-openapi v0.17.0
[INFO] [stderr]    Compiling regex v1.7.1
[INFO] [stderr]    Compiling iana-time-zone v0.1.53
[INFO] [stderr]    Compiling schemars v0.8.11
[INFO] [stderr]    Compiling httpdate v1.0.2
[INFO] [stderr]    Compiling signal-hook v0.3.15
[INFO] [stderr]    Compiling rustix v0.36.8
[INFO] [stderr]    Compiling base64 v0.21.0
[INFO] [stderr]    Compiling url v2.3.1
[INFO] [stderr]    Compiling crossbeam-deque v0.8.2
[INFO] [stderr]    Compiling rustls-pemfile v1.0.2
[INFO] [stderr]    Compiling rand_core v0.6.4
[INFO] [stderr]    Compiling crossbeam-channel v0.5.6
[INFO] [stderr]    Compiling libmimalloc-sys v0.1.24
[INFO] [stderr]    Compiling proc-macro-error v1.0.4
[INFO] [stderr]    Compiling linux-raw-sys v0.1.4
[INFO] [stderr]    Compiling fnv v1.0.7
[INFO] [stderr]    Compiling base64 v0.13.1
[INFO] [stderr]    Compiling futures-macro v0.3.26
[INFO] [stderr]    Compiling tokio-macros v1.8.2
[INFO] [stderr]    Compiling tracing-attributes v0.1.23
[INFO] [stderr]    Compiling tracing v0.1.37
[INFO] [stderr]    Compiling sct v0.7.0
[INFO] [stderr]    Compiling webpki v0.22.0
[INFO] [stderr]    Compiling thiserror-impl v1.0.38
[INFO] [stderr]    Compiling pin-project-internal v1.0.12
[INFO] [stderr]    Compiling schemars_derive v0.8.11
[INFO] [stderr]    Compiling tower-layer v0.3.2
[INFO] [stderr]    Compiling base64 v0.20.0
[INFO] [stderr]    Compiling linked-hash-map v0.5.6
[INFO] [stderr]    Compiling termcolor v1.2.0
[INFO] [stderr]    Compiling openssl-probe v0.1.5
[INFO] [stderr]    Compiling strsim v0.10.0
[INFO] [stderr]    Compiling ident_case v1.0.1
[INFO] [stderr]    Compiling dyn-clone v1.0.10
[INFO] [stderr]    Compiling rustls-native-certs v0.6.2
[INFO] [stderr]    Compiling darling_core v0.14.3
[INFO] [stderr]    Compiling yaml-rust v0.4.5
[INFO] [stderr]    Compiling futures-executor v0.3.26
[INFO] [stderr]    Compiling pin-project v1.0.12
[INFO] [stderr]    Compiling hyper v0.14.24
[INFO] [stderr]    Compiling tokio-rustls v0.23.4
[INFO] [stderr]    Compiling chrono v0.4.23
[INFO] [stderr]    Compiling serde-value v0.7.0
[INFO] [stderr]    Compiling tokio-io-timeout v1.2.0
[INFO] [stderr]    Compiling treediff v4.0.2
[INFO] [stderr]    Compiling json-patch v0.3.0
[INFO] [stderr]    Compiling tokio-util v0.7.7
[INFO] [stderr]    Compiling rand_chacha v0.3.1
[INFO] [stderr] warning: libmimalloc-sys@0.1.24: In file included from c_src/mimalloc/src/static.c:25:
[INFO] [stderr] warning: libmimalloc-sys@0.1.24: c_src/mimalloc/src/os.c: In function 'mi_os_resetx':
[INFO] [stderr] warning: libmimalloc-sys@0.1.24: c_src/mimalloc/src/os.c:993:35: error: implicit declaration of function 'ATOMIC_VAR_INIT'; did you mean 'ATOMIC_FLAG_INIT'? [-Wimplicit-function-declaration]
[INFO] [stderr] warning: libmimalloc-sys@0.1.24:   993 |   static _Atomic(size_t) advice = ATOMIC_VAR_INIT(MADV_FREE);
[INFO] [stderr] warning: libmimalloc-sys@0.1.24:       |                                   ^~~~~~~~~~~~~~~
[INFO] [stderr] warning: libmimalloc-sys@0.1.24:       |                                   ATOMIC_FLAG_INIT
[INFO] [stderr] warning: libmimalloc-sys@0.1.24: c_src/mimalloc/src/os.c:993:35: error: initializer element is not constant
[INFO] [stderr] warning: libmimalloc-sys@0.1.24: In file included from c_src/mimalloc/src/static.c:38:
[INFO] [stderr] warning: libmimalloc-sys@0.1.24: c_src/mimalloc/src/init.c: At top level:
[INFO] [stderr] warning: libmimalloc-sys@0.1.24: c_src/mimalloc/src/init.c:28:3: error: initializer element is not constant
[INFO] [stderr] warning: libmimalloc-sys@0.1.24:    28 |   ATOMIC_VAR_INIT(0), // xthread_free
[INFO] [stderr] warning: libmimalloc-sys@0.1.24:       |   ^~~~~~~~~~~~~~~
[INFO] [stderr] warning: libmimalloc-sys@0.1.24: c_src/mimalloc/src/init.c:28:3: note: (near initialization for '_mi_page_empty.xthread_free')
[INFO] [stderr] warning: libmimalloc-sys@0.1.24: c_src/mimalloc/src/init.c:29:3: error: initializer element is not constant
[INFO] [stderr] warning: libmimalloc-sys@0.1.24:    29 |   ATOMIC_VAR_INIT(0), // xheap
[INFO] [stderr] warning: libmimalloc-sys@0.1.24:       |   ^~~~~~~~~~~~~~~
[INFO] [stderr] warning: libmimalloc-sys@0.1.24: c_src/mimalloc/src/init.c:29:3: note: (near initialization for '_mi_page_empty.xheap')
[INFO] [stderr] warning: libmimalloc-sys@0.1.24: c_src/mimalloc/src/init.c:94:3: error: initialization of 'mi_block_t *' {aka 'struct mi_block_s *'} from 'int' makes pointer from integer without a cast [-Wint-conversion]
[INFO] [stderr] warning: libmimalloc-sys@0.1.24:    94 |   ATOMIC_VAR_INIT(NULL),
[INFO] [stderr] warning: libmimalloc-sys@0.1.24:       |   ^~~~~~~~~~~~~~~
[INFO] [stderr] warning: libmimalloc-sys@0.1.24: c_src/mimalloc/src/init.c:94:3: note: (near initialization for '_mi_heap_empty.thread_delayed_free')
[INFO] [stderr] warning: libmimalloc-sys@0.1.24: c_src/mimalloc/src/init.c:94:3: error: initializer element is not constant
[INFO] [stderr] warning: libmimalloc-sys@0.1.24: c_src/mimalloc/src/init.c:94:3: note: (near initialization for '_mi_heap_empty.thread_delayed_free')
[INFO] [stderr] warning: libmimalloc-sys@0.1.24: c_src/mimalloc/src/init.c:126:3: error: initialization of 'mi_block_t *' {aka 'struct mi_block_s *'} from 'int' makes pointer from integer without a cast [-Wint-conversion]
[INFO] [stderr] warning: libmimalloc-sys@0.1.24:   126 |   ATOMIC_VAR_INIT(NULL),
[INFO] [stderr] warning: libmimalloc-sys@0.1.24:       |   ^~~~~~~~~~~~~~~
[INFO] [stderr] warning: libmimalloc-sys@0.1.24: c_src/mimalloc/src/init.c:126:3: note: (near initialization for '_mi_heap_main.thread_delayed_free')
[INFO] [stderr] warning: libmimalloc-sys@0.1.24: c_src/mimalloc/src/init.c:126:3: error: initializer element is not constant
[INFO] [stderr] warning: libmimalloc-sys@0.1.24: c_src/mimalloc/src/init.c:126:3: note: (near initialization for '_mi_heap_main.thread_delayed_free')
[INFO] [stderr] warning: libmimalloc-sys@0.1.24: c_src/mimalloc/src/init.c:328:39: error: initializer element is not constant
[INFO] [stderr] warning: libmimalloc-sys@0.1.24:   328 | static _Atomic(size_t) thread_count = ATOMIC_VAR_INIT(1);
[INFO] [stderr] warning: libmimalloc-sys@0.1.24:       |                                       ^~~~~~~~~~~~~~~
[INFO] [stderr] error: failed to run custom build command for `libmimalloc-sys v0.1.24`
[INFO] [stderr] note: To improve backtraces for build dependencies, set the CARGO_PROFILE_RELEASE_BUILD_OVERRIDE_DEBUG=true environment variable to enable debug information generation.
[INFO] [stderr] 
[INFO] [stderr] Caused by:
[INFO] [stderr]   process didn't exit successfully: `/opt/rustwide/target/release/build/libmimalloc-sys/6402ac923ee8b3f8/out/build_script_build` (exit status: 1)
[INFO] [stderr]   --- stdout
[INFO] [stderr]   OPT_LEVEL = Some("3")
[INFO] [stderr]   TARGET = Some("x86_64-unknown-linux-gnu")
[INFO] [stderr]   HOST = Some("x86_64-unknown-linux-gnu")
[INFO] [stderr]   cargo:rerun-if-env-changed=CC_x86_64-unknown-linux-gnu
[INFO] [stderr]   CC_x86_64-unknown-linux-gnu = None
[INFO] [stderr]   cargo:rerun-if-env-changed=CC_x86_64_unknown_linux_gnu
[INFO] [stderr]   CC_x86_64_unknown_linux_gnu = None
[INFO] [stderr]   cargo:rerun-if-env-changed=HOST_CC
[INFO] [stderr]   HOST_CC = None
[INFO] [stderr]   cargo:rerun-if-env-changed=CC
[INFO] [stderr]   CC = None
[INFO] [stderr]   cargo:rerun-if-env-changed=CFLAGS_x86_64-unknown-linux-gnu
[INFO] [stderr]   CFLAGS_x86_64-unknown-linux-gnu = None
[INFO] [stderr]   cargo:rerun-if-env-changed=CFLAGS_x86_64_unknown_linux_gnu
[INFO] [stderr]   CFLAGS_x86_64_unknown_linux_gnu = None
[INFO] [stderr]   cargo:rerun-if-env-changed=HOST_CFLAGS
[INFO] [stderr]   HOST_CFLAGS = None
[INFO] [stderr]   cargo:rerun-if-env-changed=CFLAGS
[INFO] [stderr]   CFLAGS = None
[INFO] [stderr]   cargo:rerun-if-env-changed=CRATE_CC_NO_DEFAULTS
[INFO] [stderr]   CRATE_CC_NO_DEFAULTS = None
[INFO] [stderr]   DEBUG = Some("false")
[INFO] [stderr]   CARGO_CFG_TARGET_FEATURE = Some("fxsr,sse,sse2")
[INFO] [stderr]   cargo:rerun-if-env-changed=CC_x86_64-unknown-linux-gnu
[INFO] [stderr]   CC_x86_64-unknown-linux-gnu = None
[INFO] [stderr]   cargo:rerun-if-env-changed=CC_x86_64_unknown_linux_gnu
[INFO] [stderr]   CC_x86_64_unknown_linux_gnu = None
[INFO] [stderr]   cargo:rerun-if-env-changed=HOST_CC
[INFO] [stderr]   HOST_CC = None
[INFO] [stderr]   cargo:rerun-if-env-changed=CC
[INFO] [stderr]   CC = None
[INFO] [stderr]   cargo:rerun-if-env-changed=CFLAGS_x86_64-unknown-linux-gnu
[INFO] [stderr]   CFLAGS_x86_64-unknown-linux-gnu = None
[INFO] [stderr]   cargo:rerun-if-env-changed=CFLAGS_x86_64_unknown_linux_gnu
[INFO] [stderr]   CFLAGS_x86_64_unknown_linux_gnu = None
[INFO] [stderr]   cargo:rerun-if-env-changed=HOST_CFLAGS
[INFO] [stderr]   HOST_CFLAGS = None
[INFO] [stderr]   cargo:rerun-if-env-changed=CFLAGS
[INFO] [stderr]   CFLAGS = None
[INFO] [stderr]   cargo:rerun-if-env-changed=CRATE_CC_NO_DEFAULTS
[INFO] [stderr]   CRATE_CC_NO_DEFAULTS = None
[INFO] [stderr]   CARGO_CFG_TARGET_FEATURE = Some("fxsr,sse,sse2")
[INFO] [stderr]   running: "cc" "-O3" "-ffunction-sections" "-fdata-sections" "-fPIC" "-m64" "-I" "c_src/mimalloc/include" "-I" "c_src/mimalloc/src" "-Wall" "-Wextra" "-ftls-model=initial-exec" "-DMI_DEBUG=0" "-o" "/opt/rustwide/target/release/build/libmimalloc-sys/40437a4009a9068c/out/c_src/mimalloc/src/static.o" "-c" "c_src/mimalloc/src/static.c"
[INFO] [stderr]   cargo:warning=In file included from c_src/mimalloc/src/static.c:25:
[INFO] [stderr]   cargo:warning=c_src/mimalloc/src/os.c: In function 'mi_os_resetx':
[INFO] [stderr]   cargo:warning=c_src/mimalloc/src/os.c:993:35: error: implicit declaration of function 'ATOMIC_VAR_INIT'; did you mean 'ATOMIC_FLAG_INIT'? [-Wimplicit-function-declaration]
[INFO] [stderr]   cargo:warning=  993 |   static _Atomic(size_t) advice = ATOMIC_VAR_INIT(MADV_FREE);
[INFO] [stderr]   cargo:warning=      |                                   ^~~~~~~~~~~~~~~
[INFO] [stderr]   cargo:warning=      |                                   ATOMIC_FLAG_INIT
[INFO] [stderr]   cargo:warning=c_src/mimalloc/src/os.c:993:35: error: initializer element is not constant
[INFO] [stderr]   cargo:warning=In file included from c_src/mimalloc/src/static.c:38:
[INFO] [stderr]   cargo:warning=c_src/mimalloc/src/init.c: At top level:
[INFO] [stderr]   cargo:warning=c_src/mimalloc/src/init.c:28:3: error: initializer element is not constant
[INFO] [stderr]   cargo:warning=   28 |   ATOMIC_VAR_INIT(0), // xthread_free
[INFO] [stderr]   cargo:warning=      |   ^~~~~~~~~~~~~~~
[INFO] [stderr]   cargo:warning=c_src/mimalloc/src/init.c:28:3: note: (near initialization for '_mi_page_empty.xthread_free')
[INFO] [stderr]   cargo:warning=c_src/mimalloc/src/init.c:29:3: error: initializer element is not constant
[INFO] [stderr]   cargo:warning=   29 |   ATOMIC_VAR_INIT(0), // xheap
[INFO] [stderr]   cargo:warning=      |   ^~~~~~~~~~~~~~~
[INFO] [stderr]   cargo:warning=c_src/mimalloc/src/init.c:29:3: note: (near initialization for '_mi_page_empty.xheap')
[INFO] [stderr]   cargo:warning=c_src/mimalloc/src/init.c:94:3: error: initialization of 'mi_block_t *' {aka 'struct mi_block_s *'} from 'int' makes pointer from integer without a cast [-Wint-conversion]
[INFO] [stderr]   cargo:warning=   94 |   ATOMIC_VAR_INIT(NULL),
[INFO] [stderr]   cargo:warning=      |   ^~~~~~~~~~~~~~~
[INFO] [stderr]   cargo:warning=c_src/mimalloc/src/init.c:94:3: note: (near initialization for '_mi_heap_empty.thread_delayed_free')
[INFO] [stderr]   cargo:warning=c_src/mimalloc/src/init.c:94:3: error: initializer element is not constant
[INFO] [stderr]   cargo:warning=c_src/mimalloc/src/init.c:94:3: note: (near initialization for '_mi_heap_empty.thread_delayed_free')
[INFO] [stderr]   cargo:warning=c_src/mimalloc/src/init.c:126:3: error: initialization of 'mi_block_t *' {aka 'struct mi_block_s *'} from 'int' makes pointer from integer without a cast [-Wint-conversion]
[INFO] [stderr]   cargo:warning=  126 |   ATOMIC_VAR_INIT(NULL),
[INFO] [stderr]   cargo:warning=      |   ^~~~~~~~~~~~~~~
[INFO] [stderr]   cargo:warning=c_src/mimalloc/src/init.c:126:3: note: (near initialization for '_mi_heap_main.thread_delayed_free')
[INFO] [stderr]   cargo:warning=c_src/mimalloc/src/init.c:126:3: error: initializer element is not constant
[INFO] [stderr]   cargo:warning=c_src/mimalloc/src/init.c:126:3: note: (near initialization for '_mi_heap_main.thread_delayed_free')
[INFO] [stderr]   cargo:warning=c_src/mimalloc/src/init.c:328:39: error: initializer element is not constant
[INFO] [stderr]   cargo:warning=  328 | static _Atomic(size_t) thread_count = ATOMIC_VAR_INIT(1);
[INFO] [stderr]   cargo:warning=      |                                       ^~~~~~~~~~~~~~~
[INFO] [stderr]   exit status: 1
[INFO] [stderr] 
[INFO] [stderr]   --- stderr
[INFO] [stderr] 
[INFO] [stderr] 
[INFO] [stderr]   error occurred: Command "cc" "-O3" "-ffunction-sections" "-fdata-sections" "-fPIC" "-m64" "-I" "c_src/mimalloc/include" "-I" "c_src/mimalloc/src" "-Wall" "-Wextra" "-ftls-model=initial-exec" "-DMI_DEBUG=0" "-o" "/opt/rustwide/target/release/build/libmimalloc-sys/40437a4009a9068c/out/c_src/mimalloc/src/static.o" "-c" "c_src/mimalloc/src/static.c" with args "cc" did not execute successfully (status code exit status: 1).
[INFO] [stderr] 
[INFO] [stderr] 
[INFO] [stderr] warning: build failed, waiting for other jobs to finish...
[INFO] running `Command { std: "docker" "inspect" "15e2e6983213da449bbb7356ec0763b7274662b7cfb5fd015ae0f9623039d91f", kill_on_drop: false }`
[INFO] running `Command { std: "docker" "rm" "-f" "15e2e6983213da449bbb7356ec0763b7274662b7cfb5fd015ae0f9623039d91f", kill_on_drop: false }`
[INFO] [stdout] 15e2e6983213da449bbb7356ec0763b7274662b7cfb5fd015ae0f9623039d91f
