[INFO] fetching crate krot-server 0.1.0...
[INFO] testing krot-server-0.1.0 against 1.99.0-beta.8+cargoflags=--release for beta-release-1.100-2
[INFO] extracting crate krot-server 0.1.0 into /workspace/builds/worker-3-tc1/source
[INFO] started tweaking crates.io crate krot-server 0.1.0
[INFO] removed 0 missing tests
[INFO] finished tweaking crates.io crate krot-server 0.1.0
[INFO] tweaked toml for crates.io crate krot-server 0.1.0 written to /workspace/builds/worker-3-tc1/source/Cargo.toml
[INFO] validating manifest of crates.io crate krot-server 0.1.0 on toolchain 1.99.0-beta.8
[INFO] running `Command { std: CARGO_HOME="/workspace/cargo-home" RUSTUP_HOME="/workspace/rustup-home" "/workspace/cargo-home/bin/cargo" "+1.99.0-beta.8" "metadata" "--manifest-path" "Cargo.toml" "--no-deps", kill_on_drop: false }`
[INFO] crate crates.io crate krot-server 0.1.0 already has a lockfile, it will not be regenerated
[INFO] running `Command { std: CARGO_HOME="/workspace/cargo-home" RUSTUP_HOME="/workspace/rustup-home" "/workspace/cargo-home/bin/cargo" "+1.99.0-beta.8" "fetch" "--manifest-path" "Cargo.toml", kill_on_drop: false }`
[INFO] [stderr]     Updating crates.io index
[INFO] [stderr]  Downloading crates ...
[INFO] [stderr]   Downloaded krot-proto v0.1.0
[INFO] [stderr]   Downloaded fastbloom v0.17.0
[INFO] [stderr]   Downloaded kqueue v1.2.0
[INFO] [stderr]   Downloaded krot-transport v0.1.0
[INFO] [stderr]   Downloaded inotify-sys v0.1.7
[INFO] [stderr]   Downloaded instant-acme v0.7.2
[INFO] running `Command { std: "docker" "create" "-v" "/var/lib/crater-agent-workspace/builds/worker-3-tc1/source:/opt/rustwide/workdir:ro,Z" "-v" "/var/lib/crater-agent-workspace/builds/worker-3-tc1/target:/opt/rustwide/target:rw,Z" "-v" "/var/lib/crater-agent-workspace/cargo-home:/opt/rustwide/cargo-home:ro,Z" "-v" "/var/lib/crater-agent-workspace/rustup-home:/opt/rustwide/rustup-home:ro,Z" "-m" "1610612736" "--network" "none" "ghcr.io/rust-lang/crates-build-env/linux@sha256:77db811e55d90add9212f6832c23229e3de5f1c1f9905e8cb07319ea15df73ac" "sleep" "infinity", kill_on_drop: false }`
[INFO] [stdout] ba496657eb73f926bbcd3d2b172f02d8f20697bfb680de450a2464ab2b7950cc
[INFO] running `Command { std: "docker" "start" "ba496657eb73f926bbcd3d2b172f02d8f20697bfb680de450a2464ab2b7950cc", kill_on_drop: false }`
[INFO] running `Command { std: "docker" "inspect" "ba496657eb73f926bbcd3d2b172f02d8f20697bfb680de450a2464ab2b7950cc", kill_on_drop: false }`
[INFO] running `Command { std: "docker" "exec" "-e" "SOURCE_DIR=/opt/rustwide/workdir" "-e" "CARGO_HOME=/opt/rustwide/cargo-home" "-e" "RUSTUP_HOME=/opt/rustwide/rustup-home" "-e" "CARGO_TARGET_DIR=/opt/rustwide/target" "-w" "/opt/rustwide/workdir" "--user" "0:0" "ba496657eb73f926bbcd3d2b172f02d8f20697bfb680de450a2464ab2b7950cc" "/opt/rustwide/cargo-home/bin/cargo" "+1.99.0-beta.8" "metadata" "--no-deps" "--format-version=1", kill_on_drop: false }`
[INFO] running `Command { std: "docker" "inspect" "ba496657eb73f926bbcd3d2b172f02d8f20697bfb680de450a2464ab2b7950cc", kill_on_drop: false }`
[INFO] running `Command { std: "docker" "exec" "-e" "SOURCE_DIR=/opt/rustwide/workdir" "-e" "CARGO_HOME=/opt/rustwide/cargo-home" "-e" "RUSTUP_HOME=/opt/rustwide/rustup-home" "-e" "CARGO_TARGET_DIR=/opt/rustwide/target" "-e" "CARGO_INCREMENTAL=0" "-e" "RUST_BACKTRACE=full" "-e" "RUSTFLAGS=--cap-lints=warn" "-e" "RUSTDOCFLAGS=--cap-lints=warn" "-w" "/opt/rustwide/workdir" "--user" "0:0" "ba496657eb73f926bbcd3d2b172f02d8f20697bfb680de450a2464ab2b7950cc" "/opt/rustwide/cargo-home/bin/cargo" "+1.99.0-beta.8" "build" "--frozen" "--message-format=json" "--release", kill_on_drop: false }`
[INFO] [stderr]    Compiling rustls-pki-types v1.15.0
[INFO] [stderr]    Compiling rustls v0.23.41
[INFO] [stderr]    Compiling syn v2.0.118
[INFO] [stderr]    Compiling ring v0.17.14
[INFO] [stderr]    Compiling time-macros v0.2.31
[INFO] [stderr]    Compiling portable-atomic v1.13.1
[INFO] [stderr]    Compiling crypto-common v0.1.7
[INFO] [stderr]    Compiling nom v7.1.3
[INFO] [stderr]    Compiling curve25519-dalek v4.1.3
[INFO] [stderr]    Compiling getrandom v0.4.3
[INFO] [stderr]    Compiling quinn-udp v0.5.15
[INFO] [stderr]    Compiling siphasher v1.0.3
[INFO] [stderr]    Compiling inotify-sys v0.1.7
[INFO] [stderr]    Compiling ed25519 v2.2.3
[INFO] [stderr]    Compiling num-integer v0.1.46
[INFO] [stderr]    Compiling quinn v0.11.11
[INFO] [stderr]    Compiling digest v0.10.7
[INFO] [stderr]    Compiling rand_pcg v0.10.2
[INFO] [stderr]    Compiling rand v0.10.2
[INFO] [stderr]    Compiling lru-slab v0.1.2
[INFO] [stderr]    Compiling oid-registry v0.7.1
[INFO] [stderr]    Compiling raw-cpuid v11.6.0
[INFO] [stderr]    Compiling regex-automata v0.4.14
[INFO] [stderr]    Compiling serde_json v1.0.150
[INFO] [stderr]    Compiling num-bigint v0.4.8
[INFO] [stderr]    Compiling blake3 v1.8.5
[INFO] [stderr]    Compiling sha2 v0.10.9
[INFO] [stderr]    Compiling hashbrown v0.14.5
[INFO] [stderr]    Compiling inotify v0.9.6
[INFO] [stderr]    Compiling rustls-native-certs v0.8.4
[INFO] [stderr]    Compiling pem v3.0.6
[INFO] [stderr]    Compiling spinning_top v0.3.0
[INFO] [stderr]    Compiling mio v0.8.11
[INFO] [stderr]    Compiling filetime v0.2.29
[INFO] [stderr]    Compiling tracing-log v0.2.0
[INFO] [stderr]    Compiling arrayvec v0.7.8
[INFO] [stderr]    Compiling fastbloom v0.17.0
[INFO] [stderr]    Compiling dashmap v5.5.3
[INFO] [stderr]    Compiling futures-timer v3.0.4
[INFO] [stderr]    Compiling nonzero_ext v0.3.0
[INFO] [stderr]    Compiling time v0.3.53
[INFO] [stderr]    Compiling no-std-compat v0.4.1
[INFO] [stderr]    Compiling notify v6.1.1
[INFO] [stderr]    Compiling socket2 v0.5.10
[INFO] [stderr]    Compiling rusticata-macros v4.1.0
[INFO] [stderr]    Compiling quanta v0.12.6
[INFO] [stderr]    Compiling matchers v0.2.0
[INFO] [stderr]    Compiling synstructure v0.13.2
[INFO] [stderr]    Compiling yasna v0.5.2
[INFO] [stderr]    Compiling tracing-attributes v0.1.31
[INFO] [stderr]    Compiling tokio-macros v2.7.0
[INFO] [stderr]    Compiling thiserror-impl v1.0.69
[INFO] [stderr]    Compiling thiserror-impl v2.0.18
[INFO] [stderr]    Compiling futures-macro v0.3.32
[INFO] [stderr]    Compiling serde_derive v1.0.228
[INFO] [stderr]    Compiling displaydoc v0.2.6
[INFO] [stderr]    Compiling asn1-rs-derive v0.5.1
[INFO] [stderr]    Compiling curve25519-dalek-derive v0.1.1
[INFO] [stderr]    Compiling asn1-rs-impl v0.2.0
[INFO] [stderr]    Compiling async-trait v0.1.89
[INFO] [stderr]    Compiling clap_derive v4.6.1
[INFO] [stderr]    Compiling tokio v1.52.3
[INFO] [stderr]    Compiling futures-util v0.3.32
[INFO] [stderr]    Compiling clap v4.6.1
[INFO] [stderr]    Compiling thiserror v2.0.18
[INFO] [stderr]    Compiling cobs v0.3.0
[INFO] [stderr]    Compiling thiserror v1.0.69
[INFO] [stderr]    Compiling tracing v0.1.44
[INFO] [stderr]    Compiling asn1-rs v0.6.2
[INFO] [stderr]    Compiling ed25519-dalek v2.2.0
[INFO] [stderr]    Compiling serde v1.0.228
[INFO] [stderr]    Compiling der-parser v9.0.0
[INFO] [stderr]    Compiling postcard v1.1.3
[INFO] [stderr]    Compiling tracing-serde v0.2.0
[INFO] [stderr]    Compiling tracing-subscriber v0.3.23
[INFO] [stderr]    Compiling krot-proto v0.1.0
[INFO] [stderr]    Compiling x509-parser v0.16.0
[INFO] [stderr]    Compiling futures-executor v0.3.32
[INFO] [stderr]    Compiling futures v0.3.32
[INFO] [stderr]    Compiling governor v0.6.3
[INFO] [stderr]    Compiling tokio-util v0.7.18
[INFO] [stderr]    Compiling h2 v0.4.15
[INFO] [stderr]    Compiling rustls-webpki v0.103.13
[INFO] [stderr]    Compiling rcgen v0.13.2
[INFO] [stderr]    Compiling hyper v1.10.1
[INFO] [stderr]    Compiling hyper-util v0.1.20
[INFO] [stderr]    Compiling tokio-rustls v0.26.4
[INFO] [stderr]    Compiling rustls-platform-verifier v0.7.0
[INFO] [stderr]    Compiling quinn-proto v0.11.16
[INFO] [stderr]    Compiling hyper-rustls v0.27.9
[INFO] [stderr]    Compiling instant-acme v0.7.2
[INFO] [stderr]    Compiling krot-transport v0.1.0
[INFO] [stderr]    Compiling krot-server v0.1.0 (/opt/rustwide/workdir)
[INFO] [stderr]     Finished `release` profile [optimized] target(s) in 2m 28s
[INFO] running `Command { std: "docker" "inspect" "ba496657eb73f926bbcd3d2b172f02d8f20697bfb680de450a2464ab2b7950cc", kill_on_drop: false }`
[INFO] running `Command { std: "docker" "exec" "-e" "SOURCE_DIR=/opt/rustwide/workdir" "-e" "CARGO_HOME=/opt/rustwide/cargo-home" "-e" "RUSTUP_HOME=/opt/rustwide/rustup-home" "-e" "CARGO_TARGET_DIR=/opt/rustwide/target" "-e" "CARGO_INCREMENTAL=0" "-e" "RUST_BACKTRACE=full" "-e" "RUSTFLAGS=--cap-lints=warn" "-e" "RUSTDOCFLAGS=--cap-lints=warn" "-w" "/opt/rustwide/workdir" "--user" "0:0" "ba496657eb73f926bbcd3d2b172f02d8f20697bfb680de450a2464ab2b7950cc" "/opt/rustwide/cargo-home/bin/cargo" "+1.99.0-beta.8" "test" "--frozen" "--no-run" "--message-format=json" "--release", kill_on_drop: false }`
[INFO] [stderr]    Compiling bitflags v2.13.0
[INFO] [stderr]    Compiling tokio v1.52.3
[INFO] [stderr]    Compiling regex-automata v0.4.14
[INFO] [stderr]    Compiling fastrand v2.4.1
[INFO] [stderr]    Compiling wait-timeout v0.2.1
[INFO] [stderr]    Compiling rand_chacha v0.9.0
[INFO] [stderr]    Compiling rand_xorshift v0.4.0
[INFO] [stderr]    Compiling rand v0.9.4
[INFO] [stderr]    Compiling raw-cpuid v11.6.0
[INFO] [stderr]    Compiling rustix v1.1.4
[INFO] [stderr]    Compiling quanta v0.12.6
[INFO] [stderr]    Compiling governor v0.6.3
[INFO] [stderr]    Compiling tempfile v3.27.0
[INFO] [stderr]    Compiling rusty-fork v0.3.1
[INFO] [stderr]    Compiling proptest v1.11.0
[INFO] [stderr]    Compiling matchers v0.2.0
[INFO] [stderr]    Compiling tracing-subscriber v0.3.23
[INFO] [stderr]    Compiling tokio-util v0.7.18
[INFO] [stderr]    Compiling tokio-rustls v0.26.4
[INFO] [stderr]    Compiling quinn v0.11.11
[INFO] [stderr]    Compiling h2 v0.4.15
[INFO] [stderr]    Compiling krot-transport v0.1.0
[INFO] [stderr]    Compiling hyper v1.10.1
[INFO] [stderr]    Compiling hyper-util v0.1.20
[INFO] [stderr]    Compiling hyper-rustls v0.27.9
[INFO] [stderr]    Compiling instant-acme v0.7.2
[INFO] [stderr]    Compiling krot-server v0.1.0 (/opt/rustwide/workdir)
[INFO] [stdout] error[E0432]: unresolved import `krot_client`
[INFO] [stdout]   --> tests/policy.rs:20:5
[INFO] [stdout]    |
[INFO] [stdout] 20 | use krot_client::{enroll, AuthenticatedSession, EnrollOptions};
[INFO] [stdout]    |     ^^^^^^^^^^^ use of unresolved module or unlinked crate `krot_client`
[INFO] [stdout]    |
[INFO] [stdout]    = help: if you wanted to use a crate named `krot_client`, use `cargo add krot_client` to add it to your `Cargo.toml`
[INFO] [stdout] 
[INFO] [stdout] 
[INFO] [stdout] error[E0432]: unresolved import `krot_client`
[INFO] [stdout]   --> tests/multicore.rs:13:5
[INFO] [stdout]    |
[INFO] [stdout] 13 | use krot_client::{enroll, AuthenticatedSession, EnrollOptions};
[INFO] [stdout]    |     ^^^^^^^^^^^ use of unresolved module or unlinked crate `krot_client`
[INFO] [stdout]    |
[INFO] [stdout]    = help: if you wanted to use a crate named `krot_client`, use `cargo add krot_client` to add it to your `Cargo.toml`
[INFO] [stdout] 
[INFO] [stdout] 
[INFO] [stdout] error[E0432]: unresolved import `krot_client`
[INFO] [stdout]   --> tests/tcp_fallback_client.rs:31:5
[INFO] [stdout]    |
[INFO] [stdout] 31 | use krot_client::ServerPin;
[INFO] [stdout]    |     ^^^^^^^^^^^ use of unresolved module or unlinked crate `krot_client`
[INFO] [stdout]    |
[INFO] [stdout]    = help: if you wanted to use a crate named `krot_client`, use `cargo add krot_client` to add it to your `Cargo.toml`
[INFO] [stdout] 
[INFO] [stdout] 
[INFO] [stdout] error[E0432]: unresolved import `krot_client`
[INFO] [stdout]   --> tests/tcp_fallback_client.rs:32:5
[INFO] [stdout]    |
[INFO] [stdout] 32 | use krot_client::{AuthenticatedSession, Identity, SessionTransport};
[INFO] [stdout]    |     ^^^^^^^^^^^ use of unresolved module or unlinked crate `krot_client`
[INFO] [stdout]    |
[INFO] [stdout]    = help: if you wanted to use a crate named `krot_client`, use `cargo add krot_client` to add it to your `Cargo.toml`
[INFO] [stdout] 
[INFO] [stdout] 
[INFO] [stdout] error[E0432]: unresolved import `krot_client`
[INFO] [stdout]   --> tests/domain_e2e.rs:15:5
[INFO] [stdout]    |
[INFO] [stdout] 15 | use krot_client::{enroll, publish_tcp, AuthenticatedSession, EnrollOptions};
[INFO] [stdout]    |     ^^^^^^^^^^^ use of unresolved module or unlinked crate `krot_client`
[INFO] [stdout]    |
[INFO] [stdout]    = help: if you wanted to use a crate named `krot_client`, use `cargo add krot_client` to add it to your `Cargo.toml`
[INFO] [stdout] 
[INFO] [stdout] 
[INFO] [stdout] For more information about this error, try `rustc --explain E0432`.
[INFO] [stdout] 
[INFO] [stderr] error: could not compile `krot-server` (test "multicore") due to 1 previous error
[INFO] [stderr] warning: build failed, waiting for other jobs to finish...
[INFO] [stdout] error[E0433]: cannot find module or crate `krot_client` in this scope
[INFO] [stdout]    --> tests/domain_e2e.rs:160:9
[INFO] [stdout]     |
[INFO] [stdout] 160 |         krot_client::tunnel::PublishedTunnel,
[INFO] [stdout]     |         ^^^^^^^^^^^ use of unresolved module or unlinked crate `krot_client`
[INFO] [stdout]     |
[INFO] [stdout]     = help: if you wanted to use a crate named `krot_client`, use `cargo add krot_client` to add it to your `Cargo.toml`
[INFO] [stdout] 
[INFO] [stdout] 
[INFO] [stdout] For more information about this error, try `rustc --explain E0432`.
[INFO] [stdout] 
[INFO] [stderr] error: could not compile `krot-server` (test "tcp_fallback_client") due to 2 previous errors
[INFO] [stdout] For more information about this error, try `rustc --explain E0432`.
[INFO] [stdout] 
[INFO] [stderr] error: could not compile `krot-server` (test "policy") due to 1 previous error
[INFO] [stdout] error[E0433]: cannot find module or crate `krot_client` in this scope
[INFO] [stdout]    --> tests/domain_e2e.rs:185:14
[INFO] [stdout]     |
[INFO] [stdout] 185 |         } => krot_client::tunnel::PublishedTunnel {
[INFO] [stdout]     |              ^^^^^^^^^^^ use of unresolved module or unlinked crate `krot_client`
[INFO] [stdout]     |
[INFO] [stdout]     = help: if you wanted to use a crate named `krot_client`, use `cargo add krot_client` to add it to your `Cargo.toml`
[INFO] [stdout] 
[INFO] [stdout] 
[INFO] [stdout] error[E0433]: cannot find module or crate `krot_client` in this scope
[INFO] [stdout]    --> tests/domain_e2e.rs:191:24
[INFO] [stdout]     |
[INFO] [stdout] 191 |             return Err(krot_client::ClientError::TunnelRejected(code, detail));
[INFO] [stdout]     |                        ^^^^^^^^^^^ use of unresolved module or unlinked crate `krot_client`
[INFO] [stdout]     |
[INFO] [stdout]     = help: if you wanted to use a crate named `krot_client`, use `cargo add krot_client` to add it to your `Cargo.toml`
[INFO] [stdout] 
[INFO] [stdout] 
[INFO] [stdout] error[E0433]: cannot find module or crate `krot_client` in this scope
[INFO] [stdout]    --> tests/domain_e2e.rs:194:24
[INFO] [stdout]     |
[INFO] [stdout] 194 |             return Err(krot_client::ClientError::Protocol(
[INFO] [stdout]     |                        ^^^^^^^^^^^ use of unresolved module or unlinked crate `krot_client`
[INFO] [stdout]     |
[INFO] [stdout]     = help: if you wanted to use a crate named `krot_client`, use `cargo add krot_client` to add it to your `Cargo.toml`
[INFO] [stdout] 
[INFO] [stdout] 
[INFO] [stdout] error[E0433]: cannot find module or crate `krot_client` in this scope
[INFO] [stdout]    --> tests/domain_e2e.rs:217:41
[INFO] [stdout]     |
[INFO] [stdout] 217 | ...                   let _ = krot_client::proxy::handle_bi(send, recv, tunnel_id, local_target).await;
[INFO] [stdout]     |                               ^^^^^^^^^^^ use of unresolved module or unlinked crate `krot_client`
[INFO] [stdout]     |
[INFO] [stdout]     = help: if you wanted to use a crate named `krot_client`, use `cargo add krot_client` to add it to your `Cargo.toml`
[INFO] [stdout] 
[INFO] [stdout] 
[INFO] [stdout] error[E0433]: cannot find module or crate `krot_client` in this scope
[INFO] [stdout]    --> tests/domain_e2e.rs:161:44
[INFO] [stdout]     |
[INFO] [stdout] 161 |         tokio::task::JoinHandle<Result<(), krot_client::ClientError>>,
[INFO] [stdout]     |                                            ^^^^^^^^^^^ use of unresolved module or unlinked crate `krot_client`
[INFO] [stdout]     |
[INFO] [stdout]     = help: if you wanted to use a crate named `krot_client`, use `cargo add krot_client` to add it to your `Cargo.toml`
[INFO] [stdout] 
[INFO] [stdout] 
[INFO] [stdout] error[E0433]: cannot find module or crate `krot_client` in this scope
[INFO] [stdout]    --> tests/domain_e2e.rs:164:5
[INFO] [stdout]     |
[INFO] [stdout] 164 |     krot_client::ClientError,
[INFO] [stdout]     |     ^^^^^^^^^^^ use of unresolved module or unlinked crate `krot_client`
[INFO] [stdout]     |
[INFO] [stdout]     = help: if you wanted to use a crate named `krot_client`, use `cargo add krot_client` to add it to your `Cargo.toml`
[INFO] [stdout] 
[INFO] [stdout] 
[INFO] [stdout] Some errors have detailed explanations: E0432, E0433.
[INFO] [stdout] 
[INFO] [stdout] For more information about an error, try `rustc --explain E0432`.
[INFO] [stdout] 
[INFO] [stderr] error: could not compile `krot-server` (test "domain_e2e") due to 8 previous errors
[INFO] [stderr] error: could not compile `krot-server` (test "federation")
[INFO] [stderr] 
[INFO] [stderr] Caused by:
[INFO] [stderr]   process didn't exit successfully: `/opt/rustwide/rustup-home/toolchains/1.99.0-beta.8-x86_64-unknown-linux-gnu/bin/rustc --crate-name federation --edition=2021 tests/federation.rs --error-format=json --json=diagnostic-rendered-ansi,artifacts,future-incompat --emit=dep-info,link -C opt-level=3 -C embed-bitcode=no '--warn=clippy::pedantic' '--allow=clippy::used_underscore_binding' --forbid=unsafe_code '--allow=clippy::unit_arg' '--allow=clippy::trivially_copy_pass_by_ref' '--allow=clippy::too_many_lines' '--allow=clippy::similar_names' '--allow=clippy::needless_pass_by_value' '--allow=clippy::must_use_candidate' '--allow=clippy::module_name_repetitions' '--allow=clippy::missing_panics_doc' '--allow=clippy::missing_errors_doc' '--allow=clippy::match_wildcard_for_single_variants' '--allow=clippy::match_same_arms' '--allow=clippy::items_after_statements' '--allow=clippy::if_not_else' '--allow=clippy::format_push_string' '--allow=clippy::doc_markdown' '--allow=clippy::cast_sign_loss' '--allow=clippy::cast_precision_loss' '--allow=clippy::cast_possible_truncation' '--allow=clippy::cast_lossless' --test --check-cfg 'cfg(docsrs,test)' --check-cfg 'cfg(feature, values())' -C metadata=b11db5e6f3cd2350 -C extra-filename=-d094f7660798db7e --out-dir /opt/rustwide/target/release/deps -C strip=debuginfo -L dependency=/opt/rustwide/target/release/deps --extern async_trait=/opt/rustwide/target/release/deps/libasync_trait-2fcfdcef437172d6.so --extern base32=/opt/rustwide/target/release/deps/libbase32-d2752dbed8003737.rlib --extern base64=/opt/rustwide/target/release/deps/libbase64-5ba8d8f2fe9c6ccd.rlib --extern blake3=/opt/rustwide/target/release/deps/libblake3-d070c89601e842c1.rlib --extern clap=/opt/rustwide/target/release/deps/libclap-f0cbe95e3de87766.rlib --extern ed25519_dalek=/opt/rustwide/target/release/deps/libed25519_dalek-9021cabeb436b1c4.rlib --extern governor=/opt/rustwide/target/release/deps/libgovernor-a49bb72fba0dd920.rlib --extern hex=/opt/rustwide/target/release/deps/libhex-ffa975566df5dac7.rlib --extern httparse=/opt/rustwide/target/release/deps/libhttparse-5ae8896e125f1bfe.rlib --extern instant_acme=/opt/rustwide/target/release/deps/libinstant_acme-c25cc0c209ec1780.rlib --extern krot_proto=/opt/rustwide/target/release/deps/libkrot_proto-38b9caf3dbaaca90.rlib --extern krot_server=/opt/rustwide/target/release/deps/libkrot_server-97cc1186ca87d31f.rlib --extern krot_transport=/opt/rustwide/target/release/deps/libkrot_transport-434e89231e56ca5d.rlib --extern notify=/opt/rustwide/target/release/deps/libnotify-b61822d46463d005.rlib --extern proptest=/opt/rustwide/target/release/deps/libproptest-31b5da9de9ea8967.rlib --extern quinn=/opt/rustwide/target/release/deps/libquinn-8bd27f7b2ac22e6a.rlib --extern rand=/opt/rustwide/target/release/deps/librand-2ccc0c6e87a2ce7d.rlib --extern rcgen=/opt/rustwide/target/release/deps/librcgen-4e555da2e6645158.rlib --extern rustls=/opt/rustwide/target/release/deps/librustls-57d9134bd663c33a.rlib --extern serde=/opt/rustwide/target/release/deps/libserde-7674486f77b19213.rlib --extern serde_json=/opt/rustwide/target/release/deps/libserde_json-6424bbf68ce270ed.rlib --extern sha2=/opt/rustwide/target/release/deps/libsha2-96cefe7a2ee890d1.rlib --extern socket2=/opt/rustwide/target/release/deps/libsocket2-7ff6c77cd5873e14.rlib --extern tempfile=/opt/rustwide/target/release/deps/libtempfile-ebe748725541a1af.rlib --extern thiserror=/opt/rustwide/target/release/deps/libthiserror-30c9ab0ee3046328.rlib --extern time=/opt/rustwide/target/release/deps/libtime-efb69ff13ce4b2a8.rlib --extern tokio=/opt/rustwide/target/release/deps/libtokio-1fdb62d8be5e3ab5.rlib --extern tokio_rustls=/opt/rustwide/target/release/deps/libtokio_rustls-c2d78ea27dfbbe9a.rlib --extern tracing=/opt/rustwide/target/release/deps/libtracing-d942bea48757e7de.rlib --extern tracing_subscriber=/opt/rustwide/target/release/deps/libtracing_subscriber-f0241e5ace559de2.rlib --extern x509_parser=/opt/rustwide/target/release/deps/libx509_parser-1bfc05c8f9fc5f8b.rlib --cap-lints=warn -L native=/opt/rustwide/target/release/build/blake3-5ea90099528124c4/out -L native=/opt/rustwide/target/release/build/blake3-5ea90099528124c4/out -L native=/opt/rustwide/target/release/build/ring-de05dd9913dcb9bf/out` (signal: 9, SIGKILL: kill)
[INFO] [stderr] error: could not compile `krot-server` (lib test)
[INFO] [stderr] 
[INFO] [stderr] Caused by:
[INFO] [stderr]   process didn't exit successfully: `/opt/rustwide/rustup-home/toolchains/1.99.0-beta.8-x86_64-unknown-linux-gnu/bin/rustc --crate-name krot_server --edition=2021 src/lib.rs --error-format=json --json=diagnostic-rendered-ansi,artifacts,future-incompat --emit=dep-info,link -C opt-level=3 -C embed-bitcode=no '--warn=clippy::pedantic' '--allow=clippy::used_underscore_binding' --forbid=unsafe_code '--allow=clippy::unit_arg' '--allow=clippy::trivially_copy_pass_by_ref' '--allow=clippy::too_many_lines' '--allow=clippy::similar_names' '--allow=clippy::needless_pass_by_value' '--allow=clippy::must_use_candidate' '--allow=clippy::module_name_repetitions' '--allow=clippy::missing_panics_doc' '--allow=clippy::missing_errors_doc' '--allow=clippy::match_wildcard_for_single_variants' '--allow=clippy::match_same_arms' '--allow=clippy::items_after_statements' '--allow=clippy::if_not_else' '--allow=clippy::format_push_string' '--allow=clippy::doc_markdown' '--allow=clippy::cast_sign_loss' '--allow=clippy::cast_precision_loss' '--allow=clippy::cast_possible_truncation' '--allow=clippy::cast_lossless' --test --check-cfg 'cfg(docsrs,test)' --check-cfg 'cfg(feature, values())' -C metadata=f734534f9e382408 -C extra-filename=-e20ff6268295cd60 --out-dir /opt/rustwide/target/release/deps -C strip=debuginfo -L dependency=/opt/rustwide/target/release/deps --extern async_trait=/opt/rustwide/target/release/deps/libasync_trait-2fcfdcef437172d6.so --extern base32=/opt/rustwide/target/release/deps/libbase32-d2752dbed8003737.rlib --extern base64=/opt/rustwide/target/release/deps/libbase64-5ba8d8f2fe9c6ccd.rlib --extern blake3=/opt/rustwide/target/release/deps/libblake3-d070c89601e842c1.rlib --extern clap=/opt/rustwide/target/release/deps/libclap-f0cbe95e3de87766.rlib --extern ed25519_dalek=/opt/rustwide/target/release/deps/libed25519_dalek-9021cabeb436b1c4.rlib --extern governor=/opt/rustwide/target/release/deps/libgovernor-a49bb72fba0dd920.rlib --extern hex=/opt/rustwide/target/release/deps/libhex-ffa975566df5dac7.rlib --extern httparse=/opt/rustwide/target/release/deps/libhttparse-5ae8896e125f1bfe.rlib --extern instant_acme=/opt/rustwide/target/release/deps/libinstant_acme-c25cc0c209ec1780.rlib --extern krot_proto=/opt/rustwide/target/release/deps/libkrot_proto-38b9caf3dbaaca90.rlib --extern krot_transport=/opt/rustwide/target/release/deps/libkrot_transport-434e89231e56ca5d.rlib --extern notify=/opt/rustwide/target/release/deps/libnotify-b61822d46463d005.rlib --extern proptest=/opt/rustwide/target/release/deps/libproptest-31b5da9de9ea8967.rlib --extern quinn=/opt/rustwide/target/release/deps/libquinn-8bd27f7b2ac22e6a.rlib --extern rand=/opt/rustwide/target/release/deps/librand-2ccc0c6e87a2ce7d.rlib --extern rcgen=/opt/rustwide/target/release/deps/librcgen-4e555da2e6645158.rlib --extern rustls=/opt/rustwide/target/release/deps/librustls-57d9134bd663c33a.rlib --extern serde=/opt/rustwide/target/release/deps/libserde-7674486f77b19213.rlib --extern serde_json=/opt/rustwide/target/release/deps/libserde_json-6424bbf68ce270ed.rlib --extern sha2=/opt/rustwide/target/release/deps/libsha2-96cefe7a2ee890d1.rlib --extern socket2=/opt/rustwide/target/release/deps/libsocket2-7ff6c77cd5873e14.rlib --extern tempfile=/opt/rustwide/target/release/deps/libtempfile-ebe748725541a1af.rlib --extern thiserror=/opt/rustwide/target/release/deps/libthiserror-30c9ab0ee3046328.rlib --extern time=/opt/rustwide/target/release/deps/libtime-efb69ff13ce4b2a8.rlib --extern tokio=/opt/rustwide/target/release/deps/libtokio-1fdb62d8be5e3ab5.rlib --extern tokio_rustls=/opt/rustwide/target/release/deps/libtokio_rustls-c2d78ea27dfbbe9a.rlib --extern tracing=/opt/rustwide/target/release/deps/libtracing-d942bea48757e7de.rlib --extern tracing_subscriber=/opt/rustwide/target/release/deps/libtracing_subscriber-f0241e5ace559de2.rlib --extern x509_parser=/opt/rustwide/target/release/deps/libx509_parser-1bfc05c8f9fc5f8b.rlib --cap-lints=warn -L native=/opt/rustwide/target/release/build/blake3-5ea90099528124c4/out -L native=/opt/rustwide/target/release/build/blake3-5ea90099528124c4/out -L native=/opt/rustwide/target/release/build/ring-de05dd9913dcb9bf/out` (signal: 9, SIGKILL: kill)
[INFO] running `Command { std: "docker" "inspect" "ba496657eb73f926bbcd3d2b172f02d8f20697bfb680de450a2464ab2b7950cc", kill_on_drop: false }`
[INFO] running `Command { std: "docker" "rm" "-f" "ba496657eb73f926bbcd3d2b172f02d8f20697bfb680de450a2464ab2b7950cc", kill_on_drop: false }`
[INFO] [stdout] ba496657eb73f926bbcd3d2b172f02d8f20697bfb680de450a2464ab2b7950cc
