[INFO] fetching crate kreuzberg-paddle-ocr 4.10.4...
[INFO] testing kreuzberg-paddle-ocr-4.10.4 against 1.99.0-beta.8+cargoflags=--release for beta-release-1.100-2
[INFO] extracting crate kreuzberg-paddle-ocr 4.10.4 into /workspace/builds/worker-5-tc1/source
[INFO] started tweaking crates.io crate kreuzberg-paddle-ocr 4.10.4
[INFO] finished tweaking crates.io crate kreuzberg-paddle-ocr 4.10.4
[INFO] tweaked toml for crates.io crate kreuzberg-paddle-ocr 4.10.4 written to /workspace/builds/worker-5-tc1/source/Cargo.toml
[INFO] validating manifest of crates.io crate kreuzberg-paddle-ocr 4.10.4 on toolchain 1.99.0-beta.8
[INFO] running `Command { std: CARGO_HOME="/workspace/cargo-home" RUSTUP_HOME="/workspace/rustup-home" "/workspace/cargo-home/bin/cargo" "+1.99.0-beta.8" "metadata" "--manifest-path" "Cargo.toml" "--no-deps", kill_on_drop: false }`
[INFO] crate crates.io crate kreuzberg-paddle-ocr 4.10.4 already has a lockfile, it will not be regenerated
[INFO] running `Command { std: CARGO_HOME="/workspace/cargo-home" RUSTUP_HOME="/workspace/rustup-home" "/workspace/cargo-home/bin/cargo" "+1.99.0-beta.8" "fetch" "--manifest-path" "Cargo.toml", kill_on_drop: false }`
[INFO] [stderr]     Updating crates.io index
[INFO] [stderr]  Downloading crates ...
[INFO] [stderr]   Downloaded geo-clipper v0.9.0
[INFO] [stderr]   Downloaded ort v2.0.0-rc.12
[INFO] [stderr]   Downloaded clipper-sys v0.8.0
[INFO] [stderr]   Downloaded ort-sys v2.0.0-rc.12
[INFO] [stderr]   Downloaded simba v0.10.2
[INFO] [stderr]   Downloaded safe_arch v1.2.0
[INFO] [stderr]   Downloaded imageproc v0.27.0
[INFO] [stderr]   Downloaded wide v1.7.0
[INFO] [stderr]   Downloaded glam v0.33.6
[INFO] running `Command { std: "docker" "create" "-v" "/var/lib/crater-agent-workspace/builds/worker-5-tc1/source:/opt/rustwide/workdir:ro,Z" "-v" "/var/lib/crater-agent-workspace/builds/worker-5-tc1/target:/opt/rustwide/target:rw,Z" "-v" "/var/lib/crater-agent-workspace/cargo-home:/opt/rustwide/cargo-home:ro,Z" "-v" "/var/lib/crater-agent-workspace/rustup-home:/opt/rustwide/rustup-home:ro,Z" "-m" "1610612736" "--network" "none" "ghcr.io/rust-lang/crates-build-env/linux@sha256:77db811e55d90add9212f6832c23229e3de5f1c1f9905e8cb07319ea15df73ac" "sleep" "infinity", kill_on_drop: false }`
[INFO] [stdout] f4df188dd8c42c875cde9ccd17022f16a2562a59e6bd4408a1c13ffb998be4b4
[INFO] running `Command { std: "docker" "start" "f4df188dd8c42c875cde9ccd17022f16a2562a59e6bd4408a1c13ffb998be4b4", kill_on_drop: false }`
[INFO] running `Command { std: "docker" "inspect" "f4df188dd8c42c875cde9ccd17022f16a2562a59e6bd4408a1c13ffb998be4b4", kill_on_drop: false }`
[INFO] running `Command { std: "docker" "exec" "-e" "SOURCE_DIR=/opt/rustwide/workdir" "-e" "CARGO_HOME=/opt/rustwide/cargo-home" "-e" "RUSTUP_HOME=/opt/rustwide/rustup-home" "-e" "CARGO_TARGET_DIR=/opt/rustwide/target" "-w" "/opt/rustwide/workdir" "--user" "0:0" "f4df188dd8c42c875cde9ccd17022f16a2562a59e6bd4408a1c13ffb998be4b4" "/opt/rustwide/cargo-home/bin/cargo" "+1.99.0-beta.8" "metadata" "--no-deps" "--format-version=1", kill_on_drop: false }`
[INFO] running `Command { std: "docker" "inspect" "f4df188dd8c42c875cde9ccd17022f16a2562a59e6bd4408a1c13ffb998be4b4", kill_on_drop: false }`
[INFO] running `Command { std: "docker" "exec" "-e" "SOURCE_DIR=/opt/rustwide/workdir" "-e" "CARGO_HOME=/opt/rustwide/cargo-home" "-e" "RUSTUP_HOME=/opt/rustwide/rustup-home" "-e" "CARGO_TARGET_DIR=/opt/rustwide/target" "-e" "CARGO_INCREMENTAL=0" "-e" "RUST_BACKTRACE=full" "-e" "RUSTFLAGS=--cap-lints=warn" "-e" "RUSTDOCFLAGS=--cap-lints=warn" "-w" "/opt/rustwide/workdir" "--user" "0:0" "f4df188dd8c42c875cde9ccd17022f16a2562a59e6bd4408a1c13ffb998be4b4" "/opt/rustwide/cargo-home/bin/cargo" "+1.99.0-beta.8" "build" "--frozen" "--message-format=json" "--release", kill_on_drop: false }`
[INFO] [stderr]    Compiling matrixmultiply v0.3.11
[INFO] [stderr]    Compiling bytemuck v1.25.2
[INFO] [stderr]    Compiling libc v0.2.189
[INFO] [stderr]    Compiling getrandom v0.4.3
[INFO] [stderr]    Compiling find-msvc-tools v0.1.13
[INFO] [stderr]    Compiling cpufeatures v0.3.1
[INFO] [stderr]    Compiling ort-sys v2.0.0-rc.12
[INFO] [stderr]    Compiling smallvec v1.16.0
[INFO] [stderr]    Compiling num-integer v0.1.47
[INFO] [stderr]    Compiling num-complex v0.4.6
[INFO] [stderr]    Compiling approx v0.5.1
[INFO] [stderr]    Compiling moxcms v0.8.1
[INFO] [stderr]    Compiling itertools v0.14.0
[INFO] [stderr]    Compiling syn v3.0.5
[INFO] [stderr]    Compiling chacha20 v0.10.2
[INFO] [stderr]    Compiling cc v1.4.7
[INFO] [stderr]    Compiling num-rational v0.4.2
[INFO] [stderr]    Compiling num-iter v0.1.46
[INFO] [stderr]    Compiling safe_arch v1.2.0
[INFO] [stderr]    Compiling num v0.4.3
[INFO] [stderr]    Compiling wide v1.7.0
[INFO] [stderr]    Compiling clipper-sys v0.8.0
[INFO] [stderr]    Compiling rand v0.10.2
[INFO] [stderr]    Compiling ndarray v0.17.2
[INFO] [stderr]    Compiling thiserror-impl v2.0.20
[INFO] [stderr]    Compiling serde_derive v1.0.229
[INFO] [stderr]    Compiling rand_distr v0.6.0
[INFO] [stderr]    Compiling thiserror v2.0.20
[INFO] [stderr]    Compiling geo-types v0.7.20
[INFO] [stderr]    Compiling serde v1.0.229
[INFO] [stderr]    Compiling image v0.25.10
[INFO] [stderr]    Compiling geo-clipper v0.9.0
[INFO] [stderr]    Compiling ort v2.0.0-rc.12
[INFO] [stderr]    Compiling simba v0.10.2
[INFO] [stderr]    Compiling nalgebra v0.35.0
[INFO] [stderr]    Compiling imageproc v0.27.0
[INFO] [stderr]    Compiling kreuzberg-paddle-ocr v4.10.4 (/opt/rustwide/workdir)
[INFO] [stderr]     Finished `release` profile [optimized] target(s) in 1m 07s
[INFO] running `Command { std: "docker" "inspect" "f4df188dd8c42c875cde9ccd17022f16a2562a59e6bd4408a1c13ffb998be4b4", kill_on_drop: false }`
[INFO] running `Command { std: "docker" "exec" "-e" "SOURCE_DIR=/opt/rustwide/workdir" "-e" "CARGO_HOME=/opt/rustwide/cargo-home" "-e" "RUSTUP_HOME=/opt/rustwide/rustup-home" "-e" "CARGO_TARGET_DIR=/opt/rustwide/target" "-e" "CARGO_INCREMENTAL=0" "-e" "RUST_BACKTRACE=full" "-e" "RUSTFLAGS=--cap-lints=warn" "-e" "RUSTDOCFLAGS=--cap-lints=warn" "-w" "/opt/rustwide/workdir" "--user" "0:0" "f4df188dd8c42c875cde9ccd17022f16a2562a59e6bd4408a1c13ffb998be4b4" "/opt/rustwide/cargo-home/bin/cargo" "+1.99.0-beta.8" "test" "--frozen" "--no-run" "--message-format=json" "--release", kill_on_drop: false }`
[INFO] [stderr]    Compiling kreuzberg-paddle-ocr v4.10.4 (/opt/rustwide/workdir)
[INFO] [stdout] error: linking with `cc` failed: exit status: 1
[INFO] [stdout]   |
[INFO] [stdout]   = note:  "cc" "-m64" "/opt/rustwide/target/release/deps/rustcdNsedx/symbols.o" "<3 object files omitted>" "-Wl,--as-needed" "-Wl,-Bstatic" "<sysroot>/lib/rustlib/x86_64-unknown-linux-gnu/lib/{libtest-*,libgetopts-*,librustc_std_workspace_std-*}.rlib" "/opt/rustwide/target/release/deps/{libimageproc-d1e7394de1b22de2,libnalgebra-cd424f14cff7a29f,libtypenum-1642bab676d94b56,libsimba-e93e0975d12da049,libwide-5e64bfa3f5a5c78a,libsafe_arch-bf98015dc4d5443c,libapprox-e07eb0a2109314a3,libnum-70eac5ad3fdbad66,libnum_iter-cf2116311c11dcf1,libnum_rational-f67731d03268e280,librand_distr-ae6bbe944a4cf5ff,librand-b1a614ffa4df660e,libgetrandom-4bf5a49ac3eb5a80,liblibc-cf56ab7609aefa73,libchacha20-50a867ee7436d74f,libcpufeatures-23cf29946f1b9be2,libcfg_if-6d8dca19095bb388,librand_core-52b690f530b43640,libitertools-21225a1b900bb4dd,libeither-e9ddfe2403fddc43,libserde-77fe843f917fa670,libserde_core-2831f2261da3e922,libimage-969c37eb3b913fb2,libbytemuck-1e841f86ee276ee8,libbyteorder_lite-a767fe81cb63f861,libmoxcms-d12d414d5b763e3c,libpxfm-42fc424f22fc4899,libgeo_clipper-c0f6d8ea24c7008d,libgeo_types-e8bdfbedb831c2f2,libthiserror-bc3f2cac95b7c9e1,libclipper_sys-c0f827f19e6b847d,libort-bca6e44b2fe3f2a8,libort_sys-116f322a3f219f0e,libndarray-ecf5f751f597cc94,libmatrixmultiply-be4bcd0319158f2e,libnum_complex-171539d94dffbdb3,libnum_integer-971d0827b602d24f,libnum_traits-654375333949363b,librawpointer-e637704b8109ab79,libsmallvec-5c9a69841030bf8c}.rlib" "<sysroot>/lib/rustlib/x86_64-unknown-linux-gnu/lib/{libstd-*,libpanic_unwind-*,libobject-*,libmemchr-*,libaddr2line-*,libgimli-*,libcfg_if-*,librustc_demangle-*,libstd_detect-*,libhashbrown-*,librustc_std_workspace_alloc-*,libminiz_oxide-*,libadler2-*,libunwind-*,liblibc-*,librustc_std_workspace_core-*,liballoc-*,libcore-*,libcompiler_builtins-*}.rlib" "-Wl,-Bdynamic" "-lc" "-lm" "-lrt" "-lpthread" "-lstdc++" "-lgcc_s" "-lutil" "-lrt" "-lpthread" "-lm" "-ldl" "-lc" "-L" "/opt/rustwide/target/release/deps/rustcdNsedx/raw-dylibs" "-B<sysroot>/lib/rustlib/x86_64-unknown-linux-gnu/bin/gcc-ld" "-fuse-ld=lld" "-Wl,--eh-frame-hdr" "-Wl,-z,noexecstack" "-L" "/opt/rustwide/target/release/build/clipper-sys-fa433e7bd460999d/out" "-L" "<sysroot>/lib/rustlib/x86_64-unknown-linux-gnu/lib" "-o" "/opt/rustwide/target/release/deps/kreuzberg_paddle_ocr-c44de924312871fa" "-Wl,--gc-sections" "-pie" "-Wl,-z,relro,-z,now" "-Wl,-O1" "-Wl,--strip-debug" "-nodefaultlibs"
[INFO] [stdout]   = note: some arguments are omitted. use `--verbose` to show all linker arguments
[INFO] [stdout]   = note: rust-lld: error: undefined symbol: OrtGetApiBase
[INFO] [stdout]           >>> referenced by ort.53f9b67a48638be8-cgu.07
[INFO] [stdout]           >>>               ort-bca6e44b2fe3f2a8.ort.53f9b67a48638be8-cgu.07.rcgu.o:(ort::setup_api) in archive /opt/rustwide/target/release/deps/libort-bca6e44b2fe3f2a8.rlib
[INFO] [stdout]           
[INFO] [stdout]           rust-lld: error: undefined symbol: 
[INFO] [stdout]           
[INFO] [stdout]           The ort-sys crate could not link to ONNX Runtime because:
[INFO] [stdout]           	- `libonnxruntime` is not configured via `pkg-config`
[INFO] [stdout]           	- ort-sys was instructed not to download prebuilt binaries (`cargo build --offline`), or the `download-binaries` feature is not enabled
[INFO] [stdout]           	- Neither `ORT_LIB_PATH` or `ORT_IOS_XCFWK_PATH` (for iOS) were set to link to custom binaries
[INFO] [stdout]           
[INFO] [stdout]           To rectify this:
[INFO] [stdout]           	- Compile ONNX Runtime from source and manually configure linking (see https://ort.pyke.io/setup/linking for more information)
[INFO] [stdout]           	- Enable the `download-binaries` feature if the target is supported
[INFO] [stdout]           	- Enable ort's `alternative-backend` feature if you intend to use a different backend (or ort-sys' `disable-linking` feature if you use this crate directly)
[INFO] [stdout]           
[INFO] [stdout]           >>> referenced by ort_sys.ec2e3414f68af71e-cgu.0
[INFO] [stdout]           >>>               ort_sys-116f322a3f219f0e.ort_sys.ec2e3414f68af71e-cgu.0.rcgu.o:(ort_sys::link_error::X) in archive /opt/rustwide/target/release/deps/libort_sys-116f322a3f219f0e.rlib
[INFO] [stdout]           collect2: error: ld returned 1 exit status
[INFO] [stdout]           
[INFO] [stdout] 
[INFO] [stdout] 
[INFO] [stderr] error: could not compile `kreuzberg-paddle-ocr` (lib test) due to 1 previous error
[INFO] running `Command { std: "docker" "inspect" "f4df188dd8c42c875cde9ccd17022f16a2562a59e6bd4408a1c13ffb998be4b4", kill_on_drop: false }`
[INFO] running `Command { std: "docker" "rm" "-f" "f4df188dd8c42c875cde9ccd17022f16a2562a59e6bd4408a1c13ffb998be4b4", kill_on_drop: false }`
[INFO] [stdout] f4df188dd8c42c875cde9ccd17022f16a2562a59e6bd4408a1c13ffb998be4b4
