[INFO] fetching crate krator-derive 0.5.0...
[INFO] testing krator-derive-0.5.0 against 1.100.0-beta.1+cargoflags=--release for beta-release-1.100-2
[INFO] extracting crate krator-derive 0.5.0 into /workspace/builds/worker-0-tc2/source
[INFO] started tweaking crates.io crate krator-derive 0.5.0
[INFO] finished tweaking crates.io crate krator-derive 0.5.0
[INFO] tweaked toml for crates.io crate krator-derive 0.5.0 written to /workspace/builds/worker-0-tc2/source/Cargo.toml
[INFO] validating manifest of crates.io crate krator-derive 0.5.0 on toolchain 1.100.0-beta.1
[INFO] running `Command { std: CARGO_HOME="/workspace/cargo-home" RUSTUP_HOME="/workspace/rustup-home" "/workspace/cargo-home/bin/cargo" "+1.100.0-beta.1" "metadata" "--manifest-path" "Cargo.toml" "--no-deps", kill_on_drop: false }`
[INFO] running `Command { std: CARGO_HOME="/workspace/cargo-home" RUSTUP_HOME="/workspace/rustup-home" "/workspace/cargo-home/bin/cargo" "+1.100.0-beta.1" "generate-lockfile" "--manifest-path" "Cargo.toml", kill_on_drop: false }`
[INFO] [stderr]     Updating crates.io index
[INFO] [stderr]      Locking 159 packages to highest compatible versions
[INFO] [stderr]       Adding k8s-openapi v0.13.1 (available: v0.28.0)
[INFO] [stderr]       Adding kube v0.64.0 (available: v4.2.0)
[INFO] [stderr]       Adding kube-derive v0.64.0 (available: v4.2.0)
[INFO] [stderr]       Adding kube-runtime v0.64.0 (available: v4.2.0)
[INFO] [stderr]       Adding rcgen v0.8.14 (available: v0.14.10)
[INFO] [stderr]       Adding schemars v0.8.22 (available: v1.2.3)
[INFO] [stderr]       Adding serde_yaml v0.8.26 (available: v0.9.34+deprecated)
[INFO] [stderr]       Adding syn v1.0.109 (available: v3.0.9)
[INFO] running `Command { std: CARGO_HOME="/workspace/cargo-home" RUSTUP_HOME="/workspace/rustup-home" "/workspace/cargo-home/bin/cargo" "+1.100.0-beta.1" "fetch" "--manifest-path" "Cargo.toml", kill_on_drop: false }`
[INFO] running `Command { std: "docker" "create" "-v" "/var/lib/crater-agent-workspace/builds/worker-0-tc2/source:/opt/rustwide/workdir:ro,Z" "-v" "/var/lib/crater-agent-workspace/builds/worker-0-tc2/target:/opt/rustwide/target:rw,Z" "-v" "/var/lib/crater-agent-workspace/cargo-home:/opt/rustwide/cargo-home:ro,Z" "-v" "/var/lib/crater-agent-workspace/rustup-home:/opt/rustwide/rustup-home:ro,Z" "-m" "1610612736" "--network" "none" "ghcr.io/rust-lang/crates-build-env/linux@sha256:77db811e55d90add9212f6832c23229e3de5f1c1f9905e8cb07319ea15df73ac" "sleep" "infinity", kill_on_drop: false }`
[INFO] [stdout] aae4a7c38a35117904f68948c37506f61cc4c27471e79a85479b5ac916145a6e
[INFO] running `Command { std: "docker" "start" "aae4a7c38a35117904f68948c37506f61cc4c27471e79a85479b5ac916145a6e", kill_on_drop: false }`
[INFO] running `Command { std: "docker" "inspect" "aae4a7c38a35117904f68948c37506f61cc4c27471e79a85479b5ac916145a6e", kill_on_drop: false }`
[INFO] running `Command { std: "docker" "exec" "-e" "SOURCE_DIR=/opt/rustwide/workdir" "-e" "CARGO_HOME=/opt/rustwide/cargo-home" "-e" "RUSTUP_HOME=/opt/rustwide/rustup-home" "-e" "CARGO_TARGET_DIR=/opt/rustwide/target" "-w" "/opt/rustwide/workdir" "--user" "0:0" "aae4a7c38a35117904f68948c37506f61cc4c27471e79a85479b5ac916145a6e" "/opt/rustwide/cargo-home/bin/cargo" "+1.100.0-beta.1" "metadata" "--no-deps" "--format-version=1", kill_on_drop: false }`
[INFO] running `Command { std: "docker" "inspect" "aae4a7c38a35117904f68948c37506f61cc4c27471e79a85479b5ac916145a6e", kill_on_drop: false }`
[INFO] running `Command { std: "docker" "exec" "-e" "SOURCE_DIR=/opt/rustwide/workdir" "-e" "CARGO_HOME=/opt/rustwide/cargo-home" "-e" "RUSTUP_HOME=/opt/rustwide/rustup-home" "-e" "CARGO_TARGET_DIR=/opt/rustwide/target" "-e" "CARGO_INCREMENTAL=0" "-e" "RUST_BACKTRACE=full" "-e" "RUSTFLAGS=--cap-lints=warn" "-e" "RUSTDOCFLAGS=--cap-lints=warn" "-w" "/opt/rustwide/workdir" "--user" "0:0" "aae4a7c38a35117904f68948c37506f61cc4c27471e79a85479b5ac916145a6e" "/opt/rustwide/cargo-home/bin/cargo" "+1.100.0-beta.1" "build" "--frozen" "--message-format=json" "--release", kill_on_drop: false }`
[INFO] [stderr]    Compiling syn v1.0.109
[INFO] [stderr]    Compiling krator-derive v0.5.0 (/opt/rustwide/workdir)
[INFO] [stderr]     Finished `release` profile [optimized] target(s) in 3.33s
[INFO] running `Command { std: "docker" "inspect" "aae4a7c38a35117904f68948c37506f61cc4c27471e79a85479b5ac916145a6e", kill_on_drop: false }`
[INFO] running `Command { std: "docker" "exec" "-e" "SOURCE_DIR=/opt/rustwide/workdir" "-e" "CARGO_HOME=/opt/rustwide/cargo-home" "-e" "RUSTUP_HOME=/opt/rustwide/rustup-home" "-e" "CARGO_TARGET_DIR=/opt/rustwide/target" "-e" "CARGO_INCREMENTAL=0" "-e" "RUST_BACKTRACE=full" "-e" "RUSTFLAGS=--cap-lints=warn" "-e" "RUSTDOCFLAGS=--cap-lints=warn" "-w" "/opt/rustwide/workdir" "--user" "0:0" "aae4a7c38a35117904f68948c37506f61cc4c27471e79a85479b5ac916145a6e" "/opt/rustwide/cargo-home/bin/cargo" "+1.100.0-beta.1" "test" "--frozen" "--no-run" "--message-format=json" "--release", kill_on_drop: false }`
[INFO] [stderr]    Compiling serde_json v1.0.154
[INFO] [stderr]    Compiling syn v1.0.109
[INFO] [stderr]    Compiling pin-project-lite v0.2.17
[INFO] [stderr]    Compiling indexmap v2.14.2
[INFO] [stderr]    Compiling bytes v1.12.1
[INFO] [stderr]    Compiling syn v3.0.9
[INFO] [stderr]    Compiling syn v2.0.119
[INFO] [stderr]    Compiling k8s-openapi v0.13.1
[INFO] [stderr]    Compiling futures-sink v0.3.34
[INFO] [stderr]    Compiling futures-core v0.3.34
[INFO] [stderr]    Compiling indexmap v1.9.3
[INFO] [stderr]    Compiling errno v0.3.14
[INFO] [stderr]    Compiling slab v0.4.12
[INFO] [stderr]    Compiling ring v0.16.20
[INFO] [stderr]    Compiling mio v1.2.4
[INFO] [stderr]    Compiling socket2 v0.6.5
[INFO] [stderr]    Compiling futures-task v0.3.34
[INFO] [stderr]    Compiling signal-hook-registry v1.4.8
[INFO] [stderr]    Compiling futures-channel v0.3.34
[INFO] [stderr]    Compiling oid-registry v0.2.0
[INFO] [stderr]    Compiling futures-io v0.3.34
[INFO] [stderr]    Compiling base64 v0.13.1
[INFO] [stderr]    Compiling http v0.2.12
[INFO] [stderr]    Compiling tracing-core v0.1.36
[INFO] [stderr]    Compiling ordered-float v2.10.1
[INFO] [stderr]    Compiling tower-service v0.3.3
[INFO] [stderr]    Compiling nom v7.1.3
[INFO] [stderr]    Compiling httparse v1.10.1
[INFO] [stderr]    Compiling schemars v0.8.22
[INFO] [stderr]    Compiling percent-encoding v2.3.2
[INFO] [stderr]    Compiling try-lock v0.2.5
[INFO] [stderr]    Compiling form_urlencoded v1.2.2
[INFO] [stderr]    Compiling tokio v1.53.3
[INFO] [stderr]    Compiling want v0.3.2
[INFO] [stderr]    Compiling num-integer v0.1.47
[INFO] [stderr]    Compiling socket2 v0.5.10
[INFO] [stderr]    Compiling tower-layer v0.3.3
[INFO] [stderr]    Compiling httpdate v1.0.3
[INFO] [stderr]    Compiling num-bigint v0.4.8
[INFO] [stderr]    Compiling pem v1.1.1
[INFO] [stderr]    Compiling dirs-sys-next v0.1.2
[INFO] [stderr]    Compiling spin v0.5.2
[INFO] [stderr]    Compiling linked-hash-map v0.5.6
[INFO] [stderr]    Compiling untrusted v0.7.1
[INFO] [stderr]    Compiling yaml-rust v0.4.5
[INFO] [stderr]    Compiling treediff v3.0.2
[INFO] [stderr]    Compiling http-body v0.4.6
[INFO] [stderr]    Compiling rusticata-macros v4.1.0
[INFO] [stderr]    Compiling dirs-next v2.0.0
[INFO] [stderr]    Compiling num_cpus v1.17.0
[INFO] [stderr]    Compiling proc-macro2 v1.0.107
[INFO] [stderr]    Compiling lazy_static v1.5.1
[INFO] [stderr]    Compiling unicode-ident v1.0.27
[INFO] [stderr]    Compiling data-encoding v2.11.1
[INFO] [stderr]    Compiling either v1.19.0
[INFO] [stderr]    Compiling dashmap v4.0.2
[INFO] [stderr]    Compiling quote v1.0.47
[INFO] [stderr]    Compiling dyn-clone v1.0.20
[INFO] [stderr]    Compiling smallvec v1.16.3
[INFO] [stderr]    Compiling tokio-util v0.7.20
[INFO] [stderr]    Compiling tokio-io-timeout v1.2.1
[INFO] [stderr]    Compiling tokio-util v0.6.10
[INFO] [stderr]    Compiling darling_core v0.13.4
[INFO] [stderr]    Compiling serde_derive_internals v0.29.1
[INFO] [stderr]    Compiling serde_derive v1.0.229
[INFO] [stderr]    Compiling futures-macro v0.3.34
[INFO] [stderr]    Compiling der-oid-macro v0.5.0
[INFO] [stderr]    Compiling derivative v2.2.0
[INFO] [stderr]    Compiling krator-derive v0.5.0 (/opt/rustwide/workdir)
[INFO] [stderr]    Compiling futures-util v0.3.34
[INFO] [stderr]    Compiling der-parser v6.0.1
[INFO] [stderr]    Compiling thiserror-impl v1.0.69
[INFO] [stderr]    Compiling tracing-attributes v0.1.31
[INFO] [stderr]    Compiling pin-project-internal v1.1.13
[INFO] [stderr]    Compiling schemars_derive v0.8.22
[INFO] [stderr]    Compiling darling_macro v0.13.4
[INFO] [stderr]    Compiling darling v0.13.4
[INFO] [stderr]    Compiling kube-derive v0.64.0
[INFO] [stderr]    Compiling thiserror v1.0.69
[INFO] [stderr]    Compiling tracing v0.1.44
[INFO] [stderr]    Compiling pin-project v1.1.13
[INFO] [stderr]    Compiling serde v1.0.229
[INFO] [stderr]    Compiling chrono v0.4.45
[INFO] [stderr]    Compiling serde-value v0.7.0
[INFO] [stderr]    Compiling json-patch v0.2.7
[INFO] [stderr]    Compiling jsonpath_lib v0.3.0
[INFO] [stderr]    Compiling serde_yaml v0.8.26
[INFO] [stderr]    Compiling hyper v0.14.32
[INFO] [stderr]    Compiling futures-executor v0.3.34
[INFO] [stderr]    Compiling tower-http v0.1.3
[INFO] [stderr]    Compiling tower v0.4.13
[INFO] [stderr]    Compiling futures v0.3.34
[INFO] [stderr]    Compiling x509-parser v0.12.0
[INFO] [stderr]    Compiling yasna v0.4.0
[INFO] [stderr]    Compiling rcgen v0.8.14
[INFO] [stderr]    Compiling hyper-timeout v0.4.1
[INFO] [stderr]    Compiling kube-core v0.64.0
[INFO] [stderr]    Compiling kube-client v0.64.0
[INFO] [stderr]    Compiling kube v0.64.0
[INFO] [stderr]    Compiling kube-runtime v0.64.0
[INFO] [stdout] error[E0432]: unresolved import `krator_derive::AdmissionWebhook`
[INFO] [stdout]  --> tests/admission.rs:2:5
[INFO] [stdout]   |
[INFO] [stdout] 2 | use krator_derive::AdmissionWebhook;
[INFO] [stdout]   |     ^^^^^^^^^^^^^^^----------------
[INFO] [stdout]   |                    |
[INFO] [stdout]   |                    no `AdmissionWebhook` in the root
[INFO] [stdout] 
[INFO] [stdout] 
[INFO] [stdout] error: cannot find attribute `admission_webhook_features` in this scope
[INFO] [stdout]   --> tests/admission.rs:20:3
[INFO] [stdout]    |
[INFO] [stdout] 20 | #[admission_webhook_features(secret, service, admission_webhook_config)]
[INFO] [stdout]    |   ^^^^^^^^^^^^^^^^^^^^^^^^^^
[INFO] [stdout] 
[INFO] [stdout] 
[INFO] [stdout] error[E0599]: no associated function or constant named `admission_webhook_secret` found for struct `MyCr` in the current scope
[INFO] [stdout]   --> tests/admission.rs:28:60
[INFO] [stdout]    |
[INFO] [stdout] 11 |     CustomResource,
[INFO] [stdout]    |     -------------- associated function or constant `admission_webhook_secret` not found for this struct
[INFO] [stdout] ...
[INFO] [stdout] 28 |     let secret: k8s_openapi::api::core::v1::Secret = MyCr::admission_webhook_secret("default");
[INFO] [stdout]    |                                                            ^^^^^^^^^^^^^^^^^^^^^^^^ associated function or constant not found in `MyCr`
[INFO] [stdout]    |
[INFO] [stdout] note: if you're trying to build a new `MyCr`, consider using `MyCr::new` which returns `MyCr`
[INFO] [stdout]   --> tests/admission.rs:11:5
[INFO] [stdout]    |
[INFO] [stdout] 11 |     CustomResource,
[INFO] [stdout]    |     ^^^^^^^^^^^^^^
[INFO] [stdout]    = note: this error originates in the derive macro `CustomResource` (in Nightly builds, run with -Z macro-backtrace for more info)
[INFO] [stdout] 
[INFO] [stdout] 
[INFO] [stdout] error[E0599]: no associated function or constant named `admission_webhook_service` found for struct `MyCr` in the current scope
[INFO] [stdout]   --> tests/admission.rs:41:62
[INFO] [stdout]    |
[INFO] [stdout] 11 |     CustomResource,
[INFO] [stdout]    |     -------------- associated function or constant `admission_webhook_service` not found for this struct
[INFO] [stdout] ...
[INFO] [stdout] 41 |     let service: k8s_openapi::api::core::v1::Service = MyCr::admission_webhook_service("default");
[INFO] [stdout]    |                                                              ^^^^^^^^^^^^^^^^^^^^^^^^^ associated function or constant not found in `MyCr`
[INFO] [stdout]    |
[INFO] [stdout] note: if you're trying to build a new `MyCr`, consider using `MyCr::new` which returns `MyCr`
[INFO] [stdout]   --> tests/admission.rs:11:5
[INFO] [stdout]    |
[INFO] [stdout] 11 |     CustomResource,
[INFO] [stdout]    |     ^^^^^^^^^^^^^^
[INFO] [stdout]    = note: this error originates in the derive macro `CustomResource` (in Nightly builds, run with -Z macro-backtrace for more info)
[INFO] [stdout] 
[INFO] [stdout] 
[INFO] [stdout] error[E0599]: no associated function or constant named `admission_webhook_service` found for struct `MyCr` in the current scope
[INFO] [stdout]   --> tests/admission.rs:60:62
[INFO] [stdout]    |
[INFO] [stdout] 11 |     CustomResource,
[INFO] [stdout]    |     -------------- associated function or constant `admission_webhook_service` not found for this struct
[INFO] [stdout] ...
[INFO] [stdout] 60 |     let service: k8s_openapi::api::core::v1::Service = MyCr::admission_webhook_service("default");
[INFO] [stdout]    |                                                              ^^^^^^^^^^^^^^^^^^^^^^^^^ associated function or constant not found in `MyCr`
[INFO] [stdout]    |
[INFO] [stdout] note: if you're trying to build a new `MyCr`, consider using `MyCr::new` which returns `MyCr`
[INFO] [stdout]   --> tests/admission.rs:11:5
[INFO] [stdout]    |
[INFO] [stdout] 11 |     CustomResource,
[INFO] [stdout]    |     ^^^^^^^^^^^^^^
[INFO] [stdout]    = note: this error originates in the derive macro `CustomResource` (in Nightly builds, run with -Z macro-backtrace for more info)
[INFO] [stdout] 
[INFO] [stdout] 
[INFO] [stdout] error[E0599]: no associated function or constant named `admission_webhook_secret` found for struct `MyCr` in the current scope
[INFO] [stdout]   --> tests/admission.rs:61:60
[INFO] [stdout]    |
[INFO] [stdout] 11 |     CustomResource,
[INFO] [stdout]    |     -------------- associated function or constant `admission_webhook_secret` not found for this struct
[INFO] [stdout] ...
[INFO] [stdout] 61 |     let secret: k8s_openapi::api::core::v1::Secret = MyCr::admission_webhook_secret("default");
[INFO] [stdout]    |                                                            ^^^^^^^^^^^^^^^^^^^^^^^^ associated function or constant not found in `MyCr`
[INFO] [stdout]    |
[INFO] [stdout] note: if you're trying to build a new `MyCr`, consider using `MyCr::new` which returns `MyCr`
[INFO] [stdout]   --> tests/admission.rs:11:5
[INFO] [stdout]    |
[INFO] [stdout] 11 |     CustomResource,
[INFO] [stdout]    |     ^^^^^^^^^^^^^^
[INFO] [stdout]    = note: this error originates in the derive macro `CustomResource` (in Nightly builds, run with -Z macro-backtrace for more info)
[INFO] [stdout] 
[INFO] [stdout] 
[INFO] [stdout] error[E0599]: no associated function or constant named `admission_webhook_configuration` found for struct `MyCr` in the current scope
[INFO] [stdout]   --> tests/admission.rs:63:15
[INFO] [stdout]    |
[INFO] [stdout] 11 |     CustomResource,
[INFO] [stdout]    |     -------------- associated function or constant `admission_webhook_configuration` not found for this struct
[INFO] [stdout] ...
[INFO] [stdout] 63 |         MyCr::admission_webhook_configuration(service, secret).unwrap();
[INFO] [stdout]    |               ^^^^^^^^^^^^^^^^^^^^^^^^^^^^^^^ associated function or constant not found in `MyCr`
[INFO] [stdout]    |
[INFO] [stdout] note: if you're trying to build a new `MyCr`, consider using `MyCr::new` which returns `MyCr`
[INFO] [stdout]   --> tests/admission.rs:11:5
[INFO] [stdout]    |
[INFO] [stdout] 11 |     CustomResource,
[INFO] [stdout]    |     ^^^^^^^^^^^^^^
[INFO] [stdout]    = note: this error originates in the derive macro `CustomResource` (in Nightly builds, run with -Z macro-backtrace for more info)
[INFO] [stdout] 
[INFO] [stdout] 
[INFO] [stdout] error[E0599]: no associated function or constant named `admission_webhook_resources` found for struct `MyCr` in the current scope
[INFO] [stdout]   --> tests/admission.rs:93:15
[INFO] [stdout]    |
[INFO] [stdout] 11 |     CustomResource,
[INFO] [stdout]    |     -------------- associated function or constant `admission_webhook_resources` not found for this struct
[INFO] [stdout] ...
[INFO] [stdout] 93 |         MyCr::admission_webhook_resources("default");
[INFO] [stdout]    |               ^^^^^^^^^^^^^^^^^^^^^^^^^^^ associated function or constant not found in `MyCr`
[INFO] [stdout]    |
[INFO] [stdout] note: if you're trying to build a new `MyCr`, consider using `MyCr::new` which returns `MyCr`
[INFO] [stdout]   --> tests/admission.rs:11:5
[INFO] [stdout]    |
[INFO] [stdout] 11 |     CustomResource,
[INFO] [stdout]    |     ^^^^^^^^^^^^^^
[INFO] [stdout]    = note: this error originates in the derive macro `CustomResource` (in Nightly builds, run with -Z macro-backtrace for more info)
[INFO] [stdout] 
[INFO] [stdout] 
[INFO] [stdout] Some errors have detailed explanations: E0432, E0599.
[INFO] [stdout] 
[INFO] [stdout] For more information about an error, try `rustc --explain E0432`.
[INFO] [stdout] 
[INFO] [stderr] error: could not compile `krator-derive` (test "admission") due to 8 previous errors
[INFO] running `Command { std: "docker" "inspect" "aae4a7c38a35117904f68948c37506f61cc4c27471e79a85479b5ac916145a6e", kill_on_drop: false }`
[INFO] running `Command { std: "docker" "rm" "-f" "aae4a7c38a35117904f68948c37506f61cc4c27471e79a85479b5ac916145a6e", kill_on_drop: false }`
[INFO] [stdout] aae4a7c38a35117904f68948c37506f61cc4c27471e79a85479b5ac916145a6e
