[INFO] fetching crate korp-collectors 0.2.0...
[INFO] testing korp-collectors-0.2.0 against 1.99.0-beta.8+cargoflags=--release for beta-release-1.100-2
[INFO] extracting crate korp-collectors 0.2.0 into /workspace/builds/worker-7-tc1/source
[INFO] started tweaking crates.io crate korp-collectors 0.2.0
[INFO] removed 0 missing tests
[INFO] finished tweaking crates.io crate korp-collectors 0.2.0
[INFO] tweaked toml for crates.io crate korp-collectors 0.2.0 written to /workspace/builds/worker-7-tc1/source/Cargo.toml
[INFO] validating manifest of crates.io crate korp-collectors 0.2.0 on toolchain 1.99.0-beta.8
[INFO] running `Command { std: CARGO_HOME="/workspace/cargo-home" RUSTUP_HOME="/workspace/rustup-home" "/workspace/cargo-home/bin/cargo" "+1.99.0-beta.8" "metadata" "--manifest-path" "Cargo.toml" "--no-deps", kill_on_drop: false }`
[INFO] crate crates.io crate korp-collectors 0.2.0 already has a lockfile, it will not be regenerated
[INFO] running `Command { std: CARGO_HOME="/workspace/cargo-home" RUSTUP_HOME="/workspace/rustup-home" "/workspace/cargo-home/bin/cargo" "+1.99.0-beta.8" "fetch" "--manifest-path" "Cargo.toml", kill_on_drop: false }`
[INFO] [stderr]     Blocking waiting for file lock on package cache
[INFO] [stderr]     Updating crates.io index
[INFO] [stderr]     Blocking waiting for file lock on package cache
[INFO] [stderr]  Downloading crates ...
[INFO] [stderr]   Downloaded typetag-impl v0.2.23
[INFO] [stderr]   Downloaded nornir-escape v0.1.0
[INFO] [stderr]   Downloaded zstd-safe v8.0.0
[INFO] [stderr]   Downloaded flatbuffers v25.12.19
[INFO] [stderr]   Downloaded lexical-core v1.0.6
[INFO] [stderr]   Downloaded erased-serde v0.4.10
[INFO] [stderr]   Downloaded typetag v0.2.23
[INFO] [stderr]   Downloaded rand_xoshiro v0.7.0
[INFO] [stderr]   Downloaded zstd v0.14.0
[INFO] [stderr]   Downloaded archery v1.2.3
[INFO] [stderr]   Downloaded zstd-safe v7.3.0
[INFO] [stderr]   Downloaded arrow-string v59.3.0
[INFO] [stderr]   Downloaded lexical-parse-integer v1.0.6
[INFO] [stderr]   Downloaded typed-builder v0.20.1
[INFO] [stderr]   Downloaded typed-builder-macro v0.20.1
[INFO] [stderr]   Downloaded compression-core v0.4.33
[INFO] [stderr]   Downloaded arrow-csv v59.3.0
[INFO] [stderr]   Downloaded serde_with_macros v3.24.0
[INFO] [stderr]   Downloaded geo-traits v0.3.0
[INFO] [stderr]   Downloaded arrow-row v59.3.0
[INFO] [stderr]   Downloaded lexical-write-integer v1.0.6
[INFO] [stderr]   Downloaded imbl-sized-chunks v0.2.0
[INFO] [stderr]   Downloaded rotaryengine v0.1.13
[INFO] [stderr]   Downloaded arrow-data v59.3.0
[INFO] [stderr]   Downloaded arrow-arith v59.3.0
[INFO] [stderr]   Downloaded compression-codecs v0.4.45
[INFO] [stderr]   Downloaded twox-hash v2.1.4
[INFO] [stderr]   Downloaded snap v1.1.2
[INFO] [stderr]   Downloaded parquet-geospatial v59.3.0
[INFO] [stderr]   Downloaded znippy-common v0.9.17
[INFO] [stderr]   Downloaded arrow-schema v59.3.0
[INFO] [stderr]   Downloaded arrow-ord v59.3.0
[INFO] [stderr]   Downloaded lz4_flex v0.14.0
[INFO] [stderr]   Downloaded murmur3 v0.5.2
[INFO] [stderr]   Downloaded ldeflate v0.1.2
[INFO] [stderr]   Downloaded arrow-json v59.3.0
[INFO] [stderr]   Downloaded lexical-util v1.0.7
[INFO] [stderr]   Downloaded lexical-write-float v1.0.6
[INFO] [stderr]   Downloaded arrow-cast v59.3.0
[INFO] [stderr]   Downloaded roaring v0.11.5
[INFO] [stderr]   Downloaded geo-types v0.7.20
[INFO] [stderr]   Downloaded iceberg-property-macro-arrow59 v0.11.0
[INFO] [stderr]   Downloaded bimap v0.6.3
[INFO] [stderr]   Downloaded as-any v0.3.2
[INFO] [stderr]   Downloaded array-init v2.1.0
[INFO] [stderr]   Downloaded arrow-select v59.3.0
[INFO] [stderr]   Downloaded arrow-buffer v59.3.0
[INFO] [stderr]   Downloaded arrow v59.3.0
[INFO] [stderr]   Downloaded arrow-ipc v59.3.0
[INFO] [stderr]   Downloaded ron v0.12.2
[INFO] [stderr]   Downloaded skade-katalog v0.2.0
[INFO] [stderr]   Downloaded async-compression v0.4.50
[INFO] [stderr]   Downloaded imbl v7.0.2
[INFO] [stderr]   Downloaded znippy-zoomies v0.1.26
[INFO] [stderr]   Downloaded blake3 v1.8.7
[INFO] [stderr]   Downloaded lexical-parse-float v1.0.6
[INFO] [stderr]   Downloaded redb v2.6.4
[INFO] [stderr]   Downloaded wkb v0.9.2
[INFO] [stderr]   Downloaded bnum v0.12.1
[INFO] [stderr]   Downloaded bon v3.10.2
[INFO] [stderr]   Downloaded prettyplease v0.3.0
[INFO] [stderr]   Downloaded arrow-array v59.3.0
[INFO] [stderr]   Downloaded moka v0.12.16
[INFO] [stderr]   Downloaded serde_with v3.24.0
[INFO] [stderr]   Downloaded bon-macros v3.10.2
[INFO] [stderr]   Downloaded apache-avro v0.21.0
[INFO] [stderr]   Downloaded skade v0.6.0
[INFO] [stderr]   Downloaded fastnum v0.7.5
[INFO] [stderr]   Downloaded zstd-sys v2.1.0+zstd.1.5.7
[INFO] [stderr]   Downloaded iceberg-arrow59 v0.11.0
[INFO] [stderr]   Downloaded skidbladnir v0.2.0
[INFO] [stderr]   Downloaded parquet v59.3.0
[INFO] [stderr]   Downloaded openzl-sys-rs v0.4.0+openzl.0.3.0
[INFO] [stderr]   Downloaded fst v0.4.7
[INFO] [stderr]   Downloaded quick-xml v0.37.5
[INFO] [stderr]   Downloaded oxrdfxml v0.2.4
[INFO] [stderr]   Downloaded oxrdf v0.3.4
[INFO] [stderr]   Downloaded oxiri v0.2.11
[INFO] [stderr]   Downloaded oxilangtag v0.1.6
[INFO] [stderr]   Downloaded protobuf-codegen v3.7.2
[INFO] [stderr]   Downloaded protobuf-parse v3.7.2
[INFO] [stderr]   Downloaded zstd-sys-rs v1.5.20
[INFO] [stderr]   Downloaded osm-katana v0.3.0
[INFO] [stderr]   Downloaded protobuf-support v3.7.2
[INFO] [stderr]   Downloaded protobuf v3.7.2
[INFO] [stderr]   Downloaded librqbit v9.0.1
[INFO] [stderr]   Downloaded tokio-socks v0.5.3
[INFO] [stderr]   Downloaded size_format v1.0.2
[INFO] [stderr]   Downloaded rlimit v0.11.0
[INFO] [stderr]   Downloaded librqbit-utp v0.7.0
[INFO] [stderr]   Downloaded rapidhash v4.5.1
[INFO] [stderr]   Downloaded ringbuf v0.4.8
[INFO] [stderr]   Downloaded metrics v0.24.6
[INFO] [stderr]   Downloaded librqbit-dualstack-sockets v0.7.0
[INFO] [stderr]   Downloaded dontfrag v1.0.1
[INFO] [stderr]   Downloaded bitvec v1.1.1
[INFO] [stderr]   Downloaded librqbit-upnp v9.0.1
[INFO] [stderr]   Downloaded librqbit-tracker-comms v9.0.1
[INFO] [stderr]   Downloaded librqbit-core v9.0.1
[INFO] [stderr]   Downloaded librqbit-sha1-wrapper v9.0.1
[INFO] [stderr]   Downloaded assert_cfg v0.1.0
[INFO] [stderr]   Downloaded const_panic v0.2.17
[INFO] [stderr]   Downloaded typewit v1.15.2
[INFO] [stderr]   Downloaded librqbit-clone-to-owned v9.0.1
[INFO] [stderr]   Downloaded librqbit-buffers v9.0.1
[INFO] [stderr]   Downloaded librqbit-bencode v9.0.1
[INFO] [stderr]   Downloaded atoi v3.1.0
[INFO] [stderr]   Downloaded redox_users v0.5.3
[INFO] [stderr]   Downloaded chardetng v1.0.0
[INFO] [stderr]   Downloaded librqbit-peer-protocol v9.0.1
[INFO] [stderr]   Downloaded leaky-bucket v1.1.2
[INFO] [stderr]   Downloaded librqbit-lsd v9.0.1
[INFO] [stderr]   Downloaded intervaltree v0.2.7
[INFO] [stderr]   Downloaded librqbit-dht v9.0.1
[INFO] [stderr]   Downloaded futures-timer v3.0.4
[INFO] [stderr]   Downloaded axum-extra v0.12.6
[INFO] [stderr]   Downloaded unit-prefix v0.5.2
[INFO] [stderr]   Downloaded serde_html_form v0.2.8
[INFO] [stderr]   Downloaded linflate v0.1.12
[INFO] [stderr]   Downloaded lgz v0.3.14
[INFO] [stderr]   Downloaded indicatif v0.18.6
[INFO] [stderr]   Downloaded nornir-testmatrix v0.2.13
[INFO] [stderr]   Downloaded lbzip2 v0.5.12
[INFO] running `Command { std: "docker" "create" "-v" "/var/lib/crater-agent-workspace/builds/worker-7-tc1/source:/opt/rustwide/workdir:ro,Z" "-v" "/var/lib/crater-agent-workspace/builds/worker-7-tc1/target:/opt/rustwide/target:rw,Z" "-v" "/var/lib/crater-agent-workspace/cargo-home:/opt/rustwide/cargo-home:ro,Z" "-v" "/var/lib/crater-agent-workspace/rustup-home:/opt/rustwide/rustup-home:ro,Z" "-m" "1610612736" "--network" "none" "ghcr.io/rust-lang/crates-build-env/linux@sha256:77db811e55d90add9212f6832c23229e3de5f1c1f9905e8cb07319ea15df73ac" "sleep" "infinity", kill_on_drop: false }`
[INFO] [stdout] 73a5a73599b6ad073ced616fc51c8a008311084504c779d72914edf82ac5639c
[INFO] running `Command { std: "docker" "start" "73a5a73599b6ad073ced616fc51c8a008311084504c779d72914edf82ac5639c", kill_on_drop: false }`
[INFO] running `Command { std: "docker" "inspect" "73a5a73599b6ad073ced616fc51c8a008311084504c779d72914edf82ac5639c", kill_on_drop: false }`
[INFO] running `Command { std: "docker" "exec" "-e" "SOURCE_DIR=/opt/rustwide/workdir" "-e" "CARGO_HOME=/opt/rustwide/cargo-home" "-e" "RUSTUP_HOME=/opt/rustwide/rustup-home" "-e" "CARGO_TARGET_DIR=/opt/rustwide/target" "-w" "/opt/rustwide/workdir" "--user" "0:0" "73a5a73599b6ad073ced616fc51c8a008311084504c779d72914edf82ac5639c" "/opt/rustwide/cargo-home/bin/cargo" "+1.99.0-beta.8" "metadata" "--no-deps" "--format-version=1", kill_on_drop: false }`
[INFO] running `Command { std: "docker" "inspect" "73a5a73599b6ad073ced616fc51c8a008311084504c779d72914edf82ac5639c", kill_on_drop: false }`
[INFO] running `Command { std: "docker" "exec" "-e" "SOURCE_DIR=/opt/rustwide/workdir" "-e" "CARGO_HOME=/opt/rustwide/cargo-home" "-e" "RUSTUP_HOME=/opt/rustwide/rustup-home" "-e" "CARGO_TARGET_DIR=/opt/rustwide/target" "-e" "CARGO_INCREMENTAL=0" "-e" "RUST_BACKTRACE=full" "-e" "RUSTFLAGS=--cap-lints=warn" "-e" "RUSTDOCFLAGS=--cap-lints=warn" "-w" "/opt/rustwide/workdir" "--user" "0:0" "73a5a73599b6ad073ced616fc51c8a008311084504c779d72914edf82ac5639c" "/opt/rustwide/cargo-home/bin/cargo" "+1.99.0-beta.8" "build" "--frozen" "--message-format=json" "--release", kill_on_drop: false }`
[INFO] [stderr]    Compiling syn v3.0.6
[INFO] [stderr]    Compiling zerocopy v0.8.59
[INFO] [stderr]    Compiling getrandom v0.3.4
[INFO] [stderr]    Compiling zerocopy-derive v0.8.59
[INFO] [stderr]    Compiling num-traits v0.2.19
[INFO] [stderr]    Compiling futures-sink v0.3.34
[INFO] [stderr]    Compiling errno v0.3.14
[INFO] [stderr]    Compiling mio v1.2.3
[INFO] [stderr]    Compiling cc v1.6.0
[INFO] [stderr]    Compiling getrandom v0.2.17
[INFO] [stderr]    Compiling crc32fast v1.5.2
[INFO] [stderr]    Compiling rustls v0.23.45
[INFO] [stderr]    Compiling semver v1.0.28
[INFO] [stderr]    Compiling miniz_oxide v0.9.1
[INFO] [stderr]    Compiling arrow-schema v59.3.0
[INFO] [stderr]    Compiling compression-core v0.4.33
[INFO] [stderr]    Compiling signal-hook-registry v1.4.8
[INFO] [stderr]    Compiling futures-util v0.3.34
[INFO] [stderr]    Compiling futures-channel v0.3.34
[INFO] [stderr]    Compiling parking_lot_core v0.9.12
[INFO] [stderr]    Compiling portable-atomic v1.15.0
[INFO] [stderr]    Compiling rustc_version v0.4.1
[INFO] [stderr]    Compiling raw-cpuid v11.6.0
[INFO] [stderr]    Compiling oxiri v0.2.11
[INFO] [stderr]    Compiling rand_core v0.9.5
[INFO] [stderr]    Compiling oxilangtag v0.1.6
[INFO] [stderr]    Compiling hashbrown v0.14.5
[INFO] [stderr]    Compiling anyhow v1.0.104
[INFO] [stderr]    Compiling flatbuffers v25.12.19
[INFO] [stderr]    Compiling hashbrown v0.16.1
[INFO] [stderr]    Compiling flate2 v1.1.10
[INFO] [stderr]    Compiling parking_lot v0.12.5
[INFO] [stderr]    Compiling serde_json v1.0.151
[INFO] [stderr]    Compiling spinning_top v0.3.0
[INFO] [stderr]    Compiling quick-xml v0.37.5
[INFO] [stderr]    Compiling num-integer v0.1.47
[INFO] [stderr]    Compiling num-complex v0.4.6
[INFO] [stderr]    Compiling chrono v0.4.45
[INFO] [stderr]    Compiling compression-codecs v0.4.45
[INFO] [stderr]    Compiling num-bigint v0.5.1
[INFO] [stderr]    Compiling korp-collectors v0.2.0 (/opt/rustwide/workdir)
[INFO] [stderr]    Compiling web-time v1.1.0
[INFO] [stderr]    Compiling twox-hash v2.1.4
[INFO] [stderr]    Compiling futures-timer v3.0.4
[INFO] [stderr]    Compiling dashmap v6.2.1
[INFO] [stderr]    Compiling nonzero_ext v0.3.0
[INFO] [stderr]    Compiling ring v0.17.14
[INFO] [stderr]    Compiling webpki-root-certs v1.0.9
[INFO] [stderr]    Compiling quanta v0.12.6
[INFO] [stderr]    Compiling synstructure v0.14.0
[INFO] [stderr]    Compiling zerovec-derive v0.11.6
[INFO] [stderr]    Compiling displaydoc v0.2.7
[INFO] [stderr]    Compiling tokio-macros v2.7.2
[INFO] [stderr]    Compiling thiserror-impl v2.0.21
[INFO] [stderr]    Compiling serde_derive v1.0.229
[INFO] [stderr]    Compiling async-trait v0.1.92
[INFO] [stderr]    Compiling zerofrom-derive v0.1.8
[INFO] [stderr]    Compiling yoke-derive v0.8.4
[INFO] [stderr]    Compiling tokio v1.53.1
[INFO] [stderr]    Compiling zerofrom v0.1.8
[INFO] [stderr]    Compiling yoke v0.8.3
[INFO] [stderr]    Compiling thiserror v2.0.21
[INFO] [stderr]    Compiling zerovec v0.11.8
[INFO] [stderr]    Compiling zerotrie v0.2.5
[INFO] [stderr]    Compiling half v2.7.1
[INFO] [stderr]    Compiling ppv-lite86 v0.2.21
[INFO] [stderr]    Compiling ahash v0.8.12
[INFO] [stderr]    Compiling tinystr v0.8.4
[INFO] [stderr]    Compiling potential_utf v0.1.6
[INFO] [stderr]    Compiling rand_chacha v0.9.0
[INFO] [stderr]    Compiling icu_collections v2.3.0
[INFO] [stderr]    Compiling icu_locale_core v2.3.0
[INFO] [stderr]    Compiling arrow-buffer v59.3.0
[INFO] [stderr]    Compiling rand v0.9.5
[INFO] [stderr]    Compiling serde v1.0.229
[INFO] [stderr]    Compiling oxrdf v0.3.4
[INFO] [stderr]    Compiling governor v0.10.4
[INFO] [stderr]    Compiling serde_urlencoded v0.7.1
[INFO] [stderr]    Compiling icu_provider v2.3.1
[INFO] [stderr]    Compiling arrow-data v59.3.0
[INFO] [stderr]    Compiling icu_normalizer v2.3.0
[INFO] [stderr]    Compiling icu_properties v2.3.0
[INFO] [stderr]    Compiling oxrdfxml v0.2.4
[INFO] [stderr]    Compiling arrow-array v59.3.0
[INFO] [stderr]    Compiling idna_adapter v1.2.2
[INFO] [stderr]    Compiling idna v1.1.0
[INFO] [stderr]    Compiling url v2.5.8
[INFO] [stderr]    Compiling hyper v1.11.1
[INFO] [stderr]    Compiling tower v0.5.3
[INFO] [stderr]    Compiling tokio-util v0.7.19
[INFO] [stderr]    Compiling async-compression v0.4.50
[INFO] [stderr]    Compiling tower-http v0.6.11
[INFO] [stderr]    Compiling hyper-util v0.1.21
[INFO] [stderr]    Compiling rustls-webpki v0.103.15
[INFO] [stderr]    Compiling arrow-select v59.3.0
[INFO] [stderr]    Compiling arrow-ipc v59.3.0
[INFO] [stderr]    Compiling tokio-rustls v0.26.6
[INFO] [stderr]    Compiling rustls-platform-verifier v0.7.1
[INFO] [stderr]    Compiling hyper-rustls v0.27.10
[INFO] [stderr]    Compiling reqwest v0.13.5
[INFO] [stderr]    Compiling parquet v59.3.0
[INFO] [stdout] warning: function `refuse_unless_startable` is never used
[INFO] [stdout]     --> src/lib.rs:1368:8
[INFO] [stdout]      |
[INFO] [stdout] 1368 |     fn refuse_unless_startable(collector: &dyn Collector, cfg: &CollectorCfg) -> Result<()> {
[INFO] [stdout]      |        ^^^^^^^^^^^^^^^^^^^^^^^
[INFO] [stdout]      |
[INFO] [stdout]      = note: `#[warn(dead_code)]` (part of `#[warn(unused)]`) on by default
[INFO] [stdout] 
[INFO] [stdout] 
[INFO] [stdout] warning: unused import: `std::sync::Arc`
[INFO] [stdout]   --> src/bin/korp-collectors.rs:36:5
[INFO] [stdout]    |
[INFO] [stdout] 36 | use std::sync::Arc;
[INFO] [stdout]    |     ^^^^^^^^^^^^^^
[INFO] [stdout]    |
[INFO] [stdout]    = note: `#[warn(unused_imports)]` (part of `#[warn(unused)]`) on by default
[INFO] [stdout] 
[INFO] [stdout] 
[INFO] [stdout] warning: unused import: `Instant`
[INFO] [stdout]   --> src/bin/korp-collectors.rs:37:27
[INFO] [stdout]    |
[INFO] [stdout] 37 | use std::time::{Duration, Instant};
[INFO] [stdout]    |                           ^^^^^^^
[INFO] [stdout] 
[INFO] [stdout] 
[INFO] [stdout] warning: constant `STOP_DEADLINE` is never used
[INFO] [stdout]   --> src/bin/korp-collectors.rs:40:7
[INFO] [stdout]    |
[INFO] [stdout] 40 | const STOP_DEADLINE: Duration = Duration::from_secs(120);
[INFO] [stdout]    |       ^^^^^^^^^^^^^
[INFO] [stdout]    |
[INFO] [stdout]    = note: `#[warn(dead_code)]` (part of `#[warn(unused)]`) on by default
[INFO] [stdout] 
[INFO] [stdout] 
[INFO] [stdout] warning: constant `EXIT_STOP_TIMED_OUT` is never used
[INFO] [stdout]   --> src/bin/korp-collectors.rs:44:7
[INFO] [stdout]    |
[INFO] [stdout] 44 | const EXIT_STOP_TIMED_OUT: i32 = 75;
[INFO] [stdout]    |       ^^^^^^^^^^^^^^^^^^^
[INFO] [stdout] 
[INFO] [stdout] 
[INFO] [stderr]     Finished `release` profile [optimized] target(s) in 3m 29s
[INFO] running `Command { std: "docker" "inspect" "73a5a73599b6ad073ced616fc51c8a008311084504c779d72914edf82ac5639c", kill_on_drop: false }`
[INFO] running `Command { std: "docker" "exec" "-e" "SOURCE_DIR=/opt/rustwide/workdir" "-e" "CARGO_HOME=/opt/rustwide/cargo-home" "-e" "RUSTUP_HOME=/opt/rustwide/rustup-home" "-e" "CARGO_TARGET_DIR=/opt/rustwide/target" "-e" "CARGO_INCREMENTAL=0" "-e" "RUST_BACKTRACE=full" "-e" "RUSTFLAGS=--cap-lints=warn" "-e" "RUSTDOCFLAGS=--cap-lints=warn" "-w" "/opt/rustwide/workdir" "--user" "0:0" "73a5a73599b6ad073ced616fc51c8a008311084504c779d72914edf82ac5639c" "/opt/rustwide/cargo-home/bin/cargo" "+1.99.0-beta.8" "test" "--frozen" "--no-run" "--message-format=json" "--release", kill_on_drop: false }`
[INFO] [stderr]    Compiling num-traits v0.2.19
[INFO] [stderr]    Compiling tokio v1.53.1
[INFO] [stderr]    Compiling serde v1.0.229
[INFO] [stderr]    Compiling flatbuffers v25.12.19
[INFO] [stderr]    Compiling raw-cpuid v11.6.0
[INFO] [stderr]    Compiling alloca v0.4.0
[INFO] [stderr]    Compiling regex-syntax v0.8.11
[INFO] [stderr]    Compiling rayon v1.12.0
[INFO] [stderr]    Compiling criterion-plot v0.8.2
[INFO] [stderr]    Compiling tempfile v3.27.0
[INFO] [stderr]    Compiling serde_urlencoded v0.7.1
[INFO] [stderr]    Compiling tinytemplate v1.2.1
[INFO] [stderr]    Compiling nornir-testmatrix v0.2.13
[INFO] [stderr]    Compiling half v2.7.1
[INFO] [stderr]    Compiling num-integer v0.1.47
[INFO] [stderr]    Compiling chrono v0.4.45
[INFO] [stderr]    Compiling num-complex v0.4.6
[INFO] [stderr]    Compiling plotters v0.3.7
[INFO] [stderr]    Compiling ciborium-ll v0.2.2
[INFO] [stderr]    Compiling num-bigint v0.5.1
[INFO] [stderr]    Compiling ciborium v0.2.2
[INFO] [stderr]    Compiling regex-automata v0.4.18
[INFO] [stderr]    Compiling quanta v0.12.6
[INFO] [stderr]    Compiling governor v0.10.4
[INFO] [stderr]    Compiling arrow-buffer v59.3.0
[INFO] [stderr]    Compiling arrow-data v59.3.0
[INFO] [stderr]    Compiling regex v1.13.1
[INFO] [stderr]    Compiling criterion v0.8.2
[INFO] [stderr]    Compiling hyper v1.11.1
[INFO] [stderr]    Compiling tokio-rustls v0.26.6
[INFO] [stderr]    Compiling tower v0.5.3
[INFO] [stderr]    Compiling tokio-util v0.7.19
[INFO] [stderr]    Compiling async-compression v0.4.50
[INFO] [stderr]    Compiling arrow-array v59.3.0
[INFO] [stderr]    Compiling tower-http v0.6.11
[INFO] [stderr]    Compiling hyper-util v0.1.21
[INFO] [stderr]    Compiling hyper-rustls v0.27.10
[INFO] [stderr]    Compiling reqwest v0.13.5
[INFO] [stderr]    Compiling arrow-select v59.3.0
[INFO] [stderr]    Compiling arrow-ipc v59.3.0
[INFO] [stderr]    Compiling parquet v59.3.0
[INFO] [stderr]    Compiling korp-collectors v0.2.0 (/opt/rustwide/workdir)
[INFO] [stdout] warning: function `refuse_unless_startable` is never used
[INFO] [stdout]     --> src/lib.rs:1368:8
[INFO] [stdout]      |
[INFO] [stdout] 1368 |     fn refuse_unless_startable(collector: &dyn Collector, cfg: &CollectorCfg) -> Result<()> {
[INFO] [stdout]      |        ^^^^^^^^^^^^^^^^^^^^^^^
[INFO] [stdout]      |
[INFO] [stdout]      = note: `#[warn(dead_code)]` (part of `#[warn(unused)]`) on by default
[INFO] [stdout] 
[INFO] [stdout] 
[INFO] [stdout] warning: function `refuse_unless_startable` is never used
[INFO] [stdout]     --> src/lib.rs:1368:8
[INFO] [stdout]      |
[INFO] [stdout] 1368 |     fn refuse_unless_startable(collector: &dyn Collector, cfg: &CollectorCfg) -> Result<()> {
[INFO] [stdout]      |        ^^^^^^^^^^^^^^^^^^^^^^^
[INFO] [stdout]      |
[INFO] [stdout]      = note: `#[warn(dead_code)]` (part of `#[warn(unused)]`) on by default
[INFO] [stdout] 
[INFO] [stdout] 
[INFO] [stdout] warning: unused import: `std::sync::Arc`
[INFO] [stdout]   --> src/bin/korp-collectors.rs:36:5
[INFO] [stdout]    |
[INFO] [stdout] 36 | use std::sync::Arc;
[INFO] [stdout]    |     ^^^^^^^^^^^^^^
[INFO] [stdout]    |
[INFO] [stdout]    = note: `#[warn(unused_imports)]` (part of `#[warn(unused)]`) on by default
[INFO] [stdout] 
[INFO] [stdout] 
[INFO] [stdout] warning: unused import: `Instant`
[INFO] [stdout]   --> src/bin/korp-collectors.rs:37:27
[INFO] [stdout]    |
[INFO] [stdout] 37 | use std::time::{Duration, Instant};
[INFO] [stdout]    |                           ^^^^^^^
[INFO] [stdout] 
[INFO] [stdout] 
[INFO] [stdout] warning: unused import: `std::sync::Arc`
[INFO] [stdout]   --> src/bin/korp-collectors.rs:36:5
[INFO] [stdout]    |
[INFO] [stdout] 36 | use std::sync::Arc;
[INFO] [stdout]    |     ^^^^^^^^^^^^^^
[INFO] [stdout]    |
[INFO] [stdout]    = note: `#[warn(unused_imports)]` (part of `#[warn(unused)]`) on by default
[INFO] [stdout] 
[INFO] [stdout] 
[INFO] [stdout] warning: unused import: `Instant`
[INFO] [stdout]   --> src/bin/korp-collectors.rs:37:27
[INFO] [stdout]    |
[INFO] [stdout] 37 | use std::time::{Duration, Instant};
[INFO] [stdout]    |                           ^^^^^^^
[INFO] [stdout] 
[INFO] [stdout] 
[INFO] [stdout] warning: constant `STOP_DEADLINE` is never used
[INFO] [stdout]   --> src/bin/korp-collectors.rs:40:7
[INFO] [stdout]    |
[INFO] [stdout] 40 | const STOP_DEADLINE: Duration = Duration::from_secs(120);
[INFO] [stdout]    |       ^^^^^^^^^^^^^
[INFO] [stdout]    |
[INFO] [stdout]    = note: `#[warn(dead_code)]` (part of `#[warn(unused)]`) on by default
[INFO] [stdout] 
[INFO] [stdout] 
[INFO] [stdout] warning: constant `EXIT_STOP_TIMED_OUT` is never used
[INFO] [stdout]   --> src/bin/korp-collectors.rs:44:7
[INFO] [stdout]    |
[INFO] [stdout] 44 | const EXIT_STOP_TIMED_OUT: i32 = 75;
[INFO] [stdout]    |       ^^^^^^^^^^^^^^^^^^^
[INFO] [stdout] 
[INFO] [stdout] 
[INFO] [stdout] warning: constant `STOP_DEADLINE` is never used
[INFO] [stdout]   --> src/bin/korp-collectors.rs:40:7
[INFO] [stdout]    |
[INFO] [stdout] 40 | const STOP_DEADLINE: Duration = Duration::from_secs(120);
[INFO] [stdout]    |       ^^^^^^^^^^^^^
[INFO] [stdout]    |
[INFO] [stdout]    = note: `#[warn(dead_code)]` (part of `#[warn(unused)]`) on by default
[INFO] [stdout] 
[INFO] [stdout] 
[INFO] [stdout] warning: constant `EXIT_STOP_TIMED_OUT` is never used
[INFO] [stdout]   --> src/bin/korp-collectors.rs:44:7
[INFO] [stdout]    |
[INFO] [stdout] 44 | const EXIT_STOP_TIMED_OUT: i32 = 75;
[INFO] [stdout]    |       ^^^^^^^^^^^^^^^^^^^
[INFO] [stdout] 
[INFO] [stdout] 
[INFO] [stdout] error[E0432]: unresolved import `korp_collectors::daemon`
[INFO] [stdout]    --> tests/collectors_freshness_live.rs:17:22
[INFO] [stdout]     |
[INFO] [stdout]  17 | use korp_collectors::daemon::{MemWarehouse, WarehouseSink};
[INFO] [stdout]     |                      ^^^^^^ could not find `daemon` in `korp_collectors`
[INFO] [stdout]     |
[INFO] [stdout] note: found an item that was configured out
[INFO] [stdout]    --> src/lib.rs:118:9
[INFO] [stdout]     |
[INFO] [stdout] 117 | #[cfg(feature = "daemon")]
[INFO] [stdout]     |       ------------------ the item is gated behind the `daemon` feature
[INFO] [stdout] 118 | pub mod daemon;
[INFO] [stdout]     |         ^^^^^^
[INFO] [stdout] 
[INFO] [stdout] 
[INFO] [stdout] error[E0432]: unresolved import `korp_collectors::run_incremental`
[INFO] [stdout]   --> tests/collectors_freshness_live.rs:21:58
[INFO] [stdout]    |
[INFO] [stdout] 21 | use korp_collectors::{Collector, CollectorCfg, Ragnarok, run_incremental};
[INFO] [stdout]    |                                                          ^^^^^^^^^^^^^^^ no `run_incremental` in the root
[INFO] [stdout] 
[INFO] [stdout] 
[INFO] [stdout] error[E0277]: the trait bound `std::string::String: Pattern` is not satisfied
[INFO] [stdout]   --> tests/collectors_freshness_live.rs:77:35
[INFO] [stdout]    |
[INFO] [stdout] 77 |             assert!(s.starts_with(v), "the day is the mark's own: {s} / {v}");
[INFO] [stdout]    |                       ----------- ^ the trait `Pattern` is not implemented for `std::string::String`
[INFO] [stdout]    |                       |
[INFO] [stdout]    |                       required by a bound introduced by this call
[INFO] [stdout]    |
[INFO] [stdout]    = note: required for `std::string::String` to implement `Pattern`
[INFO] [stdout] note: required by a bound in `core::str::<impl str>::starts_with`
[INFO] [stdout]   --> /rustc/dfb0accb7f508ae8be965d8629557221c889dd98/library/core/src/str/mod.rs:1421:4
[INFO] [stdout] help: consider borrowing here
[INFO] [stdout]    |
[INFO] [stdout] 77 |             assert!(s.starts_with(&v), "the day is the mark's own: {s} / {v}");
[INFO] [stdout]    |                                   +
[INFO] [stdout] 
[INFO] [stdout] 
[INFO] [stdout] Some errors have detailed explanations: E0277, E0432.
[INFO] [stdout] 
[INFO] [stdout] For more information about an error, try `rustc --explain E0277`.
[INFO] [stdout] 
[INFO] [stderr] error: could not compile `korp-collectors` (test "collectors_freshness_live") due to 3 previous errors
[INFO] [stderr] warning: build failed, waiting for other jobs to finish...
[INFO] [stdout] error[E0433]: cannot find module or crate `blake3` in this scope
[INFO] [stdout]   --> tests/provider_fixtures.rs:65:29
[INFO] [stdout]    |
[INFO] [stdout] 65 |         .problems(&dir, |b| blake3::hash(b).to_hex().to_string())
[INFO] [stdout]    |                             ^^^^^^ use of unresolved module or unlinked crate `blake3`
[INFO] [stdout]    |
[INFO] [stdout]    = help: if you wanted to use a crate named `blake3`, use `cargo add blake3` to add it to your `Cargo.toml`
[INFO] [stdout] 
[INFO] [stdout] 
[INFO] [stdout] error[E0432]: unresolved import `korp_collectors::daemon`
[INFO] [stdout]    --> tests/collectors_freshness.rs:23:22
[INFO] [stdout]     |
[INFO] [stdout]  23 | use korp_collectors::daemon::{MemWarehouse, WarehouseSink};
[INFO] [stdout]     |                      ^^^^^^ could not find `daemon` in `korp_collectors`
[INFO] [stdout]     |
[INFO] [stdout] note: found an item that was configured out
[INFO] [stdout]    --> src/lib.rs:118:9
[INFO] [stdout]     |
[INFO] [stdout] 117 | #[cfg(feature = "daemon")]
[INFO] [stdout]     |       ------------------ the item is gated behind the `daemon` feature
[INFO] [stdout] 118 | pub mod daemon;
[INFO] [stdout]     |         ^^^^^^
[INFO] [stdout] 
[INFO] [stdout] 
[INFO] [stdout] error[E0432]: unresolved import `korp_collectors::run_incremental`
[INFO] [stdout]   --> tests/collectors_freshness.rs:28:58
[INFO] [stdout]    |
[INFO] [stdout] 28 | use korp_collectors::{Collector, CollectorCfg, Ragnarok, run_incremental};
[INFO] [stdout]    |                                                          ^^^^^^^^^^^^^^^ no `run_incremental` in the root
[INFO] [stdout] 
[INFO] [stdout] 
[INFO] [stdout] For more information about this error, try `rustc --explain E0432`.
[INFO] [stdout] 
[INFO] [stderr] error: could not compile `korp-collectors` (test "collectors_freshness") due to 2 previous errors
[INFO] [stdout] For more information about this error, try `rustc --explain E0433`.
[INFO] [stdout] 
[INFO] [stderr] error: could not compile `korp-collectors` (test "provider_fixtures") due to 1 previous error
[INFO] running `Command { std: "docker" "inspect" "73a5a73599b6ad073ced616fc51c8a008311084504c779d72914edf82ac5639c", kill_on_drop: false }`
[INFO] running `Command { std: "docker" "rm" "-f" "73a5a73599b6ad073ced616fc51c8a008311084504c779d72914edf82ac5639c", kill_on_drop: false }`
[INFO] [stdout] 73a5a73599b6ad073ced616fc51c8a008311084504c779d72914edf82ac5639c
