[INFO] fetching crate kona-executor 0.4.0...
[INFO] testing kona-executor-0.4.0 against 1.100.0-beta.1+cargoflags=--release for beta-release-1.100-2
[INFO] extracting crate kona-executor 0.4.0 into /workspace/builds/worker-2-tc2/source
[INFO] started tweaking crates.io crate kona-executor 0.4.0
[INFO] finished tweaking crates.io crate kona-executor 0.4.0
[INFO] tweaked toml for crates.io crate kona-executor 0.4.0 written to /workspace/builds/worker-2-tc2/source/Cargo.toml
[INFO] validating manifest of crates.io crate kona-executor 0.4.0 on toolchain 1.100.0-beta.1
[INFO] running `Command { std: CARGO_HOME="/workspace/cargo-home" RUSTUP_HOME="/workspace/rustup-home" "/workspace/cargo-home/bin/cargo" "+1.100.0-beta.1" "metadata" "--manifest-path" "Cargo.toml" "--no-deps", kill_on_drop: false }`
[INFO] crate crates.io crate kona-executor 0.4.0 already has a lockfile, it will not be regenerated
[INFO] running `Command { std: CARGO_HOME="/workspace/cargo-home" RUSTUP_HOME="/workspace/rustup-home" "/workspace/cargo-home/bin/cargo" "+1.100.0-beta.1" "fetch" "--manifest-path" "Cargo.toml", kill_on_drop: false }`
[INFO] [stderr] warning: Cargo.toml: `lints.clippy.missing-const-for-fn` is deprecated in favor of `lints.clippy.missing_const_for_fn` and will not work in a future edition
[INFO] [stderr] warning: Cargo.toml: `lints.clippy.option-if-let-else` is deprecated in favor of `lints.clippy.option_if_let_else` and will not work in a future edition
[INFO] [stderr] warning: Cargo.toml: `lints.clippy.redundant-clone` is deprecated in favor of `lints.clippy.redundant_clone` and will not work in a future edition
[INFO] [stderr] warning: Cargo.toml: `lints.clippy.use-self` is deprecated in favor of `lints.clippy.use_self` and will not work in a future edition
[INFO] [stderr] warning: Cargo.toml: `lints.rust.missing-debug-implementations` is deprecated in favor of `lints.rust.missing_debug_implementations` and will not work in a future edition
[INFO] [stderr] warning: Cargo.toml: `lints.rust.missing-docs` is deprecated in favor of `lints.rust.missing_docs` and will not work in a future edition
[INFO] [stderr] warning: Cargo.toml: `lints.rust.rust-2018-idioms` is deprecated in favor of `lints.rust.rust_2018_idioms` and will not work in a future edition
[INFO] [stderr] warning: Cargo.toml: `lints.rust.unnameable-types` is deprecated in favor of `lints.rust.unnameable_types` and will not work in a future edition
[INFO] [stderr] warning: Cargo.toml: `lints.rust.unreachable-pub` is deprecated in favor of `lints.rust.unreachable_pub` and will not work in a future edition
[INFO] [stderr] warning: Cargo.toml: `lints.rust.unused-must-use` is deprecated in favor of `lints.rust.unused_must_use` and will not work in a future edition
[INFO] [stderr] warning: `package.homepage` is redundant with `package.repository`
[INFO] [stderr]    --> Cargo.toml:178:12
[INFO] [stderr]     |
[INFO] [stderr] 178 | homepage = "https://github.com/op-rs/kona"
[INFO] [stderr]     |            ^^^^^^^^^^^^^^^^^^^^^^^^^^^^^^^
[INFO] [stderr] ...
[INFO] [stderr] 182 | repository = "https://github.com/op-rs/kona"
[INFO] [stderr]     |              -------------------------------
[INFO] [stderr]     |
[INFO] [stderr]     = note: `cargo::redundant_homepage` is set to `warn` by default
[INFO] [stderr] help: consider removing `package.homepage`
[INFO] [stderr] warning: `kona-executor` (manifest) generated 11 warnings
[INFO] running `Command { std: "docker" "create" "-v" "/var/lib/crater-agent-workspace/builds/worker-2-tc2/source:/opt/rustwide/workdir:ro,Z" "-v" "/var/lib/crater-agent-workspace/builds/worker-2-tc2/target:/opt/rustwide/target:rw,Z" "-v" "/var/lib/crater-agent-workspace/cargo-home:/opt/rustwide/cargo-home:ro,Z" "-v" "/var/lib/crater-agent-workspace/rustup-home:/opt/rustwide/rustup-home:ro,Z" "-m" "1610612736" "--network" "none" "ghcr.io/rust-lang/crates-build-env/linux@sha256:77db811e55d90add9212f6832c23229e3de5f1c1f9905e8cb07319ea15df73ac" "sleep" "infinity", kill_on_drop: false }`
[INFO] [stdout] 25013b2d3bf2cf65ee94acad154123d57f450ce15e337d5f53af0b98b22fda77
[INFO] running `Command { std: "docker" "start" "25013b2d3bf2cf65ee94acad154123d57f450ce15e337d5f53af0b98b22fda77", kill_on_drop: false }`
[INFO] running `Command { std: "docker" "inspect" "25013b2d3bf2cf65ee94acad154123d57f450ce15e337d5f53af0b98b22fda77", kill_on_drop: false }`
[INFO] running `Command { std: "docker" "exec" "-e" "SOURCE_DIR=/opt/rustwide/workdir" "-e" "CARGO_HOME=/opt/rustwide/cargo-home" "-e" "RUSTUP_HOME=/opt/rustwide/rustup-home" "-e" "CARGO_TARGET_DIR=/opt/rustwide/target" "-w" "/opt/rustwide/workdir" "--user" "0:0" "25013b2d3bf2cf65ee94acad154123d57f450ce15e337d5f53af0b98b22fda77" "/opt/rustwide/cargo-home/bin/cargo" "+1.100.0-beta.1" "metadata" "--no-deps" "--format-version=1", kill_on_drop: false }`
[INFO] running `Command { std: "docker" "inspect" "25013b2d3bf2cf65ee94acad154123d57f450ce15e337d5f53af0b98b22fda77", kill_on_drop: false }`
[INFO] running `Command { std: "docker" "exec" "-e" "SOURCE_DIR=/opt/rustwide/workdir" "-e" "CARGO_HOME=/opt/rustwide/cargo-home" "-e" "RUSTUP_HOME=/opt/rustwide/rustup-home" "-e" "CARGO_TARGET_DIR=/opt/rustwide/target" "-e" "CARGO_INCREMENTAL=0" "-e" "RUST_BACKTRACE=full" "-e" "RUSTFLAGS=--cap-lints=warn" "-e" "RUSTDOCFLAGS=--cap-lints=warn" "-w" "/opt/rustwide/workdir" "--user" "0:0" "25013b2d3bf2cf65ee94acad154123d57f450ce15e337d5f53af0b98b22fda77" "/opt/rustwide/cargo-home/bin/cargo" "+1.100.0-beta.1" "build" "--frozen" "--message-format=json" "--release", kill_on_drop: false }`
[INFO] [stderr] warning: Cargo.toml: `lints.clippy.missing-const-for-fn` is deprecated in favor of `lints.clippy.missing_const_for_fn` and will not work in a future edition
[INFO] [stderr] warning: Cargo.toml: `lints.clippy.option-if-let-else` is deprecated in favor of `lints.clippy.option_if_let_else` and will not work in a future edition
[INFO] [stderr] warning: Cargo.toml: `lints.clippy.redundant-clone` is deprecated in favor of `lints.clippy.redundant_clone` and will not work in a future edition
[INFO] [stderr] warning: Cargo.toml: `lints.clippy.use-self` is deprecated in favor of `lints.clippy.use_self` and will not work in a future edition
[INFO] [stderr] warning: Cargo.toml: `lints.rust.missing-debug-implementations` is deprecated in favor of `lints.rust.missing_debug_implementations` and will not work in a future edition
[INFO] [stderr] warning: Cargo.toml: `lints.rust.missing-docs` is deprecated in favor of `lints.rust.missing_docs` and will not work in a future edition
[INFO] [stderr] warning: Cargo.toml: `lints.rust.rust-2018-idioms` is deprecated in favor of `lints.rust.rust_2018_idioms` and will not work in a future edition
[INFO] [stderr] warning: Cargo.toml: `lints.rust.unnameable-types` is deprecated in favor of `lints.rust.unnameable_types` and will not work in a future edition
[INFO] [stderr] warning: Cargo.toml: `lints.rust.unreachable-pub` is deprecated in favor of `lints.rust.unreachable_pub` and will not work in a future edition
[INFO] [stderr] warning: Cargo.toml: `lints.rust.unused-must-use` is deprecated in favor of `lints.rust.unused_must_use` and will not work in a future edition
[INFO] [stderr] warning: `package.homepage` is redundant with `package.repository`
[INFO] [stderr]    --> Cargo.toml:178:12
[INFO] [stderr]     |
[INFO] [stderr] 178 | homepage = "https://github.com/op-rs/kona"
[INFO] [stderr]     |            ^^^^^^^^^^^^^^^^^^^^^^^^^^^^^^^
[INFO] [stderr] ...
[INFO] [stderr] 182 | repository = "https://github.com/op-rs/kona"
[INFO] [stderr]     |              -------------------------------
[INFO] [stderr]     |
[INFO] [stderr]     = note: `cargo::redundant_homepage` is set to `warn` by default
[INFO] [stderr] help: consider removing `package.homepage`
[INFO] [stderr] warning: `kona-executor` (manifest) generated 11 warnings
[INFO] [stderr]    Compiling syn v2.0.104
[INFO] [stderr]    Compiling serde v1.0.219
[INFO] [stderr]    Compiling generic-array v0.14.7
[INFO] [stderr]    Compiling subtle v2.6.1
[INFO] [stderr]    Compiling rand_core v0.6.4
[INFO] [stderr]    Compiling tiny-keccak v2.0.2
[INFO] [stderr]    Compiling base16ct v0.2.0
[INFO] [stderr]    Compiling ruint-macro v1.2.1
[INFO] [stderr]    Compiling convert_case v0.7.1
[INFO] [stderr]    Compiling thiserror v2.0.12
[INFO] [stderr]    Compiling num-traits v0.2.19
[INFO] [stderr]    Compiling radium v0.7.0
[INFO] [stderr]    Compiling ppv-lite86 v0.2.21
[INFO] [stderr]    Compiling serde_json v1.0.141
[INFO] [stderr]    Compiling crc v3.3.0
[INFO] [stderr]    Compiling ff v0.13.1
[INFO] [stderr]    Compiling tap v1.0.1
[INFO] [stderr]    Compiling wyz v0.5.1
[INFO] [stderr]    Compiling funty v2.0.0
[INFO] [stderr]    Compiling group v0.13.0
[INFO] [stderr]    Compiling memchr v2.7.5
[INFO] [stderr]    Compiling tracing-core v0.1.34
[INFO] [stderr]    Compiling ahash v0.8.12
[INFO] [stderr]    Compiling hex v0.4.3
[INFO] [stderr]    Compiling indexmap v2.10.0
[INFO] [stderr]    Compiling brotli-decompressor v5.0.0
[INFO] [stderr]    Compiling unsigned-varint v0.8.0
[INFO] [stderr]    Compiling miniz_oxide v0.8.9
[INFO] [stderr]    Compiling rand_chacha v0.3.1
[INFO] [stderr]    Compiling rand v0.8.5
[INFO] [stderr]    Compiling tracing v0.1.41
[INFO] [stderr]    Compiling num-integer v0.1.46
[INFO] [stderr]    Compiling bitvec v1.0.1
[INFO] [stderr]    Compiling num-complex v0.4.6
[INFO] [stderr]    Compiling num-bigint v0.4.6
[INFO] [stderr]    Compiling brotli v8.0.1
[INFO] [stderr]    Compiling ark-std v0.5.0
[INFO] [stderr]    Compiling num-iter v0.1.45
[INFO] [stderr]    Compiling num-rational v0.4.2
[INFO] [stderr]    Compiling num v0.4.3
[INFO] [stderr]    Compiling aurora-engine-modexp v1.2.0
[INFO] [stderr]    Compiling darling_core v0.20.11
[INFO] [stderr]    Compiling syn-solidity v1.3.0
[INFO] [stderr]    Compiling macro-string v0.1.4
[INFO] [stderr]    Compiling proc-macro-error2 v2.0.1
[INFO] [stderr]    Compiling serde_derive v1.0.219
[INFO] [stderr]    Compiling zeroize_derive v1.4.2
[INFO] [stderr]    Compiling derive_more-impl v2.0.1
[INFO] [stderr]    Compiling alloy-rlp-derive v0.3.12
[INFO] [stderr]    Compiling thiserror-impl v2.0.12
[INFO] [stderr]    Compiling auto_impl v1.3.0
[INFO] [stderr]    Compiling num_enum_derive v0.7.4
[INFO] [stderr]    Compiling enum-ordinalize-derive v4.3.1
[INFO] [stderr]    Compiling ark-serialize-derive v0.5.0
[INFO] [stderr]    Compiling ark-ff-asm v0.5.0
[INFO] [stderr]    Compiling ark-ff-macros v0.5.0
[INFO] [stderr]    Compiling strum_macros v0.27.2
[INFO] [stderr]    Compiling enum-ordinalize v4.3.0
[INFO] [stderr]    Compiling derive-where v1.5.0
[INFO] [stderr]    Compiling educe v0.6.0
[INFO] [stderr]    Compiling zeroize v1.8.1
[INFO] [stderr]    Compiling async-trait v0.1.88
[INFO] [stderr]    Compiling der v0.7.10
[INFO] [stderr]    Compiling num_enum v0.7.4
[INFO] [stderr]    Compiling strum v0.27.2
[INFO] [stderr]    Compiling block-buffer v0.10.4
[INFO] [stderr]    Compiling crypto-common v0.1.6
[INFO] [stderr]    Compiling crypto-bigint v0.5.5
[INFO] [stderr]    Compiling digest v0.10.7
[INFO] [stderr]    Compiling darling_macro v0.20.11
[INFO] [stderr]    Compiling hmac v0.12.1
[INFO] [stderr]    Compiling signature v2.2.0
[INFO] [stderr]    Compiling sha2 v0.10.9
[INFO] [stderr]    Compiling sha3 v0.10.8
[INFO] [stderr]    Compiling ripemd v0.1.3
[INFO] [stderr]    Compiling rfc6979 v0.4.0
[INFO] [stderr]    Compiling darling v0.20.11
[INFO] [stderr]    Compiling spki v0.7.3
[INFO] [stderr]    Compiling pkcs8 v0.10.2
[INFO] [stderr]    Compiling derive_more v2.0.1
[INFO] [stderr]    Compiling arrayvec v0.7.6
[INFO] [stderr]    Compiling serdect v0.2.0
[INFO] [stderr]    Compiling hashbrown v0.15.4
[INFO] [stderr]    Compiling bytes v1.10.1
[INFO] [stderr]    Compiling const-hex v1.14.1
[INFO] [stderr]    Compiling either v1.15.0
[INFO] [stderr]    Compiling smallvec v1.15.1
[INFO] [stderr]    Compiling sec1 v0.7.3
[INFO] [stderr]    Compiling ruint v1.15.0
[INFO] [stderr]    Compiling itertools v0.13.0
[INFO] [stderr]    Compiling itertools v0.14.0
[INFO] [stderr]    Compiling ark-serialize v0.5.0
[INFO] [stderr]    Compiling elliptic-curve v0.13.8
[INFO] [stderr]    Compiling alloy-sol-macro-input v1.3.0
[INFO] [stderr]    Compiling alloy-sol-macro-expander v1.3.0
[INFO] [stderr]    Compiling ecdsa v0.16.9
[INFO] [stderr]    Compiling primeorder v0.13.6
[INFO] [stderr]    Compiling alloy-primitives v1.3.0
[INFO] [stderr]    Compiling alloy-rlp v0.3.12
[INFO] [stderr]    Compiling k256 v0.13.4
[INFO] [stderr]    Compiling p256 v0.13.2
[INFO] [stderr]    Compiling nybbles v0.4.1
[INFO] [stderr]    Compiling alloy-sol-macro v1.3.0
[INFO] [stderr]    Compiling ark-ff v0.5.0
[INFO] [stderr]    Compiling alloy-tx-macros v1.0.23
[INFO] [stderr]    Compiling alloy-eip2930 v0.2.1
[INFO] [stderr]    Compiling alloy-eip7702 v0.6.1
[INFO] [stderr]    Compiling revm-primitives v20.0.0
[INFO] [stderr]    Compiling alloy-eip2124 v0.2.0
[INFO] [stderr]    Compiling alloy-serde v1.0.23
[INFO] [stderr]    Compiling alloy-trie v0.9.0
[INFO] [stderr]    Compiling alloy-chains v0.2.6
[INFO] [stderr]    Compiling alloy-sol-types v1.3.0
[INFO] [stderr]    Compiling revm-bytecode v6.0.1
[INFO] [stderr]    Compiling alloy-eips v1.0.23
[INFO] [stderr]    Compiling alloy-hardforks v0.2.12
[INFO] [stderr]    Compiling revm-state v7.0.1
[INFO] [stderr]    Compiling alloy-op-hardforks v0.2.12
[INFO] [stderr]    Compiling revm-database-interface v7.0.1
[INFO] [stderr]    Compiling revm-context-interface v8.0.1
[INFO] [stderr]    Compiling revm-database v7.0.1
[INFO] [stderr]    Compiling revm-context v8.0.3
[INFO] [stderr]    Compiling revm-interpreter v23.0.2
[INFO] [stderr]    Compiling alloy-consensus v1.0.23
[INFO] [stderr]    Compiling op-alloy-consensus v0.18.13
[INFO] [stderr]    Compiling alloy-rpc-types-engine v1.0.23
[INFO] [stderr]    Compiling alloy-network-primitives v1.0.23
[INFO] [stderr]    Compiling alloy-consensus-any v1.0.23
[INFO] [stderr]    Compiling ark-poly v0.5.0
[INFO] [stderr]    Compiling op-alloy-rpc-types-engine v0.18.13
[INFO] [stderr]    Compiling kona-mpt v0.3.0
[INFO] [stderr]    Compiling ark-ec v0.5.0
[INFO] [stderr]    Compiling ark-bn254 v0.5.0
[INFO] [stderr]    Compiling ark-bls12-381 v0.5.0
[INFO] [stderr]    Compiling revm-precompile v24.0.1
[INFO] [stderr]    Compiling revm-handler v8.0.3
[INFO] [stderr]    Compiling revm-inspector v8.0.3
[INFO] [stderr]    Compiling revm v27.0.3
[INFO] [stderr]    Compiling op-revm v8.0.3
[INFO] [stderr]    Compiling alloy-rpc-types-eth v1.0.23
[INFO] [stderr]    Compiling alloy-evm v0.14.0
[INFO] [stderr]    Compiling kona-genesis v0.4.0
[INFO] [stderr]    Compiling alloy-op-evm v0.14.0
[INFO] [stderr]    Compiling op-alloy-rpc-types v0.18.13
[INFO] [stderr]    Compiling kona-protocol v0.4.1
[INFO] [stderr]    Compiling kona-executor v0.4.0 (/opt/rustwide/workdir)
[INFO] [stderr]     Finished `release` profile [optimized] target(s) in 1m 57s
[INFO] [stderr] warning: the following packages contain code that will be rejected by a future version of Rust: proc-macro-error2 v2.0.1
[INFO] [stderr] note: to see what the problems were, use the option `--future-incompat-report`, or run `cargo report future-incompatibilities --id 9`
[INFO] running `Command { std: "docker" "inspect" "25013b2d3bf2cf65ee94acad154123d57f450ce15e337d5f53af0b98b22fda77", kill_on_drop: false }`
[INFO] running `Command { std: "docker" "exec" "-e" "SOURCE_DIR=/opt/rustwide/workdir" "-e" "CARGO_HOME=/opt/rustwide/cargo-home" "-e" "RUSTUP_HOME=/opt/rustwide/rustup-home" "-e" "CARGO_TARGET_DIR=/opt/rustwide/target" "-e" "CARGO_INCREMENTAL=0" "-e" "RUST_BACKTRACE=full" "-e" "RUSTFLAGS=--cap-lints=warn" "-e" "RUSTDOCFLAGS=--cap-lints=warn" "-w" "/opt/rustwide/workdir" "--user" "0:0" "25013b2d3bf2cf65ee94acad154123d57f450ce15e337d5f53af0b98b22fda77" "/opt/rustwide/cargo-home/bin/cargo" "+1.100.0-beta.1" "test" "--frozen" "--no-run" "--message-format=json" "--release", kill_on_drop: false }`
[INFO] [stderr] warning: Cargo.toml: `lints.clippy.missing-const-for-fn` is deprecated in favor of `lints.clippy.missing_const_for_fn` and will not work in a future edition
[INFO] [stderr] warning: Cargo.toml: `lints.clippy.option-if-let-else` is deprecated in favor of `lints.clippy.option_if_let_else` and will not work in a future edition
[INFO] [stderr] warning: Cargo.toml: `lints.clippy.redundant-clone` is deprecated in favor of `lints.clippy.redundant_clone` and will not work in a future edition
[INFO] [stderr] warning: Cargo.toml: `lints.clippy.use-self` is deprecated in favor of `lints.clippy.use_self` and will not work in a future edition
[INFO] [stderr] warning: Cargo.toml: `lints.rust.missing-debug-implementations` is deprecated in favor of `lints.rust.missing_debug_implementations` and will not work in a future edition
[INFO] [stderr] warning: Cargo.toml: `lints.rust.missing-docs` is deprecated in favor of `lints.rust.missing_docs` and will not work in a future edition
[INFO] [stderr] warning: Cargo.toml: `lints.rust.rust-2018-idioms` is deprecated in favor of `lints.rust.rust_2018_idioms` and will not work in a future edition
[INFO] [stderr] warning: Cargo.toml: `lints.rust.unnameable-types` is deprecated in favor of `lints.rust.unnameable_types` and will not work in a future edition
[INFO] [stderr] warning: Cargo.toml: `lints.rust.unreachable-pub` is deprecated in favor of `lints.rust.unreachable_pub` and will not work in a future edition
[INFO] [stderr] warning: Cargo.toml: `lints.rust.unused-must-use` is deprecated in favor of `lints.rust.unused_must_use` and will not work in a future edition
[INFO] [stderr] warning: `package.homepage` is redundant with `package.repository`
[INFO] [stderr]    --> Cargo.toml:178:12
[INFO] [stderr]     |
[INFO] [stderr] 178 | homepage = "https://github.com/op-rs/kona"
[INFO] [stderr]     |            ^^^^^^^^^^^^^^^^^^^^^^^^^^^^^^^
[INFO] [stderr] ...
[INFO] [stderr] 182 | repository = "https://github.com/op-rs/kona"
[INFO] [stderr]     |              -------------------------------
[INFO] [stderr]     |
[INFO] [stderr]     = note: `cargo::redundant_homepage` is set to `warn` by default
[INFO] [stderr] help: consider removing `package.homepage`
[INFO] [stderr] warning: `kona-executor` (manifest) generated 11 warnings
[INFO] [stderr]    Compiling kona-executor v0.4.0 (/opt/rustwide/workdir)
[INFO] [stdout] error[E0432]: unresolved import `alloy_rpc_types_engine`
[INFO] [stdout]   --> src/util.rs:91:9
[INFO] [stdout]    |
[INFO] [stdout] 91 |     use alloy_rpc_types_engine::PayloadAttributes;
[INFO] [stdout]    |         ^^^^^^^^^^^^^^^^^^^^^^ use of unresolved module or unlinked crate `alloy_rpc_types_engine`
[INFO] [stdout]    |
[INFO] [stdout] help: there is a crate or module with a similar name
[INFO] [stdout]    |
[INFO] [stdout] 91 |     use op_alloy_rpc_types_engine::PayloadAttributes;
[INFO] [stdout]    |         +++
[INFO] [stdout] 
[INFO] [stdout] 
[INFO] [stdout] error[E0432]: unresolved import `rstest`
[INFO] [stdout]    --> src/builder/core.rs:167:9
[INFO] [stdout]     |
[INFO] [stdout] 167 |     use rstest::rstest;
[INFO] [stdout]     |         ^^^^^^ use of unresolved module or unlinked crate `rstest`
[INFO] [stdout]     |
[INFO] [stdout] help: there is a crate or module with a similar name
[INFO] [stdout]     |
[INFO] [stdout] 167 -     use rstest::rstest;
[INFO] [stdout] 167 +     use test::rstest;
[INFO] [stdout]     |
[INFO] [stdout] 
[INFO] [stdout] 
[INFO] [stdout] error[E0433]: cannot find module or crate `alloy_provider` in this scope
[INFO] [stdout]  --> src/test_utils.rs:7:5
[INFO] [stdout]   |
[INFO] [stdout] 7 | use alloy_provider::{Provider, RootProvider, network::primitives::BlockTransactions};
[INFO] [stdout]   |     ^^^^^^^^^^^^^^ use of unresolved module or unlinked crate `alloy_provider`
[INFO] [stdout]   |
[INFO] [stdout]   = help: if you wanted to use a crate named `alloy_provider`, use `cargo add alloy_provider` to add it to your `Cargo.toml`
[INFO] [stdout] 
[INFO] [stdout] 
[INFO] [stdout] error[E0432]: unresolved import `alloy_provider`
[INFO] [stdout]  --> src/test_utils.rs:7:5
[INFO] [stdout]   |
[INFO] [stdout] 7 | use alloy_provider::{Provider, RootProvider, network::primitives::BlockTransactions};
[INFO] [stdout]   |     ^^^^^^^^^^^^^^ use of unresolved module or unlinked crate `alloy_provider`
[INFO] [stdout]   |
[INFO] [stdout]   = help: if you wanted to use a crate named `alloy_provider`, use `cargo add alloy_provider` to add it to your `Cargo.toml`
[INFO] [stdout] 
[INFO] [stdout] 
[INFO] [stdout] error[E0432]: unresolved import `alloy_rpc_client`
[INFO] [stdout]  --> src/test_utils.rs:9:5
[INFO] [stdout]   |
[INFO] [stdout] 9 | use alloy_rpc_client::RpcClient;
[INFO] [stdout]   |     ^^^^^^^^^^^^^^^^ use of unresolved module or unlinked crate `alloy_rpc_client`
[INFO] [stdout]   |
[INFO] [stdout]   = help: if you wanted to use a crate named `alloy_rpc_client`, use `cargo add alloy_rpc_client` to add it to your `Cargo.toml`
[INFO] [stdout] 
[INFO] [stdout] 
[INFO] [stdout] error[E0432]: unresolved import `alloy_rpc_types_engine`
[INFO] [stdout]   --> src/test_utils.rs:10:5
[INFO] [stdout]    |
[INFO] [stdout] 10 | use alloy_rpc_types_engine::PayloadAttributes;
[INFO] [stdout]    |     ^^^^^^^^^^^^^^^^^^^^^^ use of unresolved module or unlinked crate `alloy_rpc_types_engine`
[INFO] [stdout]    |
[INFO] [stdout] help: there is a crate or module with a similar name
[INFO] [stdout]    |
[INFO] [stdout] 10 | use op_alloy_rpc_types_engine::PayloadAttributes;
[INFO] [stdout]    |     +++
[INFO] [stdout] 
[INFO] [stdout] 
[INFO] [stdout] error[E0432]: unresolved import `alloy_transport_http`
[INFO] [stdout]   --> src/test_utils.rs:11:5
[INFO] [stdout]    |
[INFO] [stdout] 11 | use alloy_transport_http::{Client, Http};
[INFO] [stdout]    |     ^^^^^^^^^^^^^^^^^^^^ use of unresolved module or unlinked crate `alloy_transport_http`
[INFO] [stdout]    |
[INFO] [stdout]    = help: if you wanted to use a crate named `alloy_transport_http`, use `cargo add alloy_transport_http` to add it to your `Cargo.toml`
[INFO] [stdout] 
[INFO] [stdout] 
[INFO] [stdout] error[E0432]: unresolved import `kona_registry`
[INFO] [stdout]   --> src/test_utils.rs:14:5
[INFO] [stdout]    |
[INFO] [stdout] 14 | use kona_registry::ROLLUP_CONFIGS;
[INFO] [stdout]    |     ^^^^^^^^^^^^^ use of unresolved module or unlinked crate `kona_registry`
[INFO] [stdout]    |
[INFO] [stdout]    = help: if you wanted to use a crate named `kona_registry`, use `cargo add kona_registry` to add it to your `Cargo.toml`
[INFO] [stdout] 
[INFO] [stdout] 
[INFO] [stdout] error[E0432]: unresolved import `rocksdb`
[INFO] [stdout]   --> src/test_utils.rs:16:5
[INFO] [stdout]    |
[INFO] [stdout] 16 | use rocksdb::{DB, Options};
[INFO] [stdout]    |     ^^^^^^^ use of unresolved module or unlinked crate `rocksdb`
[INFO] [stdout]    |
[INFO] [stdout]    = help: if you wanted to use a crate named `rocksdb`, use `cargo add rocksdb` to add it to your `Cargo.toml`
[INFO] [stdout] 
[INFO] [stdout] 
[INFO] [stdout] error[E0432]: unresolved import `serde`
[INFO] [stdout]   --> src/test_utils.rs:17:5
[INFO] [stdout]    |
[INFO] [stdout] 17 | use serde::{Deserialize, Serialize};
[INFO] [stdout]    |     ^^^^^ use of unresolved module or unlinked crate `serde`
[INFO] [stdout]    |
[INFO] [stdout]    = help: if you wanted to use a crate named `serde`, use `cargo add serde` to add it to your `Cargo.toml`
[INFO] [stdout] 
[INFO] [stdout] 
[INFO] [stdout] error[E0433]: cannot find module or crate `tokio` in this scope
[INFO] [stdout]   --> src/test_utils.rs:19:5
[INFO] [stdout]    |
[INFO] [stdout] 19 | use tokio::{fs, runtime::Handle, sync::Mutex};
[INFO] [stdout]    |     ^^^^^ use of unresolved module or unlinked crate `tokio`
[INFO] [stdout]    |
[INFO] [stdout]    = help: if you wanted to use a crate named `tokio`, use `cargo add tokio` to add it to your `Cargo.toml`
[INFO] [stdout] 
[INFO] [stdout] 
[INFO] [stdout] error[E0432]: unresolved import `tokio`
[INFO] [stdout]   --> src/test_utils.rs:19:5
[INFO] [stdout]    |
[INFO] [stdout] 19 | use tokio::{fs, runtime::Handle, sync::Mutex};
[INFO] [stdout]    |     ^^^^^ use of unresolved module or unlinked crate `tokio`
[INFO] [stdout]    |
[INFO] [stdout]    = help: if you wanted to use a crate named `tokio`, use `cargo add tokio` to add it to your `Cargo.toml`
[INFO] [stdout] 
[INFO] [stdout] 
[INFO] [stdout] error[E0433]: cannot find module or crate `tokio` in this scope
[INFO] [stdout]    --> src/builder/core.rs:171:7
[INFO] [stdout]     |
[INFO] [stdout] 171 |     #[tokio::test]
[INFO] [stdout]     |       ^^^^^ use of unresolved module or unlinked crate `tokio`
[INFO] [stdout] 
[INFO] [stdout] 
[INFO] [stdout] error: cannot find attribute `base_dir` in this scope
[INFO] [stdout]    --> src/builder/core.rs:173:11
[INFO] [stdout]     |
[INFO] [stdout] 173 |         #[base_dir = "./testdata"]
[INFO] [stdout]     |           ^^^^^^^^
[INFO] [stdout] 
[INFO] [stdout] 
[INFO] [stdout] error: cannot find attribute `files` in this scope
[INFO] [stdout]    --> src/builder/core.rs:174:11
[INFO] [stdout]     |
[INFO] [stdout] 174 |         #[files("*.tar.gz")]
[INFO] [stdout]     |           ^^^^^
[INFO] [stdout] 
[INFO] [stdout] 
[INFO] [stdout] error[E0433]: cannot find module or crate `rocksdb` in this scope
[INFO] [stdout]   --> src/test_utils.rs:37:34
[INFO] [stdout]    |
[INFO] [stdout] 37 |     options.set_compression_type(rocksdb::DBCompressionType::Snappy);
[INFO] [stdout]    |                                  ^^^^^^^ use of unresolved module or unlinked crate `rocksdb`
[INFO] [stdout]    |
[INFO] [stdout]    = help: if you wanted to use a crate named `rocksdb`, use `cargo add rocksdb` to add it to your `Cargo.toml`
[INFO] [stdout] 
[INFO] [stdout] 
[INFO] [stdout] error[E0433]: cannot find module or crate `rocksdb` in this scope
[INFO] [stdout]   --> src/test_utils.rs:99:38
[INFO] [stdout]    |
[INFO] [stdout] 99 |         options.set_compression_type(rocksdb::DBCompressionType::Snappy);
[INFO] [stdout]    |                                      ^^^^^^^ use of unresolved module or unlinked crate `rocksdb`
[INFO] [stdout]    |
[INFO] [stdout]    = help: if you wanted to use a crate named `rocksdb`, use `cargo add rocksdb` to add it to your `Cargo.toml`
[INFO] [stdout] 
[INFO] [stdout] 
[INFO] [stdout] error[E0433]: cannot find module or crate `tokio` in this scope
[INFO] [stdout]    --> src/test_utils.rs:212:31
[INFO] [stdout]     |
[INFO] [stdout] 212 |         let preimage: Bytes = tokio::task::block_in_place(move || {
[INFO] [stdout]     |                               ^^^^^ use of unresolved module or unlinked crate `tokio`
[INFO] [stdout]     |
[INFO] [stdout]     = help: if you wanted to use a crate named `tokio`, use `cargo add tokio` to add it to your `Cargo.toml`
[INFO] [stdout] 
[INFO] [stdout] 
[INFO] [stdout] error[E0433]: cannot find module or crate `tokio` in this scope
[INFO] [stdout]    --> src/test_utils.rs:242:31
[INFO] [stdout]     |
[INFO] [stdout] 242 |         let preimage: Bytes = tokio::task::block_in_place(move || {
[INFO] [stdout]     |                               ^^^^^ use of unresolved module or unlinked crate `tokio`
[INFO] [stdout]     |
[INFO] [stdout]     = help: if you wanted to use a crate named `tokio`, use `cargo add tokio` to add it to your `Cargo.toml`
[INFO] [stdout] 
[INFO] [stdout] 
[INFO] [stdout] error[E0433]: cannot find module or crate `tokio` in this scope
[INFO] [stdout]    --> src/test_utils.rs:278:37
[INFO] [stdout]     |
[INFO] [stdout] 278 |         let encoded_header: Bytes = tokio::task::block_in_place(move || {
[INFO] [stdout]     |                                     ^^^^^ use of unresolved module or unlinked crate `tokio`
[INFO] [stdout]     |
[INFO] [stdout]     = help: if you wanted to use a crate named `tokio`, use `cargo add tokio` to add it to your `Cargo.toml`
[INFO] [stdout] 
[INFO] [stdout] 
[INFO] [stdout] error[E0433]: cannot find module or crate `tokio` in this scope
[INFO] [stdout]   --> src/test_utils.rs:26:5
[INFO] [stdout]    |
[INFO] [stdout] 26 |     tokio::process::Command::new("tar")
[INFO] [stdout]    |     ^^^^^ use of unresolved module or unlinked crate `tokio`
[INFO] [stdout]    |
[INFO] [stdout]    = help: if you wanted to use a crate named `tokio`, use `cargo add tokio` to add it to your `Cargo.toml`
[INFO] [stdout] help: consider importing this struct
[INFO] [stdout]    |
[INFO] [stdout]  3 + use std::process::Command;
[INFO] [stdout]    |
[INFO] [stdout] help: if you import `Command`, refer to it directly
[INFO] [stdout]    |
[INFO] [stdout] 26 -     tokio::process::Command::new("tar")
[INFO] [stdout] 26 +     Command::new("tar")
[INFO] [stdout]    |
[INFO] [stdout] 
[INFO] [stdout] 
[INFO] [stdout] error[E0433]: cannot find module or crate `tokio` in this scope
[INFO] [stdout]    --> src/test_utils.rs:193:9
[INFO] [stdout]     |
[INFO] [stdout] 193 |         tokio::process::Command::new("tar")
[INFO] [stdout]     |         ^^^^^ use of unresolved module or unlinked crate `tokio`
[INFO] [stdout]     |
[INFO] [stdout]     = help: if you wanted to use a crate named `tokio`, use `cargo add tokio` to add it to your `Cargo.toml`
[INFO] [stdout] help: consider importing this struct
[INFO] [stdout]     |
[INFO] [stdout]   3 + use std::process::Command;
[INFO] [stdout]     |
[INFO] [stdout] help: if you import `Command`, refer to it directly
[INFO] [stdout]     |
[INFO] [stdout] 193 -         tokio::process::Command::new("tar")
[INFO] [stdout] 193 +         Command::new("tar")
[INFO] [stdout]     |
[INFO] [stdout] 
[INFO] [stdout] 
[INFO] [stdout] error[E0433]: cannot find module or crate `tempfile` in this scope
[INFO] [stdout]   --> src/test_utils.rs:25:23
[INFO] [stdout]    |
[INFO] [stdout] 25 |     let fixture_dir = tempfile::tempdir().expect("Failed to create temporary directory");
[INFO] [stdout]    |                       ^^^^^^^^ use of unresolved module or unlinked crate `tempfile`
[INFO] [stdout]    |
[INFO] [stdout]    = help: if you wanted to use a crate named `tempfile`, use `cargo add tempfile` to add it to your `Cargo.toml`
[INFO] [stdout] 
[INFO] [stdout] 
[INFO] [stdout] error[E0433]: cannot find module or crate `serde_json` in this scope
[INFO] [stdout]   --> src/test_utils.rs:43:9
[INFO] [stdout]    |
[INFO] [stdout] 43 |         serde_json::from_slice(&fs::read(fixture_dir.path().join("fixture.json")).await.unwrap())
[INFO] [stdout]    |         ^^^^^^^^^^ use of unresolved module or unlinked crate `serde_json`
[INFO] [stdout]    |
[INFO] [stdout]    = help: if you wanted to use a crate named `serde_json`, use `cargo add serde_json` to add it to your `Cargo.toml`
[INFO] [stdout] 
[INFO] [stdout] 
[INFO] [stdout] error[E0433]: cannot find module or crate `serde_json` in this scope
[INFO] [stdout]    --> src/test_utils.rs:189:43
[INFO] [stdout]     |
[INFO] [stdout] 189 |         fs::write(fixture_path.as_path(), serde_json::to_vec(&fixture).unwrap()).await.unwrap();
[INFO] [stdout]     |                                           ^^^^^^^^^^ use of unresolved module or unlinked crate `serde_json`
[INFO] [stdout]     |
[INFO] [stdout]     = help: if you wanted to use a crate named `serde_json`, use `cargo add serde_json` to add it to your `Cargo.toml`
[INFO] [stdout] 
[INFO] [stdout] 
[INFO] [stdout] error[E0433]: cannot find module or crate `rocksdb` in this scope
[INFO] [stdout]   --> src/test_utils.rs:84:29
[INFO] [stdout]    |
[INFO] [stdout] 84 |     pub kv_store: Arc<Mutex<rocksdb::DB>>,
[INFO] [stdout]    |                             ^^^^^^^ use of unresolved module or unlinked crate `rocksdb`
[INFO] [stdout]    |
[INFO] [stdout]    = help: if you wanted to use a crate named `rocksdb`, use `cargo add rocksdb` to add it to your `Cargo.toml`
[INFO] [stdout] 
[INFO] [stdout] 
[INFO] [stdout] Some errors have detailed explanations: E0432, E0433.
[INFO] [stdout] 
[INFO] [stdout] For more information about an error, try `rustc --explain E0432`.
[INFO] [stdout] 
[INFO] [stderr] error: could not compile `kona-executor` (lib test) due to 26 previous errors
[INFO] running `Command { std: "docker" "inspect" "25013b2d3bf2cf65ee94acad154123d57f450ce15e337d5f53af0b98b22fda77", kill_on_drop: false }`
[INFO] running `Command { std: "docker" "rm" "-f" "25013b2d3bf2cf65ee94acad154123d57f450ce15e337d5f53af0b98b22fda77", kill_on_drop: false }`
[INFO] [stdout] 25013b2d3bf2cf65ee94acad154123d57f450ce15e337d5f53af0b98b22fda77
