[INFO] fetching crate komple-framework-link-permission 1.1.1-beta...
[INFO] testing komple-framework-link-permission-1.1.1-beta against 1.100.0-beta.1+cargoflags=--release for beta-release-1.100-2
[INFO] extracting crate komple-framework-link-permission 1.1.1-beta into /workspace/builds/worker-0-tc2/source
[INFO] removed /workspace/builds/worker-0-tc2/source/.cargo/config
[INFO] started tweaking crates.io crate komple-framework-link-permission 1.1.1-beta
[INFO] finished tweaking crates.io crate komple-framework-link-permission 1.1.1-beta
[INFO] tweaked toml for crates.io crate komple-framework-link-permission 1.1.1-beta written to /workspace/builds/worker-0-tc2/source/Cargo.toml
[INFO] validating manifest of crates.io crate komple-framework-link-permission 1.1.1-beta on toolchain 1.100.0-beta.1
[INFO] running `Command { std: CARGO_HOME="/workspace/cargo-home" RUSTUP_HOME="/workspace/rustup-home" "/workspace/cargo-home/bin/cargo" "+1.100.0-beta.1" "metadata" "--manifest-path" "Cargo.toml" "--no-deps", kill_on_drop: false }`
[INFO] crate crates.io crate komple-framework-link-permission 1.1.1-beta already has a lockfile, it will not be regenerated
[INFO] running `Command { std: CARGO_HOME="/workspace/cargo-home" RUSTUP_HOME="/workspace/rustup-home" "/workspace/cargo-home/bin/cargo" "+1.100.0-beta.1" "fetch" "--manifest-path" "Cargo.toml", kill_on_drop: false }`
[INFO] running `Command { std: "docker" "create" "-v" "/var/lib/crater-agent-workspace/builds/worker-0-tc2/source:/opt/rustwide/workdir:ro,Z" "-v" "/var/lib/crater-agent-workspace/builds/worker-0-tc2/target:/opt/rustwide/target:rw,Z" "-v" "/var/lib/crater-agent-workspace/cargo-home:/opt/rustwide/cargo-home:ro,Z" "-v" "/var/lib/crater-agent-workspace/rustup-home:/opt/rustwide/rustup-home:ro,Z" "-m" "1610612736" "--network" "none" "ghcr.io/rust-lang/crates-build-env/linux@sha256:77db811e55d90add9212f6832c23229e3de5f1c1f9905e8cb07319ea15df73ac" "sleep" "infinity", kill_on_drop: false }`
[INFO] [stdout] 204aa884e9c0cae6686533698bce0341f58b87d08a1cab19efe03e9c00538aec
[INFO] running `Command { std: "docker" "start" "204aa884e9c0cae6686533698bce0341f58b87d08a1cab19efe03e9c00538aec", kill_on_drop: false }`
[INFO] running `Command { std: "docker" "inspect" "204aa884e9c0cae6686533698bce0341f58b87d08a1cab19efe03e9c00538aec", kill_on_drop: false }`
[INFO] running `Command { std: "docker" "exec" "-e" "SOURCE_DIR=/opt/rustwide/workdir" "-e" "CARGO_HOME=/opt/rustwide/cargo-home" "-e" "RUSTUP_HOME=/opt/rustwide/rustup-home" "-e" "CARGO_TARGET_DIR=/opt/rustwide/target" "-w" "/opt/rustwide/workdir" "--user" "0:0" "204aa884e9c0cae6686533698bce0341f58b87d08a1cab19efe03e9c00538aec" "/opt/rustwide/cargo-home/bin/cargo" "+1.100.0-beta.1" "metadata" "--no-deps" "--format-version=1", kill_on_drop: false }`
[INFO] running `Command { std: "docker" "inspect" "204aa884e9c0cae6686533698bce0341f58b87d08a1cab19efe03e9c00538aec", kill_on_drop: false }`
[INFO] running `Command { std: "docker" "exec" "-e" "SOURCE_DIR=/opt/rustwide/workdir" "-e" "CARGO_HOME=/opt/rustwide/cargo-home" "-e" "RUSTUP_HOME=/opt/rustwide/rustup-home" "-e" "CARGO_TARGET_DIR=/opt/rustwide/target" "-e" "CARGO_INCREMENTAL=0" "-e" "RUST_BACKTRACE=full" "-e" "RUSTFLAGS=--cap-lints=warn" "-e" "RUSTDOCFLAGS=--cap-lints=warn" "-w" "/opt/rustwide/workdir" "--user" "0:0" "204aa884e9c0cae6686533698bce0341f58b87d08a1cab19efe03e9c00538aec" "/opt/rustwide/cargo-home/bin/cargo" "+1.100.0-beta.1" "build" "--frozen" "--message-format=json" "--release", kill_on_drop: false }`
[INFO] [stderr]    Compiling typenum v1.15.0
[INFO] [stderr]    Compiling version_check v0.9.4
[INFO] [stderr]    Compiling proc-macro2 v1.0.51
[INFO] [stderr]    Compiling unicode-ident v1.0.0
[INFO] [stderr]    Compiling syn v1.0.108
[INFO] [stderr]    Compiling cfg-if v1.0.0
[INFO] [stderr]    Compiling libc v0.2.126
[INFO] [stderr]    Compiling subtle v2.4.1
[INFO] [stderr]    Compiling zeroize v1.5.5
[INFO] [stderr]    Compiling serde_derive v1.0.152
[INFO] [stderr]    Compiling serde v1.0.152
[INFO] [stderr]    Compiling const-oid v0.9.1
[INFO] [stderr]    Compiling base64ct v1.5.0
[INFO] [stderr]    Compiling getrandom v0.1.16
[INFO] [stderr]    Compiling base16ct v0.1.1
[INFO] [stderr]    Compiling cpufeatures v0.2.2
[INFO] [stderr]    Compiling serde_json v1.0.81
[INFO] [stderr]    Compiling byteorder v1.4.3
[INFO] [stderr]    Compiling ryu v1.0.10
[INFO] [stderr]    Compiling crunchy v0.2.2
[INFO] [stderr]    Compiling schemars v0.8.11
[INFO] [stderr]    Compiling opaque-debug v0.3.0
[INFO] [stderr]    Compiling itoa v1.0.2
[INFO] [stderr]    Compiling hex v0.4.3
[INFO] [stderr]    Compiling der v0.6.1
[INFO] [stderr]    Compiling dyn-clone v1.0.5
[INFO] [stderr]    Compiling static_assertions v1.1.0
[INFO] [stderr]    Compiling forward_ref v1.0.0
[INFO] [stderr]    Compiling base64 v0.13.0
[INFO] [stderr]    Compiling semver v1.0.16
[INFO] [stderr]    Compiling generic-array v0.14.5
[INFO] [stderr]    Compiling getrandom v0.2.6
[INFO] [stderr]    Compiling rand_core v0.5.1
[INFO] [stderr]    Compiling rand_core v0.6.3
[INFO] [stderr]    Compiling uint v0.9.3
[INFO] [stderr]    Compiling ff v0.12.1
[INFO] [stderr]    Compiling group v0.12.1
[INFO] [stderr]    Compiling quote v1.0.18
[INFO] [stderr]    Compiling spki v0.6.0
[INFO] [stderr]    Compiling pkcs8 v0.9.0
[INFO] [stderr]    Compiling crypto-common v0.1.6
[INFO] [stderr]    Compiling block-buffer v0.10.3
[INFO] [stderr]    Compiling crypto-bigint v0.4.9
[INFO] [stderr]    Compiling sec1 v0.3.0
[INFO] [stderr]    Compiling digest v0.9.0
[INFO] [stderr]    Compiling block-buffer v0.9.0
[INFO] [stderr]    Compiling digest v0.10.6
[INFO] [stderr]    Compiling curve25519-dalek v3.2.0
[INFO] [stderr]    Compiling sha2 v0.9.9
[INFO] [stderr]    Compiling hmac v0.12.1
[INFO] [stderr]    Compiling signature v1.6.4
[INFO] [stderr]    Compiling sha2 v0.10.6
[INFO] [stderr]    Compiling rfc6979 v0.3.1
[INFO] [stderr]    Compiling elliptic-curve v0.12.3
[INFO] [stderr]    Compiling ecdsa v0.14.8
[INFO] [stderr]    Compiling k256 v0.11.6
[INFO] [stderr]    Compiling serde_derive_internals v0.26.0
[INFO] [stderr]    Compiling thiserror-impl v1.0.31
[INFO] [stderr]    Compiling derivative v2.2.0
[INFO] [stderr]    Compiling cosmwasm-derive v1.2.1
[INFO] [stderr]    Compiling cosmwasm-schema-derive v1.2.1
[INFO] [stderr]    Compiling schemars_derive v0.8.11
[INFO] [stderr]    Compiling thiserror v1.0.31
[INFO] [stderr]    Compiling ed25519-zebra v3.0.0
[INFO] [stderr]    Compiling serde-json-wasm v0.5.0
[INFO] [stderr]    Compiling cosmwasm-crypto v1.2.1
[INFO] [stderr]    Compiling cosmwasm-std v1.2.1
[INFO] [stderr]    Compiling cosmwasm-schema v1.2.1
[INFO] [stderr]    Compiling cw-storage-plus v0.15.1
[INFO] [stderr]    Compiling cw-storage-plus v0.16.0
[INFO] [stderr]    Compiling komple-framework-types v1.1.1-beta
[INFO] [stderr]    Compiling cosmwasm-storage v1.2.1
[INFO] [stderr]    Compiling cw2 v0.16.0
[INFO] [stderr]    Compiling cw-utils v0.16.0
[INFO] [stderr]    Compiling cw2 v0.15.1
[INFO] [stderr]    Compiling cw-utils v0.15.1
[INFO] [stderr]    Compiling cw20 v0.16.0
[INFO] [stderr]    Compiling cw721 v0.15.0
[INFO] [stderr]    Compiling cw721-base v0.15.0
[INFO] [stderr]    Compiling komple-framework-utils v1.1.1-beta
[INFO] [stderr]    Compiling komple-framework-link-permission v1.1.1-beta (/opt/rustwide/workdir)
[INFO] [stderr] warning: unused dependency `cosmwasm-storage`
[INFO] [stderr]  --> Cargo.toml:7:15
[INFO] [stderr]   |
[INFO] [stderr] 7 | [dependencies.cosmwasm-storage]
[INFO] [stderr]   |               ^^^^^^^^^^^^^^^^^
[INFO] [stderr]   |
[INFO] [stderr]   = note: `cargo::unused_dependencies` is set to `warn` by default
[INFO] [stderr] help: consider removing the dependency on `cosmwasm-storage`
[INFO] [stderr] warning: `komple-framework-link-permission` (manifest) generated 1 warning
[INFO] [stderr]     Finished `release` profile [optimized] target(s) in 54.77s
[INFO] [stderr] warning: the following packages contain code that will be rejected by a future version of Rust: cosmwasm-std v1.2.1
[INFO] [stderr] note: to see what the problems were, use the option `--future-incompat-report`, or run `cargo report future-incompatibilities --id 7`
[INFO] running `Command { std: "docker" "inspect" "204aa884e9c0cae6686533698bce0341f58b87d08a1cab19efe03e9c00538aec", kill_on_drop: false }`
[INFO] running `Command { std: "docker" "exec" "-e" "SOURCE_DIR=/opt/rustwide/workdir" "-e" "CARGO_HOME=/opt/rustwide/cargo-home" "-e" "RUSTUP_HOME=/opt/rustwide/rustup-home" "-e" "CARGO_TARGET_DIR=/opt/rustwide/target" "-e" "CARGO_INCREMENTAL=0" "-e" "RUST_BACKTRACE=full" "-e" "RUSTFLAGS=--cap-lints=warn" "-e" "RUSTDOCFLAGS=--cap-lints=warn" "-w" "/opt/rustwide/workdir" "--user" "0:0" "204aa884e9c0cae6686533698bce0341f58b87d08a1cab19efe03e9c00538aec" "/opt/rustwide/cargo-home/bin/cargo" "+1.100.0-beta.1" "test" "--frozen" "--no-run" "--message-format=json" "--release", kill_on_drop: false }`
[INFO] [stderr]    Compiling cfg-if v1.0.0
[INFO] [stderr]    Compiling subtle v2.4.1
[INFO] [stderr]    Compiling zeroize v1.5.5
[INFO] [stderr]    Compiling const-oid v0.9.1
[INFO] [stderr]    Compiling base64ct v1.5.0
[INFO] [stderr]    Compiling base16ct v0.1.1
[INFO] [stderr]    Compiling cpufeatures v0.2.2
[INFO] [stderr]    Compiling byteorder v1.4.3
[INFO] [stderr]    Compiling typenum v1.15.0
[INFO] [stderr]    Compiling libc v0.2.126
[INFO] [stderr]    Compiling ryu v1.0.10
[INFO] [stderr]    Compiling opaque-debug v0.3.0
[INFO] [stderr]    Compiling itoa v1.0.2
[INFO] [stderr]    Compiling serde v1.0.152
[INFO] [stderr]    Compiling thiserror v1.0.31
[INFO] [stderr]    Compiling hex v0.4.3
[INFO] [stderr]    Compiling dyn-clone v1.0.5
[INFO] [stderr]    Compiling crunchy v0.2.2
[INFO] [stderr]    Compiling static_assertions v1.1.0
[INFO] [stderr]    Compiling base64 v0.13.0
[INFO] [stderr]    Compiling forward_ref v1.0.0
[INFO] [stderr]    Compiling semver v1.0.16
[INFO] [stderr]    Compiling anyhow v1.0.57
[INFO] [stderr]    Compiling either v1.6.1
[INFO] [stderr]    Compiling bytes v1.1.0
[INFO] [stderr]    Compiling itertools v0.10.3
[INFO] [stderr]    Compiling der v0.6.1
[INFO] [stderr]    Compiling uint v0.9.3
[INFO] [stderr]    Compiling generic-array v0.14.5
[INFO] [stderr]    Compiling getrandom v0.2.6
[INFO] [stderr]    Compiling getrandom v0.1.16
[INFO] [stderr]    Compiling rand_core v0.5.1
[INFO] [stderr]    Compiling rand_core v0.6.3
[INFO] [stderr]    Compiling ff v0.12.1
[INFO] [stderr]    Compiling group v0.12.1
[INFO] [stderr]    Compiling spki v0.6.0
[INFO] [stderr]    Compiling pkcs8 v0.9.0
[INFO] [stderr]    Compiling block-buffer v0.10.3
[INFO] [stderr]    Compiling crypto-common v0.1.6
[INFO] [stderr]    Compiling crypto-bigint v0.4.9
[INFO] [stderr]    Compiling sec1 v0.3.0
[INFO] [stderr]    Compiling digest v0.9.0
[INFO] [stderr]    Compiling block-buffer v0.9.0
[INFO] [stderr]    Compiling sha2 v0.9.9
[INFO] [stderr]    Compiling curve25519-dalek v3.2.0
[INFO] [stderr]    Compiling digest v0.10.6
[INFO] [stderr]    Compiling hmac v0.12.1
[INFO] [stderr]    Compiling signature v1.6.4
[INFO] [stderr]    Compiling sha2 v0.10.6
[INFO] [stderr]    Compiling rfc6979 v0.3.1
[INFO] [stderr]    Compiling elliptic-curve v0.12.3
[INFO] [stderr]    Compiling prost-derive v0.9.0
[INFO] [stderr]    Compiling ecdsa v0.14.8
[INFO] [stderr]    Compiling k256 v0.11.6
[INFO] [stderr]    Compiling prost v0.9.0
[INFO] [stderr]    Compiling serde_json v1.0.81
[INFO] [stderr]    Compiling ed25519-zebra v3.0.0
[INFO] [stderr]    Compiling serde-json-wasm v0.5.0
[INFO] [stderr]    Compiling cosmwasm-crypto v1.2.1
[INFO] [stderr]    Compiling schemars v0.8.11
[INFO] [stderr]    Compiling cosmwasm-std v1.2.1
[INFO] [stderr]    Compiling cosmwasm-schema v1.2.1
[INFO] [stderr]    Compiling cw-storage-plus v0.15.1
[INFO] [stderr]    Compiling cw-storage-plus v0.16.0
[INFO] [stderr]    Compiling komple-framework-types v1.1.1-beta
[INFO] [stderr]    Compiling cosmwasm-storage v1.2.1
[INFO] [stderr]    Compiling cw2 v0.15.1
[INFO] [stderr]    Compiling cw-utils v0.15.1
[INFO] [stderr]    Compiling cw2 v0.16.0
[INFO] [stderr]    Compiling cw-utils v0.16.0
[INFO] [stderr]    Compiling cw721 v0.15.0
[INFO] [stderr]    Compiling cw-multi-test v0.15.1
[INFO] [stderr]    Compiling cw20 v0.16.0
[INFO] [stderr]    Compiling cw721-base v0.15.0
[INFO] [stderr]    Compiling komple-framework-utils v1.1.1-beta
[INFO] [stderr]    Compiling komple-framework-link-permission v1.1.1-beta (/opt/rustwide/workdir)
[INFO] [stdout] error[E0433]: cannot find module or crate `komple_framework_hub_module` in this scope
[INFO] [stdout]  --> tests/integration.rs:3:5
[INFO] [stdout]   |
[INFO] [stdout] 3 | use komple_framework_hub_module::msg::{
[INFO] [stdout]   |     ^^^^^^^^^^^^^^^^^^^^^^^^^^^ use of unresolved module or unlinked crate `komple_framework_hub_module`
[INFO] [stdout]   |
[INFO] [stdout] help: there is a crate or module with a similar name
[INFO] [stdout]   |
[INFO] [stdout] 3 - use komple_framework_hub_module::msg::{
[INFO] [stdout] 3 + use komple_framework_utils::msg::{
[INFO] [stdout]   |
[INFO] [stdout] 
[INFO] [stdout] 
[INFO] [stdout] error[E0433]: cannot find module or crate `komple_framework_hub_module` in this scope
[INFO] [stdout]  --> tests/integration.rs:6:5
[INFO] [stdout]   |
[INFO] [stdout] 6 | use komple_framework_hub_module::state::HubInfo;
[INFO] [stdout]   |     ^^^^^^^^^^^^^^^^^^^^^^^^^^^ use of unresolved module or unlinked crate `komple_framework_hub_module`
[INFO] [stdout]   |
[INFO] [stdout] help: there is a crate or module with a similar name
[INFO] [stdout]   |
[INFO] [stdout] 6 - use komple_framework_hub_module::state::HubInfo;
[INFO] [stdout] 6 + use komple_framework_utils::state::HubInfo;
[INFO] [stdout]   |
[INFO] [stdout] 
[INFO] [stdout] 
[INFO] [stdout] error[E0433]: cannot find module or crate `komple_framework_metadata_module` in this scope
[INFO] [stdout]  --> tests/integration.rs:9:5
[INFO] [stdout]   |
[INFO] [stdout] 9 | use komple_framework_metadata_module::msg::InstantiateMsg as MetadataInstantiateMsg;
[INFO] [stdout]   |     ^^^^^^^^^^^^^^^^^^^^^^^^^^^^^^^^ use of unresolved module or unlinked crate `komple_framework_metadata_module`
[INFO] [stdout]   |
[INFO] [stdout]   = help: if you wanted to use a crate named `komple_framework_metadata_module`, use `cargo add komple_framework_metadata_module` to add it to your `Cargo.toml`
[INFO] [stdout] 
[INFO] [stdout] 
[INFO] [stdout] error[E0433]: cannot find module or crate `komple_framework_mint_module` in this scope
[INFO] [stdout]   --> tests/integration.rs:10:5
[INFO] [stdout]    |
[INFO] [stdout] 10 | use komple_framework_mint_module::msg::{CollectionFundInfo, ExecuteMsg as MintExecuteMsg};
[INFO] [stdout]    |     ^^^^^^^^^^^^^^^^^^^^^^^^^^^^ use of unresolved module or unlinked crate `komple_framework_mint_module`
[INFO] [stdout]    |
[INFO] [stdout] help: there is a crate or module with a similar name
[INFO] [stdout]    |
[INFO] [stdout] 10 - use komple_framework_mint_module::msg::{CollectionFundInfo, ExecuteMsg as MintExecuteMsg};
[INFO] [stdout] 10 + use komple_framework_utils::msg::{CollectionFundInfo, ExecuteMsg as MintExecuteMsg};
[INFO] [stdout]    |
[INFO] [stdout] 
[INFO] [stdout] 
[INFO] [stdout] error[E0433]: cannot find module or crate `komple_framework_mint_module` in this scope
[INFO] [stdout]   --> tests/integration.rs:11:5
[INFO] [stdout]    |
[INFO] [stdout] 11 | use komple_framework_mint_module::state::CollectionInfo;
[INFO] [stdout]    |     ^^^^^^^^^^^^^^^^^^^^^^^^^^^^ use of unresolved module or unlinked crate `komple_framework_mint_module`
[INFO] [stdout]    |
[INFO] [stdout] help: there is a crate or module with a similar name
[INFO] [stdout]    |
[INFO] [stdout] 11 - use komple_framework_mint_module::state::CollectionInfo;
[INFO] [stdout] 11 + use komple_framework_utils::state::CollectionInfo;
[INFO] [stdout]    |
[INFO] [stdout] 
[INFO] [stdout] 
[INFO] [stdout] error[E0433]: cannot find module or crate `komple_framework_permission_module` in this scope
[INFO] [stdout]   --> tests/integration.rs:12:5
[INFO] [stdout]    |
[INFO] [stdout] 12 | use komple_framework_permission_module::msg::{
[INFO] [stdout]    |     ^^^^^^^^^^^^^^^^^^^^^^^^^^^^^^^^^^ use of unresolved module or unlinked crate `komple_framework_permission_module`
[INFO] [stdout]    |
[INFO] [stdout]    = help: if you wanted to use a crate named `komple_framework_permission_module`, use `cargo add komple_framework_permission_module` to add it to your `Cargo.toml`
[INFO] [stdout] 
[INFO] [stdout] 
[INFO] [stdout] error[E0433]: cannot find module or crate `komple_framework_token_module` in this scope
[INFO] [stdout]   --> tests/integration.rs:16:5
[INFO] [stdout]    |
[INFO] [stdout] 16 | use komple_framework_token_module::msg::{MetadataInfo, TokenInfo};
[INFO] [stdout]    |     ^^^^^^^^^^^^^^^^^^^^^^^^^^^^^ use of unresolved module or unlinked crate `komple_framework_token_module`
[INFO] [stdout]    |
[INFO] [stdout]    = help: if you wanted to use a crate named `komple_framework_token_module`, use `cargo add komple_framework_token_module` to add it to your `Cargo.toml`
[INFO] [stdout] 
[INFO] [stdout] 
[INFO] [stdout] error[E0433]: cannot find module or crate `komple_framework_token_module` in this scope
[INFO] [stdout]   --> tests/integration.rs:17:5
[INFO] [stdout]    |
[INFO] [stdout] 17 | use komple_framework_token_module::state::CollectionConfig;
[INFO] [stdout]    |     ^^^^^^^^^^^^^^^^^^^^^^^^^^^^^ use of unresolved module or unlinked crate `komple_framework_token_module`
[INFO] [stdout]    |
[INFO] [stdout]    = help: if you wanted to use a crate named `komple_framework_token_module`, use `cargo add komple_framework_token_module` to add it to your `Cargo.toml`
[INFO] [stdout] 
[INFO] [stdout] 
[INFO] [stdout] error[E0432]: unresolved import `komple_framework_permission_module`
[INFO] [stdout]   --> tests/integration.rs:15:5
[INFO] [stdout]    |
[INFO] [stdout] 15 | use komple_framework_permission_module::ContractError as PermissionError;
[INFO] [stdout]    |     ^^^^^^^^^^^^^^^^^^^^^^^^^^^^^^^^^^ use of unresolved module or unlinked crate `komple_framework_permission_module`
[INFO] [stdout]    |
[INFO] [stdout]    = help: if you wanted to use a crate named `komple_framework_permission_module`, use `cargo add komple_framework_permission_module` to add it to your `Cargo.toml`
[INFO] [stdout] 
[INFO] [stdout] 
[INFO] [stdout] error[E0433]: cannot find module or crate `komple_framework_hub_module` in this scope
[INFO] [stdout]   --> tests/integration.rs:33:9
[INFO] [stdout]    |
[INFO] [stdout] 33 |         komple_framework_hub_module::contract::execute,
[INFO] [stdout]    |         ^^^^^^^^^^^^^^^^^^^^^^^^^^^ use of unresolved module or unlinked crate `komple_framework_hub_module`
[INFO] [stdout]    |
[INFO] [stdout] help: there is a crate or module with a similar name
[INFO] [stdout]    |
[INFO] [stdout] 33 -         komple_framework_hub_module::contract::execute,
[INFO] [stdout] 33 +         komple_framework_utils::contract::execute,
[INFO] [stdout]    |
[INFO] [stdout] 
[INFO] [stdout] 
[INFO] [stdout] error[E0433]: cannot find module or crate `komple_framework_hub_module` in this scope
[INFO] [stdout]   --> tests/integration.rs:34:9
[INFO] [stdout]    |
[INFO] [stdout] 34 |         komple_framework_hub_module::contract::instantiate,
[INFO] [stdout]    |         ^^^^^^^^^^^^^^^^^^^^^^^^^^^ use of unresolved module or unlinked crate `komple_framework_hub_module`
[INFO] [stdout]    |
[INFO] [stdout] help: there is a crate or module with a similar name
[INFO] [stdout]    |
[INFO] [stdout] 34 -         komple_framework_hub_module::contract::instantiate,
[INFO] [stdout] 34 +         komple_framework_utils::contract::instantiate,
[INFO] [stdout]    |
[INFO] [stdout] 
[INFO] [stdout] 
[INFO] [stdout] error[E0433]: cannot find module or crate `komple_framework_hub_module` in this scope
[INFO] [stdout]   --> tests/integration.rs:35:9
[INFO] [stdout]    |
[INFO] [stdout] 35 |         komple_framework_hub_module::contract::query,
[INFO] [stdout]    |         ^^^^^^^^^^^^^^^^^^^^^^^^^^^ use of unresolved module or unlinked crate `komple_framework_hub_module`
[INFO] [stdout]    |
[INFO] [stdout] help: there is a crate or module with a similar name
[INFO] [stdout]    |
[INFO] [stdout] 35 -         komple_framework_hub_module::contract::query,
[INFO] [stdout] 35 +         komple_framework_utils::contract::query,
[INFO] [stdout]    |
[INFO] [stdout] 
[INFO] [stdout] 
[INFO] [stdout] error[E0433]: cannot find module or crate `komple_framework_hub_module` in this scope
[INFO] [stdout]   --> tests/integration.rs:37:17
[INFO] [stdout]    |
[INFO] [stdout] 37 |     .with_reply(komple_framework_hub_module::contract::reply);
[INFO] [stdout]    |                 ^^^^^^^^^^^^^^^^^^^^^^^^^^^ use of unresolved module or unlinked crate `komple_framework_hub_module`
[INFO] [stdout]    |
[INFO] [stdout] help: there is a crate or module with a similar name
[INFO] [stdout]    |
[INFO] [stdout] 37 -     .with_reply(komple_framework_hub_module::contract::reply);
[INFO] [stdout] 37 +     .with_reply(komple_framework_utils::contract::reply);
[INFO] [stdout]    |
[INFO] [stdout] 
[INFO] [stdout] 
[INFO] [stdout] error[E0433]: cannot find module or crate `komple_framework_mint_module` in this scope
[INFO] [stdout]   --> tests/integration.rs:43:9
[INFO] [stdout]    |
[INFO] [stdout] 43 |         komple_framework_mint_module::contract::execute,
[INFO] [stdout]    |         ^^^^^^^^^^^^^^^^^^^^^^^^^^^^ use of unresolved module or unlinked crate `komple_framework_mint_module`
[INFO] [stdout]    |
[INFO] [stdout] help: there is a crate or module with a similar name
[INFO] [stdout]    |
[INFO] [stdout] 43 -         komple_framework_mint_module::contract::execute,
[INFO] [stdout] 43 +         komple_framework_utils::contract::execute,
[INFO] [stdout]    |
[INFO] [stdout] 
[INFO] [stdout] 
[INFO] [stdout] error[E0433]: cannot find module or crate `komple_framework_mint_module` in this scope
[INFO] [stdout]   --> tests/integration.rs:44:9
[INFO] [stdout]    |
[INFO] [stdout] 44 |         komple_framework_mint_module::contract::instantiate,
[INFO] [stdout]    |         ^^^^^^^^^^^^^^^^^^^^^^^^^^^^ use of unresolved module or unlinked crate `komple_framework_mint_module`
[INFO] [stdout]    |
[INFO] [stdout] help: there is a crate or module with a similar name
[INFO] [stdout]    |
[INFO] [stdout] 44 -         komple_framework_mint_module::contract::instantiate,
[INFO] [stdout] 44 +         komple_framework_utils::contract::instantiate,
[INFO] [stdout]    |
[INFO] [stdout] 
[INFO] [stdout] 
[INFO] [stdout] error[E0433]: cannot find module or crate `komple_framework_mint_module` in this scope
[INFO] [stdout]   --> tests/integration.rs:45:9
[INFO] [stdout]    |
[INFO] [stdout] 45 |         komple_framework_mint_module::contract::query,
[INFO] [stdout]    |         ^^^^^^^^^^^^^^^^^^^^^^^^^^^^ use of unresolved module or unlinked crate `komple_framework_mint_module`
[INFO] [stdout]    |
[INFO] [stdout] help: there is a crate or module with a similar name
[INFO] [stdout]    |
[INFO] [stdout] 45 -         komple_framework_mint_module::contract::query,
[INFO] [stdout] 45 +         komple_framework_utils::contract::query,
[INFO] [stdout]    |
[INFO] [stdout] 
[INFO] [stdout] 
[INFO] [stdout] error[E0433]: cannot find module or crate `komple_framework_mint_module` in this scope
[INFO] [stdout]   --> tests/integration.rs:47:17
[INFO] [stdout]    |
[INFO] [stdout] 47 |     .with_reply(komple_framework_mint_module::contract::reply);
[INFO] [stdout]    |                 ^^^^^^^^^^^^^^^^^^^^^^^^^^^^ use of unresolved module or unlinked crate `komple_framework_mint_module`
[INFO] [stdout]    |
[INFO] [stdout] help: there is a crate or module with a similar name
[INFO] [stdout]    |
[INFO] [stdout] 47 -     .with_reply(komple_framework_mint_module::contract::reply);
[INFO] [stdout] 47 +     .with_reply(komple_framework_utils::contract::reply);
[INFO] [stdout]    |
[INFO] [stdout] 
[INFO] [stdout] 
[INFO] [stdout] error[E0433]: cannot find module or crate `komple_framework_permission_module` in this scope
[INFO] [stdout]   --> tests/integration.rs:53:9
[INFO] [stdout]    |
[INFO] [stdout] 53 |         komple_framework_permission_module::contract::execute,
[INFO] [stdout]    |         ^^^^^^^^^^^^^^^^^^^^^^^^^^^^^^^^^^ use of unresolved module or unlinked crate `komple_framework_permission_module`
[INFO] [stdout]    |
[INFO] [stdout]    = help: if you wanted to use a crate named `komple_framework_permission_module`, use `cargo add komple_framework_permission_module` to add it to your `Cargo.toml`
[INFO] [stdout] 
[INFO] [stdout] 
[INFO] [stdout] error[E0433]: cannot find module or crate `komple_framework_permission_module` in this scope
[INFO] [stdout]   --> tests/integration.rs:54:9
[INFO] [stdout]    |
[INFO] [stdout] 54 |         komple_framework_permission_module::contract::instantiate,
[INFO] [stdout]    |         ^^^^^^^^^^^^^^^^^^^^^^^^^^^^^^^^^^ use of unresolved module or unlinked crate `komple_framework_permission_module`
[INFO] [stdout]    |
[INFO] [stdout]    = help: if you wanted to use a crate named `komple_framework_permission_module`, use `cargo add komple_framework_permission_module` to add it to your `Cargo.toml`
[INFO] [stdout] 
[INFO] [stdout] 
[INFO] [stdout] error[E0433]: cannot find module or crate `komple_framework_permission_module` in this scope
[INFO] [stdout]   --> tests/integration.rs:55:9
[INFO] [stdout]    |
[INFO] [stdout] 55 |         komple_framework_permission_module::contract::query,
[INFO] [stdout]    |         ^^^^^^^^^^^^^^^^^^^^^^^^^^^^^^^^^^ use of unresolved module or unlinked crate `komple_framework_permission_module`
[INFO] [stdout]    |
[INFO] [stdout]    = help: if you wanted to use a crate named `komple_framework_permission_module`, use `cargo add komple_framework_permission_module` to add it to your `Cargo.toml`
[INFO] [stdout] 
[INFO] [stdout] 
[INFO] [stdout] error[E0433]: cannot find module or crate `komple_framework_permission_module` in this scope
[INFO] [stdout]   --> tests/integration.rs:57:17
[INFO] [stdout]    |
[INFO] [stdout] 57 |     .with_reply(komple_framework_permission_module::contract::reply);
[INFO] [stdout]    |                 ^^^^^^^^^^^^^^^^^^^^^^^^^^^^^^^^^^ use of unresolved module or unlinked crate `komple_framework_permission_module`
[INFO] [stdout]    |
[INFO] [stdout]    = help: if you wanted to use a crate named `komple_framework_permission_module`, use `cargo add komple_framework_permission_module` to add it to your `Cargo.toml`
[INFO] [stdout] 
[INFO] [stdout] 
[INFO] [stdout] error[E0433]: cannot find module or crate `komple_framework_token_module` in this scope
[INFO] [stdout]   --> tests/integration.rs:63:9
[INFO] [stdout]    |
[INFO] [stdout] 63 |         komple_framework_token_module::contract::execute,
[INFO] [stdout]    |         ^^^^^^^^^^^^^^^^^^^^^^^^^^^^^ use of unresolved module or unlinked crate `komple_framework_token_module`
[INFO] [stdout]    |
[INFO] [stdout]    = help: if you wanted to use a crate named `komple_framework_token_module`, use `cargo add komple_framework_token_module` to add it to your `Cargo.toml`
[INFO] [stdout] 
[INFO] [stdout] 
[INFO] [stdout] error[E0433]: cannot find module or crate `komple_framework_token_module` in this scope
[INFO] [stdout]   --> tests/integration.rs:64:9
[INFO] [stdout]    |
[INFO] [stdout] 64 |         komple_framework_token_module::contract::instantiate,
[INFO] [stdout]    |         ^^^^^^^^^^^^^^^^^^^^^^^^^^^^^ use of unresolved module or unlinked crate `komple_framework_token_module`
[INFO] [stdout]    |
[INFO] [stdout]    = help: if you wanted to use a crate named `komple_framework_token_module`, use `cargo add komple_framework_token_module` to add it to your `Cargo.toml`
[INFO] [stdout] 
[INFO] [stdout] 
[INFO] [stdout] error[E0433]: cannot find module or crate `komple_framework_token_module` in this scope
[INFO] [stdout]   --> tests/integration.rs:65:9
[INFO] [stdout]    |
[INFO] [stdout] 65 |         komple_framework_token_module::contract::query,
[INFO] [stdout]    |         ^^^^^^^^^^^^^^^^^^^^^^^^^^^^^ use of unresolved module or unlinked crate `komple_framework_token_module`
[INFO] [stdout]    |
[INFO] [stdout]    = help: if you wanted to use a crate named `komple_framework_token_module`, use `cargo add komple_framework_token_module` to add it to your `Cargo.toml`
[INFO] [stdout] 
[INFO] [stdout] 
[INFO] [stdout] error[E0433]: cannot find module or crate `komple_framework_token_module` in this scope
[INFO] [stdout]   --> tests/integration.rs:67:17
[INFO] [stdout]    |
[INFO] [stdout] 67 |     .with_reply(komple_framework_token_module::contract::reply);
[INFO] [stdout]    |                 ^^^^^^^^^^^^^^^^^^^^^^^^^^^^^ use of unresolved module or unlinked crate `komple_framework_token_module`
[INFO] [stdout]    |
[INFO] [stdout]    = help: if you wanted to use a crate named `komple_framework_token_module`, use `cargo add komple_framework_token_module` to add it to your `Cargo.toml`
[INFO] [stdout] 
[INFO] [stdout] 
[INFO] [stdout] error[E0433]: cannot find module or crate `komple_framework_metadata_module` in this scope
[INFO] [stdout]   --> tests/integration.rs:73:9
[INFO] [stdout]    |
[INFO] [stdout] 73 |         komple_framework_metadata_module::contract::execute,
[INFO] [stdout]    |         ^^^^^^^^^^^^^^^^^^^^^^^^^^^^^^^^ use of unresolved module or unlinked crate `komple_framework_metadata_module`
[INFO] [stdout]    |
[INFO] [stdout]    = help: if you wanted to use a crate named `komple_framework_metadata_module`, use `cargo add komple_framework_metadata_module` to add it to your `Cargo.toml`
[INFO] [stdout] 
[INFO] [stdout] 
[INFO] [stdout] error[E0433]: cannot find module or crate `komple_framework_metadata_module` in this scope
[INFO] [stdout]   --> tests/integration.rs:74:9
[INFO] [stdout]    |
[INFO] [stdout] 74 |         komple_framework_metadata_module::contract::instantiate,
[INFO] [stdout]    |         ^^^^^^^^^^^^^^^^^^^^^^^^^^^^^^^^ use of unresolved module or unlinked crate `komple_framework_metadata_module`
[INFO] [stdout]    |
[INFO] [stdout]    = help: if you wanted to use a crate named `komple_framework_metadata_module`, use `cargo add komple_framework_metadata_module` to add it to your `Cargo.toml`
[INFO] [stdout] 
[INFO] [stdout] 
[INFO] [stdout] error[E0433]: cannot find module or crate `komple_framework_metadata_module` in this scope
[INFO] [stdout]   --> tests/integration.rs:75:9
[INFO] [stdout]    |
[INFO] [stdout] 75 |         komple_framework_metadata_module::contract::query,
[INFO] [stdout]    |         ^^^^^^^^^^^^^^^^^^^^^^^^^^^^^^^^ use of unresolved module or unlinked crate `komple_framework_metadata_module`
[INFO] [stdout]    |
[INFO] [stdout]    = help: if you wanted to use a crate named `komple_framework_metadata_module`, use `cargo add komple_framework_metadata_module` to add it to your `Cargo.toml`
[INFO] [stdout] 
[INFO] [stdout] 
[INFO] [stdout] Some errors have detailed explanations: E0432, E0433.
[INFO] [stdout] 
[INFO] [stdout] For more information about an error, try `rustc --explain E0432`.
[INFO] [stdout] 
[INFO] [stderr] error: could not compile `komple-framework-link-permission` (test "integration") due to 28 previous errors
[INFO] [stderr] warning: build failed, waiting for other jobs to finish...
[INFO] [stderr] warning: unused dependency `cosmwasm-storage`
[INFO] [stderr]  --> Cargo.toml:7:15
[INFO] [stderr]   |
[INFO] [stderr] 7 | [dependencies.cosmwasm-storage]
[INFO] [stderr]   |               ^^^^^^^^^^^^^^^^^
[INFO] [stderr]   |
[INFO] [stderr]   = note: `cargo::unused_dependencies` is set to `warn` by default
[INFO] [stderr] help: consider removing the dependency on `cosmwasm-storage`
[INFO] [stderr] warning: `komple-framework-link-permission` (manifest) generated 1 warning
[INFO] running `Command { std: "docker" "inspect" "204aa884e9c0cae6686533698bce0341f58b87d08a1cab19efe03e9c00538aec", kill_on_drop: false }`
[INFO] running `Command { std: "docker" "rm" "-f" "204aa884e9c0cae6686533698bce0341f58b87d08a1cab19efe03e9c00538aec", kill_on_drop: false }`
[INFO] [stdout] 204aa884e9c0cae6686533698bce0341f58b87d08a1cab19efe03e9c00538aec
