[INFO] fetching crate kommitted 0.3.1...
[INFO] testing kommitted-0.3.1 against 1.99.0-beta.8+cargoflags=--release for beta-release-1.100-2
[INFO] extracting crate kommitted 0.3.1 into /workspace/builds/worker-2-tc1/source
[INFO] started tweaking crates.io crate kommitted 0.3.1
[INFO] finished tweaking crates.io crate kommitted 0.3.1
[INFO] tweaked toml for crates.io crate kommitted 0.3.1 written to /workspace/builds/worker-2-tc1/source/Cargo.toml
[INFO] validating manifest of crates.io crate kommitted 0.3.1 on toolchain 1.99.0-beta.8
[INFO] running `Command { std: CARGO_HOME="/workspace/cargo-home" RUSTUP_HOME="/workspace/rustup-home" "/workspace/cargo-home/bin/cargo" "+1.99.0-beta.8" "metadata" "--manifest-path" "Cargo.toml" "--no-deps", kill_on_drop: false }`
[INFO] crate crates.io crate kommitted 0.3.1 already has a lockfile, it will not be regenerated
[INFO] running `Command { std: CARGO_HOME="/workspace/cargo-home" RUSTUP_HOME="/workspace/rustup-home" "/workspace/cargo-home/bin/cargo" "+1.99.0-beta.8" "fetch" "--manifest-path" "Cargo.toml", kill_on_drop: false }`
[INFO] [stderr]     Updating crates.io index
[INFO] [stderr]  Downloading crates ...
[INFO] [stderr]   Downloaded thiserror v1.0.61
[INFO] [stderr]   Downloaded proc-macro2 v1.0.83
[INFO] [stderr]   Downloaded shared_child v1.0.0
[INFO] [stderr]   Downloaded thiserror-impl v1.0.61
[INFO] [stderr]   Downloaded cc v1.0.98
[INFO] [stderr]   Downloaded os_pipe v1.1.5
[INFO] [stderr]   Downloaded duct v0.13.7
[INFO] [stderr]   Downloaded bytes_parser v0.1.5
[INFO] [stderr]   Downloaded konsumer_offsets v0.3.2
[INFO] [stderr]   Downloaded miniz_oxide v0.7.3
[INFO] [stderr]   Downloaded exit-code v1.0.0
[INFO] [stderr]   Downloaded serde_derive v1.0.202
[INFO] [stderr]   Downloaded openssl-sys v0.9.102
[INFO] [stderr]   Downloaded const_format_proc_macros v0.2.32
[INFO] [stderr]   Downloaded serde v1.0.202
[INFO] [stderr]   Downloaded const_format v0.2.32
[INFO] [stderr]   Downloaded rdkafka v0.36.2
[INFO] [stderr]   Downloaded serde_json v1.0.117
[INFO] [stderr]   Downloaded hyper v1.3.1
[INFO] [stderr]   Downloaded h2 v0.4.5
[INFO] [stderr]   Downloaded async-trait v0.1.80
[INFO] [stderr]   Downloaded syn v2.0.65
[INFO] [stderr]   Downloaded axum v0.7.5
[INFO] [stderr]   Downloaded axum-core v0.4.3
[INFO] [stderr]   Downloaded sasl2-sys v0.1.22+2.1.28
[INFO] [stderr]   Downloaded libz-sys v1.1.16
[INFO] [stderr]   Downloaded rdkafka-sys v4.7.0+2.3.0
[INFO] [stderr]   Downloaded krb5-src v0.3.3+1.19.2
[INFO] running `Command { std: "docker" "create" "-v" "/var/lib/crater-agent-workspace/builds/worker-2-tc1/source:/opt/rustwide/workdir:ro,Z" "-v" "/var/lib/crater-agent-workspace/builds/worker-2-tc1/target:/opt/rustwide/target:rw,Z" "-v" "/var/lib/crater-agent-workspace/cargo-home:/opt/rustwide/cargo-home:ro,Z" "-v" "/var/lib/crater-agent-workspace/rustup-home:/opt/rustwide/rustup-home:ro,Z" "-m" "1610612736" "--network" "none" "ghcr.io/rust-lang/crates-build-env/linux@sha256:77db811e55d90add9212f6832c23229e3de5f1c1f9905e8cb07319ea15df73ac" "sleep" "infinity", kill_on_drop: false }`
[INFO] [stdout] 29b7d44a6a333e1588dfa82448be796c72a1a2187d904cfdd41f85e6e77f4e52
[INFO] running `Command { std: "docker" "start" "29b7d44a6a333e1588dfa82448be796c72a1a2187d904cfdd41f85e6e77f4e52", kill_on_drop: false }`
[INFO] running `Command { std: "docker" "inspect" "29b7d44a6a333e1588dfa82448be796c72a1a2187d904cfdd41f85e6e77f4e52", kill_on_drop: false }`
[INFO] running `Command { std: "docker" "exec" "-e" "SOURCE_DIR=/opt/rustwide/workdir" "-e" "CARGO_HOME=/opt/rustwide/cargo-home" "-e" "RUSTUP_HOME=/opt/rustwide/rustup-home" "-e" "CARGO_TARGET_DIR=/opt/rustwide/target" "-w" "/opt/rustwide/workdir" "--user" "0:0" "29b7d44a6a333e1588dfa82448be796c72a1a2187d904cfdd41f85e6e77f4e52" "/opt/rustwide/cargo-home/bin/cargo" "+1.99.0-beta.8" "metadata" "--no-deps" "--format-version=1", kill_on_drop: false }`
[INFO] running `Command { std: "docker" "inspect" "29b7d44a6a333e1588dfa82448be796c72a1a2187d904cfdd41f85e6e77f4e52", kill_on_drop: false }`
[INFO] running `Command { std: "docker" "exec" "-e" "SOURCE_DIR=/opt/rustwide/workdir" "-e" "CARGO_HOME=/opt/rustwide/cargo-home" "-e" "RUSTUP_HOME=/opt/rustwide/rustup-home" "-e" "CARGO_TARGET_DIR=/opt/rustwide/target" "-e" "CARGO_INCREMENTAL=0" "-e" "RUST_BACKTRACE=full" "-e" "RUSTFLAGS=--cap-lints=warn" "-e" "RUSTDOCFLAGS=--cap-lints=warn" "-w" "/opt/rustwide/workdir" "--user" "0:0" "29b7d44a6a333e1588dfa82448be796c72a1a2187d904cfdd41f85e6e77f4e52" "/opt/rustwide/cargo-home/bin/cargo" "+1.99.0-beta.8" "build" "--frozen" "--message-format=json" "--release", kill_on_drop: false }`
[INFO] [stderr]    Compiling proc-macro2 v1.0.83
[INFO] [stderr]    Compiling libc v0.2.155
[INFO] [stderr]    Compiling bytes v1.6.0
[INFO] [stderr]    Compiling pin-project-lite v0.2.14
[INFO] [stderr]    Compiling pkg-config v0.3.30
[INFO] [stderr]    Compiling once_cell v1.19.0
[INFO] [stderr]    Compiling itoa v1.0.11
[INFO] [stderr]    Compiling cc v1.0.98
[INFO] [stderr]    Compiling futures-core v0.3.30
[INFO] [stderr]    Compiling fnv v1.0.7
[INFO] [stderr]    Compiling log v0.4.21
[INFO] [stderr]    Compiling vcpkg v0.2.15
[INFO] [stderr]    Compiling rustversion v1.0.17
[INFO] [stderr]    Compiling slab v0.4.9
[INFO] [stderr]    Compiling memchr v2.7.2
[INFO] [stderr]    Compiling bitflags v2.5.0
[INFO] [stderr]    Compiling pin-utils v0.1.0
[INFO] [stderr]    Compiling futures-task v0.3.30
[INFO] [stderr]    Compiling serde v1.0.202
[INFO] [stderr]    Compiling hashbrown v0.14.5
[INFO] [stderr]    Compiling equivalent v1.0.1
[INFO] [stderr]    Compiling syn v1.0.109
[INFO] [stderr]    Compiling toml_datetime v0.6.6
[INFO] [stderr]    Compiling futures-util v0.3.30
[INFO] [stderr]    Compiling tracing-core v0.1.32
[INFO] [stderr]    Compiling smallvec v1.13.2
[INFO] [stderr]    Compiling winnow v0.5.40
[INFO] [stderr]    Compiling utf8parse v0.2.1
[INFO] [stderr]    Compiling thiserror v1.0.61
[INFO] [stderr]    Compiling futures-sink v0.3.30
[INFO] [stderr]    Compiling cfg-if v1.0.0
[INFO] [stderr]    Compiling httparse v1.8.0
[INFO] [stderr]    Compiling anstyle-parse v0.2.4
[INFO] [stderr]    Compiling aho-corasick v1.1.3
[INFO] [stderr]    Compiling futures-channel v0.3.30
[INFO] [stderr]    Compiling lock_api v0.4.12
[INFO] [stderr]    Compiling serde_json v1.0.117
[INFO] [stderr]    Compiling quote v1.0.36
[INFO] [stderr]    Compiling http v1.1.0
[INFO] [stderr]    Compiling openssl-src v300.2.3+3.2.1
[INFO] [stderr]    Compiling atomic-waker v1.1.2
[INFO] [stderr]    Compiling regex-syntax v0.8.3
[INFO] [stderr]    Compiling ryu v1.0.18
[INFO] [stderr]    Compiling parking_lot_core v0.9.10
[INFO] [stderr]    Compiling syn v2.0.65
[INFO] [stderr]    Compiling tracing v0.1.40
[INFO] [stderr]    Compiling indexmap v2.2.6
[INFO] [stderr]    Compiling anstyle v1.0.7
[INFO] [stderr]    Compiling is_terminal_polyfill v1.70.0
[INFO] [stderr]    Compiling tower-service v0.3.2
[INFO] [stderr]    Compiling tower-layer v0.3.2
[INFO] [stderr]    Compiling shared_child v1.0.0
[INFO] [stderr]    Compiling os_pipe v1.1.5
[INFO] [stderr]    Compiling cfg_aliases v0.1.1
[INFO] [stderr]    Compiling colorchoice v1.0.1
[INFO] [stderr]    Compiling openssl-sys v0.9.102
[INFO] [stderr]    Compiling libz-sys v1.1.16
[INFO] [stderr]    Compiling duct v0.13.7
[INFO] [stderr]    Compiling mio v0.8.11
[INFO] [stderr]    Compiling socket2 v0.5.7
[INFO] [stderr]    Compiling num_cpus v1.16.0
[INFO] [stderr]    Compiling linux-raw-sys v0.4.14
[INFO] [stderr]    Compiling krb5-src v0.3.3+1.19.2
[INFO] [stderr]    Compiling sasl2-sys v0.1.22+2.1.28
[INFO] [stderr]    Compiling toml_edit v0.19.15
[INFO] [stderr]    Compiling anstyle-query v1.0.3
[INFO] [stderr]    Compiling anstream v0.6.14
[INFO] [stderr]    Compiling rustix v0.38.34
[INFO] [stderr]    Compiling nix v0.28.0
[INFO] [stderr]    Compiling http-body v1.0.0
[INFO] [stderr]    Compiling axum-core v0.4.3
[INFO] [stderr]    Compiling rdkafka-sys v4.7.0+2.3.0
[INFO] [stderr]    Compiling httpdate v1.0.3
[INFO] [stderr]    Compiling protobuf v2.28.0
[INFO] [stderr]    Compiling http-body-util v0.1.1
[INFO] [stderr]    Compiling percent-encoding v2.3.1
[INFO] [stderr]    Compiling scopeguard v1.2.0
[INFO] [stderr]    Compiling num-traits v0.2.19
[INFO] [stderr]    Compiling terminal_size v0.3.0
[INFO] [stderr]    Compiling form_urlencoded v1.2.1
[INFO] [stderr]    Compiling axum v0.7.5
[INFO] [stderr]    Compiling unicode-xid v0.2.4
[INFO] [stderr]    Compiling iana-time-zone v0.1.60
[INFO] [stderr]    Compiling mime v0.3.17
[INFO] [stderr]    Compiling sync_wrapper v0.1.2
[INFO] [stderr]    Compiling strsim v0.11.1
[INFO] [stderr]    Compiling clap_lex v0.7.0
[INFO] [stderr]    Compiling prometheus v0.13.4
[INFO] [stderr]    Compiling const_format_proc_macros v0.2.32
[INFO] [stderr]    Compiling clap_builder v4.5.2
[INFO] [stderr]    Compiling parking_lot v0.12.2
[INFO] [stderr]    Compiling lazy_static v1.4.0
[INFO] [stderr]    Compiling matchit v0.7.3
[INFO] [stderr]    Compiling humantime v2.1.0
[INFO] [stderr]    Compiling sync_wrapper v1.0.1
[INFO] [stderr]    Compiling exit-code v1.0.0
[INFO] [stderr]    Compiling chrono v0.4.38
[INFO] [stderr]    Compiling proc-macro-crate v1.3.1
[INFO] [stderr]    Compiling const_format v0.2.32
[INFO] [stderr]    Compiling regex-automata v0.4.6
[INFO] [stderr]    Compiling num_enum_derive v0.5.11
[INFO] [stderr]    Compiling ctrlc v3.4.4
[INFO] [stderr]    Compiling num_enum v0.5.11
[INFO] [stderr]    Compiling tokio-macros v2.2.0
[INFO] [stderr]    Compiling serde_derive v1.0.202
[INFO] [stderr]    Compiling thiserror-impl v1.0.61
[INFO] [stderr]    Compiling pin-project-internal v1.1.5
[INFO] [stderr]    Compiling async-trait v0.1.80
[INFO] [stderr]    Compiling clap_derive v4.5.4
[INFO] [stderr]    Compiling tokio v1.37.0
[INFO] [stderr]    Compiling bytes_parser v0.1.5
[INFO] [stderr]    Compiling pin-project v1.1.5
[INFO] [stderr]    Compiling konsumer_offsets v0.3.2
[INFO] [stderr]    Compiling clap v4.5.4
[INFO] [stderr]    Compiling regex v1.10.4
[INFO] [stderr]    Compiling env_filter v0.1.0
[INFO] [stderr]    Compiling env_logger v0.11.3
[INFO] [stderr]    Compiling tokio-util v0.7.11
[INFO] [stderr]    Compiling tower v0.4.13
[INFO] [stderr]    Compiling tower-http v0.5.2
[INFO] [stderr]    Compiling serde_path_to_error v0.1.16
[INFO] [stderr]    Compiling serde_urlencoded v0.7.1
[INFO] [stderr]    Compiling h2 v0.4.5
[INFO] [stderr]    Compiling hyper v1.3.1
[INFO] [stderr]    Compiling hyper-util v0.1.3
[INFO] [stderr] error: failed to run custom build command for `krb5-src v0.3.3+1.19.2`
[INFO] [stderr] note: To improve backtraces for build dependencies, set the CARGO_PROFILE_RELEASE_BUILD_OVERRIDE_DEBUG=true environment variable to enable debug information generation.
[INFO] [stderr] 
[INFO] [stderr] Caused by:
[INFO] [stderr]   process didn't exit successfully: `/opt/rustwide/target/release/build/krb5-src-47ec9313b1dfadc3/build-script-build` (exit status: 101)
[INFO] [stderr]   --- stdout
[INFO] [stderr]   checking for gcc... gcc
[INFO] [stderr]   checking whether the C compiler works... yes
[INFO] [stderr]   checking for C compiler default output file name... a.out
[INFO] [stderr]   checking for suffix of executables... 
[INFO] [stderr]   checking whether we are cross compiling... no
[INFO] [stderr]   checking for suffix of object files... o
[INFO] [stderr]   checking whether the compiler supports GNU C... yes
[INFO] [stderr]   checking whether gcc accepts -g... yes
[INFO] [stderr]   checking for gcc option to enable C11 features... none needed
[INFO] [stderr]   checking for g++... g++
[INFO] [stderr]   checking whether the compiler supports GNU C++... yes
[INFO] [stderr]   checking whether g++ accepts -g... yes
[INFO] [stderr]   checking for g++ option to enable C++11 features... none needed
[INFO] [stderr]   checking if C compiler supports -Werror=unknown-warning-option... no
[INFO] [stderr]   checking how to run the C preprocessor... gcc -E
[INFO] [stderr]   checking for pkg-config... /usr/bin/pkg-config
[INFO] [stderr]   checking pkg-config is at least version 0.9.0... yes
[INFO] [stderr]   checking build system type... x86_64-pc-linux-gnu
[INFO] [stderr]   checking host system type... x86_64-pc-linux-gnu
[INFO] [stderr]   checking for a sed that does not truncate output... /usr/bin/sed
[INFO] [stderr]   checking for grep that handles long lines and -e... /usr/bin/grep
[INFO] [stderr]   checking for egrep... /usr/bin/grep -E
[INFO] [stderr]   checking for GNU linker... yes
[INFO] [stderr]   configure: adding extra warning flags for gcc
[INFO] [stderr]   configure: skipping pedantic warnings on Linux
[INFO] [stderr]   configure: adding extra warning flags for g++
[INFO] [stderr]   checking if C compiler supports -Wno-format-zero-length... yes
[INFO] [stderr]   checking if C compiler supports -Woverflow... yes
[INFO] [stderr]   checking if C compiler supports -Wstrict-overflow... yes
[INFO] [stderr]   checking if C compiler supports -Wmissing-format-attribute... yes
[INFO] [stderr]   checking if C compiler supports -Wmissing-prototypes... yes
[INFO] [stderr]   checking if C compiler supports -Wreturn-type... yes
[INFO] [stderr]   checking if C compiler supports -Wmissing-braces... yes
[INFO] [stderr]   checking if C compiler supports -Wparentheses... yes
[INFO] [stderr]   checking if C compiler supports -Wswitch... yes
[INFO] [stderr]   checking if C compiler supports -Wunused-function... yes
[INFO] [stderr]   checking if C compiler supports -Wunused-label... yes
[INFO] [stderr]   checking if C compiler supports -Wunused-variable... yes
[INFO] [stderr]   checking if C compiler supports -Wunused-value... yes
[INFO] [stderr]   checking if C compiler supports -Wunknown-pragmas... yes
[INFO] [stderr]   checking if C compiler supports -Wsign-compare... yes
[INFO] [stderr]   checking if C compiler supports -Wnewline-eof... no
[INFO] [stderr]   checking if C compiler supports -Werror=uninitialized... yes
[INFO] [stderr]   checking if C compiler supports -Wno-maybe-uninitialized... yes
[INFO] [stderr]   checking if C compiler supports -Werror=pointer-arith... yes
[INFO] [stderr]   checking if C compiler supports -Werror=int-conversion... yes
[INFO] [stderr]   checking if C compiler supports -Werror=incompatible-pointer-types... yes
[INFO] [stderr]   checking if C compiler supports -Werror=discarded-qualifiers... yes
[INFO] [stderr]   checking if C compiler supports -Werror=implicit-int... yes
[INFO] [stderr]   checking if C compiler supports -Werror=declaration-after-statement... yes
[INFO] [stderr]   checking if C compiler supports -Werror-implicit-function-declaration... yes
[INFO] [stderr]   checking which version of com_err to use... krb5
[INFO] [stderr]   checking which version of subsystem package to use... krb5
[INFO] [stderr]   checking for an ANSI C-conforming const... yes
[INFO] [stderr]   checking for gethostbyname... yes
[INFO] [stderr]   checking for socket... yes
[INFO] [stderr]   checking for main in -lresolv... yes
[INFO] [stderr]   checking for res_ninit... yes
[INFO] [stderr]   checking for res_nclose... yes
[INFO] [stderr]   checking for res_ndestroy... no
[INFO] [stderr]   checking for res_nsearch... yes
[INFO] [stderr]   checking for ns_initparse... yes
[INFO] [stderr]   checking for ns_name_uncompress... yes
[INFO] [stderr]   checking for dn_skipname... yes
[INFO] [stderr]   checking for res_search... yes
[INFO] [stderr]   checking whether pragma weak references are supported... yes
[INFO] [stderr]   checking for constructor/destructor attribute support... yes,yes
[INFO] [stderr]   configure: enabling thread support
[INFO] [stderr]   checking whether gcc is Clang... no
[INFO] [stderr]   checking whether pthreads work with -pthread... yes
[INFO] [stderr]   checking for joinable pthread attribute... PTHREAD_CREATE_JOINABLE
[INFO] [stderr]   checking whether more special flags are required for pthreads... no
[INFO] [stderr]   checking for PTHREAD_PRIO_INHERIT... yes
[INFO] [stderr]   configure: PTHREAD_CC = gcc
[INFO] [stderr]   configure: PTHREAD_CFLAGS = -pthread
[INFO] [stderr]   configure: PTHREAD_LIBS = 
[INFO] [stderr]   checking for pthread_once... yes
[INFO] [stderr]   checking for pthread_rwlock_init... yes
[INFO] [stderr]   configure: rechecking with PTHREAD_... options
[INFO] [stderr]   checking for pthread_rwlock_init in -lc... yes
[INFO] [stderr]   checking for library containing dlopen... none required
[INFO] [stderr]   checking for pkg-config... (cached) /usr/bin/pkg-config
[INFO] [stderr]   checking pkg-config is at least version 0.9.0... yes
[INFO] [stderr]   checking for stdio.h... yes
[INFO] [stderr]   checking for stdlib.h... yes
[INFO] [stderr]   checking for string.h... yes
[INFO] [stderr]   checking for inttypes.h... yes
[INFO] [stderr]   checking for stdint.h... yes
[INFO] [stderr]   checking for strings.h... yes
[INFO] [stderr]   checking for sys/stat.h... yes
[INFO] [stderr]   checking for sys/types.h... yes
[INFO] [stderr]   checking for unistd.h... yes
[INFO] [stderr]   checking for sys/time.h... yes
[INFO] [stderr]   checking for stdint.h... (cached) yes
[INFO] [stderr]   checking whether integers are two's complement... yes
[INFO] [stderr]   checking whether CHAR_BIT is 8... yes
[INFO] [stderr]   checking if va_copy is available... yes
[INFO] [stderr]   checking if va_list objects can be copied by assignment... no
[INFO] [stderr]   configure: using static libraries
[INFO] [stderr]   checking for tclConfig.sh... not found
[INFO] [stderr]   checking whether ln -s works... yes
[INFO] [stderr]   checking for ranlib... ranlib
[INFO] [stderr]   checking for a BSD-compatible install... /usr/bin/install -c
[INFO] [stderr]   checking for ar... ar
[INFO] [stderr]   checking for perl... perl
[INFO] [stderr]   checking for working regcomp... yes
[INFO] [stderr]   checking for mode_t... yes
[INFO] [stderr]   checking if daemon needs a prototype provided... no
[INFO] [stderr]   checking if getsockname() takes arguments struct sockaddr * and size_t *... no
[INFO] [stderr]   checking if getsockname() takes arguments struct sockaddr * and int *... no
[INFO] [stderr]   checking if getsockname() takes arguments struct sockaddr * and socklen_t *... yes
[INFO] [stderr]   checking for main in -lutil... yes
[INFO] [stderr]   checking for sys/sockio.h... no
[INFO] [stderr]   checking for ifaddrs.h... yes
[INFO] [stderr]   checking for unistd.h... (cached) yes
[INFO] [stderr]   checking for fnmatch.h... yes
[INFO] [stderr]   checking for vsprintf... yes
[INFO] [stderr]   checking for vasprintf... yes
[INFO] [stderr]   checking for vsnprintf... yes
[INFO] [stderr]   checking for strlcpy... yes
[INFO] [stderr]   checking for fnmatch... yes
[INFO] [stderr]   checking for secure_getenv... yes
[INFO] [stderr]   checking for strlcpy... (cached) yes
[INFO] [stderr]   checking for getopt... yes
[INFO] [stderr]   checking for getopt_long... yes
[INFO] [stderr]   checking for fnmatch... (cached) yes
[INFO] [stderr]   checking for vasprintf... (cached) yes
[INFO] [stderr]   checking if vasprintf needs a prototype provided... no
[INFO] [stderr]   checking if swab needs a prototype provided... no
[INFO] [stderr]   checking for secure_getenv... (cached) yes
[INFO] [stderr]   checking for gawk... no
[INFO] [stderr]   checking for mawk... mawk
[INFO] [stderr]   checking for struct sockaddr.sa_len... no
[INFO] [stderr]   checking for sys/types.h... (cached) yes
[INFO] [stderr]   checking for sys/socket.h... yes
[INFO] [stderr]   checking for netinet/in.h... yes
[INFO] [stderr]   checking for netdb.h... yes
[INFO] [stderr]   checking for inet_ntop... yes
[INFO] [stderr]   checking for inet_pton... yes
[INFO] [stderr]   checking for getnameinfo... yes
[INFO] [stderr]   checking for getaddrinfo... yes
[INFO] [stderr]   checking for IPv6 compile-time support without -DINET6... yes
[INFO] [stderr]   checking for struct sockaddr.sa_len... (cached) no
[INFO] [stderr]   checking for sigprocmask... yes
[INFO] [stderr]   checking for sigset_t and POSIX_SIGNALS... yes
[INFO] [stderr]   checking for SSL_CTX_new in -lssl... yes
[INFO] [stderr]   checking for OpenSSL... yes
[INFO] [stderr]   configure: TLS module will use OpenSSL
[INFO] [stderr]   checking for keyutils.h... no
[INFO] [stderr]   checking for EC_POINT_new in -lcrypto... yes
[INFO] [stderr]   checking for yasm... no
[INFO] [stderr]   checking for cpuid.h... yes
[INFO] [stderr]   checking return type of signal handlers... void
[INFO] [stderr]   checking for flex... no
[INFO] [stderr]   checking for lex... no
[INFO] [stderr]   checking for an ANSI C-conforming const... (cached) yes
[INFO] [stderr]   checking for dirent.h that defines DIR... yes
[INFO] [stderr]   checking for library containing opendir... none required
[INFO] [stderr]   checking for gcc options needed to detect all undeclared functions... none needed
[INFO] [stderr]   checking whether strerror_r is declared... yes
[INFO] [stderr]   checking whether strerror_r returns char *... yes
[INFO] [stderr]   checking for strdup... yes
[INFO] [stderr]   checking for setvbuf... yes
[INFO] [stderr]   checking for seteuid... yes
[INFO] [stderr]   checking for setresuid... yes
[INFO] [stderr]   checking for setreuid... yes
[INFO] [stderr]   checking for setegid... yes
[INFO] [stderr]   checking for setresgid... yes
[INFO] [stderr]   checking for setregid... yes
[INFO] [stderr]   checking for setsid... yes
[INFO] [stderr]   checking for flock... yes
[INFO] [stderr]   checking for fchmod... yes
[INFO] [stderr]   checking for chmod... yes
[INFO] [stderr]   checking for strptime... yes
[INFO] [stderr]   checking for geteuid... yes
[INFO] [stderr]   checking for setenv... yes
[INFO] [stderr]   checking for unsetenv... yes
[INFO] [stderr]   checking for getenv... yes
[INFO] [stderr]   checking for gmtime_r... yes
[INFO] [stderr]   checking for localtime_r... yes
[INFO] [stderr]   checking for bswap16... no
[INFO] [stderr]   checking for bswap64... no
[INFO] [stderr]   checking for mkstemp... yes
[INFO] [stderr]   checking for getusershell... yes
[INFO] [stderr]   checking for access... yes
[INFO] [stderr]   checking for getcwd... yes
[INFO] [stderr]   checking for srand48... yes
[INFO] [stderr]   checking for srand... yes
[INFO] [stderr]   checking for srandom... yes
[INFO] [stderr]   checking for stat... yes
[INFO] [stderr]   checking for strchr... yes
[INFO] [stderr]   checking for strerror... yes
[INFO] [stderr]   checking for timegm... yes
[INFO] [stderr]   checking for explicit_bzero... yes
[INFO] [stderr]   checking for explicit_memset... no
[INFO] [stderr]   checking for getresuid... yes
[INFO] [stderr]   checking for getresgid... yes
[INFO] [stderr]   checking for mkstemp... (cached) yes
[INFO] [stderr]   checking for gettimeofday... yes
[INFO] [stderr]   checking for sys_errlist declaration... no
[INFO] [stderr]   checking for sys_errlist in libc... no
[INFO] [stderr]   checking for unistd.h... (cached) yes
[INFO] [stderr]   checking for paths.h... yes
[INFO] [stderr]   checking for regex.h... yes
[INFO] [stderr]   checking for regexpr.h... no
[INFO] [stderr]   checking for fcntl.h... yes
[INFO] [stderr]   checking for memory.h... yes
[INFO] [stderr]   checking for ifaddrs.h... (cached) yes
[INFO] [stderr]   checking for sys/filio.h... no
[INFO] [stderr]   checking for byteswap.h... yes
[INFO] [stderr]   checking for machine/endian.h... no
[INFO] [stderr]   checking for machine/byte_order.h... no
[INFO] [stderr]   checking for sys/bswap.h... no
[INFO] [stderr]   checking for endian.h... yes
[INFO] [stderr]   checking for pwd.h... yes
[INFO] [stderr]   checking for arpa/inet.h... yes
[INFO] [stderr]   checking for alloca.h... yes
[INFO] [stderr]   checking for dlfcn.h... yes
[INFO] [stderr]   checking for limits.h... yes
[INFO] [stderr]   checking for regexp.h... no
[INFO] [stderr]   checking for struct stat.st_mtimensec... no
[INFO] [stderr]   checking for struct stat.st_mtimespec.tv_nsec... no
[INFO] [stderr]   checking for struct stat.st_mtim.tv_nsec... yes
[INFO] [stderr]   checking for re_comp... yes
[INFO] [stderr]   checking for re_exec... yes
[INFO] [stderr]   checking for regexec... yes
[INFO] [stderr]   checking for off_t... yes
[INFO] [stderr]   checking for perror declaration... no
[INFO] [stderr]   checking if strptime needs a prototype provided... no
[INFO] [stderr]   checking if argument to wait is int *... no
[INFO] [stderr]   checking for use of sigprocmask... yes
[INFO] [stderr]   checking for uid_t in sys/types.h... yes
[INFO] [stderr]   checking type of array argument to getgroups... gid_t
[INFO] [stderr]   checking for sigsetjmp... no
[INFO] [stderr]   checking return type of setrpcent... int
[INFO] [stderr]   checking return type of endrpcent... void
[INFO] [stderr]   checking for bswap_16... yes
[INFO] [stderr]   checking for bswap_64... yes
[INFO] [stderr]   checking for gethostbyname_r... yes
[INFO] [stderr]   checking if gethostbyname_r returns an int... no
[INFO] [stderr]   checking if gethostbyname_r returns a pointer... no
[INFO] [stderr]   checking for getpwnam_r... yes
[INFO] [stderr]   checking for getpwuid_r... yes
[INFO] [stderr]   checking return type of getpwnam_r... unknown
[INFO] [stderr]   configure: getpwnam_r not useful, so disabling getpwuid_r too
[INFO] [stderr]   checking whether gmtime_r returns int... unknown -- ignoring gmtime_r
[INFO] [stderr]   checking for getservbyname_r... yes
[INFO] [stderr]   checking if getservbyname_r returns an int... no
[INFO] [stderr]   checking if getservbyname_r returns a pointer... no
[INFO] [stderr]   checking for yylineno declaration... no
[INFO] [stderr]   checking for dirent.h... yes
[INFO] [stderr]   checking for uid_t in sys/types.h... (cached) yes
[INFO] [stderr]   checking for termios.h... yes
[INFO] [stderr]   checking for tcsetattr... yes
[INFO] [stderr]   checking POSIX signal handlers... no
[INFO] [stderr]   checking for poll.h... yes
[INFO] [stderr]   checking for stdlib.h... (cached) yes
[INFO] [stderr]   checking for string.h... (cached) yes
[INFO] [stderr]   checking for stddef.h... yes
[INFO] [stderr]   checking for sys/types.h... (cached) yes
[INFO] [stderr]   checking for sys/file.h... yes
[INFO] [stderr]   checking for sys/param.h... yes
[INFO] [stderr]   checking for sys/stat.h... (cached) yes
[INFO] [stderr]   checking for sys/time.h... (cached) yes
[INFO] [stderr]   checking for netinet/in.h... (cached) yes
[INFO] [stderr]   checking for sys/uio.h... yes
[INFO] [stderr]   checking for sys/filio.h... (cached) no
[INFO] [stderr]   checking for sys/select.h... yes
[INFO] [stderr]   checking for time.h... yes
[INFO] [stderr]   checking for paths.h... (cached) yes
[INFO] [stderr]   checking for errno.h... yes
[INFO] [stderr]   checking for in6addr_any definition in library... yes
[INFO] [stderr]   checking for time_t... yes
[INFO] [stderr]   checking size of time_t... 8
[INFO] [stderr]   checking for replay cache directory... /var/tmp
[INFO] [stderr]   checking for socklen_t... yes
[INFO] [stderr]   checking for struct lifconf... no
[INFO] [stderr]   checking for struct if_laddrconf... no
[INFO] [stderr]   checking for h_errno in netdb.h... yes
[INFO] [stderr]   checking for inline... inline
[INFO] [stderr]   checking for struct cmsghdr... yes
[INFO] [stderr]   checking for struct in_pktinfo... yes
[INFO] [stderr]   checking for struct in6_pktinfo... yes
[INFO] [stderr]   checking for struct sockaddr_storage... yes
[INFO] [stderr]   checking for struct rt_msghdr... no
[INFO] [stderr]   checking size of size_t... 8
[INFO] [stderr]   checking for __int128_t... yes
[INFO] [stderr]   checking for __uint128_t... yes
[INFO] [stderr]   checking for ssize_t... yes
[INFO] [stderr]   checking for u_char... yes
[INFO] [stderr]   checking for u_int... yes
[INFO] [stderr]   checking for u_long... yes
[INFO] [stderr]   checking for u_int8_t... yes
[INFO] [stderr]   checking for u_int16_t... yes
[INFO] [stderr]   checking for u_int32_t... yes
[INFO] [stderr]   checking for int8_t... yes
[INFO] [stderr]   checking for int16_t... yes
[INFO] [stderr]   checking for int32_t... yes
[INFO] [stderr]   checking for sh... /usr/bin/sh
[INFO] [stderr]   checking for sh5... false
[INFO] [stderr]   checking for bash... /bin/bash
[INFO] [stderr]   checking if /usr/bin/sh supports functions... yes
[INFO] [stderr]   checking for POSIX printf positional specification support... yes
[INFO] [stderr]   checking for dig... false
[INFO] [stderr]   checking for nslookup... false
[INFO] [stderr]   checking for bison... bison -y
[INFO] [stderr]   checking for runtest... no
[INFO] [stderr]   checking for perl... perl
[INFO] [stderr]   checking for expect... no
[INFO] [stderr]   checking whether to use priocntl hack... no
[INFO] [stderr]   checking for runtest... no
[INFO] [stderr]   checking for perl... (cached) perl
[INFO] [stderr]   checking for xom.h... no
[INFO] [stderr]   checking where struct rpcent is declared... rpc/netdb.h
[INFO] [stderr]   checking for sys/select.h... (cached) yes
[INFO] [stderr]   checking for sys/time.h... (cached) yes
[INFO] [stderr]   checking for unistd.h... (cached) yes
[INFO] [stderr]   checking for MAXHOSTNAMELEN in sys/param.h... yes
[INFO] [stderr]   checking for MAXHOSTNAMELEN in netdb.h... no
[INFO] [stderr]   checking for BSD type aliases... yes
[INFO] [stderr]   checking return type of setrpcent... (cached) int
[INFO] [stderr]   checking return type of endrpcent... (cached) void
[INFO] [stderr]   checking for a recent enough OpenSSL... yes
[INFO] [stderr]   checking for PKCS7_get_signer_info in -lcrypto... yes
[INFO] [stderr]   checking for CMS_get0_content in -lcrypto... yes
[INFO] [stderr]   checking for daemon... yes
[INFO] [stderr]   checking for python3... python3
[INFO] [stderr]   checking for cmocka.h... no
[INFO] [stderr]   checking for _cmocka_run_group_tests in -lcmocka... no
[INFO] [stderr]   checking for gethostbyname_r... (cached) no
[INFO] [stderr]   checking for getservbyname_r... (cached) no
[INFO] [stderr]   checking for gmtime_r... (cached) no
[INFO] [stderr]   checking for localtime_r... (cached) yes
[INFO] [stderr]   checking for SD_Init in -laceclnt... no
[INFO] [stderr]   checking for mdb_env_create in -llmdb... yes
[INFO] [stderr]   checking for libedit... no
[INFO] [stderr]   configure: Not using any readline support
[INFO] [stderr]   checking for libverto... no
[INFO] [stderr]   configure: Using built-in libverto
[INFO] [stderr]   checking for groff... /usr/bin/groff
[INFO] [stderr]   configure: Using krb5-config for build defaults
[INFO] [stderr]   configure: Default ccache name: FILE:/tmp/krb5cc_%{uid}
[INFO] [stderr]   configure: Default keytab name: FILE:/etc/krb5.keytab
[INFO] [stderr]   configure: Default client keytab name: FILE:/etc/krb5/user/%{euid}/client.keytab
[INFO] [stderr]   configure: creating ./config.status
[INFO] [stderr]   config.status: creating kadmin/testing/scripts/env-setup.sh
[INFO] [stderr]   config.status: creating include/gssrpc/types.h
[INFO] [stderr]   config.status: creating plugins/preauth/pkinit/Makefile
[INFO] [stderr]   config.status: creating tests/softpkcs11/Makefile
[INFO] [stderr]   config.status: creating util/et/Makefile
[INFO] [stderr]   config.status: creating util/ss/Makefile
[INFO] [stderr]   config.status: creating plugins/kdb/lmdb/Makefile
[INFO] [stderr]   config.status: creating build-tools/krb5-config
[INFO] [stderr]   config.status: creating build-tools/kadm-server.pc
[INFO] [stderr]   config.status: creating build-tools/kadm-client.pc
[INFO] [stderr]   config.status: creating build-tools/kdb.pc
[INFO] [stderr]   config.status: creating build-tools/krb5.pc
[INFO] [stderr]   config.status: creating build-tools/krb5-gssapi.pc
[INFO] [stderr]   config.status: creating build-tools/mit-krb5.pc
[INFO] [stderr]   config.status: creating build-tools/mit-krb5-gssapi.pc
[INFO] [stderr]   config.status: creating build-tools/gssrpc.pc
[INFO] [stderr]   config.status: creating ./Makefile
[INFO] [stderr]   config.status: creating util/Makefile
[INFO] [stderr]   config.status: creating util/support/Makefile
[INFO] [stderr]   config.status: creating util/profile/Makefile
[INFO] [stderr]   config.status: creating util/profile/testmod/Makefile
[INFO] [stderr]   config.status: creating util/verto/Makefile
[INFO] [stderr]   config.status: creating lib/Makefile
[INFO] [stderr]   config.status: creating lib/kdb/Makefile
[INFO] [stderr]   config.status: creating lib/crypto/Makefile
[INFO] [stderr]   config.status: creating lib/crypto/krb/Makefile
[INFO] [stderr]   config.status: creating lib/crypto/builtin/Makefile
[INFO] [stderr]   config.status: creating lib/crypto/builtin/enc_provider/Makefile
[INFO] [stderr]   config.status: creating lib/crypto/builtin/hash_provider/Makefile
[INFO] [stderr]   config.status: creating lib/crypto/builtin/des/Makefile
[INFO] [stderr]   config.status: creating lib/crypto/builtin/md4/Makefile
[INFO] [stderr]   config.status: creating lib/crypto/builtin/md5/Makefile
[INFO] [stderr]   config.status: creating lib/crypto/builtin/sha1/Makefile
[INFO] [stderr]   config.status: creating lib/crypto/builtin/sha2/Makefile
[INFO] [stderr]   config.status: creating lib/crypto/builtin/aes/Makefile
[INFO] [stderr]   config.status: creating lib/crypto/builtin/camellia/Makefile
[INFO] [stderr]   config.status: creating lib/crypto/crypto_tests/Makefile
[INFO] [stderr]   config.status: creating lib/krb5/Makefile
[INFO] [stderr]   config.status: creating lib/krb5/error_tables/Makefile
[INFO] [stderr]   config.status: creating lib/krb5/asn.1/Makefile
[INFO] [stderr]   config.status: creating lib/krb5/ccache/Makefile
[INFO] [stderr]   config.status: creating lib/krb5/keytab/Makefile
[INFO] [stderr]   config.status: creating lib/krb5/krb/Makefile
[INFO] [stderr]   config.status: creating lib/krb5/rcache/Makefile
[INFO] [stderr]   config.status: creating lib/krb5/os/Makefile
[INFO] [stderr]   config.status: creating lib/krb5/unicode/Makefile
[INFO] [stderr]   config.status: creating lib/gssapi/Makefile
[INFO] [stderr]   config.status: creating lib/gssapi/generic/Makefile
[INFO] [stderr]   config.status: creating lib/gssapi/krb5/Makefile
[INFO] [stderr]   config.status: creating lib/gssapi/spnego/Makefile
[INFO] [stderr]   config.status: creating lib/gssapi/mechglue/Makefile
[INFO] [stderr]   config.status: creating lib/rpc/Makefile
[INFO] [stderr]   config.status: creating lib/rpc/unit-test/Makefile
[INFO] [stderr]   config.status: creating lib/kadm5/Makefile
[INFO] [stderr]   config.status: creating lib/kadm5/clnt/Makefile
[INFO] [stderr]   config.status: creating lib/kadm5/srv/Makefile
[INFO] [stderr]   config.status: creating lib/kadm5/unit-test/Makefile
[INFO] [stderr]   config.status: creating lib/krad/Makefile
[INFO] [stderr]   config.status: creating lib/apputils/Makefile
[INFO] [stderr]   config.status: creating kdc/Makefile
[INFO] [stderr]   config.status: creating kprop/Makefile
[INFO] [stderr]   config.status: creating config-files/Makefile
[INFO] [stderr]   config.status: creating build-tools/Makefile
[INFO] [stderr]   config.status: creating man/Makefile
[INFO] [stderr]   config.status: creating doc/Makefile
[INFO] [stderr]   config.status: creating include/Makefile
[INFO] [stderr]   config.status: creating plugins/certauth/test/Makefile
[INFO] [stderr]   config.status: creating plugins/gssapi/negoextest/Makefile
[INFO] [stderr]   config.status: creating plugins/hostrealm/test/Makefile
[INFO] [stderr]   config.status: creating plugins/localauth/test/Makefile
[INFO] [stderr]   config.status: creating plugins/kadm5_hook/test/Makefile
[INFO] [stderr]   config.status: creating plugins/kadm5_auth/test/Makefile
[INFO] [stderr]   config.status: creating plugins/pwqual/test/Makefile
[INFO] [stderr]   config.status: creating plugins/audit/Makefile
[INFO] [stderr]   config.status: creating plugins/audit/test/Makefile
[INFO] [stderr]   config.status: creating plugins/kdb/db2/Makefile
[INFO] [stderr]   config.status: creating plugins/kdb/db2/libdb2/Makefile
[INFO] [stderr]   config.status: creating plugins/kdb/db2/libdb2/hash/Makefile
[INFO] [stderr]   config.status: creating plugins/kdb/db2/libdb2/btree/Makefile
[INFO] [stderr]   config.status: creating plugins/kdb/db2/libdb2/db/Makefile
[INFO] [stderr]   config.status: creating plugins/kdb/db2/libdb2/mpool/Makefile
[INFO] [stderr]   config.status: creating plugins/kdb/db2/libdb2/recno/Makefile
[INFO] [stderr]   config.status: creating plugins/kdb/db2/libdb2/test/Makefile
[INFO] [stderr]   config.status: creating plugins/kdb/test/Makefile
[INFO] [stderr]   config.status: creating plugins/kdcpolicy/test/Makefile
[INFO] [stderr]   config.status: creating plugins/preauth/otp/Makefile
[INFO] [stderr]   config.status: creating plugins/preauth/spake/Makefile
[INFO] [stderr]   config.status: creating plugins/preauth/test/Makefile
[INFO] [stderr]   config.status: creating plugins/authdata/greet_client/Makefile
[INFO] [stderr]   config.status: creating plugins/authdata/greet_server/Makefile
[INFO] [stderr]   config.status: creating plugins/tls/k5tls/Makefile
[INFO] [stderr]   config.status: creating clients/Makefile
[INFO] [stderr]   config.status: creating clients/klist/Makefile
[INFO] [stderr]   config.status: creating clients/kinit/Makefile
[INFO] [stderr]   config.status: creating clients/kvno/Makefile
[INFO] [stderr]   config.status: creating clients/kdestroy/Makefile
[INFO] [stderr]   config.status: creating clients/kpasswd/Makefile
[INFO] [stderr]   config.status: creating clients/ksu/Makefile
[INFO] [stderr]   config.status: creating clients/kswitch/Makefile
[INFO] [stderr]   config.status: creating kadmin/Makefile
[INFO] [stderr]   config.status: creating kadmin/cli/Makefile
[INFO] [stderr]   config.status: creating kadmin/dbutil/Makefile
[INFO] [stderr]   config.status: creating kadmin/ktutil/Makefile
[INFO] [stderr]   config.status: creating kadmin/server/Makefile
[INFO] [stderr]   config.status: creating kadmin/testing/Makefile
[INFO] [stderr]   config.status: creating kadmin/testing/scripts/Makefile
[INFO] [stderr]   config.status: creating kadmin/testing/util/Makefile
[INFO] [stderr]   config.status: creating appl/Makefile
[INFO] [stderr]   config.status: creating appl/sample/Makefile
[INFO] [stderr]   config.status: creating appl/sample/sclient/Makefile
[INFO] [stderr]   config.status: creating appl/sample/sserver/Makefile
[INFO] [stderr]   config.status: creating appl/simple/Makefile
[INFO] [stderr]   config.status: creating appl/simple/client/Makefile
[INFO] [stderr]   config.status: creating appl/simple/server/Makefile
[INFO] [stderr]   config.status: creating appl/gss-sample/Makefile
[INFO] [stderr]   config.status: creating appl/user_user/Makefile
[INFO] [stderr]   config.status: creating tests/Makefile
[INFO] [stderr]   config.status: creating tests/asn.1/Makefile
[INFO] [stderr]   config.status: creating tests/create/Makefile
[INFO] [stderr]   config.status: creating tests/hammer/Makefile
[INFO] [stderr]   config.status: creating tests/verify/Makefile
[INFO] [stderr]   config.status: creating tests/gssapi/Makefile
[INFO] [stderr]   config.status: creating tests/dejagnu/Makefile
[INFO] [stderr]   config.status: creating tests/threads/Makefile
[INFO] [stderr]   config.status: creating tests/shlib/Makefile
[INFO] [stderr]   config.status: creating tests/gss-threads/Makefile
[INFO] [stderr]   config.status: creating tests/misc/Makefile
[INFO] [stderr]   config.status: creating include/autoconf.h
[INFO] [stderr]   config.status: executing CRYPTO_IMPL commands
[INFO] [stderr]   config.status: executing PRNG_ALG commands
[INFO] [stderr]   mkdir /opt/rustwide/target/release/build/krb5-src-eb49fb55dc2ebafd/out/install/share
[INFO] [stderr]   mkdir /opt/rustwide/target/release/build/krb5-src-eb49fb55dc2ebafd/out/install/share/man
[INFO] [stderr]   mkdir /opt/rustwide/target/release/build/krb5-src-eb49fb55dc2ebafd/out/install/sbin
[INFO] [stderr]   mkdir /opt/rustwide/target/release/build/krb5-src-eb49fb55dc2ebafd/out/install/bin
[INFO] [stderr]   mkdir /opt/rustwide/target/release/build/krb5-src-eb49fb55dc2ebafd/out/install/share/man/man8
[INFO] [stderr]   mkdir /opt/rustwide/target/release/build/krb5-src-eb49fb55dc2ebafd/out/install/share/man/man1
[INFO] [stderr]   mkdir /opt/rustwide/target/release/build/krb5-src-eb49fb55dc2ebafd/out/install/share/man/man5
[INFO] [stderr]   mkdir /opt/rustwide/target/release/build/krb5-src-eb49fb55dc2ebafd/out/install/share/man/man7
[INFO] [stderr]   mkdir /opt/rustwide/target/release/build/krb5-src-eb49fb55dc2ebafd/out/install/share/man/cat8
[INFO] [stderr]   mkdir /opt/rustwide/target/release/build/krb5-src-eb49fb55dc2ebafd/out/install/share/man/cat1
[INFO] [stderr]   mkdir /opt/rustwide/target/release/build/krb5-src-eb49fb55dc2ebafd/out/install/share/man/cat5
[INFO] [stderr]   mkdir /opt/rustwide/target/release/build/krb5-src-eb49fb55dc2ebafd/out/install/share/man/cat7
[INFO] [stderr]   mkdir /opt/rustwide/target/release/build/krb5-src-eb49fb55dc2ebafd/out/install/lib
[INFO] [stderr]   mkdir /opt/rustwide/target/release/build/krb5-src-eb49fb55dc2ebafd/out/install/include
[INFO] [stderr]   mkdir /opt/rustwide/target/release/build/krb5-src-eb49fb55dc2ebafd/out/install/lib/krb5
[INFO] [stderr]   mkdir /opt/rustwide/target/release/build/krb5-src-eb49fb55dc2ebafd/out/install/lib/krb5/plugins
[INFO] [stderr]   mkdir /opt/rustwide/target/release/build/krb5-src-eb49fb55dc2ebafd/out/install/lib/krb5/plugins/kdb
[INFO] [stderr]   mkdir /opt/rustwide/target/release/build/krb5-src-eb49fb55dc2ebafd/out/install/lib/krb5/plugins/preauth
[INFO] [stderr]   mkdir /opt/rustwide/target/release/build/krb5-src-eb49fb55dc2ebafd/out/install/lib/krb5/plugins/authdata
[INFO] [stderr]   mkdir /opt/rustwide/target/release/build/krb5-src-eb49fb55dc2ebafd/out/install/lib/krb5/plugins/libkrb5
[INFO] [stderr]   mkdir /opt/rustwide/target/release/build/krb5-src-eb49fb55dc2ebafd/out/install/lib/krb5/plugins/tls
[INFO] [stderr]   mkdir /opt/rustwide/target/release/build/krb5-src-eb49fb55dc2ebafd/out/install/var
[INFO] [stderr]   mkdir /opt/rustwide/target/release/build/krb5-src-eb49fb55dc2ebafd/out/install/var/krb5kdc
[INFO] [stderr]   mkdir /opt/rustwide/target/release/build/krb5-src-eb49fb55dc2ebafd/out/install/var/run
[INFO] [stderr]   mkdir /opt/rustwide/target/release/build/krb5-src-eb49fb55dc2ebafd/out/install/var/run/krb5kdc
[INFO] [stderr]   mkdir /opt/rustwide/target/release/build/krb5-src-eb49fb55dc2ebafd/out/install/include/kadm5
[INFO] [stderr]   mkdir /opt/rustwide/target/release/build/krb5-src-eb49fb55dc2ebafd/out/install/include/krb5
[INFO] [stderr]   mkdir /opt/rustwide/target/release/build/krb5-src-eb49fb55dc2ebafd/out/install/include/gssapi
[INFO] [stderr]   mkdir /opt/rustwide/target/release/build/krb5-src-eb49fb55dc2ebafd/out/install/include/gssrpc
[INFO] [stderr]   mkdir /opt/rustwide/target/release/build/krb5-src-eb49fb55dc2ebafd/out/install/share/examples
[INFO] [stderr]   mkdir /opt/rustwide/target/release/build/krb5-src-eb49fb55dc2ebafd/out/install/share/examples/krb5
[INFO] [stderr]   mkdir /opt/rustwide/target/release/build/krb5-src-eb49fb55dc2ebafd/out/install/lib/pkgconfig
[INFO] [stderr]   gcc -DHAVE_CONFIG_H  -I../../include -I/opt/rustwide/cargo-home/registry/src/index.crates.io-1949cf8c6b5b557f/krb5-src-0.3.3+1.19.2/krb5/src/include  -DKRB5_DEPRECATED=1 -DKRB5_PRIVATE  -fPIC -Wall -Wcast-align -Wshadow -Wmissing-prototypes -Wno-format-zero-length -Woverflow -Wstrict-overflow -Wmissing-format-attribute -Wmissing-prototypes -Wreturn-type -Wmissing-braces -Wparentheses -Wswitch -Wunused-function -Wunused-label -Wunused-variable -Wunused-value -Wunknown-pragmas -Wsign-compare -Werror=uninitialized -Wno-maybe-uninitialized -Werror=pointer-arith -Werror=int-conversion -Werror=incompatible-pointer-types -Werror=discarded-qualifiers -Werror=implicit-int -Werror=declaration-after-statement -Werror-implicit-function-declaration -pthread  -c /opt/rustwide/cargo-home/registry/src/index.crates.io-1949cf8c6b5b557f/krb5-src-0.3.3+1.19.2/krb5/src/util/support/threads.c
[INFO] [stderr]   gcc -DHAVE_CONFIG_H  -I../../include -I/opt/rustwide/cargo-home/registry/src/index.crates.io-1949cf8c6b5b557f/krb5-src-0.3.3+1.19.2/krb5/src/include  -DKRB5_DEPRECATED=1 -DKRB5_PRIVATE  -fPIC -Wall -Wcast-align -Wshadow -Wmissing-prototypes -Wno-format-zero-length -Woverflow -Wstrict-overflow -Wmissing-format-attribute -Wmissing-prototypes -Wreturn-type -Wmissing-braces -Wparentheses -Wswitch -Wunused-function -Wunused-label -Wunused-variable -Wunused-value -Wunknown-pragmas -Wsign-compare -Werror=uninitialized -Wno-maybe-uninitialized -Werror=pointer-arith -Werror=int-conversion -Werror=incompatible-pointer-types -Werror=discarded-qualifiers -Werror=implicit-int -Werror=declaration-after-statement -Werror-implicit-function-declaration -pthread  -c /opt/rustwide/cargo-home/registry/src/index.crates.io-1949cf8c6b5b557f/krb5-src-0.3.3+1.19.2/krb5/src/util/support/init-addrinfo.c
[INFO] [stderr]   gcc -DHAVE_CONFIG_H  -I../../include -I/opt/rustwide/cargo-home/registry/src/index.crates.io-1949cf8c6b5b557f/krb5-src-0.3.3+1.19.2/krb5/src/include  -DKRB5_DEPRECATED=1 -DKRB5_PRIVATE  -fPIC -Wall -Wcast-align -Wshadow -Wmissing-prototypes -Wno-format-zero-length -Woverflow -Wstrict-overflow -Wmissing-format-attribute -Wmissing-prototypes -Wreturn-type -Wmissing-braces -Wparentheses -Wswitch -Wunused-function -Wunused-label -Wunused-variable -Wunused-value -Wunknown-pragmas -Wsign-compare -Werror=uninitialized -Wno-maybe-uninitialized -Werror=pointer-arith -Werror=int-conversion -Werror=incompatible-pointer-types -Werror=discarded-qualifiers -Werror=implicit-int -Werror=declaration-after-statement -Werror-implicit-function-declaration -pthread  -c /opt/rustwide/cargo-home/registry/src/index.crates.io-1949cf8c6b5b557f/krb5-src-0.3.3+1.19.2/krb5/src/util/support/plugins.c
[INFO] [stderr]   gcc -DHAVE_CONFIG_H  -I../../include -I/opt/rustwide/cargo-home/registry/src/index.crates.io-1949cf8c6b5b557f/krb5-src-0.3.3+1.19.2/krb5/src/include  -DKRB5_DEPRECATED=1 -DKRB5_PRIVATE  -fPIC -Wall -Wcast-align -Wshadow -Wmissing-prototypes -Wno-format-zero-length -Woverflow -Wstrict-overflow -Wmissing-format-attribute -Wmissing-prototypes -Wreturn-type -Wmissing-braces -Wparentheses -Wswitch -Wunused-function -Wunused-label -Wunused-variable -Wunused-value -Wunknown-pragmas -Wsign-compare -Werror=uninitialized -Wno-maybe-uninitialized -Werror=pointer-arith -Werror=int-conversion -Werror=incompatible-pointer-types -Werror=discarded-qualifiers -Werror=implicit-int -Werror=declaration-after-statement -Werror-implicit-function-declaration -pthread  -c /opt/rustwide/cargo-home/registry/src/index.crates.io-1949cf8c6b5b557f/krb5-src-0.3.3+1.19.2/krb5/src/util/support/errors.c
[INFO] [stderr]   gcc -DHAVE_CONFIG_H  -I../../include -I/opt/rustwide/cargo-home/registry/src/index.crates.io-1949cf8c6b5b557f/krb5-src-0.3.3+1.19.2/krb5/src/include  -DKRB5_DEPRECATED=1 -DKRB5_PRIVATE  -fPIC -Wall -Wcast-align -Wshadow -Wmissing-prototypes -Wno-format-zero-length -Woverflow -Wstrict-overflow -Wmissing-format-attribute -Wmissing-prototypes -Wreturn-type -Wmissing-braces -Wparentheses -Wswitch -Wunused-function -Wunused-label -Wunused-variable -Wunused-value -Wunknown-pragmas -Wsign-compare -Werror=uninitialized -Wno-maybe-uninitialized -Werror=pointer-arith -Werror=int-conversion -Werror=incompatible-pointer-types -Werror=discarded-qualifiers -Werror=implicit-int -Werror=declaration-after-statement -Werror-implicit-function-declaration -pthread  -c /opt/rustwide/cargo-home/registry/src/index.crates.io-1949cf8c6b5b557f/krb5-src-0.3.3+1.19.2/krb5/src/util/support/k5buf.c
[INFO] [stderr]   gcc -DHAVE_CONFIG_H  -I../../include -I/opt/rustwide/cargo-home/registry/src/index.crates.io-1949cf8c6b5b557f/krb5-src-0.3.3+1.19.2/krb5/src/include  -DKRB5_DEPRECATED=1 -DKRB5_PRIVATE  -fPIC -Wall -Wcast-align -Wshadow -Wmissing-prototypes -Wno-format-zero-length -Woverflow -Wstrict-overflow -Wmissing-format-attribute -Wmissing-prototypes -Wreturn-type -Wmissing-braces -Wparentheses -Wswitch -Wunused-function -Wunused-label -Wunused-variable -Wunused-value -Wunknown-pragmas -Wsign-compare -Werror=uninitialized -Wno-maybe-uninitialized -Werror=pointer-arith -Werror=int-conversion -Werror=incompatible-pointer-types -Werror=discarded-qualifiers -Werror=implicit-int -Werror=declaration-after-statement -Werror-implicit-function-declaration -pthread  -c /opt/rustwide/cargo-home/registry/src/index.crates.io-1949cf8c6b5b557f/krb5-src-0.3.3+1.19.2/krb5/src/util/support/gmt_mktime.c
[INFO] [stderr]   gcc -DHAVE_CONFIG_H  -I../../include -I/opt/rustwide/cargo-home/registry/src/index.crates.io-1949cf8c6b5b557f/krb5-src-0.3.3+1.19.2/krb5/src/include  -DKRB5_DEPRECATED=1 -DKRB5_PRIVATE  -fPIC -Wall -Wcast-align -Wshadow -Wmissing-prototypes -Wno-format-zero-length -Woverflow -Wstrict-overflow -Wmissing-format-attribute -Wmissing-prototypes -Wreturn-type -Wmissing-braces -Wparentheses -Wswitch -Wunused-function -Wunused-label -Wunused-variable -Wunused-value -Wunknown-pragmas -Wsign-compare -Werror=uninitialized -Wno-maybe-uninitialized -Werror=pointer-arith -Werror=int-conversion -Werror=incompatible-pointer-types -Werror=discarded-qualifiers -Werror=implicit-int -Werror=declaration-after-statement -Werror-implicit-function-declaration -pthread  -c /opt/rustwide/cargo-home/registry/src/index.crates.io-1949cf8c6b5b557f/krb5-src-0.3.3+1.19.2/krb5/src/util/support/fake-addrinfo.c
[INFO] [stderr]   gcc -DHAVE_CONFIG_H  -I../../include -I/opt/rustwide/cargo-home/registry/src/index.crates.io-1949cf8c6b5b557f/krb5-src-0.3.3+1.19.2/krb5/src/include  -DKRB5_DEPRECATED=1 -DKRB5_PRIVATE  -fPIC -Wall -Wcast-align -Wshadow -Wmissing-prototypes -Wno-format-zero-length -Woverflow -Wstrict-overflow -Wmissing-format-attribute -Wmissing-prototypes -Wreturn-type -Wmissing-braces -Wparentheses -Wswitch -Wunused-function -Wunused-label -Wunused-variable -Wunused-value -Wunknown-pragmas -Wsign-compare -Werror=uninitialized -Wno-maybe-uninitialized -Werror=pointer-arith -Werror=int-conversion -Werror=incompatible-pointer-types -Werror=discarded-qualifiers -Werror=implicit-int -Werror=declaration-after-statement -Werror-implicit-function-declaration -pthread  -c /opt/rustwide/cargo-home/registry/src/index.crates.io-1949cf8c6b5b557f/krb5-src-0.3.3+1.19.2/krb5/src/util/support/utf8.c
[INFO] [stderr]   gcc -DHAVE_CONFIG_H  -I../../include -I/opt/rustwide/cargo-home/registry/src/index.crates.io-1949cf8c6b5b557f/krb5-src-0.3.3+1.19.2/krb5/src/include  -DKRB5_DEPRECATED=1 -DKRB5_PRIVATE  -fPIC -Wall -Wcast-align -Wshadow -Wmissing-prototypes -Wno-format-zero-length -Woverflow -Wstrict-overflow -Wmissing-format-attribute -Wmissing-prototypes -Wreturn-type -Wmissing-braces -Wparentheses -Wswitch -Wunused-function -Wunused-label -Wunused-variable -Wunused-value -Wunknown-pragmas -Wsign-compare -Werror=uninitialized -Wno-maybe-uninitialized -Werror=pointer-arith -Werror=int-conversion -Werror=incompatible-pointer-types -Werror=discarded-qualifiers -Werror=implicit-int -Werror=declaration-after-statement -Werror-implicit-function-declaration -pthread  -c /opt/rustwide/cargo-home/registry/src/index.crates.io-1949cf8c6b5b557f/krb5-src-0.3.3+1.19.2/krb5/src/util/support/utf8_conv.c
[INFO] [stderr]   gcc -DHAVE_CONFIG_H  -I../../include -I/opt/rustwide/cargo-home/registry/src/index.crates.io-1949cf8c6b5b557f/krb5-src-0.3.3+1.19.2/krb5/src/include  -DKRB5_DEPRECATED=1 -DKRB5_PRIVATE  -fPIC -Wall -Wcast-align -Wshadow -Wmissing-prototypes -Wno-format-zero-length -Woverflow -Wstrict-overflow -Wmissing-format-attribute -Wmissing-prototypes -Wreturn-type -Wmissing-braces -Wparentheses -Wswitch -Wunused-function -Wunused-label -Wunused-variable -Wunused-value -Wunknown-pragmas -Wsign-compare -Werror=uninitialized -Wno-maybe-uninitialized -Werror=pointer-arith -Werror=int-conversion -Werror=incompatible-pointer-types -Werror=discarded-qualifiers -Werror=implicit-int -Werror=declaration-after-statement -Werror-implicit-function-declaration -pthread  -c /opt/rustwide/cargo-home/registry/src/index.crates.io-1949cf8c6b5b557f/krb5-src-0.3.3+1.19.2/krb5/src/util/support/zap.c
[INFO] [stderr]   gcc -DHAVE_CONFIG_H  -I../../include -I/opt/rustwide/cargo-home/registry/src/index.crates.io-1949cf8c6b5b557f/krb5-src-0.3.3+1.19.2/krb5/src/include  -DKRB5_DEPRECATED=1 -DKRB5_PRIVATE  -fPIC -Wall -Wcast-align -Wshadow -Wmissing-prototypes -Wno-format-zero-length -Woverflow -Wstrict-overflow -Wmissing-format-attribute -Wmissing-prototypes -Wreturn-type -Wmissing-braces -Wparentheses -Wswitch -Wunused-function -Wunused-label -Wunused-variable -Wunused-value -Wunknown-pragmas -Wsign-compare -Werror=uninitialized -Wno-maybe-uninitialized -Werror=pointer-arith -Werror=int-conversion -Werror=incompatible-pointer-types -Werror=discarded-qualifiers -Werror=implicit-int -Werror=declaration-after-statement -Werror-implicit-function-declaration -pthread  -c /opt/rustwide/cargo-home/registry/src/index.crates.io-1949cf8c6b5b557f/krb5-src-0.3.3+1.19.2/krb5/src/util/support/path.c
[INFO] [stderr]   gcc -DHAVE_CONFIG_H  -I../../include -I/opt/rustwide/cargo-home/registry/src/index.crates.io-1949cf8c6b5b557f/krb5-src-0.3.3+1.19.2/krb5/src/include  -DKRB5_DEPRECATED=1 -DKRB5_PRIVATE  -fPIC -Wall -Wcast-align -Wshadow -Wmissing-prototypes -Wno-format-zero-length -Woverflow -Wstrict-overflow -Wmissing-format-attribute -Wmissing-prototypes -Wreturn-type -Wmissing-braces -Wparentheses -Wswitch -Wunused-function -Wunused-label -Wunused-variable -Wunused-value -Wunknown-pragmas -Wsign-compare -Werror=uninitialized -Wno-maybe-uninitialized -Werror=pointer-arith -Werror=int-conversion -Werror=incompatible-pointer-types -Werror=discarded-qualifiers -Werror=implicit-int -Werror=declaration-after-statement -Werror-implicit-function-declaration -pthread  -c /opt/rustwide/cargo-home/registry/src/index.crates.io-1949cf8c6b5b557f/krb5-src-0.3.3+1.19.2/krb5/src/util/support/base64.c
[INFO] [stderr]   gcc -DHAVE_CONFIG_H  -I../../include -I/opt/rustwide/cargo-home/registry/src/index.crates.io-1949cf8c6b5b557f/krb5-src-0.3.3+1.19.2/krb5/src/include  -DKRB5_DEPRECATED=1 -DKRB5_PRIVATE  -fPIC -Wall -Wcast-align -Wshadow -Wmissing-prototypes -Wno-format-zero-length -Woverflow -Wstrict-overflow -Wmissing-format-attribute -Wmissing-prototypes -Wreturn-type -Wmissing-braces -Wparentheses -Wswitch -Wunused-function -Wunused-label -Wunused-variable -Wunused-value -Wunknown-pragmas -Wsign-compare -Werror=uninitialized -Wno-maybe-uninitialized -Werror=pointer-arith -Werror=int-conversion -Werror=incompatible-pointer-types -Werror=discarded-qualifiers -Werror=implicit-int -Werror=declaration-after-statement -Werror-implicit-function-declaration -pthread  -c /opt/rustwide/cargo-home/registry/src/index.crates.io-1949cf8c6b5b557f/krb5-src-0.3.3+1.19.2/krb5/src/util/support/json.c
[INFO] [stderr]   gcc -DHAVE_CONFIG_H  -I../../include -I/opt/rustwide/cargo-home/registry/src/index.crates.io-1949cf8c6b5b557f/krb5-src-0.3.3+1.19.2/krb5/src/include  -DKRB5_DEPRECATED=1 -DKRB5_PRIVATE  -fPIC -Wall -Wcast-align -Wshadow -Wmissing-prototypes -Wno-format-zero-length -Woverflow -Wstrict-overflow -Wmissing-format-attribute -Wmissing-prototypes -Wreturn-type -Wmissing-braces -Wparentheses -Wswitch -Wunused-function -Wunused-label -Wunused-variable -Wunused-value -Wunknown-pragmas -Wsign-compare -Werror=uninitialized -Wno-maybe-uninitialized -Werror=pointer-arith -Werror=int-conversion -Werror=incompatible-pointer-types -Werror=discarded-qualifiers -Werror=implicit-int -Werror=declaration-after-statement -Werror-implicit-function-declaration -pthread  -c /opt/rustwide/cargo-home/registry/src/index.crates.io-1949cf8c6b5b557f/krb5-src-0.3.3+1.19.2/krb5/src/util/support/hex.c
[INFO] [stderr]   gcc -DHAVE_CONFIG_H  -I../../include -I/opt/rustwide/cargo-home/registry/src/index.crates.io-1949cf8c6b5b557f/krb5-src-0.3.3+1.19.2/krb5/src/include  -DKRB5_DEPRECATED=1 -DKRB5_PRIVATE  -fPIC -Wall -Wcast-align -Wshadow -Wmissing-prototypes -Wno-format-zero-length -Woverflow -Wstrict-overflow -Wmissing-format-attribute -Wmissing-prototypes -Wreturn-type -Wmissing-braces -Wparentheses -Wswitch -Wunused-function -Wunused-label -Wunused-variable -Wunused-value -Wunknown-pragmas -Wsign-compare -Werror=uninitialized -Wno-maybe-uninitialized -Werror=pointer-arith -Werror=int-conversion -Werror=incompatible-pointer-types -Werror=discarded-qualifiers -Werror=implicit-int -Werror=declaration-after-statement -Werror-implicit-function-declaration -pthread  -c /opt/rustwide/cargo-home/registry/src/index.crates.io-1949cf8c6b5b557f/krb5-src-0.3.3+1.19.2/krb5/src/util/support/hashtab.c
[INFO] [stderr]   gcc -DHAVE_CONFIG_H  -I../../include -I/opt/rustwide/cargo-home/registry/src/index.crates.io-1949cf8c6b5b557f/krb5-src-0.3.3+1.19.2/krb5/src/include  -DKRB5_DEPRECATED=1 -DKRB5_PRIVATE  -fPIC -Wall -Wcast-align -Wshadow -Wmissing-prototypes -Wno-format-zero-length -Woverflow -Wstrict-overflow -Wmissing-format-attribute -Wmissing-prototypes -Wreturn-type -Wmissing-braces -Wparentheses -Wswitch -Wunused-function -Wunused-label -Wunused-variable -Wunused-value -Wunknown-pragmas -Wsign-compare -Werror=uninitialized -Wno-maybe-uninitialized -Werror=pointer-arith -Werror=int-conversion -Werror=incompatible-pointer-types -Werror=discarded-qualifiers -Werror=implicit-int -Werror=declaration-after-statement -Werror-implicit-function-declaration -pthread  -c /opt/rustwide/cargo-home/registry/src/index.crates.io-1949cf8c6b5b557f/krb5-src-0.3.3+1.19.2/krb5/src/util/support/bcmp.c
[INFO] [stderr]   gcc -DHAVE_CONFIG_H  -I../../include -I/opt/rustwide/cargo-home/registry/src/index.crates.io-1949cf8c6b5b557f/krb5-src-0.3.3+1.19.2/krb5/src/include  -DKRB5_DEPRECATED=1 -DKRB5_PRIVATE  -fPIC -Wall -Wcast-align -Wshadow -Wmissing-prototypes -Wno-format-zero-length -Woverflow -Wstrict-overflow -Wmissing-format-attribute -Wmissing-prototypes -Wreturn-type -Wmissing-braces -Wparentheses -Wswitch -Wunused-function -Wunused-label -Wunused-variable -Wunused-value -Wunknown-pragmas -Wsign-compare -Werror=uninitialized -Wno-maybe-uninitialized -Werror=pointer-arith -Werror=int-conversion -Werror=incompatible-pointer-types -Werror=discarded-qualifiers -Werror=implicit-int -Werror=declaration-after-statement -Werror-implicit-function-declaration -pthread  -c /opt/rustwide/cargo-home/registry/src/index.crates.io-1949cf8c6b5b557f/krb5-src-0.3.3+1.19.2/krb5/src/util/support/strerror_r.c
[INFO] [stderr]   gcc -DHAVE_CONFIG_H  -I../../include -I/opt/rustwide/cargo-home/registry/src/index.crates.io-1949cf8c6b5b557f/krb5-src-0.3.3+1.19.2/krb5/src/include  -DKRB5_DEPRECATED=1 -DKRB5_PRIVATE  -fPIC -Wall -Wcast-align -Wshadow -Wmissing-prototypes -Wno-format-zero-length -Woverflow -Wstrict-overflow -Wmissing-format-attribute -Wmissing-prototypes -Wreturn-type -Wmissing-braces -Wparentheses -Wswitch -Wunused-function -Wunused-label -Wunused-variable -Wunused-value -Wunknown-pragmas -Wsign-compare -Werror=uninitialized -Wno-maybe-uninitialized -Werror=pointer-arith -Werror=int-conversion -Werror=incompatible-pointer-types -Werror=discarded-qualifiers -Werror=implicit-int -Werror=declaration-after-statement -Werror-implicit-function-declaration -pthread  -c /opt/rustwide/cargo-home/registry/src/index.crates.io-1949cf8c6b5b557f/krb5-src-0.3.3+1.19.2/krb5/src/util/support/dir_filenames.c
[INFO] [stderr]   : updated OBJS.ST
[INFO] [stderr]   rm -f libkrb5support.a
[INFO] [stderr]   building static krb5support library
[INFO] [stderr]   set -x; objlist=`set -x && perl -p -e 'BEGIN { $SIG{__WARN__} = sub {die @_} }; $e=$ARGV; $e =~ s/OBJS\...$//; s/^/ /; s/ $//; s/ / $e/g;' OBJS.ST` && ar cq libkrb5support.a $objlist
[INFO] [stderr]   ranlib libkrb5support.a
[INFO] [stderr]   rm -f ../../lib/libkrb5support.a
[INFO] [stderr]   (cd ../../lib && ln -s ../util/support/libkrb5support.a .)
[INFO] [stderr]   rm -f /opt/rustwide/target/release/build/krb5-src-eb49fb55dc2ebafd/out/install/lib/libkrb5support.a
[INFO] [stderr]   /usr/bin/install -c -m 644 libkrb5support.a /opt/rustwide/target/release/build/krb5-src-eb49fb55dc2ebafd/out/install/lib
[INFO] [stderr]   ranlib /opt/rustwide/target/release/build/krb5-src-eb49fb55dc2ebafd/out/install/lib/libkrb5support.a
[INFO] [stderr]   gcc -DHAVE_CONFIG_H  -I../../include -I/opt/rustwide/cargo-home/registry/src/index.crates.io-1949cf8c6b5b557f/krb5-src-0.3.3+1.19.2/krb5/src/include -I. -DKRB5_DEPRECATED=1 -DKRB5_PRIVATE  -fPIC -Wall -Wcast-align -Wshadow -Wmissing-prototypes -Wno-format-zero-length -Woverflow -Wstrict-overflow -Wmissing-format-attribute -Wmissing-prototypes -Wreturn-type -Wmissing-braces -Wparentheses -Wswitch -Wunused-function -Wunused-label -Wunused-variable -Wunused-value -Wunknown-pragmas -Wsign-compare -Werror=uninitialized -Wno-maybe-uninitialized -Werror=pointer-arith -Werror=int-conversion -Werror=incompatible-pointer-types -Werror=discarded-qualifiers -Werror=implicit-int -Werror=declaration-after-statement -Werror-implicit-function-declaration -pthread  -c /opt/rustwide/cargo-home/registry/src/index.crates.io-1949cf8c6b5b557f/krb5-src-0.3.3+1.19.2/krb5/src/util/et/error_message.c
[INFO] [stderr]   gcc -DHAVE_CONFIG_H  -I../../include -I/opt/rustwide/cargo-home/registry/src/index.crates.io-1949cf8c6b5b557f/krb5-src-0.3.3+1.19.2/krb5/src/include -I. -DKRB5_DEPRECATED=1 -DKRB5_PRIVATE  -fPIC -Wall -Wcast-align -Wshadow -Wmissing-prototypes -Wno-format-zero-length -Woverflow -Wstrict-overflow -Wmissing-format-attribute -Wmissing-prototypes -Wreturn-type -Wmissing-braces -Wparentheses -Wswitch -Wunused-function -Wunused-label -Wunused-variable -Wunused-value -Wunknown-pragmas -Wsign-compare -Werror=uninitialized -Wno-maybe-uninitialized -Werror=pointer-arith -Werror=int-conversion -Werror=incompatible-pointer-types -Werror=discarded-qualifiers -Werror=implicit-int -Werror=declaration-after-statement -Werror-implicit-function-declaration -pthread  -c /opt/rustwide/cargo-home/registry/src/index.crates.io-1949cf8c6b5b557f/krb5-src-0.3.3+1.19.2/krb5/src/util/et/et_name.c
[INFO] [stderr]   gcc -DHAVE_CONFIG_H  -I../../include -I/opt/rustwide/cargo-home/registry/src/index.crates.io-1949cf8c6b5b557f/krb5-src-0.3.3+1.19.2/krb5/src/include -I. -DKRB5_DEPRECATED=1 -DKRB5_PRIVATE  -fPIC -Wall -Wcast-align -Wshadow -Wmissing-prototypes -Wno-format-zero-length -Woverflow -Wstrict-overflow -Wmissing-format-attribute -Wmissing-prototypes -Wreturn-type -Wmissing-braces -Wparentheses -Wswitch -Wunused-function -Wunused-label -Wunused-variable -Wunused-value -Wunknown-pragmas -Wsign-compare -Werror=uninitialized -Wno-maybe-uninitialized -Werror=pointer-arith -Werror=int-conversion -Werror=incompatible-pointer-types -Werror=discarded-qualifiers -Werror=implicit-int -Werror=declaration-after-statement -Werror-implicit-function-declaration -pthread  -c /opt/rustwide/cargo-home/registry/src/index.crates.io-1949cf8c6b5b557f/krb5-src-0.3.3+1.19.2/krb5/src/util/et/com_err.c
[INFO] [stderr]   /bin/sh /opt/rustwide/cargo-home/registry/src/index.crates.io-1949cf8c6b5b557f/krb5-src-0.3.3+1.19.2/krb5/src/util/et/config_script /opt/rustwide/cargo-home/registry/src/index.crates.io-1949cf8c6b5b557f/krb5-src-0.3.3+1.19.2/krb5/src/util/et/compile_et.sh \
[INFO] [stderr]   	"/opt/rustwide/target/release/build/krb5-src-eb49fb55dc2ebafd/out/install/share/et" mawk sed > compile_et
[INFO] [stderr]   chmod 755 compile_et	
[INFO] [stderr]   if cmp /opt/rustwide/cargo-home/registry/src/index.crates.io-1949cf8c6b5b557f/krb5-src-0.3.3+1.19.2/krb5/src/util/et/com_err.h \
[INFO] [stderr]   ../../include/com_err.h >/dev/null 2>&1; then :; \
[INFO] [stderr]   else \
[INFO] [stderr]   	(set -x; rm -f ../../include/com_err.h; \
[INFO] [stderr]   	 cp /opt/rustwide/cargo-home/registry/src/index.crates.io-1949cf8c6b5b557f/krb5-src-0.3.3+1.19.2/krb5/src/util/et/com_err.h \
[INFO] [stderr]   		../../include/com_err.h) ; \
[INFO] [stderr]   fi
[INFO] [stderr]   : updated OBJS.ST
[INFO] [stderr]   rm -f libcom_err.a
[INFO] [stderr]   building static com_err library
[INFO] [stderr]   set -x; objlist=`set -x && perl -p -e 'BEGIN { $SIG{__WARN__} = sub {die @_} }; $e=$ARGV; $e =~ s/OBJS\...$//; s/^/ /; s/ $//; s/ / $e/g;' OBJS.ST` && ar cq libcom_err.a $objlist
[INFO] [stderr]   ranlib libcom_err.a
[INFO] [stderr]   rm -f ../../lib/libcom_err.a
[INFO] [stderr]   (cd ../../lib && ln -s ../util/et/libcom_err.a .)
[INFO] [stderr]   rm -f /opt/rustwide/target/release/build/krb5-src-eb49fb55dc2ebafd/out/install/lib/libcom_err.a
[INFO] [stderr]   /usr/bin/install -c -m 644 libcom_err.a /opt/rustwide/target/release/build/krb5-src-eb49fb55dc2ebafd/out/install/lib
[INFO] [stderr]   ranlib /opt/rustwide/target/release/build/krb5-src-eb49fb55dc2ebafd/out/install/lib/libcom_err.a
[INFO] [stderr]   /usr/bin/install -c compile_et /opt/rustwide/target/release/build/krb5-src-eb49fb55dc2ebafd/out/install/bin/compile_et
[INFO] [stderr]   test -d /opt/rustwide/target/release/build/krb5-src-eb49fb55dc2ebafd/out/install/share/et || mkdir /opt/rustwide/target/release/build/krb5-src-eb49fb55dc2ebafd/out/install/share/et
[INFO] [stderr]   /usr/bin/install -c -m 644 /opt/rustwide/cargo-home/registry/src/index.crates.io-1949cf8c6b5b557f/krb5-src-0.3.3+1.19.2/krb5/src/util/et/et_c.awk /opt/rustwide/target/release/build/krb5-src-eb49fb55dc2ebafd/out/install/share/et
[INFO] [stderr]   /usr/bin/install -c -m 644 /opt/rustwide/cargo-home/registry/src/index.crates.io-1949cf8c6b5b557f/krb5-src-0.3.3+1.19.2/krb5/src/util/et/et_h.awk /opt/rustwide/target/release/build/krb5-src-eb49fb55dc2ebafd/out/install/share/et
[INFO] [stderr]   /usr/bin/install -c -m 644 /opt/rustwide/cargo-home/registry/src/index.crates.io-1949cf8c6b5b557f/krb5-src-0.3.3+1.19.2/krb5/src/util/et/compile_et.1 /opt/rustwide/target/release/build/krb5-src-eb49fb55dc2ebafd/out/install/share/man/man1/compile_et.1
[INFO] [stderr]   /usr/bin/install -c -m 644 /opt/rustwide/cargo-home/registry/src/index.crates.io-1949cf8c6b5b557f/krb5-src-0.3.3+1.19.2/krb5/src/util/et/com_err.h  /opt/rustwide/target/release/build/krb5-src-eb49fb55dc2ebafd/out/install/include/com_err.h
[INFO] [stderr]   making all in testmod...
[INFO] [stderr]   make[1]: Entering directory '/opt/rustwide/target/release/build/krb5-src-eb49fb55dc2ebafd/out/build/util/profile/testmod'
[INFO] [stderr]   make[1]: Leaving directory '/opt/rustwide/target/release/build/krb5-src-eb49fb55dc2ebafd/out/build/util/profile/testmod'
[INFO] [stderr]   rm -f et-h-prof_err.et et-h-prof_err.c et-h-prof_err.h
[INFO] [stderr]   cp /opt/rustwide/cargo-home/registry/src/index.crates.io-1949cf8c6b5b557f/krb5-src-0.3.3+1.19.2/krb5/src/util/profile/prof_err.et et-h-prof_err.et
[INFO] [stderr]   ../../util/et/compile_et -d /opt/rustwide/cargo-home/registry/src/index.crates.io-1949cf8c6b5b557f/krb5-src-0.3.3+1.19.2/krb5/src/util/et --textdomain mit-krb5 et-h-prof_err.et
[INFO] [stderr]   mv -f et-h-prof_err.h prof_err.h
[INFO] [stderr]   rm -f et-h-prof_err.et et-h-prof_err.c
[INFO] [stderr]   rm -f et-c-prof_err.et et-c-prof_err.c et-c-prof_err.h
[INFO] [stderr]   cp /opt/rustwide/cargo-home/registry/src/index.crates.io-1949cf8c6b5b557f/krb5-src-0.3.3+1.19.2/krb5/src/util/profile/prof_err.et et-c-prof_err.et
[INFO] [stderr]   ../../util/et/compile_et -d /opt/rustwide/cargo-home/registry/src/index.crates.io-1949cf8c6b5b557f/krb5-src-0.3.3+1.19.2/krb5/src/util/et --textdomain mit-krb5 et-c-prof_err.et
[INFO] [stderr]   mv -f et-c-prof_err.c prof_err.c
[INFO] [stderr]   rm -f et-c-prof_err.et et-c-prof_err.h
[INFO] [stderr]   cat /opt/rustwide/cargo-home/registry/src/index.crates.io-1949cf8c6b5b557f/krb5-src-0.3.3+1.19.2/krb5/src/util/profile/profile.hin prof_err.h > profile.h
[INFO] [stderr]   gcc -DHAVE_CONFIG_H -DHAS_STDARG -DLIBDIR=\"/opt/rustwide/target/release/build/krb5-src-eb49fb55dc2ebafd/out/install/lib\" -I../../include -I/opt/rustwide/cargo-home/registry/src/index.crates.io-1949cf8c6b5b557f/krb5-src-0.3.3+1.19.2/krb5/src/include -I.  -DKRB5_DEPRECATED=1 -DKRB5_PRIVATE  -fPIC -Wall -Wcast-align -Wshadow -Wmissing-prototypes -Wno-format-zero-length -Woverflow -Wstrict-overflow -Wmissing-format-attribute -Wmissing-prototypes -Wreturn-type -Wmissing-braces -Wparentheses -Wswitch -Wunused-function -Wunused-label -Wunused-variable -Wunused-value -Wunknown-pragmas -Wsign-compare -Werror=uninitialized -Wno-maybe-uninitialized -Werror=pointer-arith -Werror=int-conversion -Werror=incompatible-pointer-types -Werror=discarded-qualifiers -Werror=implicit-int -Werror=declaration-after-statement -Werror-implicit-function-declaration -pthread  -c prof_err.c
[INFO] [stderr]   cp profile.h "../../include/profile.h"
[INFO] [stderr]   gcc -DHAVE_CONFIG_H -DHAS_STDARG -DLIBDIR=\"/opt/rustwide/target/release/build/krb5-src-eb49fb55dc2ebafd/out/install/lib\" -I../../include -I/opt/rustwide/cargo-home/registry/src/index.crates.io-1949cf8c6b5b557f/krb5-src-0.3.3+1.19.2/krb5/src/include -I.  -DKRB5_DEPRECATED=1 -DKRB5_PRIVATE  -fPIC -Wall -Wcast-align -Wshadow -Wmissing-prototypes -Wno-format-zero-length -Woverflow -Wstrict-overflow -Wmissing-format-attribute -Wmissing-prototypes -Wreturn-type -Wmissing-braces -Wparentheses -Wswitch -Wunused-function -Wunused-label -Wunused-variable -Wunused-value -Wunknown-pragmas -Wsign-compare -Werror=uninitialized -Wno-maybe-uninitialized -Werror=pointer-arith -Werror=int-conversion -Werror=incompatible-pointer-types -Werror=discarded-qualifiers -Werror=implicit-int -Werror=declaration-after-statement -Werror-implicit-function-declaration -pthread  -c /opt/rustwide/cargo-home/registry/src/index.crates.io-1949cf8c6b5b557f/krb5-src-0.3.3+1.19.2/krb5/src/util/profile/prof_tree.c
[INFO] [stderr]   gcc -DHAVE_CONFIG_H -DHAS_STDARG -DLIBDIR=\"/opt/rustwide/target/release/build/krb5-src-eb49fb55dc2ebafd/out/install/lib\" -I../../include -I/opt/rustwide/cargo-home/registry/src/index.crates.io-1949cf8c6b5b557f/krb5-src-0.3.3+1.19.2/krb5/src/include -I.  -DKRB5_DEPRECATED=1 -DKRB5_PRIVATE  -fPIC -Wall -Wcast-align -Wshadow -Wmissing-prototypes -Wno-format-zero-length -Woverflow -Wstrict-overflow -Wmissing-format-attribute -Wmissing-prototypes -Wreturn-type -Wmissing-braces -Wparentheses -Wswitch -Wunused-function -Wunused-label -Wunused-variable -Wunused-value -Wunknown-pragmas -Wsign-compare -Werror=uninitialized -Wno-maybe-uninitialized -Werror=pointer-arith -Werror=int-conversion -Werror=incompatible-pointer-types -Werror=discarded-qualifiers -Werror=implicit-int -Werror=declaration-after-statement -Werror-implicit-function-declaration -pthread  -c /opt/rustwide/cargo-home/registry/src/index.crates.io-1949cf8c6b5b557f/krb5-src-0.3.3+1.19.2/krb5/src/util/profile/prof_file.c
[INFO] [stderr]   gcc -DHAVE_CONFIG_H -DHAS_STDARG -DLIBDIR=\"/opt/rustwide/target/release/build/krb5-src-eb49fb55dc2ebafd/out/install/lib\" -I../../include -I/opt/rustwide/cargo-home/registry/src/index.crates.io-1949cf8c6b5b557f/krb5-src-0.3.3+1.19.2/krb5/src/include -I.  -DKRB5_DEPRECATED=1 -DKRB5_PRIVATE  -fPIC -Wall -Wcast-align -Wshadow -Wmissing-prototypes -Wno-format-zero-length -Woverflow -Wstrict-overflow -Wmissing-format-attribute -Wmissing-prototypes -Wreturn-type -Wmissing-braces -Wparentheses -Wswitch -Wunused-function -Wunused-label -Wunused-variable -Wunused-value -Wunknown-pragmas -Wsign-compare -Werror=uninitialized -Wno-maybe-uninitialized -Werror=pointer-arith -Werror=int-conversion -Werror=incompatible-pointer-types -Werror=discarded-qualifiers -Werror=implicit-int -Werror=declaration-after-statement -Werror-implicit-function-declaration -pthread  -c /opt/rustwide/cargo-home/registry/src/index.crates.io-1949cf8c6b5b557f/krb5-src-0.3.3+1.19.2/krb5/src/util/profile/prof_parse.c
[INFO] [stderr]   gcc -DHAVE_CONFIG_H -DHAS_STDARG -DLIBDIR=\"/opt/rustwide/target/release/build/krb5-src-eb49fb55dc2ebafd/out/install/lib\" -I../../include -I/opt/rustwide/cargo-home/registry/src/index.crates.io-1949cf8c6b5b557f/krb5-src-0.3.3+1.19.2/krb5/src/include -I.  -DKRB5_DEPRECATED=1 -DKRB5_PRIVATE  -fPIC -Wall -Wcast-align -Wshadow -Wmissing-prototypes -Wno-format-zero-length -Woverflow -Wstrict-overflow -Wmissing-format-attribute -Wmissing-prototypes -Wreturn-type -Wmissing-braces -Wparentheses -Wswitch -Wunused-function -Wunused-label -Wunused-variable -Wunused-value -Wunknown-pragmas -Wsign-compare -Werror=uninitialized -Wno-maybe-uninitialized -Werror=pointer-arith -Werror=int-conversion -Werror=incompatible-pointer-types -Werror=discarded-qualifiers -Werror=implicit-int -Werror=declaration-after-statement -Werror-implicit-function-declaration -pthread  -c /opt/rustwide/cargo-home/registry/src/index.crates.io-1949cf8c6b5b557f/krb5-src-0.3.3+1.19.2/krb5/src/util/profile/prof_get.c
[INFO] [stderr]   gcc -DHAVE_CONFIG_H -DHAS_STDARG -DLIBDIR=\"/opt/rustwide/target/release/build/krb5-src-eb49fb55dc2ebafd/out/install/lib\" -I../../include -I/opt/rustwide/cargo-home/registry/src/index.crates.io-1949cf8c6b5b557f/krb5-src-0.3.3+1.19.2/krb5/src/include -I.  -DKRB5_DEPRECATED=1 -DKRB5_PRIVATE  -fPIC -Wall -Wcast-align -Wshadow -Wmissing-prototypes -Wno-format-zero-length -Woverflow -Wstrict-overflow -Wmissing-format-attribute -Wmissing-prototypes -Wreturn-type -Wmissing-braces -Wparentheses -Wswitch -Wunused-function -Wunused-label -Wunused-variable -Wunused-value -Wunknown-pragmas -Wsign-compare -Werror=uninitialized -Wno-maybe-uninitialized -Werror=pointer-arith -Werror=int-conversion -Werror=incompatible-pointer-types -Werror=discarded-qualifiers -Werror=implicit-int -Werror=declaration-after-statement -Werror-implicit-function-declaration -pthread  -c /opt/rustwide/cargo-home/registry/src/index.crates.io-1949cf8c6b5b557f/krb5-src-0.3.3+1.19.2/krb5/src/util/profile/prof_set.c
[INFO] [stderr]   gcc -DHAVE_CONFIG_H -DHAS_STDARG -DLIBDIR=\"/opt/rustwide/target/release/build/krb5-src-eb49fb55dc2ebafd/out/install/lib\" -I../../include -I/opt/rustwide/cargo-home/registry/src/index.crates.io-1949cf8c6b5b557f/krb5-src-0.3.3+1.19.2/krb5/src/include -I.  -DKRB5_DEPRECATED=1 -DKRB5_PRIVATE  -fPIC -Wall -Wcast-align -Wshadow -Wmissing-prototypes -Wno-format-zero-length -Woverflow -Wstrict-overflow -Wmissing-format-attribute -Wmissing-prototypes -Wreturn-type -Wmissing-braces -Wparentheses -Wswitch -Wunused-function -Wunused-label -Wunused-variable -Wunused-value -Wunknown-pragmas -Wsign-compare -Werror=uninitialized -Wno-maybe-uninitialized -Werror=pointer-arith -Werror=int-conversion -Werror=incompatible-pointer-types -Werror=discarded-qualifiers -Werror=implicit-int -Werror=declaration-after-statement -Werror-implicit-function-declaration -pthread  -c /opt/rustwide/cargo-home/registry/src/index.crates.io-1949cf8c6b5b557f/krb5-src-0.3.3+1.19.2/krb5/src/util/profile/prof_init.c
[INFO] [stderr]   : updated OBJS.ST
[INFO] [stderr]   rm -f libprofile.a
[INFO] [stderr]   building static profile library
[INFO] [stderr]   set -x; objlist=`set -x && perl -p -e 'BEGIN { $SIG{__WARN__} = sub {die @_} }; $e=$ARGV; $e =~ s/OBJS\...$//; s/^/ /; s/ $//; s/ / $e/g;' OBJS.ST` && ar cq libprofile.a $objlist
[INFO] [stderr]   ranlib libprofile.a
[INFO] [stderr]   making install in testmod...
[INFO] [stderr]   make[1]: Entering directory '/opt/rustwide/target/release/build/krb5-src-eb49fb55dc2ebafd/out/build/util/profile/testmod'
[INFO] [stderr]   make[1]: Leaving directory '/opt/rustwide/target/release/build/krb5-src-eb49fb55dc2ebafd/out/build/util/profile/testmod'
[INFO] [stderr]   rm -f ../../include/verto.h
[INFO] [stderr]   cp /opt/rustwide/cargo-home/registry/src/index.crates.io-1949cf8c6b5b557f/krb5-src-0.3.3+1.19.2/krb5/src/util/verto/verto.h ../../include/verto.h
[INFO] [stderr]   gcc -DHAVE_CONFIG_H -DDEFAULT_LIBRARY=\"k5ev\" -DBUILTIN_MODULE=k5ev -I../../include -I/opt/rustwide/cargo-home/registry/src/index.crates.io-1949cf8c6b5b557f/krb5-src-0.3.3+1.19.2/krb5/src/include -I/opt/rustwide/cargo-home/registry/src/index.crates.io-1949cf8c6b5b557f/krb5-src-0.3.3+1.19.2/krb5/src/util/verto -I. -DKRB5_DEPRECATED=1 -DKRB5_PRIVATE  -fPIC  -pthread  -c /opt/rustwide/cargo-home/registry/src/index.crates.io-1949cf8c6b5b557f/krb5-src-0.3.3+1.19.2/krb5/src/util/verto/module.c
[INFO] [stderr]   rm -f rename.h
[INFO] [stderr]   sed -e 's/.*/#define & k5&/' < /opt/rustwide/cargo-home/registry/src/index.crates.io-1949cf8c6b5b557f/krb5-src-0.3.3+1.19.2/krb5/src/util/verto/Symbols.ev > rename.h
[INFO] [stderr]   gcc -DHAVE_CONFIG_H -DDEFAULT_LIBRARY=\"k5ev\" -DBUILTIN_MODULE=k5ev -I../../include -I/opt/rustwide/cargo-home/registry/src/index.crates.io-1949cf8c6b5b557f/krb5-src-0.3.3+1.19.2/krb5/src/include -I/opt/rustwide/cargo-home/registry/src/index.crates.io-1949cf8c6b5b557f/krb5-src-0.3.3+1.19.2/krb5/src/util/verto -I. -DKRB5_DEPRECATED=1 -DKRB5_PRIVATE  -fPIC  -pthread  -c /opt/rustwide/cargo-home/registry/src/index.crates.io-1949cf8c6b5b557f/krb5-src-0.3.3+1.19.2/krb5/src/util/verto/verto.c
[INFO] [stderr]   gcc -DHAVE_CONFIG_H -DDEFAULT_LIBRARY=\"k5ev\" -DBUILTIN_MODULE=k5ev -I../../include -I/opt/rustwide/cargo-home/registry/src/index.crates.io-1949cf8c6b5b557f/krb5-src-0.3.3+1.19.2/krb5/src/include -I/opt/rustwide/cargo-home/registry/src/index.crates.io-1949cf8c6b5b557f/krb5-src-0.3.3+1.19.2/krb5/src/util/verto -I. -DKRB5_DEPRECATED=1 -DKRB5_PRIVATE  -fPIC  -pthread  -c /opt/rustwide/cargo-home/registry/src/index.crates.io-1949cf8c6b5b557f/krb5-src-0.3.3+1.19.2/krb5/src/util/verto/verto-k5ev.c
[INFO] [stderr]   : updated OBJS.ST
[INFO] [stderr]   rm -f libverto.a
[INFO] [stderr]   building static verto library
[INFO] [stderr]   set -x; objlist=`set -x && perl -p -e 'BEGIN { $SIG{__WARN__} = sub {die @_} }; $e=$ARGV; $e =~ s/OBJS\...$//; s/^/ /; s/ $//; s/ / $e/g;' OBJS.ST` && ar cq libverto.a $objlist
[INFO] [stderr]   ranlib libverto.a
[INFO] [stderr]   rm -f ../../lib/libverto.a
[INFO] [stderr]   (cd ../../lib && ln -s ../util/verto/libverto.a .)
[INFO] [stderr]   rm -f /opt/rustwide/target/release/build/krb5-src-eb49fb55dc2ebafd/out/install/lib/libverto.a
[INFO] [stderr]   /usr/bin/install -c -m 644 libverto.a /opt/rustwide/target/release/build/krb5-src-eb49fb55dc2ebafd/out/install/lib
[INFO] [stderr]   ranlib /opt/rustwide/target/release/build/krb5-src-eb49fb55dc2ebafd/out/install/lib/libverto.a
[INFO] [stderr]   /usr/bin/install -c -m 644 /opt/rustwide/cargo-home/registry/src/index.crates.io-1949cf8c6b5b557f/krb5-src-0.3.3+1.19.2/krb5/src/util/verto/verto.h /opt/rustwide/target/release/build/krb5-src-eb49fb55dc2ebafd/out/install/include/verto.h
[INFO] [stderr]   /usr/bin/install -c -m 644 /opt/rustwide/cargo-home/registry/src/index.crates.io-1949cf8c6b5b557f/krb5-src-0.3.3+1.19.2/krb5/src/util/verto/verto-module.h \
[INFO] [stderr]   	/opt/rustwide/target/release/build/krb5-src-eb49fb55dc2ebafd/out/install/include/verto-module.h
[INFO] [stderr]   (cd ../lib/krb5/error_tables && make includes)
[INFO] [stderr]   make[1]: Entering directory '/opt/rustwide/target/release/build/krb5-src-eb49fb55dc2ebafd/out/build/lib/krb5/error_tables'
[INFO] [stderr]   rm -f et-h-asn1_err.et et-h-asn1_err.c et-h-asn1_err.h
[INFO] [stderr]   rm -f et-h-kdb5_err.et et-h-kdb5_err.c et-h-kdb5_err.h
[INFO] [stderr]   cp /opt/rustwide/cargo-home/registry/src/index.crates.io-1949cf8c6b5b557f/krb5-src-0.3.3+1.19.2/krb5/src/lib/krb5/error_tables/kdb5_err.et et-h-kdb5_err.et
[INFO] [stderr]   ../../../util/et/compile_et -d /opt/rustwide/cargo-home/registry/src/index.crates.io-1949cf8c6b5b557f/krb5-src-0.3.3+1.19.2/krb5/src/util/et --textdomain mit-krb5 et-h-kdb5_err.et
[INFO] [stderr]   cp /opt/rustwide/cargo-home/registry/src/index.crates.io-1949cf8c6b5b557f/krb5-src-0.3.3+1.19.2/krb5/src/lib/krb5/error_tables/asn1_err.et et-h-asn1_err.et
[INFO] [stderr]   ../../../util/et/compile_et -d /opt/rustwide/cargo-home/registry/src/index.crates.io-1949cf8c6b5b557f/krb5-src-0.3.3+1.19.2/krb5/src/util/et --textdomain mit-krb5 et-h-asn1_err.et
[INFO] [stderr]   mv -f et-h-asn1_err.h asn1_err.h
[INFO] [stderr]   rm -f et-h-asn1_err.et et-h-asn1_err.c
[INFO] [stderr]   mv -f et-h-kdb5_err.h kdb5_err.h
[INFO] [stderr]   rm -f et-h-kdb5_err.et et-h-kdb5_err.c
[INFO] [stderr]   rm -f et-h-krb5_err.et et-h-krb5_err.c et-h-krb5_err.h
[INFO] [stderr]   cp /opt/rustwide/cargo-home/registry/src/index.crates.io-1949cf8c6b5b557f/krb5-src-0.3.3+1.19.2/krb5/src/lib/krb5/error_tables/krb5_err.et et-h-krb5_err.et
[INFO] [stderr]   ../../../util/et/compile_et -d /opt/rustwide/cargo-home/registry/src/index.crates.io-1949cf8c6b5b557f/krb5-src-0.3.3+1.19.2/krb5/src/util/et --textdomain mit-krb5 et-h-krb5_err.et
[INFO] [stderr]   mv -f et-h-krb5_err.h krb5_err.h
[INFO] [stderr]   rm -f et-h-krb5_err.et et-h-krb5_err.c
[INFO] [stderr]   rm -f et-h-k5e1_err.et et-h-k5e1_err.c et-h-k5e1_err.h
[INFO] [stderr]   cp /opt/rustwide/cargo-home/registry/src/index.crates.io-1949cf8c6b5b557f/krb5-src-0.3.3+1.19.2/krb5/src/lib/krb5/error_tables/k5e1_err.et et-h-k5e1_err.et
[INFO] [stderr]   ../../../util/et/compile_et -d /opt/rustwide/cargo-home/registry/src/index.crates.io-1949cf8c6b5b557f/krb5-src-0.3.3+1.19.2/krb5/src/util/et --textdomain mit-krb5 et-h-k5e1_err.et
[INFO] [stderr]   : db.h will be installed by util/db2
[INFO] [stderr]   rm -f et-h-kv5m_err.et et-h-kv5m_err.c et-h-kv5m_err.h
[INFO] [stderr]   cp /opt/rustwide/cargo-home/registry/src/index.crates.io-1949cf8c6b5b557f/krb5-src-0.3.3+1.19.2/krb5/src/lib/krb5/error_tables/kv5m_err.et et-h-kv5m_err.et
[INFO] [stderr]   ../../../util/et/compile_et -d /opt/rustwide/cargo-home/registry/src/index.crates.io-1949cf8c6b5b557f/krb5-src-0.3.3+1.19.2/krb5/src/util/et --textdomain mit-krb5 et-h-kv5m_err.et
[INFO] [stderr]   mv -f et-h-kv5m_err.h kv5m_err.h
[INFO] [stderr]   cat /opt/rustwide/cargo-home/registry/src/index.crates.io-1949cf8c6b5b557f/krb5-src-0.3.3+1.19.2/krb5/src/include/osconf.hin | sed -e "s\"@KRB5RCTMPDIR\"/var/tmp\"" -e "s\"@PREFIX\"/opt/rustwide/target/release/build/krb5-src-eb49fb55dc2ebafd/out/install\"" -e "s\"@EXEC_PREFIX\"/opt/rustwide/target/release/build/krb5-src-eb49fb55dc2ebafd/out/install\"" -e "s\"@BINDIR\"/opt/rustwide/target/release/build/krb5-src-eb49fb55dc2ebafd/out/install/bin\"" -e "s\"@LIBDIR\"/opt/rustwide/target/release/build/krb5-src-eb49fb55dc2ebafd/out/install/lib\"" -e "s\"@SBINDIR\"/opt/rustwide/target/release/build/krb5-src-eb49fb55dc2ebafd/out/install/sbin\"" -e "s\"@MODULEDIR\"/opt/rustwide/target/release/build/krb5-src-eb49fb55dc2ebafd/out/install/lib/krb5/plugins\"" -e "s\"@GSSMODULEDIR\"/opt/rustwide/target/release/build/krb5-src-eb49fb55dc2ebafd/out/install/lib/gss\"" -e "s\"@LOCALSTATEDIR\"/opt/rustwide/target/release/build/krb5-src-eb49fb55dc2ebafd/out/install/var\"" -e "s\"@RUNSTATEDIR\"/opt/rustwide/target/release/build/krb5-src-eb49fb55dc2ebafd/out/install/var/run\"" -e "s\"@SYSCONFDIR\"/opt/rustwide/target/release/build/krb5-src-eb49fb55dc2ebafd/out/install/etc\"" -e "s\"@DYNOBJEXT\".so-nobuild\"" -e "s\"@SYSCONFCONF\":/opt/rustwide/target/release/build/krb5-src-eb49fb55dc2ebafd/out/install/etc/krb5.conf\"" > osconf.new
[INFO] [stderr]   rm -f et-h-kv5m_err.et et-h-kv5m_err.c
[INFO] [stderr]   mv -f et-h-k5e1_err.h k5e1_err.h
[INFO] [stderr]   rm -f et-h-krb524_err.et et-h-krb524_err.c et-h-krb524_err.h
[INFO] [stderr]   cp /opt/rustwide/cargo-home/registry/src/index.crates.io-1949cf8c6b5b557f/krb5-src-0.3.3+1.19.2/krb5/src/lib/krb5/error_tables/krb524_err.et et-h-krb524_err.et
[INFO] [stderr]   rm -f et-h-k5e1_err.et et-h-k5e1_err.c
[INFO] [stderr]   ../../../util/et/compile_et -d /opt/rustwide/cargo-home/registry/src/index.crates.io-1949cf8c6b5b557f/krb5-src-0.3.3+1.19.2/krb5/src/util/et --textdomain mit-krb5 et-h-krb524_err.et
[INFO] [stderr]   /opt/rustwide/cargo-home/registry/src/index.crates.io-1949cf8c6b5b557f/krb5-src-0.3.3+1.19.2/krb5/src/config/move-if-changed osconf.new osconf.h
[INFO] [stderr]   mv -f et-h-krb524_err.h krb524_err.h
[INFO] [stderr]   rm -f et-h-krb524_err.et et-h-krb524_err.c
[INFO] [stderr]   make[1]: Leaving directory '/opt/rustwide/target/release/build/krb5-src-eb49fb55dc2ebafd/out/build/lib/krb5/error_tables'
[INFO] [stderr]   : ../lib/krb5/error_tables/krb5_err.h
[INFO] [stderr]   : ../lib/krb5/error_tables/k5e1_err.h
[INFO] [stderr]   : ../lib/krb5/error_tables/kdb5_err.h
[INFO] [stderr]   : ../lib/krb5/error_tables/kv5m_err.h
[INFO] [stderr]   : ../lib/krb5/error_tables/krb524_err.h
[INFO] [stderr]   : ../lib/krb5/error_tables/asn1_err.h
[INFO] [stderr]   test -d krb5 || mkdir krb5
[INFO] [stderr]   if test -r krb5.h; then \
[INFO] [stderr]     if cmp -s krb5.h /opt/rustwide/cargo-home/registry/src/index.crates.io-1949cf8c6b5b557f/krb5-src-0.3.3+1.19.2/krb5/src/include/krb5.h; then :; else rm -f krb5.h; fi; \
[INFO] [stderr]   else :; fi
[INFO] [stderr]   echo "/* This file is generated, please don't edit it directly.  */" > krb5/krb5.new
[INFO] [stderr]   echo "#ifndef KRB5_KRB5_H_INCLUDED" >> krb5/krb5.new
[INFO] [stderr]   echo "#define KRB5_KRB5_H_INCLUDED" >> krb5/krb5.new
[INFO] [stderr]   cat /opt/rustwide/cargo-home/registry/src/index.crates.io-1949cf8c6b5b557f/krb5-src-0.3.3+1.19.2/krb5/src/include/krb5/krb5.hin ../lib/krb5/error_tables/krb5_err.h ../lib/krb5/error_tables/k5e1_err.h ../lib/krb5/error_tables/kdb5_err.h ../lib/krb5/error_tables/kv5m_err.h ../lib/krb5/error_tables/krb524_err.h ../lib/krb5/error_tables/asn1_err.h >> krb5/krb5.new
[INFO] [stderr]   echo "#endif /* KRB5_KRB5_H_INCLUDED */" >> krb5/krb5.new
[INFO] [stderr]   /opt/rustwide/cargo-home/registry/src/index.crates.io-1949cf8c6b5b557f/krb5-src-0.3.3+1.19.2/krb5/src/config/move-if-changed krb5/krb5.new krb5/krb5.h
[INFO] [stderr]   touch krb5.stamp
[INFO] [stderr]   : krb5.h
[INFO] [stderr]   (cd ../lib/krb5/error_tables && make includes)
[INFO] [stderr]   make[1]: Entering directory '/opt/rustwide/target/release/build/krb5-src-eb49fb55dc2ebafd/out/build/lib/krb5/error_tables'
[INFO] [stderr]   make[1]: Nothing to be done for 'includes'.
[INFO] [stderr]   make[1]: Leaving directory '/opt/rustwide/target/release/build/krb5-src-eb49fb55dc2ebafd/out/build/lib/krb5/error_tables'
[INFO] [stderr]   : ../lib/krb5/error_tables/krb5_err.h
[INFO] [stderr]   : ../lib/krb5/error_tables/k5e1_err.h
[INFO] [stderr]   : ../lib/krb5/error_tables/kdb5_err.h
[INFO] [stderr]   : ../lib/krb5/error_tables/kv5m_err.h
[INFO] [stderr]   : ../lib/krb5/error_tables/krb524_err.h
[INFO] [stderr]   : ../lib/krb5/error_tables/asn1_err.h
[INFO] [stderr]   : krb5.h
[INFO] [stderr]   /usr/bin/install -c -m 644 /opt/rustwide/cargo-home/registry/src/index.crates.io-1949cf8c6b5b557f/krb5-src-0.3.3+1.19.2/krb5/src/include/krb5.h /opt/rustwide/target/release/build/krb5-src-eb49fb55dc2ebafd/out/install/include/krb5.h
[INFO] [stderr]   /usr/bin/install -c -m 644 /opt/rustwide/cargo-home/registry/src/index.crates.io-1949cf8c6b5b557f/krb5-src-0.3.3+1.19.2/krb5/src/include/kdb.h /opt/rustwide/target/release/build/krb5-src-eb49fb55dc2ebafd/out/install/include/kdb.h
[INFO] [stderr]   /usr/bin/install -c -m 644 krb5/krb5.h /opt/rustwide/target/release/build/krb5-src-eb49fb55dc2ebafd/out/install/include/krb5/krb5.h
[INFO] [stderr]   /usr/bin/install -c -m 644 /opt/rustwide/cargo-home/registry/src/index.crates.io-1949cf8c6b5b557f/krb5-src-0.3.3+1.19.2/krb5/src/include/krb5/certauth_plugin.h /opt/rustwide/target/release/build/krb5-src-eb49fb55dc2ebafd/out/install/include/krb5/certauth_plugin.h
[INFO] [stderr]   /usr/bin/install -c -m 644 /opt/rustwide/cargo-home/registry/src/index.crates.io-1949cf8c6b5b557f/krb5-src-0.3.3+1.19.2/krb5/src/include/krb5/ccselect_plugin.h /opt/rustwide/target/release/build/krb5-src-eb49fb55dc2ebafd/out/install/include/krb5/ccselect_plugin.h
[INFO] [stderr]   /usr/bin/install -c -m 644 /opt/rustwide/cargo-home/registry/src/index.crates.io-1949cf8c6b5b557f/krb5-src-0.3.3+1.19.2/krb5/src/include/krb5/clpreauth_plugin.h /opt/rustwide/target/release/build/krb5-src-eb49fb55dc2ebafd/out/install/include/krb5/clpreauth_plugin.h
[INFO] [stderr]   /usr/bin/install -c -m 644 /opt/rustwide/cargo-home/registry/src/index.crates.io-1949cf8c6b5b557f/krb5-src-0.3.3+1.19.2/krb5/src/include/krb5/hostrealm_plugin.h /opt/rustwide/target/release/build/krb5-src-eb49fb55dc2ebafd/out/install/include/krb5/hostrealm_plugin.h
[INFO] [stderr]   /usr/bin/install -c -m 644 /opt/rustwide/cargo-home/registry/src/index.crates.io-1949cf8c6b5b557f/krb5-src-0.3.3+1.19.2/krb5/src/include/krb5/kdcpolicy_plugin.h /opt/rustwide/target/release/build/krb5-src-eb49fb55dc2ebafd/out/install/include/krb5/kdcpolicy_plugin.h
[INFO] [stderr]   /usr/bin/install -c -m 644 /opt/rustwide/cargo-home/registry/src/index.crates.io-1949cf8c6b5b557f/krb5-src-0.3.3+1.19.2/krb5/src/include/krb5/kdcpreauth_plugin.h /opt/rustwide/target/release/build/krb5-src-eb49fb55dc2ebafd/out/install/include/krb5/kdcpreauth_plugin.h
[INFO] [stderr]   /usr/bin/install -c -m 644 /opt/rustwide/cargo-home/registry/src/index.crates.io-1949cf8c6b5b557f/krb5-src-0.3.3+1.19.2/krb5/src/include/krb5/localauth_plugin.h /opt/rustwide/target/release/build/krb5-src-eb49fb55dc2ebafd/out/install/include/krb5/localauth_plugin.h
[INFO] [stderr]   /usr/bin/install -c -m 644 /opt/rustwide/cargo-home/registry/src/index.crates.io-1949cf8c6b5b557f/krb5-src-0.3.3+1.19.2/krb5/src/include/krb5/locate_plugin.h /opt/rustwide/target/release/build/krb5-src-eb49fb55dc2ebafd/out/install/include/krb5/locate_plugin.h
[INFO] [stderr]   /usr/bin/install -c -m 644 /opt/rustwide/cargo-home/registry/src/index.crates.io-1949cf8c6b5b557f/krb5-src-0.3.3+1.19.2/krb5/src/include/krb5/plugin.h /opt/rustwide/target/release/build/krb5-src-eb49fb55dc2ebafd/out/install/include/krb5/plugin.h
[INFO] [stderr]   /usr/bin/install -c -m 644 /opt/rustwide/cargo-home/registry/src/index.crates.io-1949cf8c6b5b557f/krb5-src-0.3.3+1.19.2/krb5/src/include/krb5/preauth_plugin.h /opt/rustwide/target/release/build/krb5-src-eb49fb55dc2ebafd/out/install/include/krb5/preauth_plugin.h
[INFO] [stderr]   /usr/bin/install -c -m 644 /opt/rustwide/cargo-home/registry/src/index.crates.io-1949cf8c6b5b557f/krb5-src-0.3.3+1.19.2/krb5/src/include/krb5/pwqual_plugin.h /opt/rustwide/target/release/build/krb5-src-eb49fb55dc2ebafd/out/install/include/krb5/pwqual_plugin.h
[INFO] [stderr]   /usr/bin/install -c -m 644 /opt/rustwide/cargo-home/registry/src/index.crates.io-1949cf8c6b5b557f/krb5-src-0.3.3+1.19.2/krb5/src/include/krb5/kadm5_auth_plugin.h /opt/rustwide/target/release/build/krb5-src-eb49fb55dc2ebafd/out/install/include/krb5/kadm5_auth_plugin.h
[INFO] [stderr]   /usr/bin/install -c -m 644 /opt/rustwide/cargo-home/registry/src/index.crates.io-1949cf8c6b5b557f/krb5-src-0.3.3+1.19.2/krb5/src/include/krb5/kadm5_hook_plugin.h /opt/rustwide/target/release/build/krb5-src-eb49fb55dc2ebafd/out/install/include/krb5/kadm5_hook_plugin.h
[INFO] [stderr]   /usr/bin/install -c -m 644 profile.h /opt/rustwide/target/release/build/krb5-src-eb49fb55dc2ebafd/out/install/include/profile.h
[INFO] [stderr]   /usr/bin/install -c -m 644 /opt/rustwide/cargo-home/registry/src/index.crates.io-1949cf8c6b5b557f/krb5-src-0.3.3+1.19.2/krb5/src/include/gssapi.h /opt/rustwide/target/release/build/krb5-src-eb49fb55dc2ebafd/out/install/include/gssapi.h
[INFO] [stderr]   /usr/bin/install -c -m 644 /opt/rustwide/cargo-home/registry/src/index.crates.io-1949cf8c6b5b557f/krb5-src-0.3.3+1.19.2/krb5/src/include/krad.h /opt/rustwide/target/release/build/krb5-src-eb49fb55dc2ebafd/out/install/include/krad.h
[INFO] [stderr]   making all in crypto...
[INFO] [stderr]   make[1]: Entering directory '/opt/rustwide/target/release/build/krb5-src-eb49fb55dc2ebafd/out/build/lib/crypto'
[INFO] [stderr]   making all in crypto/krb...
[INFO] [stderr]   make[2]: Entering directory '/opt/rustwide/target/release/build/krb5-src-eb49fb55dc2ebafd/out/build/lib/crypto/krb'
[INFO] [stderr]   gcc -DHAVE_CONFIG_H  -I../../../include -I/opt/rustwide/cargo-home/registry/src/index.crates.io-1949cf8c6b5b557f/krb5-src-0.3.3+1.19.2/krb5/src/include -I/opt/rustwide/cargo-home/registry/src/index.crates.io-1949cf8c6b5b557f/krb5-src-0.3.3+1.19.2/krb5/src/lib/crypto/krb/../builtin -DKRB5_DEPRECATED=1 -DKRB5_PRIVATE  -fPIC -Wall -Wcast-align -Wshadow -Wmissing-prototypes -Wno-format-zero-length -Woverflow -Wstrict-overflow -Wmissing-format-attribute -Wmissing-prototypes -Wreturn-type -Wmissing-braces -Wparentheses -Wswitch -Wunused-function -Wunused-label -Wunused-variable -Wunused-value -Wunknown-pragmas -Wsign-compare -Werror=uninitialized -Wno-maybe-uninitialized -Werror=pointer-arith -Werror=int-conversion -Werror=incompatible-pointer-types -Werror=discarded-qualifiers -Werror=implicit-int -Werror=declaration-after-statement -Werror-implicit-function-declaration -pthread  -c /opt/rustwide/cargo-home/registry/src/index.crates.io-1949cf8c6b5b557f/krb5-src-0.3.3+1.19.2/krb5/src/lib/crypto/krb/aead.c
[INFO] [stderr]   gcc -DHAVE_CONFIG_H  -I../../../include -I/opt/rustwide/cargo-home/registry/src/index.crates.io-1949cf8c6b5b557f/krb5-src-0.3.3+1.19.2/krb5/src/include -I/opt/rustwide/cargo-home/registry/src/index.crates.io-1949cf8c6b5b557f/krb5-src-0.3.3+1.19.2/krb5/src/lib/crypto/krb/../builtin -DKRB5_DEPRECATED=1 -DKRB5_PRIVATE  -fPIC -Wall -Wcast-align -Wshadow -Wmissing-prototypes -Wno-format-zero-length -Woverflow -Wstrict-overflow -Wmissing-format-attribute -Wmissing-prototypes -Wreturn-type -Wmissing-braces -Wparentheses -Wswitch -Wunused-function -Wunused-label -Wunused-variable -Wunused-value -Wunknown-pragmas -Wsign-compare -Werror=uninitialized -Wno-maybe-uninitialized -Werror=pointer-arith -Werror=int-conversion -Werror=incompatible-pointer-types -Werror=discarded-qualifiers -Werror=implicit-int -Werror=declaration-after-statement -Werror-implicit-function-declaration -pthread  -c /opt/rustwide/cargo-home/registry/src/index.crates.io-1949cf8c6b5b557f/krb5-src-0.3.3+1.19.2/krb5/src/lib/crypto/krb/block_size.c
[INFO] [stderr]   gcc -DHAVE_CONFIG_H  -I../../../include -I/opt/rustwide/cargo-home/registry/src/index.crates.io-1949cf8c6b5b557f/krb5-src-0.3.3+1.19.2/krb5/src/include -I/opt/rustwide/cargo-home/registry/src/index.crates.io-1949cf8c6b5b557f/krb5-src-0.3.3+1.19.2/krb5/src/lib/crypto/krb/../builtin -DKRB5_DEPRECATED=1 -DKRB5_PRIVATE  -fPIC -Wall -Wcast-align -Wshadow -Wmissing-prototypes -Wno-format-zero-length -Woverflow -Wstrict-overflow -Wmissing-format-attribute -Wmissing-prototypes -Wreturn-type -Wmissing-braces -Wparentheses -Wswitch -Wunused-function -Wunused-label -Wunused-variable -Wunused-value -Wunknown-pragmas -Wsign-compare -Werror=uninitialized -Wno-maybe-uninitialized -Werror=pointer-arith -Werror=int-conversion -Werror=incompatible-pointer-types -Werror=discarded-qualifiers -Werror=implicit-int -Werror=declaration-after-statement -Werror-implicit-function-declaration -pthread  -c /opt/rustwide/cargo-home/registry/src/index.crates.io-1949cf8c6b5b557f/krb5-src-0.3.3+1.19.2/krb5/src/lib/crypto/krb/cf2.c
[INFO] [stderr]   gcc -DHAVE_CONFIG_H  -I../../../include -I/opt/rustwide/cargo-home/registry/src/index.crates.io-1949cf8c6b5b557f/krb5-src-0.3.3+1.19.2/krb5/src/include -I/opt/rustwide/cargo-home/registry/src/index.crates.io-1949cf8c6b5b557f/krb5-src-0.3.3+1.19.2/krb5/src/lib/crypto/krb/../builtin -DKRB5_DEPRECATED=1 -DKRB5_PRIVATE  -fPIC -Wall -Wcast-align -Wshadow -Wmissing-prototypes -Wno-format-zero-length -Woverflow -Wstrict-overflow -Wmissing-format-attribute -Wmissing-prototypes -Wreturn-type -Wmissing-braces -Wparentheses -Wswitch -Wunused-function -Wunused-label -Wunused-variable -Wunused-value -Wunknown-pragmas -Wsign-compare -Werror=uninitialized -Wno-maybe-uninitialized -Werror=pointer-arith -Werror=int-conversion -Werror=incompatible-pointer-types -Werror=discarded-qualifiers -Werror=implicit-int -Werror=declaration-after-statement -Werror-implicit-function-declaration -pthread  -c /opt/rustwide/cargo-home/registry/src/index.crates.io-1949cf8c6b5b557f/krb5-src-0.3.3+1.19.2/krb5/src/lib/crypto/krb/checksum_dk_cmac.c
[INFO] [stderr]   gcc -DHAVE_CONFIG_H  -I../../../include -I/opt/rustwide/cargo-home/registry/src/index.crates.io-1949cf8c6b5b557f/krb5-src-0.3.3+1.19.2/krb5/src/include -I/opt/rustwide/cargo-home/registry/src/index.crates.io-1949cf8c6b5b557f/krb5-src-0.3.3+1.19.2/krb5/src/lib/crypto/krb/../builtin -DKRB5_DEPRECATED=1 -DKRB5_PRIVATE  -fPIC -Wall -Wcast-align -Wshadow -Wmissing-prototypes -Wno-format-zero-length -Woverflow -Wstrict-overflow -Wmissing-format-attribute -Wmissing-prototypes -Wreturn-type -Wmissing-braces -Wparentheses -Wswitch -Wunused-function -Wunused-label -Wunused-variable -Wunused-value -Wunknown-pragmas -Wsign-compare -Werror=uninitialized -Wno-maybe-uninitialized -Werror=pointer-arith -Werror=int-conversion -Werror=incompatible-pointer-types -Werror=discarded-qualifiers -Werror=implicit-int -Werror=declaration-after-statement -Werror-implicit-function-declaration -pthread  -c /opt/rustwide/cargo-home/registry/src/index.crates.io-1949cf8c6b5b557f/krb5-src-0.3.3+1.19.2/krb5/src/lib/crypto/krb/checksum_dk_hmac.c
[INFO] [stderr]   gcc -DHAVE_CONFIG_H  -I../../../include -I/opt/rustwide/cargo-home/registry/src/index.crates.io-1949cf8c6b5b557f/krb5-src-0.3.3+1.19.2/krb5/src/include -I/opt/rustwide/cargo-home/registry/src/index.crates.io-1949cf8c6b5b557f/krb5-src-0.3.3+1.19.2/krb5/src/lib/crypto/krb/../builtin -DKRB5_DEPRECATED=1 -DKRB5_PRIVATE  -fPIC -Wall -Wcast-align -Wshadow -Wmissing-prototypes -Wno-format-zero-length -Woverflow -Wstrict-overflow -Wmissing-format-attribute -Wmissing-prototypes -Wreturn-type -Wmissing-braces -Wparentheses -Wswitch -Wunused-function -Wunused-label -Wunused-variable -Wunused-value -Wunknown-pragmas -Wsign-compare -Werror=uninitialized -Wno-maybe-uninitialized -Werror=pointer-arith -Werror=int-conversion -Werror=incompatible-pointer-types -Werror=discarded-qualifiers -Werror=implicit-int -Werror=declaration-after-statement -Werror-implicit-function-declaration -pthread  -c /opt/rustwide/cargo-home/registry/src/index.crates.io-1949cf8c6b5b557f/krb5-src-0.3.3+1.19.2/krb5/src/lib/crypto/krb/checksum_etm.c
[INFO] [stderr]   gcc -DHAVE_CONFIG_H  -I../../../include -I/opt/rustwide/cargo-home/registry/src/index.crates.io-1949cf8c6b5b557f/krb5-src-0.3.3+1.19.2/krb5/src/include -I/opt/rustwide/cargo-home/registry/src/index.crates.io-1949cf8c6b5b557f/krb5-src-0.3.3+1.19.2/krb5/src/lib/crypto/krb/../builtin -DKRB5_DEPRECATED=1 -DKRB5_PRIVATE  -fPIC -Wall -Wcast-align -Wshadow -Wmissing-prototypes -Wno-format-zero-length -Woverflow -Wstrict-overflow -Wmissing-format-attribute -Wmissing-prototypes -Wreturn-type -Wmissing-braces -Wparentheses -Wswitch -Wunused-function -Wunused-label -Wunused-variable -Wunused-value -Wunknown-pragmas -Wsign-compare -Werror=uninitialized -Wno-maybe-uninitialized -Werror=pointer-arith -Werror=int-conversion -Werror=incompatible-pointer-types -Werror=discarded-qualifiers -Werror=implicit-int -Werror=declaration-after-statement -Werror-implicit-function-declaration -pthread  -c /opt/rustwide/cargo-home/registry/src/index.crates.io-1949cf8c6b5b557f/krb5-src-0.3.3+1.19.2/krb5/src/lib/crypto/krb/checksum_hmac_md5.c
[INFO] [stderr]   gcc -DHAVE_CONFIG_H  -I../../../include -I/opt/rustwide/cargo-home/registry/src/index.crates.io-1949cf8c6b5b557f/krb5-src-0.3.3+1.19.2/krb5/src/include -I/opt/rustwide/cargo-home/registry/src/index.crates.io-1949cf8c6b5b557f/krb5-src-0.3.3+1.19.2/krb5/src/lib/crypto/krb/../builtin -DKRB5_DEPRECATED=1 -DKRB5_PRIVATE  -fPIC -Wall -Wcast-align -Wshadow -Wmissing-prototypes -Wno-format-zero-length -Woverflow -Wstrict-overflow -Wmissing-format-attribute -Wmissing-prototypes -Wreturn-type -Wmissing-braces -Wparentheses -Wswitch -Wunused-function -Wunused-label -Wunused-variable -Wunused-value -Wunknown-pragmas -Wsign-compare -Werror=uninitialized -Wno-maybe-uninitialized -Werror=pointer-arith -Werror=int-conversion -Werror=incompatible-pointer-types -Werror=discarded-qualifiers -Werror=implicit-int -Werror=declaration-after-statement -Werror-implicit-function-declaration -pthread  -c /opt/rustwide/cargo-home/registry/src/index.crates.io-1949cf8c6b5b557f/krb5-src-0.3.3+1.19.2/krb5/src/lib/crypto/krb/checksum_unkeyed.c
[INFO] [stderr]   gcc -DHAVE_CONFIG_H  -I../../../include -I/opt/rustwide/cargo-home/registry/src/index.crates.io-1949cf8c6b5b557f/krb5-src-0.3.3+1.19.2/krb5/src/include -I/opt/rustwide/cargo-home/registry/src/index.crates.io-1949cf8c6b5b557f/krb5-src-0.3.3+1.19.2/krb5/src/lib/crypto/krb/../builtin -DKRB5_DEPRECATED=1 -DKRB5_PRIVATE  -fPIC -Wall -Wcast-align -Wshadow -Wmissing-prototypes -Wno-format-zero-length -Woverflow -Wstrict-overflow -Wmissing-format-attribute -Wmissing-prototypes -Wreturn-type -Wmissing-braces -Wparentheses -Wswitch -Wunused-function -Wunused-label -Wunused-variable -Wunused-value -Wunknown-pragmas -Wsign-compare -Werror=uninitialized -Wno-maybe-uninitialized -Werror=pointer-arith -Werror=int-conversion -Werror=incompatible-pointer-types -Werror=discarded-qualifiers -Werror=implicit-int -Werror=declaration-after-statement -Werror-implicit-function-declaration -pthread  -c /opt/rustwide/cargo-home/registry/src/index.crates.io-1949cf8c6b5b557f/krb5-src-0.3.3+1.19.2/krb5/src/lib/crypto/krb/checksum_length.c
[INFO] [stderr]   gcc -DHAVE_CONFIG_H  -I../../../include -I/opt/rustwide/cargo-home/registry/src/index.crates.io-1949cf8c6b5b557f/krb5-src-0.3.3+1.19.2/krb5/src/include -I/opt/rustwide/cargo-home/registry/src/index.crates.io-1949cf8c6b5b557f/krb5-src-0.3.3+1.19.2/krb5/src/lib/crypto/krb/../builtin -DKRB5_DEPRECATED=1 -DKRB5_PRIVATE  -fPIC -Wall -Wcast-align -Wshadow -Wmissing-prototypes -Wno-format-zero-length -Woverflow -Wstrict-overflow -Wmissing-format-attribute -Wmissing-prototypes -Wreturn-type -Wmissing-braces -Wparentheses -Wswitch -Wunused-function -Wunused-label -Wunused-variable -Wunused-value -Wunknown-pragmas -Wsign-compare -Werror=uninitialized -Wno-maybe-uninitialized -Werror=pointer-arith -Werror=int-conversion -Werror=incompatible-pointer-types -Werror=discarded-qualifiers -Werror=implicit-int -Werror=declaration-after-statement -Werror-implicit-function-declaration -pthread  -c /opt/rustwide/cargo-home/registry/src/index.crates.io-1949cf8c6b5b557f/krb5-src-0.3.3+1.19.2/krb5/src/lib/crypto/krb/cksumtype_to_string.c
[INFO] [stderr]   gcc -DHAVE_CONFIG_H  -I../../../include -I/opt/rustwide/cargo-home/registry/src/index.crates.io-1949cf8c6b5b557f/krb5-src-0.3.3+1.19.2/krb5/src/include -I/opt/rustwide/cargo-home/registry/src/index.crates.io-1949cf8c6b5b557f/krb5-src-0.3.3+1.19.2/krb5/src/lib/crypto/krb/../builtin -DKRB5_DEPRECATED=1 -DKRB5_PRIVATE  -fPIC -Wall -Wcast-align -Wshadow -Wmissing-prototypes -Wno-format-zero-length -Woverflow -Wstrict-overflow -Wmissing-format-attribute -Wmissing-prototypes -Wreturn-type -Wmissing-braces -Wparentheses -Wswitch -Wunused-function -Wunused-label -Wunused-variable -Wunused-value -Wunknown-pragmas -Wsign-compare -Werror=uninitialized -Wno-maybe-uninitialized -Werror=pointer-arith -Werror=int-conversion -Werror=incompatible-pointer-types -Werror=discarded-qualifiers -Werror=implicit-int -Werror=declaration-after-statement -Werror-implicit-function-declaration -pthread  -c /opt/rustwide/cargo-home/registry/src/index.crates.io-1949cf8c6b5b557f/krb5-src-0.3.3+1.19.2/krb5/src/lib/crypto/krb/cksumtypes.c
[INFO] [stderr]   gcc -DHAVE_CONFIG_H  -I../../../include -I/opt/rustwide/cargo-home/registry/src/index.crates.io-1949cf8c6b5b557f/krb5-src-0.3.3+1.19.2/krb5/src/include -I/opt/rustwide/cargo-home/registry/src/index.crates.io-1949cf8c6b5b557f/krb5-src-0.3.3+1.19.2/krb5/src/lib/crypto/krb/../builtin -DKRB5_DEPRECATED=1 -DKRB5_PRIVATE  -fPIC -Wall -Wcast-align -Wshadow -Wmissing-prototypes -Wno-format-zero-length -Woverflow -Wstrict-overflow -Wmissing-format-attribute -Wmissing-prototypes -Wreturn-type -Wmissing-braces -Wparentheses -Wswitch -Wunused-function -Wunused-label -Wunused-variable -Wunused-value -Wunknown-pragmas -Wsign-compare -Werror=uninitialized -Wno-maybe-uninitialized -Werror=pointer-arith -Werror=int-conversion -Werror=incompatible-pointer-types -Werror=discarded-qualifiers -Werror=implicit-int -Werror=declaration-after-statement -Werror-implicit-function-declaration -pthread  -c /opt/rustwide/cargo-home/registry/src/index.crates.io-1949cf8c6b5b557f/krb5-src-0.3.3+1.19.2/krb5/src/lib/crypto/krb/cmac.c
[INFO] [stderr]   gcc -DHAVE_CONFIG_H  -I../../../include -I/opt/rustwide/cargo-home/registry/src/index.crates.io-1949cf8c6b5b557f/krb5-src-0.3.3+1.19.2/krb5/src/include -I/opt/rustwide/cargo-home/registry/src/index.crates.io-1949cf8c6b5b557f/krb5-src-0.3.3+1.19.2/krb5/src/lib/crypto/krb/../builtin -DKRB5_DEPRECATED=1 -DKRB5_PRIVATE  -fPIC -Wall -Wcast-align -Wshadow -Wmissing-prototypes -Wno-format-zero-length -Woverflow -Wstrict-overflow -Wmissing-format-attribute -Wmissing-prototypes -Wreturn-type -Wmissing-braces -Wparentheses -Wswitch -Wunused-function -Wunused-label -Wunused-variable -Wunused-value -Wunknown-pragmas -Wsign-compare -Werror=uninitialized -Wno-maybe-uninitialized -Werror=pointer-arith -Werror=int-conversion -Werror=incompatible-pointer-types -Werror=discarded-qualifiers -Werror=implicit-int -Werror=declaration-after-statement -Werror-implicit-function-declaration -pthread  -c /opt/rustwide/cargo-home/registry/src/index.crates.io-1949cf8c6b5b557f/krb5-src-0.3.3+1.19.2/krb5/src/lib/crypto/krb/coll_proof_cksum.c
[INFO] [stderr]   gcc -DHAVE_CONFIG_H  -I../../../include -I/opt/rustwide/cargo-home/registry/src/index.crates.io-1949cf8c6b5b557f/krb5-src-0.3.3+1.19.2/krb5/src/include -I/opt/rustwide/cargo-home/registry/src/index.crates.io-1949cf8c6b5b557f/krb5-src-0.3.3+1.19.2/krb5/src/lib/crypto/krb/../builtin -DKRB5_DEPRECATED=1 -DKRB5_PRIVATE  -fPIC -Wall -Wcast-align -Wshadow -Wmissing-prototypes -Wno-format-zero-length -Woverflow -Wstrict-overflow -Wmissing-format-attribute -Wmissing-prototypes -Wreturn-type -Wmissing-braces -Wparentheses -Wswitch -Wunused-function -Wunused-label -Wunused-variable -Wunused-value -Wunknown-pragmas -Wsign-compare -Werror=uninitialized -Wno-maybe-uninitialized -Werror=pointer-arith -Werror=int-conversion -Werror=incompatible-pointer-types -Werror=discarded-qualifiers -Werror=implicit-int -Werror=declaration-after-statement -Werror-implicit-function-declaration -pthread  -c /opt/rustwide/cargo-home/registry/src/index.crates.io-1949cf8c6b5b557f/krb5-src-0.3.3+1.19.2/krb5/src/lib/crypto/krb/crypto_length.c
[INFO] [stderr]   gcc -DHAVE_CONFIG_H  -I../../../include -I/opt/rustwide/cargo-home/registry/src/index.crates.io-1949cf8c6b5b557f/krb5-src-0.3.3+1.19.2/krb5/src/include -I/opt/rustwide/cargo-home/registry/src/index.crates.io-1949cf8c6b5b557f/krb5-src-0.3.3+1.19.2/krb5/src/lib/crypto/krb/../builtin -DKRB5_DEPRECATED=1 -DKRB5_PRIVATE  -fPIC -Wall -Wcast-align -Wshadow -Wmissing-prototypes -Wno-format-zero-length -Woverflow -Wstrict-overflow -Wmissing-format-attribute -Wmissing-prototypes -Wreturn-type -Wmissing-braces -Wparentheses -Wswitch -Wunused-function -Wunused-label -Wunused-variable -Wunused-value -Wunknown-pragmas -Wsign-compare -Werror=uninitialized -Wno-maybe-uninitialized -Werror=pointer-arith -Werror=int-conversion -Werror=incompatible-pointer-types -Werror=discarded-qualifiers -Werror=implicit-int -Werror=declaration-after-statement -Werror-implicit-function-declaration -pthread  -c /opt/rustwide/cargo-home/registry/src/index.crates.io-1949cf8c6b5b557f/krb5-src-0.3.3+1.19.2/krb5/src/lib/crypto/krb/crypto_libinit.c
[INFO] [stderr]   gcc -DHAVE_CONFIG_H  -I../../../include -I/opt/rustwide/cargo-home/registry/src/index.crates.io-1949cf8c6b5b557f/krb5-src-0.3.3+1.19.2/krb5/src/include -I/opt/rustwide/cargo-home/registry/src/index.crates.io-1949cf8c6b5b557f/krb5-src-0.3.3+1.19.2/krb5/src/lib/crypto/krb/../builtin -DKRB5_DEPRECATED=1 -DKRB5_PRIVATE  -fPIC -Wall -Wcast-align -Wshadow -Wmissing-prototypes -Wno-format-zero-length -Woverflow -Wstrict-overflow -Wmissing-format-attribute -Wmissing-prototypes -Wreturn-type -Wmissing-braces -Wparentheses -Wswitch -Wunused-function -Wunused-label -Wunused-variable -Wunused-value -Wunknown-pragmas -Wsign-compare -Werror=uninitialized -Wno-maybe-uninitialized -Werror=pointer-arith -Werror=int-conversion -Werror=incompatible-pointer-types -Werror=discarded-qualifiers -Werror=implicit-int -Werror=declaration-after-statement -Werror-implicit-function-declaration -pthread  -c /opt/rustwide/cargo-home/registry/src/index.crates.io-1949cf8c6b5b557f/krb5-src-0.3.3+1.19.2/krb5/src/lib/crypto/krb/default_state.c
[INFO] [stderr]   gcc -DHAVE_CONFIG_H  -I../../../include -I/opt/rustwide/cargo-home/registry/src/index.crates.io-1949cf8c6b5b557f/krb5-src-0.3.3+1.19.2/krb5/src/include -I/opt/rustwide/cargo-home/registry/src/index.crates.io-1949cf8c6b5b557f/krb5-src-0.3.3+1.19.2/krb5/src/lib/crypto/krb/../builtin -DKRB5_DEPRECATED=1 -DKRB5_PRIVATE  -fPIC -Wall -Wcast-align -Wshadow -Wmissing-prototypes -Wno-format-zero-length -Woverflow -Wstrict-overflow -Wmissing-format-attribute -Wmissing-prototypes -Wreturn-type -Wmissing-braces -Wparentheses -Wswitch -Wunused-function -Wunused-label -Wunused-variable -Wunused-value -Wunknown-pragmas -Wsign-compare -Werror=uninitialized -Wno-maybe-uninitialized -Werror=pointer-arith -Werror=int-conversion -Werror=incompatible-pointer-types -Werror=discarded-qualifiers -Werror=implicit-int -Werror=declaration-after-statement -Werror-implicit-function-declaration -pthread  -c /opt/rustwide/cargo-home/registry/src/index.crates.io-1949cf8c6b5b557f/krb5-src-0.3.3+1.19.2/krb5/src/lib/crypto/krb/decrypt.c
[INFO] [stderr]   gcc -DHAVE_CONFIG_H  -I../../../include -I/opt/rustwide/cargo-home/registry/src/index.crates.io-1949cf8c6b5b557f/krb5-src-0.3.3+1.19.2/krb5/src/include -I/opt/rustwide/cargo-home/registry/src/index.crates.io-1949cf8c6b5b557f/krb5-src-0.3.3+1.19.2/krb5/src/lib/crypto/krb/../builtin -DKRB5_DEPRECATED=1 -DKRB5_PRIVATE  -fPIC -Wall -Wcast-align -Wshadow -Wmissing-prototypes -Wno-format-zero-length -Woverflow -Wstrict-overflow -Wmissing-format-attribute -Wmissing-prototypes -Wreturn-type -Wmissing-braces -Wparentheses -Wswitch -Wunused-function -Wunused-label -Wunused-variable -Wunused-value -Wunknown-pragmas -Wsign-compare -Werror=uninitialized -Wno-maybe-uninitialized -Werror=pointer-arith -Werror=int-conversion -Werror=incompatible-pointer-types -Werror=discarded-qualifiers -Werror=implicit-int -Werror=declaration-after-statement -Werror-implicit-function-declaration -pthread  -c /opt/rustwide/cargo-home/registry/src/index.crates.io-1949cf8c6b5b557f/krb5-src-0.3.3+1.19.2/krb5/src/lib/crypto/krb/decrypt_iov.c
[INFO] [stderr]   gcc -DHAVE_CONFIG_H  -I../../../include -I/opt/rustwide/cargo-home/registry/src/index.crates.io-1949cf8c6b5b557f/krb5-src-0.3.3+1.19.2/krb5/src/include -I/opt/rustwide/cargo-home/registry/src/index.crates.io-1949cf8c6b5b557f/krb5-src-0.3.3+1.19.2/krb5/src/lib/crypto/krb/../builtin -DKRB5_DEPRECATED=1 -DKRB5_PRIVATE  -fPIC -Wall -Wcast-align -Wshadow -Wmissing-prototypes -Wno-format-zero-length -Woverflow -Wstrict-overflow -Wmissing-format-attribute -Wmissing-prototypes -Wreturn-type -Wmissing-braces -Wparentheses -Wswitch -Wunused-function -Wunused-label -Wunused-variable -Wunused-value -Wunknown-pragmas -Wsign-compare -Werror=uninitialized -Wno-maybe-uninitialized -Werror=pointer-arith -Werror=int-conversion -Werror=incompatible-pointer-types -Werror=discarded-qualifiers -Werror=implicit-int -Werror=declaration-after-statement -Werror-implicit-function-declaration -pthread  -c /opt/rustwide/cargo-home/registry/src/index.crates.io-1949cf8c6b5b557f/krb5-src-0.3.3+1.19.2/krb5/src/lib/crypto/krb/derive.c
[INFO] [stderr]   gcc -DHAVE_CONFIG_H  -I../../../include -I/opt/rustwide/cargo-home/registry/src/index.crates.io-1949cf8c6b5b557f/krb5-src-0.3.3+1.19.2/krb5/src/include -I/opt/rustwide/cargo-home/registry/src/index.crates.io-1949cf8c6b5b557f/krb5-src-0.3.3+1.19.2/krb5/src/lib/crypto/krb/../builtin -DKRB5_DEPRECATED=1 -DKRB5_PRIVATE  -fPIC -Wall -Wcast-align -Wshadow -Wmissing-prototypes -Wno-format-zero-length -Woverflow -Wstrict-overflow -Wmissing-format-attribute -Wmissing-prototypes -Wreturn-type -Wmissing-braces -Wparentheses -Wswitch -Wunused-function -Wunused-label -Wunused-variable -Wunused-value -Wunknown-pragmas -Wsign-compare -Werror=uninitialized -Wno-maybe-uninitialized -Werror=pointer-arith -Werror=int-conversion -Werror=incompatible-pointer-types -Werror=discarded-qualifiers -Werror=implicit-int -Werror=declaration-after-statement -Werror-implicit-function-declaration -pthread  -c /opt/rustwide/cargo-home/registry/src/index.crates.io-1949cf8c6b5b557f/krb5-src-0.3.3+1.19.2/krb5/src/lib/crypto/krb/encrypt.c
[INFO] [stderr]   gcc -DHAVE_CONFIG_H  -I../../../include -I/opt/rustwide/cargo-home/registry/src/index.crates.io-1949cf8c6b5b557f/krb5-src-0.3.3+1.19.2/krb5/src/include -I/opt/rustwide/cargo-home/registry/src/index.crates.io-1949cf8c6b5b557f/krb5-src-0.3.3+1.19.2/krb5/src/lib/crypto/krb/../builtin -DKRB5_DEPRECATED=1 -DKRB5_PRIVATE  -fPIC -Wall -Wcast-align -Wshadow -Wmissing-prototypes -Wno-format-zero-length -Woverflow -Wstrict-overflow -Wmissing-format-attribute -Wmissing-prototypes -Wreturn-type -Wmissing-braces -Wparentheses -Wswitch -Wunused-function -Wunused-label -Wunused-variable -Wunused-value -Wunknown-pragmas -Wsign-compare -Werror=uninitialized -Wno-maybe-uninitialized -Werror=pointer-arith -Werror=int-conversion -Werror=incompatible-pointer-types -Werror=discarded-qualifiers -Werror=implicit-int -Werror=declaration-after-statement -Werror-implicit-function-declaration -pthread  -c /opt/rustwide/cargo-home/registry/src/index.crates.io-1949cf8c6b5b557f/krb5-src-0.3.3+1.19.2/krb5/src/lib/crypto/krb/encrypt_iov.c
[INFO] [stderr]   gcc -DHAVE_CONFIG_H  -I../../../include -I/opt/rustwide/cargo-home/registry/src/index.crates.io-1949cf8c6b5b557f/krb5-src-0.3.3+1.19.2/krb5/src/include -I/opt/rustwide/cargo-home/registry/src/index.crates.io-1949cf8c6b5b557f/krb5-src-0.3.3+1.19.2/krb5/src/lib/crypto/krb/../builtin -DKRB5_DEPRECATED=1 -DKRB5_PRIVATE  -fPIC -Wall -Wcast-align -Wshadow -Wmissing-prototypes -Wno-format-zero-length -Woverflow -Wstrict-overflow -Wmissing-format-attribute -Wmissing-prototypes -Wreturn-type -Wmissing-braces -Wparentheses -Wswitch -Wunused-function -Wunused-label -Wunused-variable -Wunused-value -Wunknown-pragmas -Wsign-compare -Werror=uninitialized -Wno-maybe-uninitialized -Werror=pointer-arith -Werror=int-conversion -Werror=incompatible-pointer-types -Werror=discarded-qualifiers -Werror=implicit-int -Werror=declaration-after-statement -Werror-implicit-function-declaration -pthread  -c /opt/rustwide/cargo-home/registry/src/index.crates.io-1949cf8c6b5b557f/krb5-src-0.3.3+1.19.2/krb5/src/lib/crypto/krb/encrypt_length.c
[INFO] [stderr]   gcc -DHAVE_CONFIG_H  -I../../../include -I/opt/rustwide/cargo-home/registry/src/index.crates.io-1949cf8c6b5b557f/krb5-src-0.3.3+1.19.2/krb5/src/include -I/opt/rustwide/cargo-home/registry/src/index.crates.io-1949cf8c6b5b557f/krb5-src-0.3.3+1.19.2/krb5/src/lib/crypto/krb/../builtin -DKRB5_DEPRECATED=1 -DKRB5_PRIVATE  -fPIC -Wall -Wcast-align -Wshadow -Wmissing-prototypes -Wno-format-zero-length -Woverflow -Wstrict-overflow -Wmissing-format-attribute -Wmissing-prototypes -Wreturn-type -Wmissing-braces -Wparentheses -Wswitch -Wunused-function -Wunused-label -Wunused-variable -Wunused-value -Wunknown-pragmas -Wsign-compare -Werror=uninitialized -Wno-maybe-uninitialized -Werror=pointer-arith -Werror=int-conversion -Werror=incompatible-pointer-types -Werror=discarded-qualifiers -Werror=implicit-int -Werror=declaration-after-statement -Werror-implicit-function-declaration -pthread  -c /opt/rustwide/cargo-home/registry/src/index.crates.io-1949cf8c6b5b557f/krb5-src-0.3.3+1.19.2/krb5/src/lib/crypto/krb/enctype_util.c
[INFO] [stderr]   gcc -DHAVE_CONFIG_H  -I../../../include -I/opt/rustwide/cargo-home/registry/src/index.crates.io-1949cf8c6b5b557f/krb5-src-0.3.3+1.19.2/krb5/src/include -I/opt/rustwide/cargo-home/registry/src/index.crates.io-1949cf8c6b5b557f/krb5-src-0.3.3+1.19.2/krb5/src/lib/crypto/krb/../builtin -DKRB5_DEPRECATED=1 -DKRB5_PRIVATE  -fPIC -Wall -Wcast-align -Wshadow -Wmissing-prototypes -Wno-format-zero-length -Woverflow -Wstrict-overflow -Wmissing-format-attribute -Wmissing-prototypes -Wreturn-type -Wmissing-braces -Wparentheses -Wswitch -Wunused-function -Wunused-label -Wunused-variable -Wunused-value -Wunknown-pragmas -Wsign-compare -Werror=uninitialized -Wno-maybe-uninitialized -Werror=pointer-arith -Werror=int-conversion -Werror=incompatible-pointer-types -Werror=discarded-qualifiers -Werror=implicit-int -Werror=declaration-after-statement -Werror-implicit-function-declaration -pthread  -c /opt/rustwide/cargo-home/registry/src/index.crates.io-1949cf8c6b5b557f/krb5-src-0.3.3+1.19.2/krb5/src/lib/crypto/krb/enc_dk_cmac.c
[INFO] [stderr]   gcc -DHAVE_CONFIG_H  -I../../../include -I/opt/rustwide/cargo-home/registry/src/index.crates.io-1949cf8c6b5b557f/krb5-src-0.3.3+1.19.2/krb5/src/include -I/opt/rustwide/cargo-home/registry/src/index.crates.io-1949cf8c6b5b557f/krb5-src-0.3.3+1.19.2/krb5/src/lib/crypto/krb/../builtin -DKRB5_DEPRECATED=1 -DKRB5_PRIVATE  -fPIC -Wall -Wcast-align -Wshadow -Wmissing-prototypes -Wno-format-zero-length -Woverflow -Wstrict-overflow -Wmissing-format-attribute -Wmissing-prototypes -Wreturn-type -Wmissing-braces -Wparentheses -Wswitch -Wunused-function -Wunused-label -Wunused-variable -Wunused-value -Wunknown-pragmas -Wsign-compare -Werror=uninitialized -Wno-maybe-uninitialized -Werror=pointer-arith -Werror=int-conversion -Werror=incompatible-pointer-types -Werror=discarded-qualifiers -Werror=implicit-int -Werror=declaration-after-statement -Werror-implicit-function-declaration -pthread  -c /opt/rustwide/cargo-home/registry/src/index.crates.io-1949cf8c6b5b557f/krb5-src-0.3.3+1.19.2/krb5/src/lib/crypto/krb/enc_dk_hmac.c
[INFO] [stderr]   gcc -DHAVE_CONFIG_H  -I../../../include -I/opt/rustwide/cargo-home/registry/src/index.crates.io-1949cf8c6b5b557f/krb5-src-0.3.3+1.19.2/krb5/src/include -I/opt/rustwide/cargo-home/registry/src/index.crates.io-1949cf8c6b5b557f/krb5-src-0.3.3+1.19.2/krb5/src/lib/crypto/krb/../builtin -DKRB5_DEPRECATED=1 -DKRB5_PRIVATE  -fPIC -Wall -Wcast-align -Wshadow -Wmissing-prototypes -Wno-format-zero-length -Woverflow -Wstrict-overflow -Wmissing-format-attribute -Wmissing-prototypes -Wreturn-type -Wmissing-braces -Wparentheses -Wswitch -Wunused-function -Wunused-label -Wunused-variable -Wunused-value -Wunknown-pragmas -Wsign-compare -Werror=uninitialized -Wno-maybe-uninitialized -Werror=pointer-arith -Werror=int-conversion -Werror=incompatible-pointer-types -Werror=discarded-qualifiers -Werror=implicit-int -Werror=declaration-after-statement -Werror-implicit-function-declaration -pthread  -c /opt/rustwide/cargo-home/registry/src/index.crates.io-1949cf8c6b5b557f/krb5-src-0.3.3+1.19.2/krb5/src/lib/crypto/krb/enc_etm.c
[INFO] [stderr]   gcc -DHAVE_CONFIG_H  -I../../../include -I/opt/rustwide/cargo-home/registry/src/index.crates.io-1949cf8c6b5b557f/krb5-src-0.3.3+1.19.2/krb5/src/include -I/opt/rustwide/cargo-home/registry/src/index.crates.io-1949cf8c6b5b557f/krb5-src-0.3.3+1.19.2/krb5/src/lib/crypto/krb/../builtin -DKRB5_DEPRECATED=1 -DKRB5_PRIVATE  -fPIC -Wall -Wcast-align -Wshadow -Wmissing-prototypes -Wno-format-zero-length -Woverflow -Wstrict-overflow -Wmissing-format-attribute -Wmissing-prototypes -Wreturn-type -Wmissing-braces -Wparentheses -Wswitch -Wunused-function -Wunused-label -Wunused-variable -Wunused-value -Wunknown-pragmas -Wsign-compare -Werror=uninitialized -Wno-maybe-uninitialized -Werror=pointer-arith -Werror=int-conversion -Werror=incompatible-pointer-types -Werror=discarded-qualifiers -Werror=implicit-int -Werror=declaration-after-statement -Werror-implicit-function-declaration -pthread  -c /opt/rustwide/cargo-home/registry/src/index.crates.io-1949cf8c6b5b557f/krb5-src-0.3.3+1.19.2/krb5/src/lib/crypto/krb/enc_raw.c
[INFO] [stderr]   gcc -DHAVE_CONFIG_H  -I../../../include -I/opt/rustwide/cargo-home/registry/src/index.crates.io-1949cf8c6b5b557f/krb5-src-0.3.3+1.19.2/krb5/src/include -I/opt/rustwide/cargo-home/registry/src/index.crates.io-1949cf8c6b5b557f/krb5-src-0.3.3+1.19.2/krb5/src/lib/crypto/krb/../builtin -DKRB5_DEPRECATED=1 -DKRB5_PRIVATE  -fPIC -Wall -Wcast-align -Wshadow -Wmissing-prototypes -Wno-format-zero-length -Woverflow -Wstrict-overflow -Wmissing-format-attribute -Wmissing-prototypes -Wreturn-type -Wmissing-braces -Wparentheses -Wswitch -Wunused-function -Wunused-label -Wunused-variable -Wunused-value -Wunknown-pragmas -Wsign-compare -Werror=uninitialized -Wno-maybe-uninitialized -Werror=pointer-arith -Werror=int-conversion -Werror=incompatible-pointer-types -Werror=discarded-qualifiers -Werror=implicit-int -Werror=declaration-after-statement -Werror-implicit-function-declaration -pthread  -c /opt/rustwide/cargo-home/registry/src/index.crates.io-1949cf8c6b5b557f/krb5-src-0.3.3+1.19.2/krb5/src/lib/crypto/krb/enc_rc4.c
[INFO] [stderr]   gcc -DHAVE_CONFIG_H  -I../../../include -I/opt/rustwide/cargo-home/registry/src/index.crates.io-1949cf8c6b5b557f/krb5-src-0.3.3+1.19.2/krb5/src/include -I/opt/rustwide/cargo-home/registry/src/index.crates.io-1949cf8c6b5b557f/krb5-src-0.3.3+1.19.2/krb5/src/lib/crypto/krb/../builtin -DKRB5_DEPRECATED=1 -DKRB5_PRIVATE  -fPIC -Wall -Wcast-align -Wshadow -Wmissing-prototypes -Wno-format-zero-length -Woverflow -Wstrict-overflow -Wmissing-format-attribute -Wmissing-prototypes -Wreturn-type -Wmissing-braces -Wparentheses -Wswitch -Wunused-function -Wunused-label -Wunused-variable -Wunused-value -Wunknown-pragmas -Wsign-compare -Werror=uninitialized -Wno-maybe-uninitialized -Werror=pointer-arith -Werror=int-conversion -Werror=incompatible-pointer-types -Werror=discarded-qualifiers -Werror=implicit-int -Werror=declaration-after-statement -Werror-implicit-function-declaration -pthread  -c /opt/rustwide/cargo-home/registry/src/index.crates.io-1949cf8c6b5b557f/krb5-src-0.3.3+1.19.2/krb5/src/lib/crypto/krb/etypes.c
[INFO] [stderr]   gcc -DHAVE_CONFIG_H  -I../../../include -I/opt/rustwide/cargo-home/registry/src/index.crates.io-1949cf8c6b5b557f/krb5-src-0.3.3+1.19.2/krb5/src/include -I/opt/rustwide/cargo-home/registry/src/index.crates.io-1949cf8c6b5b557f/krb5-src-0.3.3+1.19.2/krb5/src/lib/crypto/krb/../builtin -DKRB5_DEPRECATED=1 -DKRB5_PRIVATE  -fPIC -Wall -Wcast-align -Wshadow -Wmissing-prototypes -Wno-format-zero-length -Woverflow -Wstrict-overflow -Wmissing-format-attribute -Wmissing-prototypes -Wreturn-type -Wmissing-braces -Wparentheses -Wswitch -Wunused-function -Wunused-label -Wunused-variable -Wunused-value -Wunknown-pragmas -Wsign-compare -Werror=uninitialized -Wno-maybe-uninitialized -Werror=pointer-arith -Werror=int-conversion -Werror=incompatible-pointer-types -Werror=discarded-qualifiers -Werror=implicit-int -Werror=declaration-after-statement -Werror-implicit-function-declaration -pthread  -c /opt/rustwide/cargo-home/registry/src/index.crates.io-1949cf8c6b5b557f/krb5-src-0.3.3+1.19.2/krb5/src/lib/crypto/krb/key.c
[INFO] [stderr]   gcc -DHAVE_CONFIG_H  -I../../../include -I/opt/rustwide/cargo-home/registry/src/index.crates.io-1949cf8c6b5b557f/krb5-src-0.3.3+1.19.2/krb5/src/include -I/opt/rustwide/cargo-home/registry/src/index.crates.io-1949cf8c6b5b557f/krb5-src-0.3.3+1.19.2/krb5/src/lib/crypto/krb/../builtin -DKRB5_DEPRECATED=1 -DKRB5_PRIVATE  -fPIC -Wall -Wcast-align -Wshadow -Wmissing-prototypes -Wno-format-zero-length -Woverflow -Wstrict-overflow -Wmissing-format-attribute -Wmissing-prototypes -Wreturn-type -Wmissing-braces -Wparentheses -Wswitch -Wunused-function -Wunused-label -Wunused-variable -Wunused-value -Wunknown-pragmas -Wsign-compare -Werror=uninitialized -Wno-maybe-uninitialized -Werror=pointer-arith -Werror=int-conversion -Werror=incompatible-pointer-types -Werror=discarded-qualifiers -Werror=implicit-int -Werror=declaration-after-statement -Werror-implicit-function-declaration -pthread  -c /opt/rustwide/cargo-home/registry/src/index.crates.io-1949cf8c6b5b557f/krb5-src-0.3.3+1.19.2/krb5/src/lib/crypto/krb/keyblocks.c
[INFO] [stderr]   gcc -DHAVE_CONFIG_H  -I../../../include -I/opt/rustwide/cargo-home/registry/src/index.crates.io-1949cf8c6b5b557f/krb5-src-0.3.3+1.19.2/krb5/src/include -I/opt/rustwide/cargo-home/registry/src/index.crates.io-1949cf8c6b5b557f/krb5-src-0.3.3+1.19.2/krb5/src/lib/crypto/krb/../builtin -DKRB5_DEPRECATED=1 -DKRB5_PRIVATE  -fPIC -Wall -Wcast-align -Wshadow -Wmissing-prototypes -Wno-format-zero-length -Woverflow -Wstrict-overflow -Wmissing-format-attribute -Wmissing-prototypes -Wreturn-type -Wmissing-braces -Wparentheses -Wswitch -Wunused-function -Wunused-label -Wunused-variable -Wunused-value -Wunknown-pragmas -Wsign-compare -Werror=uninitialized -Wno-maybe-uninitialized -Werror=pointer-arith -Werror=int-conversion -Werror=incompatible-pointer-types -Werror=discarded-qualifiers -Werror=implicit-int -Werror=declaration-after-statement -Werror-implicit-function-declaration -pthread  -c /opt/rustwide/cargo-home/registry/src/index.crates.io-1949cf8c6b5b557f/krb5-src-0.3.3+1.19.2/krb5/src/lib/crypto/krb/keyed_cksum.c
[INFO] [stderr]   gcc -DHAVE_CONFIG_H  -I../../../include -I/opt/rustwide/cargo-home/registry/src/index.crates.io-1949cf8c6b5b557f/krb5-src-0.3.3+1.19.2/krb5/src/include -I/opt/rustwide/cargo-home/registry/src/index.crates.io-1949cf8c6b5b557f/krb5-src-0.3.3+1.19.2/krb5/src/lib/crypto/krb/../builtin -DKRB5_DEPRECATED=1 -DKRB5_PRIVATE  -fPIC -Wall -Wcast-align -Wshadow -Wmissing-prototypes -Wno-format-zero-length -Woverflow -Wstrict-overflow -Wmissing-format-attribute -Wmissing-prototypes -Wreturn-type -Wmissing-braces -Wparentheses -Wswitch -Wunused-function -Wunused-label -Wunused-variable -Wunused-value -Wunknown-pragmas -Wsign-compare -Werror=uninitialized -Wno-maybe-uninitialized -Werror=pointer-arith -Werror=int-conversion -Werror=incompatible-pointer-types -Werror=discarded-qualifiers -Werror=implicit-int -Werror=declaration-after-statement -Werror-implicit-function-declaration -pthread  -c /opt/rustwide/cargo-home/registry/src/index.crates.io-1949cf8c6b5b557f/krb5-src-0.3.3+1.19.2/krb5/src/lib/crypto/krb/keyed_checksum_types.c
[INFO] [stderr]   gcc -DHAVE_CONFIG_H  -I../../../include -I/opt/rustwide/cargo-home/registry/src/index.crates.io-1949cf8c6b5b557f/krb5-src-0.3.3+1.19.2/krb5/src/include -I/opt/rustwide/cargo-home/registry/src/index.crates.io-1949cf8c6b5b557f/krb5-src-0.3.3+1.19.2/krb5/src/lib/crypto/krb/../builtin -DKRB5_DEPRECATED=1 -DKRB5_PRIVATE  -fPIC -Wall -Wcast-align -Wshadow -Wmissing-prototypes -Wno-format-zero-length -Woverflow -Wstrict-overflow -Wmissing-format-attribute -Wmissing-prototypes -Wreturn-type -Wmissing-braces -Wparentheses -Wswitch -Wunused-function -Wunused-label -Wunused-variable -Wunused-value -Wunknown-pragmas -Wsign-compare -Werror=uninitialized -Wno-maybe-uninitialized -Werror=pointer-arith -Werror=int-conversion -Werror=incompatible-pointer-types -Werror=discarded-qualifiers -Werror=implicit-int -Werror=declaration-after-statement -Werror-implicit-function-declaration -pthread  -c /opt/rustwide/cargo-home/registry/src/index.crates.io-1949cf8c6b5b557f/krb5-src-0.3.3+1.19.2/krb5/src/lib/crypto/krb/keylengths.c
[INFO] [stderr]   gcc -DHAVE_CONFIG_H  -I../../../include -I/opt/rustwide/cargo-home/registry/src/index.crates.io-1949cf8c6b5b557f/krb5-src-0.3.3+1.19.2/krb5/src/include -I/opt/rustwide/cargo-home/registry/src/index.crates.io-1949cf8c6b5b557f/krb5-src-0.3.3+1.19.2/krb5/src/lib/crypto/krb/../builtin -DKRB5_DEPRECATED=1 -DKRB5_PRIVATE  -fPIC -Wall -Wcast-align -Wshadow -Wmissing-prototypes -Wno-format-zero-length -Woverflow -Wstrict-overflow -Wmissing-format-attribute -Wmissing-prototypes -Wreturn-type -Wmissing-braces -Wparentheses -Wswitch -Wunused-function -Wunused-label -Wunused-variable -Wunused-value -Wunknown-pragmas -Wsign-compare -Werror=uninitialized -Wno-maybe-uninitialized -Werror=pointer-arith -Werror=int-conversion -Werror=incompatible-pointer-types -Werror=discarded-qualifiers -Werror=implicit-int -Werror=declaration-after-statement -Werror-implicit-function-declaration -pthread  -c /opt/rustwide/cargo-home/registry/src/index.crates.io-1949cf8c6b5b557f/krb5-src-0.3.3+1.19.2/krb5/src/lib/crypto/krb/make_checksum.c
[INFO] [stderr]   gcc -DHAVE_CONFIG_H  -I../../../include -I/opt/rustwide/cargo-home/registry/src/index.crates.io-1949cf8c6b5b557f/krb5-src-0.3.3+1.19.2/krb5/src/include -I/opt/rustwide/cargo-home/registry/src/index.crates.io-1949cf8c6b5b557f/krb5-src-0.3.3+1.19.2/krb5/src/lib/crypto/krb/../builtin -DKRB5_DEPRECATED=1 -DKRB5_PRIVATE  -fPIC -Wall -Wcast-align -Wshadow -Wmissing-prototypes -Wno-format-zero-length -Woverflow -Wstrict-overflow -Wmissing-format-attribute -Wmissing-prototypes -Wreturn-type -Wmissing-braces -Wparentheses -Wswitch -Wunused-function -Wunused-label -Wunused-variable -Wunused-value -Wunknown-pragmas -Wsign-compare -Werror=uninitialized -Wno-maybe-uninitialized -Werror=pointer-arith -Werror=int-conversion -Werror=incompatible-pointer-types -Werror=discarded-qualifiers -Werror=implicit-int -Werror=declaration-after-statement -Werror-implicit-function-declaration -pthread  -c /opt/rustwide/cargo-home/registry/src/index.crates.io-1949cf8c6b5b557f/krb5-src-0.3.3+1.19.2/krb5/src/lib/crypto/krb/make_checksum_iov.c
[INFO] [stderr]   gcc -DHAVE_CONFIG_H  -I../../../include -I/opt/rustwide/cargo-home/registry/src/index.crates.io-1949cf8c6b5b557f/krb5-src-0.3.3+1.19.2/krb5/src/include -I/opt/rustwide/cargo-home/registry/src/index.crates.io-1949cf8c6b5b557f/krb5-src-0.3.3+1.19.2/krb5/src/lib/crypto/krb/../builtin -DKRB5_DEPRECATED=1 -DKRB5_PRIVATE  -fPIC -Wall -Wcast-align -Wshadow -Wmissing-prototypes -Wno-format-zero-length -Woverflow -Wstrict-overflow -Wmissing-format-attribute -Wmissing-prototypes -Wreturn-type -Wmissing-braces -Wparentheses -Wswitch -Wunused-function -Wunused-label -Wunused-variable -Wunused-value -Wunknown-pragmas -Wsign-compare -Werror=uninitialized -Wno-maybe-uninitialized -Werror=pointer-arith -Werror=int-conversion -Werror=incompatible-pointer-types -Werror=discarded-qualifiers -Werror=implicit-int -Werror=declaration-after-statement -Werror-implicit-function-declaration -pthread  -c /opt/rustwide/cargo-home/registry/src/index.crates.io-1949cf8c6b5b557f/krb5-src-0.3.3+1.19.2/krb5/src/lib/crypto/krb/make_random_key.c
[INFO] [stderr]   gcc -DHAVE_CONFIG_H  -I../../../include -I/opt/rustwide/cargo-home/registry/src/index.crates.io-1949cf8c6b5b557f/krb5-src-0.3.3+1.19.2/krb5/src/include -I/opt/rustwide/cargo-home/registry/src/index.crates.io-1949cf8c6b5b557f/krb5-src-0.3.3+1.19.2/krb5/src/lib/crypto/krb/../builtin -DKRB5_DEPRECATED=1 -DKRB5_PRIVATE  -fPIC -Wall -Wcast-align -Wshadow -Wmissing-prototypes -Wno-format-zero-length -Woverflow -Wstrict-overflow -Wmissing-format-attribute -Wmissing-prototypes -Wreturn-type -Wmissing-braces -Wparentheses -Wswitch -Wunused-function -Wunused-label -Wunused-variable -Wunused-value -Wunknown-pragmas -Wsign-compare -Werror=uninitialized -Wno-maybe-uninitialized -Werror=pointer-arith -Werror=int-conversion -Werror=incompatible-pointer-types -Werror=discarded-qualifiers -Werror=implicit-int -Werror=declaration-after-statement -Werror-implicit-function-declaration -pthread  -c /opt/rustwide/cargo-home/registry/src/index.crates.io-1949cf8c6b5b557f/krb5-src-0.3.3+1.19.2/krb5/src/lib/crypto/krb/mandatory_sumtype.c
[INFO] [stderr]   gcc -DHAVE_CONFIG_H  -I../../../include -I/opt/rustwide/cargo-home/registry/src/index.crates.io-1949cf8c6b5b557f/krb5-src-0.3.3+1.19.2/krb5/src/include -I/opt/rustwide/cargo-home/registry/src/index.crates.io-1949cf8c6b5b557f/krb5-src-0.3.3+1.19.2/krb5/src/lib/crypto/krb/../builtin -DKRB5_DEPRECATED=1 -DKRB5_PRIVATE  -fPIC -Wall -Wcast-align -Wshadow -Wmissing-prototypes -Wno-format-zero-length -Woverflow -Wstrict-overflow -Wmissing-format-attribute -Wmissing-prototypes -Wreturn-type -Wmissing-braces -Wparentheses -Wswitch -Wunused-function -Wunused-label -Wunused-variable -Wunused-value -Wunknown-pragmas -Wsign-compare -Werror=uninitialized -Wno-maybe-uninitialized -Werror=pointer-arith -Werror=int-conversion -Werror=incompatible-pointer-types -Werror=discarded-qualifiers -Werror=implicit-int -Werror=declaration-after-statement -Werror-implicit-function-declaration -pthread  -c /opt/rustwide/cargo-home/registry/src/index.crates.io-1949cf8c6b5b557f/krb5-src-0.3.3+1.19.2/krb5/src/lib/crypto/krb/nfold.c
[INFO] [stderr]   gcc -DHAVE_CONFIG_H  -I../../../include -I/opt/rustwide/cargo-home/registry/src/index.crates.io-1949cf8c6b5b557f/krb5-src-0.3.3+1.19.2/krb5/src/include -I/opt/rustwide/cargo-home/registry/src/index.crates.io-1949cf8c6b5b557f/krb5-src-0.3.3+1.19.2/krb5/src/lib/crypto/krb/../builtin -DKRB5_DEPRECATED=1 -DKRB5_PRIVATE  -fPIC -Wall -Wcast-align -Wshadow -Wmissing-prototypes -Wno-format-zero-length -Woverflow -Wstrict-overflow -Wmissing-format-attribute -Wmissing-prototypes -Wreturn-type -Wmissing-braces -Wparentheses -Wswitch -Wunused-function -Wunused-label -Wunused-variable -Wunused-value -Wunknown-pragmas -Wsign-compare -Werror=uninitialized -Wno-maybe-uninitialized -Werror=pointer-arith -Werror=int-conversion -Werror=incompatible-pointer-types -Werror=discarded-qualifiers -Werror=implicit-int -Werror=declaration-after-statement -Werror-implicit-function-declaration -pthread  -c /opt/rustwide/cargo-home/registry/src/index.crates.io-1949cf8c6b5b557f/krb5-src-0.3.3+1.19.2/krb5/src/lib/crypto/krb/old_api_glue.c
[INFO] [stderr]   gcc -DHAVE_CONFIG_H  -I../../../include -I/opt/rustwide/cargo-home/registry/src/index.crates.io-1949cf8c6b5b557f/krb5-src-0.3.3+1.19.2/krb5/src/include -I/opt/rustwide/cargo-home/registry/src/index.crates.io-1949cf8c6b5b557f/krb5-src-0.3.3+1.19.2/krb5/src/lib/crypto/krb/../builtin -DKRB5_DEPRECATED=1 -DKRB5_PRIVATE  -fPIC -Wall -Wcast-align -Wshadow -Wmissing-prototypes -Wno-format-zero-length -Woverflow -Wstrict-overflow -Wmissing-format-attribute -Wmissing-prototypes -Wreturn-type -Wmissing-braces -Wparentheses -Wswitch -Wunused-function -Wunused-label -Wunused-variable -Wunused-value -Wunknown-pragmas -Wsign-compare -Werror=uninitialized -Wno-maybe-uninitialized -Werror=pointer-arith -Werror=int-conversion -Werror=incompatible-pointer-types -Werror=discarded-qualifiers -Werror=implicit-int -Werror=declaration-after-statement -Werror-implicit-function-declaration -pthread  -c /opt/rustwide/cargo-home/registry/src/index.crates.io-1949cf8c6b5b557f/krb5-src-0.3.3+1.19.2/krb5/src/lib/crypto/krb/prf.c
[INFO] [stderr]   gcc -DHAVE_CONFIG_H  -I../../../include -I/opt/rustwide/cargo-home/registry/src/index.crates.io-1949cf8c6b5b557f/krb5-src-0.3.3+1.19.2/krb5/src/include -I/opt/rustwide/cargo-home/registry/src/index.crates.io-1949cf8c6b5b557f/krb5-src-0.3.3+1.19.2/krb5/src/lib/crypto/krb/../builtin -DKRB5_DEPRECATED=1 -DKRB5_PRIVATE  -fPIC -Wall -Wcast-align -Wshadow -Wmissing-prototypes -Wno-format-zero-length -Woverflow -Wstrict-overflow -Wmissing-format-attribute -Wmissing-prototypes -Wreturn-type -Wmissing-braces -Wparentheses -Wswitch -Wunused-function -Wunused-label -Wunused-variable -Wunused-value -Wunknown-pragmas -Wsign-compare -Werror=uninitialized -Wno-maybe-uninitialized -Werror=pointer-arith -Werror=int-conversion -Werror=incompatible-pointer-types -Werror=discarded-qualifiers -Werror=implicit-int -Werror=declaration-after-statement -Werror-implicit-function-declaration -pthread  -c /opt/rustwide/cargo-home/registry/src/index.crates.io-1949cf8c6b5b557f/krb5-src-0.3.3+1.19.2/krb5/src/lib/crypto/krb/prf_aes2.c
[INFO] [stderr]   gcc -DHAVE_CONFIG_H  -I../../../include -I/opt/rustwide/cargo-home/registry/src/index.crates.io-1949cf8c6b5b557f/krb5-src-0.3.3+1.19.2/krb5/src/include -I/opt/rustwide/cargo-home/registry/src/index.crates.io-1949cf8c6b5b557f/krb5-src-0.3.3+1.19.2/krb5/src/lib/crypto/krb/../builtin -DKRB5_DEPRECATED=1 -DKRB5_PRIVATE  -fPIC -Wall -Wcast-align -Wshadow -Wmissing-prototypes -Wno-format-zero-length -Woverflow -Wstrict-overflow -Wmissing-format-attribute -Wmissing-prototypes -Wreturn-type -Wmissing-braces -Wparentheses -Wswitch -Wunused-function -Wunused-label -Wunused-variable -Wunused-value -Wunknown-pragmas -Wsign-compare -Werror=uninitialized -Wno-maybe-uninitialized -Werror=pointer-arith -Werror=int-conversion -Werror=incompatible-pointer-types -Werror=discarded-qualifiers -Werror=implicit-int -Werror=declaration-after-statement -Werror-implicit-function-declaration -pthread  -c /opt/rustwide/cargo-home/registry/src/index.crates.io-1949cf8c6b5b557f/krb5-src-0.3.3+1.19.2/krb5/src/lib/crypto/krb/prf_cmac.c
[INFO] [stderr]   gcc -DHAVE_CONFIG_H  -I../../../include -I/opt/rustwide/cargo-home/registry/src/index.crates.io-1949cf8c6b5b557f/krb5-src-0.3.3+1.19.2/krb5/src/include -I/opt/rustwide/cargo-home/registry/src/index.crates.io-1949cf8c6b5b557f/krb5-src-0.3.3+1.19.2/krb5/src/lib/crypto/krb/../builtin -DKRB5_DEPRECATED=1 -DKRB5_PRIVATE  -fPIC -Wall -Wcast-align -Wshadow -Wmissing-prototypes -Wno-format-zero-length -Woverflow -Wstrict-overflow -Wmissing-format-attribute -Wmissing-prototypes -Wreturn-type -Wmissing-braces -Wparentheses -Wswitch -Wunused-function -Wunused-label -Wunused-variable -Wunused-value -Wunknown-pragmas -Wsign-compare -Werror=uninitialized -Wno-maybe-uninitialized -Werror=pointer-arith -Werror=int-conversion -Werror=incompatible-pointer-types -Werror=discarded-qualifiers -Werror=implicit-int -Werror=declaration-after-statement -Werror-implicit-function-declaration -pthread  -c /opt/rustwide/cargo-home/registry/src/index.crates.io-1949cf8c6b5b557f/krb5-src-0.3.3+1.19.2/krb5/src/lib/crypto/krb/prf_des.c
[INFO] [stderr]   gcc -DHAVE_CONFIG_H  -I../../../include -I/opt/rustwide/cargo-home/registry/src/index.crates.io-1949cf8c6b5b557f/krb5-src-0.3.3+1.19.2/krb5/src/include -I/opt/rustwide/cargo-home/registry/src/index.crates.io-1949cf8c6b5b557f/krb5-src-0.3.3+1.19.2/krb5/src/lib/crypto/krb/../builtin -DKRB5_DEPRECATED=1 -DKRB5_PRIVATE  -fPIC -Wall -Wcast-align -Wshadow -Wmissing-prototypes -Wno-format-zero-length -Woverflow -Wstrict-overflow -Wmissing-format-attribute -Wmissing-prototypes -Wreturn-type -Wmissing-braces -Wparentheses -Wswitch -Wunused-function -Wunused-label -Wunused-variable -Wunused-value -Wunknown-pragmas -Wsign-compare -Werror=uninitialized -Wno-maybe-uninitialized -Werror=pointer-arith -Werror=int-conversion -Werror=incompatible-pointer-types -Werror=discarded-qualifiers -Werror=implicit-int -Werror=declaration-after-statement -Werror-implicit-function-declaration -pthread  -c /opt/rustwide/cargo-home/registry/src/index.crates.io-1949cf8c6b5b557f/krb5-src-0.3.3+1.19.2/krb5/src/lib/crypto/krb/prf_dk.c
[INFO] [stderr]   gcc -DHAVE_CONFIG_H  -I../../../include -I/opt/rustwide/cargo-home/registry/src/index.crates.io-1949cf8c6b5b557f/krb5-src-0.3.3+1.19.2/krb5/src/include -I/opt/rustwide/cargo-home/registry/src/index.crates.io-1949cf8c6b5b557f/krb5-src-0.3.3+1.19.2/krb5/src/lib/crypto/krb/../builtin -DKRB5_DEPRECATED=1 -DKRB5_PRIVATE  -fPIC -Wall -Wcast-align -Wshadow -Wmissing-prototypes -Wno-format-zero-length -Woverflow -Wstrict-overflow -Wmissing-format-attribute -Wmissing-prototypes -Wreturn-type -Wmissing-braces -Wparentheses -Wswitch -Wunused-function -Wunused-label -Wunused-variable -Wunused-value -Wunknown-pragmas -Wsign-compare -Werror=uninitialized -Wno-maybe-uninitialized -Werror=pointer-arith -Werror=int-conversion -Werror=incompatible-pointer-types -Werror=discarded-qualifiers -Werror=implicit-int -Werror=declaration-after-statement -Werror-implicit-function-declaration -pthread  -c /opt/rustwide/cargo-home/registry/src/index.crates.io-1949cf8c6b5b557f/krb5-src-0.3.3+1.19.2/krb5/src/lib/crypto/krb/prf_rc4.c
[INFO] [stderr]   gcc -DHAVE_CONFIG_H  -I../../../include -I/opt/rustwide/cargo-home/registry/src/index.crates.io-1949cf8c6b5b557f/krb5-src-0.3.3+1.19.2/krb5/src/include -I/opt/rustwide/cargo-home/registry/src/index.crates.io-1949cf8c6b5b557f/krb5-src-0.3.3+1.19.2/krb5/src/lib/crypto/krb/../builtin -DKRB5_DEPRECATED=1 -DKRB5_PRIVATE  -fPIC -Wall -Wcast-align -Wshadow -Wmissing-prototypes -Wno-format-zero-length -Woverflow -Wstrict-overflow -Wmissing-format-attribute -Wmissing-prototypes -Wreturn-type -Wmissing-braces -Wparentheses -Wswitch -Wunused-function -Wunused-label -Wunused-variable -Wunused-value -Wunknown-pragmas -Wsign-compare -Werror=uninitialized -Wno-maybe-uninitialized -Werror=pointer-arith -Werror=int-conversion -Werror=incompatible-pointer-types -Werror=discarded-qualifiers -Werror=implicit-int -Werror=declaration-after-statement -Werror-implicit-function-declaration -pthread  -c /opt/rustwide/cargo-home/registry/src/index.crates.io-1949cf8c6b5b557f/krb5-src-0.3.3+1.19.2/krb5/src/lib/crypto/krb/prng.c
[INFO] [stderr]   gcc -DHAVE_CONFIG_H  -I../../../include -I/opt/rustwide/cargo-home/registry/src/index.crates.io-1949cf8c6b5b557f/krb5-src-0.3.3+1.19.2/krb5/src/include -I/opt/rustwide/cargo-home/registry/src/index.crates.io-1949cf8c6b5b557f/krb5-src-0.3.3+1.19.2/krb5/src/lib/crypto/krb/../builtin -DKRB5_DEPRECATED=1 -DKRB5_PRIVATE  -fPIC -Wall -Wcast-align -Wshadow -Wmissing-prototypes -Wno-format-zero-length -Woverflow -Wstrict-overflow -Wmissing-format-attribute -Wmissing-prototypes -Wreturn-type -Wmissing-braces -Wparentheses -Wswitch -Wunused-function -Wunused-label -Wunused-variable -Wunused-value -Wunknown-pragmas -Wsign-compare -Werror=uninitialized -Wno-maybe-uninitialized -Werror=pointer-arith -Werror=int-conversion -Werror=incompatible-pointer-types -Werror=discarded-qualifiers -Werror=implicit-int -Werror=declaration-after-statement -Werror-implicit-function-declaration -pthread  -c /opt/rustwide/cargo-home/registry/src/index.crates.io-1949cf8c6b5b557f/krb5-src-0.3.3+1.19.2/krb5/src/lib/crypto/krb/prng_fortuna.c
[INFO] [stderr]   gcc -DHAVE_CONFIG_H  -I../../../include -I/opt/rustwide/cargo-home/registry/src/index.crates.io-1949cf8c6b5b557f/krb5-src-0.3.3+1.19.2/krb5/src/include -I/opt/rustwide/cargo-home/registry/src/index.crates.io-1949cf8c6b5b557f/krb5-src-0.3.3+1.19.2/krb5/src/lib/crypto/krb/../builtin -DKRB5_DEPRECATED=1 -DKRB5_PRIVATE  -fPIC -Wall -Wcast-align -Wshadow -Wmissing-prototypes -Wno-format-zero-length -Woverflow -Wstrict-overflow -Wmissing-format-attribute -Wmissing-prototypes -Wreturn-type -Wmissing-braces -Wparentheses -Wswitch -Wunused-function -Wunused-label -Wunused-variable -Wunused-value -Wunknown-pragmas -Wsign-compare -Werror=uninitialized -Wno-maybe-uninitialized -Werror=pointer-arith -Werror=int-conversion -Werror=incompatible-pointer-types -Werror=discarded-qualifiers -Werror=implicit-int -Werror=declaration-after-statement -Werror-implicit-function-declaration -pthread  -c /opt/rustwide/cargo-home/registry/src/index.crates.io-1949cf8c6b5b557f/krb5-src-0.3.3+1.19.2/krb5/src/lib/crypto/krb/random_to_key.c
[INFO] [stderr]   gcc -DHAVE_CONFIG_H  -I../../../include -I/opt/rustwide/cargo-home/registry/src/index.crates.io-1949cf8c6b5b557f/krb5-src-0.3.3+1.19.2/krb5/src/include -I/opt/rustwide/cargo-home/registry/src/index.crates.io-1949cf8c6b5b557f/krb5-src-0.3.3+1.19.2/krb5/src/lib/crypto/krb/../builtin -DKRB5_DEPRECATED=1 -DKRB5_PRIVATE  -fPIC -Wall -Wcast-align -Wshadow -Wmissing-prototypes -Wno-format-zero-length -Woverflow -Wstrict-overflow -Wmissing-format-attribute -Wmissing-prototypes -Wreturn-type -Wmissing-braces -Wparentheses -Wswitch -Wunused-function -Wunused-label -Wunused-variable -Wunused-value -Wunknown-pragmas -Wsign-compare -Werror=uninitialized -Wno-maybe-uninitialized -Werror=pointer-arith -Werror=int-conversion -Werror=incompatible-pointer-types -Werror=discarded-qualifiers -Werror=implicit-int -Werror=declaration-after-statement -Werror-implicit-function-declaration -pthread  -c /opt/rustwide/cargo-home/registry/src/index.crates.io-1949cf8c6b5b557f/krb5-src-0.3.3+1.19.2/krb5/src/lib/crypto/krb/s2k_pbkdf2.c
[INFO] [stderr]   gcc -DHAVE_CONFIG_H  -I../../../include -I/opt/rustwide/cargo-home/registry/src/index.crates.io-1949cf8c6b5b557f/krb5-src-0.3.3+1.19.2/krb5/src/include -I/opt/rustwide/cargo-home/registry/src/index.crates.io-1949cf8c6b5b557f/krb5-src-0.3.3+1.19.2/krb5/src/lib/crypto/krb/../builtin -DKRB5_DEPRECATED=1 -DKRB5_PRIVATE  -fPIC -Wall -Wcast-align -Wshadow -Wmissing-prototypes -Wno-format-zero-length -Woverflow -Wstrict-overflow -Wmissing-format-attribute -Wmissing-prototypes -Wreturn-type -Wmissing-braces -Wparentheses -Wswitch -Wunused-function -Wunused-label -Wunused-variable -Wunused-value -Wunknown-pragmas -Wsign-compare -Werror=uninitialized -Wno-maybe-uninitialized -Werror=pointer-arith -Werror=int-conversion -Werror=incompatible-pointer-types -Werror=discarded-qualifiers -Werror=implicit-int -Werror=declaration-after-statement -Werror-implicit-function-declaration -pthread  -c /opt/rustwide/cargo-home/registry/src/index.crates.io-1949cf8c6b5b557f/krb5-src-0.3.3+1.19.2/krb5/src/lib/crypto/krb/s2k_rc4.c
[INFO] [stderr]   gcc -DHAVE_CONFIG_H  -I../../../include -I/opt/rustwide/cargo-home/registry/src/index.crates.io-1949cf8c6b5b557f/krb5-src-0.3.3+1.19.2/krb5/src/include -I/opt/rustwide/cargo-home/registry/src/index.crates.io-1949cf8c6b5b557f/krb5-src-0.3.3+1.19.2/krb5/src/lib/crypto/krb/../builtin -DKRB5_DEPRECATED=1 -DKRB5_PRIVATE  -fPIC -Wall -Wcast-align -Wshadow -Wmissing-prototypes -Wno-format-zero-length -Woverflow -Wstrict-overflow -Wmissing-format-attribute -Wmissing-prototypes -Wreturn-type -Wmissing-braces -Wparentheses -Wswitch -Wunused-function -Wunused-label -Wunused-variable -Wunused-value -Wunknown-pragmas -Wsign-compare -Werror=uninitialized -Wno-maybe-uninitialized -Werror=pointer-arith -Werror=int-conversion -Werror=incompatible-pointer-types -Werror=discarded-qualifiers -Werror=implicit-int -Werror=declaration-after-statement -Werror-implicit-function-declaration -pthread  -c /opt/rustwide/cargo-home/registry/src/index.crates.io-1949cf8c6b5b557f/krb5-src-0.3.3+1.19.2/krb5/src/lib/crypto/krb/state.c
[INFO] [stderr]   gcc -DHAVE_CONFIG_H  -I../../../include -I/opt/rustwide/cargo-home/registry/src/index.crates.io-1949cf8c6b5b557f/krb5-src-0.3.3+1.19.2/krb5/src/include -I/opt/rustwide/cargo-home/registry/src/index.crates.io-1949cf8c6b5b557f/krb5-src-0.3.3+1.19.2/krb5/src/lib/crypto/krb/../builtin -DKRB5_DEPRECATED=1 -DKRB5_PRIVATE  -fPIC -Wall -Wcast-align -Wshadow -Wmissing-prototypes -Wno-format-zero-length -Woverflow -Wstrict-overflow -Wmissing-format-attribute -Wmissing-prototypes -Wreturn-type -Wmissing-braces -Wparentheses -Wswitch -Wunused-function -Wunused-label -Wunused-variable -Wunused-value -Wunknown-pragmas -Wsign-compare -Werror=uninitialized -Wno-maybe-uninitialized -Werror=pointer-arith -Werror=int-conversion -Werror=incompatible-pointer-types -Werror=discarded-qualifiers -Werror=implicit-int -Werror=declaration-after-statement -Werror-implicit-function-declaration -pthread  -c /opt/rustwide/cargo-home/registry/src/index.crates.io-1949cf8c6b5b557f/krb5-src-0.3.3+1.19.2/krb5/src/lib/crypto/krb/string_to_cksumtype.c
[INFO] [stderr]   gcc -DHAVE_CONFIG_H  -I../../../include -I/opt/rustwide/cargo-home/registry/src/index.crates.io-1949cf8c6b5b557f/krb5-src-0.3.3+1.19.2/krb5/src/include -I/opt/rustwide/cargo-home/registry/src/index.crates.io-1949cf8c6b5b557f/krb5-src-0.3.3+1.19.2/krb5/src/lib/crypto/krb/../builtin -DKRB5_DEPRECATED=1 -DKRB5_PRIVATE  -fPIC -Wall -Wcast-align -Wshadow -Wmissing-prototypes -Wno-format-zero-length -Woverflow -Wstrict-overflow -Wmissing-format-attribute -Wmissing-prototypes -Wreturn-type -Wmissing-braces -Wparentheses -Wswitch -Wunused-function -Wunused-label -Wunused-variable -Wunused-value -Wunknown-pragmas -Wsign-compare -Werror=uninitialized -Wno-maybe-uninitialized -Werror=pointer-arith -Werror=int-conversion -Werror=incompatible-pointer-types -Werror=discarded-qualifiers -Werror=implicit-int -Werror=declaration-after-statement -Werror-implicit-function-declaration -pthread  -c /opt/rustwide/cargo-home/registry/src/index.crates.io-1949cf8c6b5b557f/krb5-src-0.3.3+1.19.2/krb5/src/lib/crypto/krb/string_to_key.c
[INFO] [stderr]   gcc -DHAVE_CONFIG_H  -I../../../include -I/opt/rustwide/cargo-home/registry/src/index.crates.io-1949cf8c6b5b557f/krb5-src-0.3.3+1.19.2/krb5/src/include -I/opt/rustwide/cargo-home/registry/src/index.crates.io-1949cf8c6b5b557f/krb5-src-0.3.3+1.19.2/krb5/src/lib/crypto/krb/../builtin -DKRB5_DEPRECATED=1 -DKRB5_PRIVATE  -fPIC -Wall -Wcast-align -Wshadow -Wmissing-prototypes -Wno-format-zero-length -Woverflow -Wstrict-overflow -Wmissing-format-attribute -Wmissing-prototypes -Wreturn-type -Wmissing-braces -Wparentheses -Wswitch -Wunused-function -Wunused-label -Wunused-variable -Wunused-value -Wunknown-pragmas -Wsign-compare -Werror=uninitialized -Wno-maybe-uninitialized -Werror=pointer-arith -Werror=int-conversion -Werror=incompatible-pointer-types -Werror=discarded-qualifiers -Werror=implicit-int -Werror=declaration-after-statement -Werror-implicit-function-declaration -pthread  -c /opt/rustwide/cargo-home/registry/src/index.crates.io-1949cf8c6b5b557f/krb5-src-0.3.3+1.19.2/krb5/src/lib/crypto/krb/valid_cksumtype.c
[INFO] [stderr]   gcc -DHAVE_CONFIG_H  -I../../../include -I/opt/rustwide/cargo-home/registry/src/index.crates.io-1949cf8c6b5b557f/krb5-src-0.3.3+1.19.2/krb5/src/include -I/opt/rustwide/cargo-home/registry/src/index.crates.io-1949cf8c6b5b557f/krb5-src-0.3.3+1.19.2/krb5/src/lib/crypto/krb/../builtin -DKRB5_DEPRECATED=1 -DKRB5_PRIVATE  -fPIC -Wall -Wcast-align -Wshadow -Wmissing-prototypes -Wno-format-zero-length -Woverflow -Wstrict-overflow -Wmissing-format-attribute -Wmissing-prototypes -Wreturn-type -Wmissing-braces -Wparentheses -Wswitch -Wunused-function -Wunused-label -Wunused-variable -Wunused-value -Wunknown-pragmas -Wsign-compare -Werror=uninitialized -Wno-maybe-uninitialized -Werror=pointer-arith -Werror=int-conversion -Werror=incompatible-pointer-types -Werror=discarded-qualifiers -Werror=implicit-int -Werror=declaration-after-statement -Werror-implicit-function-declaration -pthread  -c /opt/rustwide/cargo-home/registry/src/index.crates.io-1949cf8c6b5b557f/krb5-src-0.3.3+1.19.2/krb5/src/lib/crypto/krb/verify_checksum.c
[INFO] [stderr]   gcc -DHAVE_CONFIG_H  -I../../../include -I/opt/rustwide/cargo-home/registry/src/index.crates.io-1949cf8c6b5b557f/krb5-src-0.3.3+1.19.2/krb5/src/include -I/opt/rustwide/cargo-home/registry/src/index.crates.io-1949cf8c6b5b557f/krb5-src-0.3.3+1.19.2/krb5/src/lib/crypto/krb/../builtin -DKRB5_DEPRECATED=1 -DKRB5_PRIVATE  -fPIC -Wall -Wcast-align -Wshadow -Wmissing-prototypes -Wno-format-zero-length -Woverflow -Wstrict-overflow -Wmissing-format-attribute -Wmissing-prototypes -Wreturn-type -Wmissing-braces -Wparentheses -Wswitch -Wunused-function -Wunused-label -Wunused-variable -Wunused-value -Wunknown-pragmas -Wsign-compare -Werror=uninitialized -Wno-maybe-uninitialized -Werror=pointer-arith -Werror=int-conversion -Werror=incompatible-pointer-types -Werror=discarded-qualifiers -Werror=implicit-int -Werror=declaration-after-statement -Werror-implicit-function-declaration -pthread  -c /opt/rustwide/cargo-home/registry/src/index.crates.io-1949cf8c6b5b557f/krb5-src-0.3.3+1.19.2/krb5/src/lib/crypto/krb/verify_checksum_iov.c
[INFO] [stderr]   : updated OBJS.ST
[INFO] [stderr]   make[2]: Leaving directory '/opt/rustwide/target/release/build/krb5-src-eb49fb55dc2ebafd/out/build/lib/crypto/krb'
[INFO] [stderr]   making all in crypto/builtin...
[INFO] [stderr]   make[2]: Entering directory '/opt/rustwide/target/release/build/krb5-src-eb49fb55dc2ebafd/out/build/lib/crypto/builtin'
[INFO] [stderr]   making all in crypto/builtin/camellia...
[INFO] [stderr]   make[3]: Entering directory '/opt/rustwide/target/release/build/krb5-src-eb49fb55dc2ebafd/out/build/lib/crypto/builtin/camellia'
[INFO] [stderr]   gcc -DHAVE_CONFIG_H  -I../../../../include -I/opt/rustwide/cargo-home/registry/src/index.crates.io-1949cf8c6b5b557f/krb5-src-0.3.3+1.19.2/krb5/src/include -I/opt/rustwide/cargo-home/registry/src/index.crates.io-1949cf8c6b5b557f/krb5-src-0.3.3+1.19.2/krb5/src/lib/crypto/builtin/camellia/../aes -DKRB5_DEPRECATED=1 -DKRB5_PRIVATE  -fPIC -Wall -Wcast-align -Wshadow -Wmissing-prototypes -Wno-format-zero-length -Woverflow -Wstrict-overflow -Wmissing-format-attribute -Wmissing-prototypes -Wreturn-type -Wmissing-braces -Wparentheses -Wswitch -Wunused-function -Wunused-label -Wunused-variable -Wunused-value -Wunknown-pragmas -Wsign-compare -Werror=uninitialized -Wno-maybe-uninitialized -Werror=pointer-arith -Werror=int-conversion -Werror=incompatible-pointer-types -Werror=discarded-qualifiers -Werror=implicit-int -Werror=declaration-after-statement -Werror-implicit-function-declaration -pthread  -c /opt/rustwide/cargo-home/registry/src/index.crates.io-1949cf8c6b5b557f/krb5-src-0.3.3+1.19.2/krb5/src/lib/crypto/builtin/camellia/camellia.c
[INFO] [stderr]   gcc -DHAVE_CONFIG_H  -I../../../include -I/opt/rustwide/cargo-home/registry/src/index.crates.io-1949cf8c6b5b557f/krb5-src-0.3.3+1.19.2/krb5/src/include -I/opt/rustwide/cargo-home/registry/src/index.crates.io-1949cf8c6b5b557f/krb5-src-0.3.3+1.19.2/krb5/src/lib/crypto/builtin/../krb -I/opt/rustwide/cargo-home/registry/src/index.crates.io-1949cf8c6b5b557f/krb5-src-0.3.3+1.19.2/krb5/src/lib/crypto/builtin -DKRB5_DEPRECATED=1 -DKRB5_PRIVATE  -fPIC -Wall -Wcast-align -Wshadow -Wmissing-prototypes -Wno-format-zero-length -Woverflow -Wstrict-overflow -Wmissing-format-attribute -Wmissing-prototypes -Wreturn-type -Wmissing-braces -Wparentheses -Wswitch -Wunused-function -Wunused-label -Wunused-variable -Wunused-value -Wunknown-pragmas -Wsign-compare -Werror=uninitialized -Wno-maybe-uninitialized -Werror=pointer-arith -Werror=int-conversion -Werror=incompatible-pointer-types -Werror=discarded-qualifiers -Werror=implicit-int -Werror=declaration-after-statement -Werror-implicit-function-declaration -pthread  -c /opt/rustwide/cargo-home/registry/src/index.crates.io-1949cf8c6b5b557f/krb5-src-0.3.3+1.19.2/krb5/src/lib/crypto/builtin/hmac.c
[INFO] [stderr]   gcc -DHAVE_CONFIG_H  -I../../../include -I/opt/rustwide/cargo-home/registry/src/index.crates.io-1949cf8c6b5b557f/krb5-src-0.3.3+1.19.2/krb5/src/include -I/opt/rustwide/cargo-home/registry/src/index.crates.io-1949cf8c6b5b557f/krb5-src-0.3.3+1.19.2/krb5/src/lib/crypto/builtin/../krb -I/opt/rustwide/cargo-home/registry/src/index.crates.io-1949cf8c6b5b557f/krb5-src-0.3.3+1.19.2/krb5/src/lib/crypto/builtin -DKRB5_DEPRECATED=1 -DKRB5_PRIVATE  -fPIC -Wall -Wcast-align -Wshadow -Wmissing-prototypes -Wno-format-zero-length -Woverflow -Wstrict-overflow -Wmissing-format-attribute -Wmissing-prototypes -Wreturn-type -Wmissing-braces -Wparentheses -Wswitch -Wunused-function -Wunused-label -Wunused-variable -Wunused-value -Wunknown-pragmas -Wsign-compare -Werror=uninitialized -Wno-maybe-uninitialized -Werror=pointer-arith -Werror=int-conversion -Werror=incompatible-pointer-types -Werror=discarded-qualifiers -Werror=implicit-int -Werror=declaration-after-statement -Werror-implicit-function-declaration -pthread  -c /opt/rustwide/cargo-home/registry/src/index.crates.io-1949cf8c6b5b557f/krb5-src-0.3.3+1.19.2/krb5/src/lib/crypto/builtin/init.c
[INFO] [stderr]   : updated OBJS.ST
[INFO] [stderr]   make[3]: Leaving directory '/opt/rustwide/target/release/build/krb5-src-eb49fb55dc2ebafd/out/build/lib/crypto/builtin/camellia'
[INFO] [stderr]   making all in crypto/builtin/des...
[INFO] [stderr]   make[3]: Entering directory '/opt/rustwide/target/release/build/krb5-src-eb49fb55dc2ebafd/out/build/lib/crypto/builtin/des'
[INFO] [stderr]   gcc -DHAVE_CONFIG_H  -I../../../../include -I/opt/rustwide/cargo-home/registry/src/index.crates.io-1949cf8c6b5b557f/krb5-src-0.3.3+1.19.2/krb5/src/include -I/opt/rustwide/cargo-home/registry/src/index.crates.io-1949cf8c6b5b557f/krb5-src-0.3.3+1.19.2/krb5/src/lib/crypto/builtin/des/.. -I/opt/rustwide/cargo-home/registry/src/index.crates.io-1949cf8c6b5b557f/krb5-src-0.3.3+1.19.2/krb5/src/lib/crypto/builtin/des/../../krb -DKRB5_DEPRECATED=1 -DKRB5_PRIVATE  -fPIC -Wall -Wcast-align -Wshadow -Wmissing-prototypes -Wno-format-zero-length -Woverflow -Wstrict-overflow -Wmissing-format-attribute -Wmissing-prototypes -Wreturn-type -Wmissing-braces -Wparentheses -Wswitch -Wunused-function -Wunused-label -Wunused-variable -Wunused-value -Wunknown-pragmas -Wsign-compare -Werror=uninitialized -Wno-maybe-uninitialized -Werror=pointer-arith -Werror=int-conversion -Werror=incompatible-pointer-types -Werror=discarded-qualifiers -Werror=implicit-int -Werror=declaration-after-statement -Werror-implicit-function-declaration -pthread  -c /opt/rustwide/cargo-home/registry/src/index.crates.io-1949cf8c6b5b557f/krb5-src-0.3.3+1.19.2/krb5/src/lib/crypto/builtin/des/d3_aead.c
[INFO] [stderr]   gcc -DHAVE_CONFIG_H  -I../../../include -I/opt/rustwide/cargo-home/registry/src/index.crates.io-1949cf8c6b5b557f/krb5-src-0.3.3+1.19.2/krb5/src/include -I/opt/rustwide/cargo-home/registry/src/index.crates.io-1949cf8c6b5b557f/krb5-src-0.3.3+1.19.2/krb5/src/lib/crypto/builtin/../krb -I/opt/rustwide/cargo-home/registry/src/index.crates.io-1949cf8c6b5b557f/krb5-src-0.3.3+1.19.2/krb5/src/lib/crypto/builtin -DKRB5_DEPRECATED=1 -DKRB5_PRIVATE  -fPIC -Wall -Wcast-align -Wshadow -Wmissing-prototypes -Wno-format-zero-length -Woverflow -Wstrict-overflow -Wmissing-format-attribute -Wmissing-prototypes -Wreturn-type -Wmissing-braces -Wparentheses -Wswitch -Wunused-function -Wunused-label -Wunused-variable -Wunused-value -Wunknown-pragmas -Wsign-compare -Werror=uninitialized -Wno-maybe-uninitialized -Werror=pointer-arith -Werror=int-conversion -Werror=incompatible-pointer-types -Werror=discarded-qualifiers -Werror=implicit-int -Werror=declaration-after-statement -Werror-implicit-function-declaration -pthread  -c /opt/rustwide/cargo-home/registry/src/index.crates.io-1949cf8c6b5b557f/krb5-src-0.3.3+1.19.2/krb5/src/lib/crypto/builtin/pbkdf2.c
[INFO] [stderr]   gcc -DHAVE_CONFIG_H  -I../../../../include -I/opt/rustwide/cargo-home/registry/src/index.crates.io-1949cf8c6b5b557f/krb5-src-0.3.3+1.19.2/krb5/src/include -I/opt/rustwide/cargo-home/registry/src/index.crates.io-1949cf8c6b5b557f/krb5-src-0.3.3+1.19.2/krb5/src/lib/crypto/builtin/des/.. -I/opt/rustwide/cargo-home/registry/src/index.crates.io-1949cf8c6b5b557f/krb5-src-0.3.3+1.19.2/krb5/src/lib/crypto/builtin/des/../../krb -DKRB5_DEPRECATED=1 -DKRB5_PRIVATE  -fPIC -Wall -Wcast-align -Wshadow -Wmissing-prototypes -Wno-format-zero-length -Woverflow -Wstrict-overflow -Wmissing-format-attribute -Wmissing-prototypes -Wreturn-type -Wmissing-braces -Wparentheses -Wswitch -Wunused-function -Wunused-label -Wunused-variable -Wunused-value -Wunknown-pragmas -Wsign-compare -Werror=uninitialized -Wno-maybe-uninitialized -Werror=pointer-arith -Werror=int-conversion -Werror=incompatible-pointer-types -Werror=discarded-qualifiers -Werror=implicit-int -Werror=declaration-after-statement -Werror-implicit-function-declaration -pthread  -c /opt/rustwide/cargo-home/registry/src/index.crates.io-1949cf8c6b5b557f/krb5-src-0.3.3+1.19.2/krb5/src/lib/crypto/builtin/des/d3_kysched.c
[INFO] [stderr]   gcc -DHAVE_CONFIG_H  -I../../../../include -I/opt/rustwide/cargo-home/registry/src/index.crates.io-1949cf8c6b5b557f/krb5-src-0.3.3+1.19.2/krb5/src/include -I/opt/rustwide/cargo-home/registry/src/index.crates.io-1949cf8c6b5b557f/krb5-src-0.3.3+1.19.2/krb5/src/lib/crypto/builtin/des/.. -I/opt/rustwide/cargo-home/registry/src/index.crates.io-1949cf8c6b5b557f/krb5-src-0.3.3+1.19.2/krb5/src/lib/crypto/builtin/des/../../krb -DKRB5_DEPRECATED=1 -DKRB5_PRIVATE  -fPIC -Wall -Wcast-align -Wshadow -Wmissing-prototypes -Wno-format-zero-length -Woverflow -Wstrict-overflow -Wmissing-format-attribute -Wmissing-prototypes -Wreturn-type -Wmissing-braces -Wparentheses -Wswitch -Wunused-function -Wunused-label -Wunused-variable -Wunused-value -Wunknown-pragmas -Wsign-compare -Werror=uninitialized -Wno-maybe-uninitialized -Werror=pointer-arith -Werror=int-conversion -Werror=incompatible-pointer-types -Werror=discarded-qualifiers -Werror=implicit-int -Werror=declaration-after-statement -Werror-implicit-function-declaration -pthread  -c /opt/rustwide/cargo-home/registry/src/index.crates.io-1949cf8c6b5b557f/krb5-src-0.3.3+1.19.2/krb5/src/lib/crypto/builtin/des/des_keys.c
[INFO] [stderr]   gcc -DHAVE_CONFIG_H  -I../../../../include -I/opt/rustwide/cargo-home/registry/src/index.crates.io-1949cf8c6b5b557f/krb5-src-0.3.3+1.19.2/krb5/src/include -I/opt/rustwide/cargo-home/registry/src/index.crates.io-1949cf8c6b5b557f/krb5-src-0.3.3+1.19.2/krb5/src/lib/crypto/builtin/des/.. -I/opt/rustwide/cargo-home/registry/src/index.crates.io-1949cf8c6b5b557f/krb5-src-0.3.3+1.19.2/krb5/src/lib/crypto/builtin/des/../../krb -DKRB5_DEPRECATED=1 -DKRB5_PRIVATE  -fPIC -Wall -Wcast-align -Wshadow -Wmissing-prototypes -Wno-format-zero-length -Woverflow -Wstrict-overflow -Wmissing-format-attribute -Wmissing-prototypes -Wreturn-type -Wmissing-braces -Wparentheses -Wswitch -Wunused-function -Wunused-label -Wunused-variable -Wunused-value -Wunknown-pragmas -Wsign-compare -Werror=uninitialized -Wno-maybe-uninitialized -Werror=pointer-arith -Werror=int-conversion -Werror=incompatible-pointer-types -Werror=discarded-qualifiers -Werror=implicit-int -Werror=declaration-after-statement -Werror-implicit-function-declaration -pthread  -c /opt/rustwide/cargo-home/registry/src/index.crates.io-1949cf8c6b5b557f/krb5-src-0.3.3+1.19.2/krb5/src/lib/crypto/builtin/des/f_aead.c
[INFO] [stderr]   gcc -DHAVE_CONFIG_H  -I../../../../include -I/opt/rustwide/cargo-home/registry/src/index.crates.io-1949cf8c6b5b557f/krb5-src-0.3.3+1.19.2/krb5/src/include -I/opt/rustwide/cargo-home/registry/src/index.crates.io-1949cf8c6b5b557f/krb5-src-0.3.3+1.19.2/krb5/src/lib/crypto/builtin/des/.. -I/opt/rustwide/cargo-home/registry/src/index.crates.io-1949cf8c6b5b557f/krb5-src-0.3.3+1.19.2/krb5/src/lib/crypto/builtin/des/../../krb -DKRB5_DEPRECATED=1 -DKRB5_PRIVATE  -fPIC -Wall -Wcast-align -Wshadow -Wmissing-prototypes -Wno-format-zero-length -Woverflow -Wstrict-overflow -Wmissing-format-attribute -Wmissing-prototypes -Wreturn-type -Wmissing-braces -Wparentheses -Wswitch -Wunused-function -Wunused-label -Wunused-variable -Wunused-value -Wunknown-pragmas -Wsign-compare -Werror=uninitialized -Wno-maybe-uninitialized -Werror=pointer-arith -Werror=int-conversion -Werror=incompatible-pointer-types -Werror=discarded-qualifiers -Werror=implicit-int -Werror=declaration-after-statement -Werror-implicit-function-declaration -pthread  -c /opt/rustwide/cargo-home/registry/src/index.crates.io-1949cf8c6b5b557f/krb5-src-0.3.3+1.19.2/krb5/src/lib/crypto/builtin/des/f_cksum.c
[INFO] [stderr]   : updated OBJS.ST
[INFO] [stderr]   gcc -DHAVE_CONFIG_H  -I../../../../include -I/opt/rustwide/cargo-home/registry/src/index.crates.io-1949cf8c6b5b557f/krb5-src-0.3.3+1.19.2/krb5/src/include -I/opt/rustwide/cargo-home/registry/src/index.crates.io-1949cf8c6b5b557f/krb5-src-0.3.3+1.19.2/krb5/src/lib/crypto/builtin/des/.. -I/opt/rustwide/cargo-home/registry/src/index.crates.io-1949cf8c6b5b557f/krb5-src-0.3.3+1.19.2/krb5/src/lib/crypto/builtin/des/../../krb -DKRB5_DEPRECATED=1 -DKRB5_PRIVATE  -fPIC -Wall -Wcast-align -Wshadow -Wmissing-prototypes -Wno-format-zero-length -Woverflow -Wstrict-overflow -Wmissing-format-attribute -Wmissing-prototypes -Wreturn-type -Wmissing-braces -Wparentheses -Wswitch -Wunused-function -Wunused-label -Wunused-variable -Wunused-value -Wunknown-pragmas -Wsign-compare -Werror=uninitialized -Wno-maybe-uninitialized -Werror=pointer-arith -Werror=int-conversion -Werror=incompatible-pointer-types -Werror=discarded-qualifiers -Werror=implicit-int -Werror=declaration-after-statement -Werror-implicit-function-declaration -pthread  -c /opt/rustwide/cargo-home/registry/src/index.crates.io-1949cf8c6b5b557f/krb5-src-0.3.3+1.19.2/krb5/src/lib/crypto/builtin/des/f_parity.c
[INFO] [stderr]   gcc -DHAVE_CONFIG_H  -I../../../../include -I/opt/rustwide/cargo-home/registry/src/index.crates.io-1949cf8c6b5b557f/krb5-src-0.3.3+1.19.2/krb5/src/include -I/opt/rustwide/cargo-home/registry/src/index.crates.io-1949cf8c6b5b557f/krb5-src-0.3.3+1.19.2/krb5/src/lib/crypto/builtin/des/.. -I/opt/rustwide/cargo-home/registry/src/index.crates.io-1949cf8c6b5b557f/krb5-src-0.3.3+1.19.2/krb5/src/lib/crypto/builtin/des/../../krb -DKRB5_DEPRECATED=1 -DKRB5_PRIVATE  -fPIC -Wall -Wcast-align -Wshadow -Wmissing-prototypes -Wno-format-zero-length -Woverflow -Wstrict-overflow -Wmissing-format-attribute -Wmissing-prototypes -Wreturn-type -Wmissing-braces -Wparentheses -Wswitch -Wunused-function -Wunused-label -Wunused-variable -Wunused-value -Wunknown-pragmas -Wsign-compare -Werror=uninitialized -Wno-maybe-uninitialized -Werror=pointer-arith -Werror=int-conversion -Werror=incompatible-pointer-types -Werror=discarded-qualifiers -Werror=implicit-int -Werror=declaration-after-statement -Werror-implicit-function-declaration -pthread  -c /opt/rustwide/cargo-home/registry/src/index.crates.io-1949cf8c6b5b557f/krb5-src-0.3.3+1.19.2/krb5/src/lib/crypto/builtin/des/f_sched.c
[INFO] [stderr]   gcc -DHAVE_CONFIG_H  -I../../../../include -I/opt/rustwide/cargo-home/registry/src/index.crates.io-1949cf8c6b5b557f/krb5-src-0.3.3+1.19.2/krb5/src/include -I/opt/rustwide/cargo-home/registry/src/index.crates.io-1949cf8c6b5b557f/krb5-src-0.3.3+1.19.2/krb5/src/lib/crypto/builtin/des/.. -I/opt/rustwide/cargo-home/registry/src/index.crates.io-1949cf8c6b5b557f/krb5-src-0.3.3+1.19.2/krb5/src/lib/crypto/builtin/des/../../krb -DKRB5_DEPRECATED=1 -DKRB5_PRIVATE  -fPIC -Wall -Wcast-align -Wshadow -Wmissing-prototypes -Wno-format-zero-length -Woverflow -Wstrict-overflow -Wmissing-format-attribute -Wmissing-prototypes -Wreturn-type -Wmissing-braces -Wparentheses -Wswitch -Wunused-function -Wunused-label -Wunused-variable -Wunused-value -Wunknown-pragmas -Wsign-compare -Werror=uninitialized -Wno-maybe-uninitialized -Werror=pointer-arith -Werror=int-conversion -Werror=incompatible-pointer-types -Werror=discarded-qualifiers -Werror=implicit-int -Werror=declaration-after-statement -Werror-implicit-function-declaration -pthread  -c /opt/rustwide/cargo-home/registry/src/index.crates.io-1949cf8c6b5b557f/krb5-src-0.3.3+1.19.2/krb5/src/lib/crypto/builtin/des/f_tables.c
[INFO] [stderr]   gcc -DHAVE_CONFIG_H  -I../../../../include -I/opt/rustwide/cargo-home/registry/src/index.crates.io-1949cf8c6b5b557f/krb5-src-0.3.3+1.19.2/krb5/src/include -I/opt/rustwide/cargo-home/registry/src/index.crates.io-1949cf8c6b5b557f/krb5-src-0.3.3+1.19.2/krb5/src/lib/crypto/builtin/des/.. -I/opt/rustwide/cargo-home/registry/src/index.crates.io-1949cf8c6b5b557f/krb5-src-0.3.3+1.19.2/krb5/src/lib/crypto/builtin/des/../../krb -DKRB5_DEPRECATED=1 -DKRB5_PRIVATE  -fPIC -Wall -Wcast-align -Wshadow -Wmissing-prototypes -Wno-format-zero-length -Woverflow -Wstrict-overflow -Wmissing-format-attribute -Wmissing-prototypes -Wreturn-type -Wmissing-braces -Wparentheses -Wswitch -Wunused-function -Wunused-label -Wunused-variable -Wunused-value -Wunknown-pragmas -Wsign-compare -Werror=uninitialized -Wno-maybe-uninitialized -Werror=pointer-arith -Werror=int-conversion -Werror=incompatible-pointer-types -Werror=discarded-qualifiers -Werror=implicit-int -Werror=declaration-after-statement -Werror-implicit-function-declaration -pthread  -c /opt/rustwide/cargo-home/registry/src/index.crates.io-1949cf8c6b5b557f/krb5-src-0.3.3+1.19.2/krb5/src/lib/crypto/builtin/des/key_sched.c
[INFO] [stderr]   gcc -DHAVE_CONFIG_H  -I../../../../include -I/opt/rustwide/cargo-home/registry/src/index.crates.io-1949cf8c6b5b557f/krb5-src-0.3.3+1.19.2/krb5/src/include -I/opt/rustwide/cargo-home/registry/src/index.crates.io-1949cf8c6b5b557f/krb5-src-0.3.3+1.19.2/krb5/src/lib/crypto/builtin/des/.. -I/opt/rustwide/cargo-home/registry/src/index.crates.io-1949cf8c6b5b557f/krb5-src-0.3.3+1.19.2/krb5/src/lib/crypto/builtin/des/../../krb -DKRB5_DEPRECATED=1 -DKRB5_PRIVATE  -fPIC -Wall -Wcast-align -Wshadow -Wmissing-prototypes -Wno-format-zero-length -Woverflow -Wstrict-overflow -Wmissing-format-attribute -Wmissing-prototypes -Wreturn-type -Wmissing-braces -Wparentheses -Wswitch -Wunused-function -Wunused-label -Wunused-variable -Wunused-value -Wunknown-pragmas -Wsign-compare -Werror=uninitialized -Wno-maybe-uninitialized -Werror=pointer-arith -Werror=int-conversion -Werror=incompatible-pointer-types -Werror=discarded-qualifiers -Werror=implicit-int -Werror=declaration-after-statement -Werror-implicit-function-declaration -pthread  -c /opt/rustwide/cargo-home/registry/src/index.crates.io-1949cf8c6b5b557f/krb5-src-0.3.3+1.19.2/krb5/src/lib/crypto/builtin/des/weak_key.c
[INFO] [stderr]   : updated OBJS.ST
[INFO] [stderr]   make[3]: Leaving directory '/opt/rustwide/target/release/build/krb5-src-eb49fb55dc2ebafd/out/build/lib/crypto/builtin/des'
[INFO] [stderr]   making all in crypto/builtin/aes...
[INFO] [stderr]   make[3]: Entering directory '/opt/rustwide/target/release/build/krb5-src-eb49fb55dc2ebafd/out/build/lib/crypto/builtin/aes'
[INFO] [stderr]   gcc -DHAVE_CONFIG_H  -I../../../../include -I/opt/rustwide/cargo-home/registry/src/index.crates.io-1949cf8c6b5b557f/krb5-src-0.3.3+1.19.2/krb5/src/include  -DKRB5_DEPRECATED=1 -DKRB5_PRIVATE  -fPIC -Wall -Wcast-align -Wshadow -Wmissing-prototypes -Wno-format-zero-length -Woverflow -Wstrict-overflow -Wmissing-format-attribute -Wmissing-prototypes -Wreturn-type -Wmissing-braces -Wparentheses -Wswitch -Wunused-function -Wunused-label -Wunused-variable -Wunused-value -Wunknown-pragmas -Wsign-compare -Werror=uninitialized -Wno-maybe-uninitialized -Werror=pointer-arith -Werror=int-conversion -Werror=incompatible-pointer-types -Werror=discarded-qualifiers -Werror=implicit-int -Werror=declaration-after-statement -Werror-implicit-function-declaration -pthread  -c /opt/rustwide/cargo-home/registry/src/index.crates.io-1949cf8c6b5b557f/krb5-src-0.3.3+1.19.2/krb5/src/lib/crypto/builtin/aes/aescrypt.c
[INFO] [stderr]   gcc -DHAVE_CONFIG_H  -I../../../../include -I/opt/rustwide/cargo-home/registry/src/index.crates.io-1949cf8c6b5b557f/krb5-src-0.3.3+1.19.2/krb5/src/include  -DKRB5_DEPRECATED=1 -DKRB5_PRIVATE  -fPIC -Wall -Wcast-align -Wshadow -Wmissing-prototypes -Wno-format-zero-length -Woverflow -Wstrict-overflow -Wmissing-format-attribute -Wmissing-prototypes -Wreturn-type -Wmissing-braces -Wparentheses -Wswitch -Wunused-function -Wunused-label -Wunused-variable -Wunused-value -Wunknown-pragmas -Wsign-compare -Werror=uninitialized -Wno-maybe-uninitialized -Werror=pointer-arith -Werror=int-conversion -Werror=incompatible-pointer-types -Werror=discarded-qualifiers -Werror=implicit-int -Werror=declaration-after-statement -Werror-implicit-function-declaration -pthread  -c /opt/rustwide/cargo-home/registry/src/index.crates.io-1949cf8c6b5b557f/krb5-src-0.3.3+1.19.2/krb5/src/lib/crypto/builtin/aes/aestab.c
[INFO] [stderr]   gcc -DHAVE_CONFIG_H  -I../../../../include -I/opt/rustwide/cargo-home/registry/src/index.crates.io-1949cf8c6b5b557f/krb5-src-0.3.3+1.19.2/krb5/src/include  -DKRB5_DEPRECATED=1 -DKRB5_PRIVATE  -fPIC -Wall -Wcast-align -Wshadow -Wmissing-prototypes -Wno-format-zero-length -Woverflow -Wstrict-overflow -Wmissing-format-attribute -Wmissing-prototypes -Wreturn-type -Wmissing-braces -Wparentheses -Wswitch -Wunused-function -Wunused-label -Wunused-variable -Wunused-value -Wunknown-pragmas -Wsign-compare -Werror=uninitialized -Wno-maybe-uninitialized -Werror=pointer-arith -Werror=int-conversion -Werror=incompatible-pointer-types -Werror=discarded-qualifiers -Werror=implicit-int -Werror=declaration-after-statement -Werror-implicit-function-declaration -pthread  -c /opt/rustwide/cargo-home/registry/src/index.crates.io-1949cf8c6b5b557f/krb5-src-0.3.3+1.19.2/krb5/src/lib/crypto/builtin/aes/aeskey.c
[INFO] [stderr]   : updated OBJS.ST
[INFO] [stderr]   make[3]: Leaving directory '/opt/rustwide/target/release/build/krb5-src-eb49fb55dc2ebafd/out/build/lib/crypto/builtin/aes'
[INFO] [stderr]   making all in crypto/builtin/md4...
[INFO] [stderr]   make[3]: Entering directory '/opt/rustwide/target/release/build/krb5-src-eb49fb55dc2ebafd/out/build/lib/crypto/builtin/md4'
[INFO] [stderr]   gcc -DHAVE_CONFIG_H  -I../../../../include -I/opt/rustwide/cargo-home/registry/src/index.crates.io-1949cf8c6b5b557f/krb5-src-0.3.3+1.19.2/krb5/src/include -I/opt/rustwide/cargo-home/registry/src/index.crates.io-1949cf8c6b5b557f/krb5-src-0.3.3+1.19.2/krb5/src/lib/crypto/builtin/md4 -DKRB5_DEPRECATED=1 -DKRB5_PRIVATE  -fPIC -Wall -Wcast-align -Wshadow -Wmissing-prototypes -Wno-format-zero-length -Woverflow -Wstrict-overflow -Wmissing-format-attribute -Wmissing-prototypes -Wreturn-type -Wmissing-braces -Wparentheses -Wswitch -Wunused-function -Wunused-label -Wunused-variable -Wunused-value -Wunknown-pragmas -Wsign-compare -Werror=uninitialized -Wno-maybe-uninitialized -Werror=pointer-arith -Werror=int-conversion -Werror=incompatible-pointer-types -Werror=discarded-qualifiers -Werror=implicit-int -Werror=declaration-after-statement -Werror-implicit-function-declaration -pthread  -c /opt/rustwide/cargo-home/registry/src/index.crates.io-1949cf8c6b5b557f/krb5-src-0.3.3+1.19.2/krb5/src/lib/crypto/builtin/md4/md4.c
[INFO] [stderr]   : updated OBJS.ST
[INFO] [stderr]   make[3]: Leaving directory '/opt/rustwide/target/release/build/krb5-src-eb49fb55dc2ebafd/out/build/lib/crypto/builtin/md4'
[INFO] [stderr]   making all in crypto/builtin/md5...
[INFO] [stderr]   make[3]: Entering directory '/opt/rustwide/target/release/build/krb5-src-eb49fb55dc2ebafd/out/build/lib/crypto/builtin/md5'
[INFO] [stderr]   gcc -DHAVE_CONFIG_H  -I../../../../include -I/opt/rustwide/cargo-home/registry/src/index.crates.io-1949cf8c6b5b557f/krb5-src-0.3.3+1.19.2/krb5/src/include  -DKRB5_DEPRECATED=1 -DKRB5_PRIVATE  -fPIC -Wall -Wcast-align -Wshadow -Wmissing-prototypes -Wno-format-zero-length -Woverflow -Wstrict-overflow -Wmissing-format-attribute -Wmissing-prototypes -Wreturn-type -Wmissing-braces -Wparentheses -Wswitch -Wunused-function -Wunused-label -Wunused-variable -Wunused-value -Wunknown-pragmas -Wsign-compare -Werror=uninitialized -Wno-maybe-uninitialized -Werror=pointer-arith -Werror=int-conversion -Werror=incompatible-pointer-types -Werror=discarded-qualifiers -Werror=implicit-int -Werror=declaration-after-statement -Werror-implicit-function-declaration -pthread  -c /opt/rustwide/cargo-home/registry/src/index.crates.io-1949cf8c6b5b557f/krb5-src-0.3.3+1.19.2/krb5/src/lib/crypto/builtin/md5/md5.c
[INFO] [stderr]   : updated OBJS.ST
[INFO] [stderr]   make[3]: Leaving directory '/opt/rustwide/target/release/build/krb5-src-eb49fb55dc2ebafd/out/build/lib/crypto/builtin/md5'
[INFO] [stderr]   making all in crypto/builtin/sha1...
[INFO] [stderr]   make[3]: Entering directory '/opt/rustwide/target/release/build/krb5-src-eb49fb55dc2ebafd/out/build/lib/crypto/builtin/sha1'
[INFO] [stderr]   gcc -DHAVE_CONFIG_H  -I../../../../include -I/opt/rustwide/cargo-home/registry/src/index.crates.io-1949cf8c6b5b557f/krb5-src-0.3.3+1.19.2/krb5/src/include  -DKRB5_DEPRECATED=1 -DKRB5_PRIVATE  -fPIC -Wall -Wcast-align -Wshadow -Wmissing-prototypes -Wno-format-zero-length -Woverflow -Wstrict-overflow -Wmissing-format-attribute -Wmissing-prototypes -Wreturn-type -Wmissing-braces -Wparentheses -Wswitch -Wunused-function -Wunused-label -Wunused-variable -Wunused-value -Wunknown-pragmas -Wsign-compare -Werror=uninitialized -Wno-maybe-uninitialized -Werror=pointer-arith -Werror=int-conversion -Werror=incompatible-pointer-types -Werror=discarded-qualifiers -Werror=implicit-int -Werror=declaration-after-statement -Werror-implicit-function-declaration -pthread  -c /opt/rustwide/cargo-home/registry/src/index.crates.io-1949cf8c6b5b557f/krb5-src-0.3.3+1.19.2/krb5/src/lib/crypto/builtin/sha1/shs.c
[INFO] [stderr]   : updated OBJS.ST
[INFO] [stderr]   make[3]: Leaving directory '/opt/rustwide/target/release/build/krb5-src-eb49fb55dc2ebafd/out/build/lib/crypto/builtin/sha1'
[INFO] [stderr]   making all in crypto/builtin/sha2...
[INFO] [stderr]   make[3]: Entering directory '/opt/rustwide/target/release/build/krb5-src-eb49fb55dc2ebafd/out/build/lib/crypto/builtin/sha2'
[INFO] [stderr]   gcc -DHAVE_CONFIG_H  -I../../../../include -I/opt/rustwide/cargo-home/registry/src/index.crates.io-1949cf8c6b5b557f/krb5-src-0.3.3+1.19.2/krb5/src/include  -DKRB5_DEPRECATED=1 -DKRB5_PRIVATE  -fPIC -Wall -Wcast-align -Wshadow -Wmissing-prototypes -Wno-format-zero-length -Woverflow -Wstrict-overflow -Wmissing-format-attribute -Wmissing-prototypes -Wreturn-type -Wmissing-braces -Wparentheses -Wswitch -Wunused-function -Wunused-label -Wunused-variable -Wunused-value -Wunknown-pragmas -Wsign-compare -Werror=uninitialized -Wno-maybe-uninitialized -Werror=pointer-arith -Werror=int-conversion -Werror=incompatible-pointer-types -Werror=discarded-qualifiers -Werror=implicit-int -Werror=declaration-after-statement -Werror-implicit-function-declaration -pthread  -c /opt/rustwide/cargo-home/registry/src/index.crates.io-1949cf8c6b5b557f/krb5-src-0.3.3+1.19.2/krb5/src/lib/crypto/builtin/sha2/sha256.c
[INFO] [stderr]   gcc -DHAVE_CONFIG_H  -I../../../../include -I/opt/rustwide/cargo-home/registry/src/index.crates.io-1949cf8c6b5b557f/krb5-src-0.3.3+1.19.2/krb5/src/include  -DKRB5_DEPRECATED=1 -DKRB5_PRIVATE  -fPIC -Wall -Wcast-align -Wshadow -Wmissing-prototypes -Wno-format-zero-length -Woverflow -Wstrict-overflow -Wmissing-format-attribute -Wmissing-prototypes -Wreturn-type -Wmissing-braces -Wparentheses -Wswitch -Wunused-function -Wunused-label -Wunused-variable -Wunused-value -Wunknown-pragmas -Wsign-compare -Werror=uninitialized -Wno-maybe-uninitialized -Werror=pointer-arith -Werror=int-conversion -Werror=incompatible-pointer-types -Werror=discarded-qualifiers -Werror=implicit-int -Werror=declaration-after-statement -Werror-implicit-function-declaration -pthread  -c /opt/rustwide/cargo-home/registry/src/index.crates.io-1949cf8c6b5b557f/krb5-src-0.3.3+1.19.2/krb5/src/lib/crypto/builtin/sha2/sha512.c
[INFO] [stderr]   : updated OBJS.ST
[INFO] [stderr]   make[3]: Leaving directory '/opt/rustwide/target/release/build/krb5-src-eb49fb55dc2ebafd/out/build/lib/crypto/builtin/sha2'
[INFO] [stderr]   making all in crypto/builtin/enc_provider...
[INFO] [stderr]   make[3]: Entering directory '/opt/rustwide/target/release/build/krb5-src-eb49fb55dc2ebafd/out/build/lib/crypto/builtin/enc_provider'
[INFO] [stderr]   gcc -DHAVE_CONFIG_H  -I../../../../include -I/opt/rustwide/cargo-home/registry/src/index.crates.io-1949cf8c6b5b557f/krb5-src-0.3.3+1.19.2/krb5/src/include -I/opt/rustwide/cargo-home/registry/src/index.crates.io-1949cf8c6b5b557f/krb5-src-0.3.3+1.19.2/krb5/src/lib/crypto/builtin/enc_provider/../des -I/opt/rustwide/cargo-home/registry/src/index.crates.io-1949cf8c6b5b557f/krb5-src-0.3.3+1.19.2/krb5/src/lib/crypto/builtin/enc_provider/../aes -I/opt/rustwide/cargo-home/registry/src/index.crates.io-1949cf8c6b5b557f/krb5-src-0.3.3+1.19.2/krb5/src/lib/crypto/builtin/enc_provider/../camellia -I/opt/rustwide/cargo-home/registry/src/index.crates.io-1949cf8c6b5b557f/krb5-src-0.3.3+1.19.2/krb5/src/lib/crypto/builtin/enc_provider/../../krb -I/opt/rustwide/cargo-home/registry/src/index.crates.io-1949cf8c6b5b557f/krb5-src-0.3.3+1.19.2/krb5/src/lib/crypto/builtin/enc_provider/.. -DKRB5_DEPRECATED=1 -DKRB5_PRIVATE  -fPIC -Wall -Wcast-align -Wshadow -Wmissing-prototypes -Wno-format-zero-length -Woverflow -Wstrict-overflow -Wmissing-format-attribute -Wmissing-prototypes -Wreturn-type -Wmissing-braces -Wparentheses -Wswitch -Wunused-function -Wunused-label -Wunused-variable -Wunused-value -Wunknown-pragmas -Wsign-compare -Werror=uninitialized -Wno-maybe-uninitialized -Werror=pointer-arith -Werror=int-conversion -Werror=incompatible-pointer-types -Werror=discarded-qualifiers -Werror=implicit-int -Werror=declaration-after-statement -Werror-implicit-function-declaration -pthread  -c /opt/rustwide/cargo-home/registry/src/index.crates.io-1949cf8c6b5b557f/krb5-src-0.3.3+1.19.2/krb5/src/lib/crypto/builtin/enc_provider/des3.c
[INFO] [stderr]   gcc -DHAVE_CONFIG_H  -I../../../../include -I/opt/rustwide/cargo-home/registry/src/index.crates.io-1949cf8c6b5b557f/krb5-src-0.3.3+1.19.2/krb5/src/include -I/opt/rustwide/cargo-home/registry/src/index.crates.io-1949cf8c6b5b557f/krb5-src-0.3.3+1.19.2/krb5/src/lib/crypto/builtin/enc_provider/../des -I/opt/rustwide/cargo-home/registry/src/index.crates.io-1949cf8c6b5b557f/krb5-src-0.3.3+1.19.2/krb5/src/lib/crypto/builtin/enc_provider/../aes -I/opt/rustwide/cargo-home/registry/src/index.crates.io-1949cf8c6b5b557f/krb5-src-0.3.3+1.19.2/krb5/src/lib/crypto/builtin/enc_provider/../camellia -I/opt/rustwide/cargo-home/registry/src/index.crates.io-1949cf8c6b5b557f/krb5-src-0.3.3+1.19.2/krb5/src/lib/crypto/builtin/enc_provider/../../krb -I/opt/rustwide/cargo-home/registry/src/index.crates.io-1949cf8c6b5b557f/krb5-src-0.3.3+1.19.2/krb5/src/lib/crypto/builtin/enc_provider/.. -DKRB5_DEPRECATED=1 -DKRB5_PRIVATE  -fPIC -Wall -Wcast-align -Wshadow -Wmissing-prototypes -Wno-format-zero-length -Woverflow -Wstrict-overflow -Wmissing-format-attribute -Wmissing-prototypes -Wreturn-type -Wmissing-braces -Wparentheses -Wswitch -Wunused-function -Wunused-label -Wunused-variable -Wunused-value -Wunknown-pragmas -Wsign-compare -Werror=uninitialized -Wno-maybe-uninitialized -Werror=pointer-arith -Werror=int-conversion -Werror=incompatible-pointer-types -Werror=discarded-qualifiers -Werror=implicit-int -Werror=declaration-after-statement -Werror-implicit-function-declaration -pthread  -c /opt/rustwide/cargo-home/registry/src/index.crates.io-1949cf8c6b5b557f/krb5-src-0.3.3+1.19.2/krb5/src/lib/crypto/builtin/enc_provider/rc4.c
[INFO] [stderr]   gcc -DHAVE_CONFIG_H  -I../../../../include -I/opt/rustwide/cargo-home/registry/src/index.crates.io-1949cf8c6b5b557f/krb5-src-0.3.3+1.19.2/krb5/src/include -I/opt/rustwide/cargo-home/registry/src/index.crates.io-1949cf8c6b5b557f/krb5-src-0.3.3+1.19.2/krb5/src/lib/crypto/builtin/enc_provider/../des -I/opt/rustwide/cargo-home/registry/src/index.crates.io-1949cf8c6b5b557f/krb5-src-0.3.3+1.19.2/krb5/src/lib/crypto/builtin/enc_provider/../aes -I/opt/rustwide/cargo-home/registry/src/index.crates.io-1949cf8c6b5b557f/krb5-src-0.3.3+1.19.2/krb5/src/lib/crypto/builtin/enc_provider/../camellia -I/opt/rustwide/cargo-home/registry/src/index.crates.io-1949cf8c6b5b557f/krb5-src-0.3.3+1.19.2/krb5/src/lib/crypto/builtin/enc_provider/../../krb -I/opt/rustwide/cargo-home/registry/src/index.crates.io-1949cf8c6b5b557f/krb5-src-0.3.3+1.19.2/krb5/src/lib/crypto/builtin/enc_provider/.. -DKRB5_DEPRECATED=1 -DKRB5_PRIVATE  -fPIC -Wall -Wcast-align -Wshadow -Wmissing-prototypes -Wno-format-zero-length -Woverflow -Wstrict-overflow -Wmissing-format-attribute -Wmissing-prototypes -Wreturn-type -Wmissing-braces -Wparentheses -Wswitch -Wunused-function -Wunused-label -Wunused-variable -Wunused-value -Wunknown-pragmas -Wsign-compare -Werror=uninitialized -Wno-maybe-uninitialized -Werror=pointer-arith -Werror=int-conversion -Werror=incompatible-pointer-types -Werror=discarded-qualifiers -Werror=implicit-int -Werror=declaration-after-statement -Werror-implicit-function-declaration -pthread  -c /opt/rustwide/cargo-home/registry/src/index.crates.io-1949cf8c6b5b557f/krb5-src-0.3.3+1.19.2/krb5/src/lib/crypto/builtin/enc_provider/aes.c
[INFO] [stderr]   gcc -DHAVE_CONFIG_H  -I../../../../include -I/opt/rustwide/cargo-home/registry/src/index.crates.io-1949cf8c6b5b557f/krb5-src-0.3.3+1.19.2/krb5/src/include -I/opt/rustwide/cargo-home/registry/src/index.crates.io-1949cf8c6b5b557f/krb5-src-0.3.3+1.19.2/krb5/src/lib/crypto/builtin/enc_provider/../des -I/opt/rustwide/cargo-home/registry/src/index.crates.io-1949cf8c6b5b557f/krb5-src-0.3.3+1.19.2/krb5/src/lib/crypto/builtin/enc_provider/../aes -I/opt/rustwide/cargo-home/registry/src/index.crates.io-1949cf8c6b5b557f/krb5-src-0.3.3+1.19.2/krb5/src/lib/crypto/builtin/enc_provider/../camellia -I/opt/rustwide/cargo-home/registry/src/index.crates.io-1949cf8c6b5b557f/krb5-src-0.3.3+1.19.2/krb5/src/lib/crypto/builtin/enc_provider/../../krb -I/opt/rustwide/cargo-home/registry/src/index.crates.io-1949cf8c6b5b557f/krb5-src-0.3.3+1.19.2/krb5/src/lib/crypto/builtin/enc_provider/.. -DKRB5_DEPRECATED=1 -DKRB5_PRIVATE  -fPIC -Wall -Wcast-align -Wshadow -Wmissing-prototypes -Wno-format-zero-length -Woverflow -Wstrict-overflow -Wmissing-format-attribute -Wmissing-prototypes -Wreturn-type -Wmissing-braces -Wparentheses -Wswitch -Wunused-function -Wunused-label -Wunused-variable -Wunused-value -Wunknown-pragmas -Wsign-compare -Werror=uninitialized -Wno-maybe-uninitialized -Werror=pointer-arith -Werror=int-conversion -Werror=incompatible-pointer-types -Werror=discarded-qualifiers -Werror=implicit-int -Werror=declaration-after-statement -Werror-implicit-function-declaration -pthread  -c /opt/rustwide/cargo-home/registry/src/index.crates.io-1949cf8c6b5b557f/krb5-src-0.3.3+1.19.2/krb5/src/lib/crypto/builtin/enc_provider/camellia.c
[INFO] [stderr]   : updated OBJS.ST
[INFO] [stderr]   make[3]: Leaving directory '/opt/rustwide/target/release/build/krb5-src-eb49fb55dc2ebafd/out/build/lib/crypto/builtin/enc_provider'
[INFO] [stderr]   making all in crypto/builtin/hash_provider...
[INFO] [stderr]   make[3]: Entering directory '/opt/rustwide/target/release/build/krb5-src-eb49fb55dc2ebafd/out/build/lib/crypto/builtin/hash_provider'
[INFO] [stderr]   gcc -DHAVE_CONFIG_H  -I../../../../include -I/opt/rustwide/cargo-home/registry/src/index.crates.io-1949cf8c6b5b557f/krb5-src-0.3.3+1.19.2/krb5/src/include -I/opt/rustwide/cargo-home/registry/src/index.crates.io-1949cf8c6b5b557f/krb5-src-0.3.3+1.19.2/krb5/src/lib/crypto/builtin/hash_provider/.. -I/opt/rustwide/cargo-home/registry/src/index.crates.io-1949cf8c6b5b557f/krb5-src-0.3.3+1.19.2/krb5/src/lib/crypto/builtin/hash_provider/../../krb -I/opt/rustwide/cargo-home/registry/src/index.crates.io-1949cf8c6b5b557f/krb5-src-0.3.3+1.19.2/krb5/src/lib/crypto/builtin/hash_provider/../md4 -I/opt/rustwide/cargo-home/registry/src/index.crates.io-1949cf8c6b5b557f/krb5-src-0.3.3+1.19.2/krb5/src/lib/crypto/builtin/hash_provider/../md5 -I/opt/rustwide/cargo-home/registry/src/index.crates.io-1949cf8c6b5b557f/krb5-src-0.3.3+1.19.2/krb5/src/lib/crypto/builtin/hash_provider/../sha1 -I/opt/rustwide/cargo-home/registry/src/index.crates.io-1949cf8c6b5b557f/krb5-src-0.3.3+1.19.2/krb5/src/lib/crypto/builtin/hash_provider/../sha2 -DKRB5_DEPRECATED=1 -DKRB5_PRIVATE  -fPIC -Wall -Wcast-align -Wshadow -Wmissing-prototypes -Wno-format-zero-length -Woverflow -Wstrict-overflow -Wmissing-format-attribute -Wmissing-prototypes -Wreturn-type -Wmissing-braces -Wparentheses -Wswitch -Wunused-function -Wunused-label -Wunused-variable -Wunused-value -Wunknown-pragmas -Wsign-compare -Werror=uninitialized -Wno-maybe-uninitialized -Werror=pointer-arith -Werror=int-conversion -Werror=incompatible-pointer-types -Werror=discarded-qualifiers -Werror=implicit-int -Werror=declaration-after-statement -Werror-implicit-function-declaration -pthread  -c /opt/rustwide/cargo-home/registry/src/index.crates.io-1949cf8c6b5b557f/krb5-src-0.3.3+1.19.2/krb5/src/lib/crypto/builtin/hash_provider/hash_md4.c
[INFO] [stderr]   gcc -DHAVE_CONFIG_H  -I../../../../include -I/opt/rustwide/cargo-home/registry/src/index.crates.io-1949cf8c6b5b557f/krb5-src-0.3.3+1.19.2/krb5/src/include -I/opt/rustwide/cargo-home/registry/src/index.crates.io-1949cf8c6b5b557f/krb5-src-0.3.3+1.19.2/krb5/src/lib/crypto/builtin/hash_provider/.. -I/opt/rustwide/cargo-home/registry/src/index.crates.io-1949cf8c6b5b557f/krb5-src-0.3.3+1.19.2/krb5/src/lib/crypto/builtin/hash_provider/../../krb -I/opt/rustwide/cargo-home/registry/src/index.crates.io-1949cf8c6b5b557f/krb5-src-0.3.3+1.19.2/krb5/src/lib/crypto/builtin/hash_provider/../md4 -I/opt/rustwide/cargo-home/registry/src/index.crates.io-1949cf8c6b5b557f/krb5-src-0.3.3+1.19.2/krb5/src/lib/crypto/builtin/hash_provider/../md5 -I/opt/rustwide/cargo-home/registry/src/index.crates.io-1949cf8c6b5b557f/krb5-src-0.3.3+1.19.2/krb5/src/lib/crypto/builtin/hash_provider/../sha1 -I/opt/rustwide/cargo-home/registry/src/index.crates.io-1949cf8c6b5b557f/krb5-src-0.3.3+1.19.2/krb5/src/lib/crypto/builtin/hash_provider/../sha2 -DKRB5_DEPRECATED=1 -DKRB5_PRIVATE  -fPIC -Wall -Wcast-align -Wshadow -Wmissing-prototypes -Wno-format-zero-length -Woverflow -Wstrict-overflow -Wmissing-format-attribute -Wmissing-prototypes -Wreturn-type -Wmissing-braces -Wparentheses -Wswitch -Wunused-function -Wunused-label -Wunused-variable -Wunused-value -Wunknown-pragmas -Wsign-compare -Werror=uninitialized -Wno-maybe-uninitialized -Werror=pointer-arith -Werror=int-conversion -Werror=incompatible-pointer-types -Werror=discarded-qualifiers -Werror=implicit-int -Werror=declaration-after-statement -Werror-implicit-function-declaration -pthread  -c /opt/rustwide/cargo-home/registry/src/index.crates.io-1949cf8c6b5b557f/krb5-src-0.3.3+1.19.2/krb5/src/lib/crypto/builtin/hash_provider/hash_md5.c
[INFO] [stderr]   gcc -DHAVE_CONFIG_H  -I../../../../include -I/opt/rustwide/cargo-home/registry/src/index.crates.io-1949cf8c6b5b557f/krb5-src-0.3.3+1.19.2/krb5/src/include -I/opt/rustwide/cargo-home/registry/src/index.crates.io-1949cf8c6b5b557f/krb5-src-0.3.3+1.19.2/krb5/src/lib/crypto/builtin/hash_provider/.. -I/opt/rustwide/cargo-home/registry/src/index.crates.io-1949cf8c6b5b557f/krb5-src-0.3.3+1.19.2/krb5/src/lib/crypto/builtin/hash_provider/../../krb -I/opt/rustwide/cargo-home/registry/src/index.crates.io-1949cf8c6b5b557f/krb5-src-0.3.3+1.19.2/krb5/src/lib/crypto/builtin/hash_provider/../md4 -I/opt/rustwide/cargo-home/registry/src/index.crates.io-1949cf8c6b5b557f/krb5-src-0.3.3+1.19.2/krb5/src/lib/crypto/builtin/hash_provider/../md5 -I/opt/rustwide/cargo-home/registry/src/index.crates.io-1949cf8c6b5b557f/krb5-src-0.3.3+1.19.2/krb5/src/lib/crypto/builtin/hash_provider/../sha1 -I/opt/rustwide/cargo-home/registry/src/index.crates.io-1949cf8c6b5b557f/krb5-src-0.3.3+1.19.2/krb5/src/lib/crypto/builtin/hash_provider/../sha2 -DKRB5_DEPRECATED=1 -DKRB5_PRIVATE  -fPIC -Wall -Wcast-align -Wshadow -Wmissing-prototypes -Wno-format-zero-length -Woverflow -Wstrict-overflow -Wmissing-format-attribute -Wmissing-prototypes -Wreturn-type -Wmissing-braces -Wparentheses -Wswitch -Wunused-function -Wunused-label -Wunused-variable -Wunused-value -Wunknown-pragmas -Wsign-compare -Werror=uninitialized -Wno-maybe-uninitialized -Werror=pointer-arith -Werror=int-conversion -Werror=incompatible-pointer-types -Werror=discarded-qualifiers -Werror=implicit-int -Werror=declaration-after-statement -Werror-implicit-function-declaration -pthread  -c /opt/rustwide/cargo-home/registry/src/index.crates.io-1949cf8c6b5b557f/krb5-src-0.3.3+1.19.2/krb5/src/lib/crypto/builtin/hash_provider/hash_sha1.c
[INFO] [stderr]   gcc -DHAVE_CONFIG_H  -I../../../../include -I/opt/rustwide/cargo-home/registry/src/index.crates.io-1949cf8c6b5b557f/krb5-src-0.3.3+1.19.2/krb5/src/include -I/opt/rustwide/cargo-home/registry/src/index.crates.io-1949cf8c6b5b557f/krb5-src-0.3.3+1.19.2/krb5/src/lib/crypto/builtin/hash_provider/.. -I/opt/rustwide/cargo-home/registry/src/index.crates.io-1949cf8c6b5b557f/krb5-src-0.3.3+1.19.2/krb5/src/lib/crypto/builtin/hash_provider/../../krb -I/opt/rustwide/cargo-home/registry/src/index.crates.io-1949cf8c6b5b557f/krb5-src-0.3.3+1.19.2/krb5/src/lib/crypto/builtin/hash_provider/../md4 -I/opt/rustwide/cargo-home/registry/src/index.crates.io-1949cf8c6b5b557f/krb5-src-0.3.3+1.19.2/krb5/src/lib/crypto/builtin/hash_provider/../md5 -I/opt/rustwide/cargo-home/registry/src/index.crates.io-1949cf8c6b5b557f/krb5-src-0.3.3+1.19.2/krb5/src/lib/crypto/builtin/hash_provider/../sha1 -I/opt/rustwide/cargo-home/registry/src/index.crates.io-1949cf8c6b5b557f/krb5-src-0.3.3+1.19.2/krb5/src/lib/crypto/builtin/hash_provider/../sha2 -DKRB5_DEPRECATED=1 -DKRB5_PRIVATE  -fPIC -Wall -Wcast-align -Wshadow -Wmissing-prototypes -Wno-format-zero-length -Woverflow -Wstrict-overflow -Wmissing-format-attribute -Wmissing-prototypes -Wreturn-type -Wmissing-braces -Wparentheses -Wswitch -Wunused-function -Wunused-label -Wunused-variable -Wunused-value -Wunknown-pragmas -Wsign-compare -Werror=uninitialized -Wno-maybe-uninitialized -Werror=pointer-arith -Werror=int-conversion -Werror=incompatible-pointer-types -Werror=discarded-qualifiers -Werror=implicit-int -Werror=declaration-after-statement -Werror-implicit-function-declaration -pthread  -c /opt/rustwide/cargo-home/registry/src/index.crates.io-1949cf8c6b5b557f/krb5-src-0.3.3+1.19.2/krb5/src/lib/crypto/builtin/hash_provider/hash_sha2.c
[INFO] [stderr]   : updated OBJS.ST
[INFO] [stderr]   make[3]: Leaving directory '/opt/rustwide/target/release/build/krb5-src-eb49fb55dc2ebafd/out/build/lib/crypto/builtin/hash_provider'
[INFO] [stderr]   make[2]: Leaving directory '/opt/rustwide/target/release/build/krb5-src-eb49fb55dc2ebafd/out/build/lib/crypto/builtin'
[INFO] [stderr]   making all in crypto/crypto_tests...
[INFO] [stderr]   make[2]: Entering directory '/opt/rustwide/target/release/build/krb5-src-eb49fb55dc2ebafd/out/build/lib/crypto/crypto_tests'
[INFO] [stderr]   make[2]: Leaving directory '/opt/rustwide/target/release/build/krb5-src-eb49fb55dc2ebafd/out/build/lib/crypto/crypto_tests'
[INFO] [stderr]   rm -f libk5crypto.a
[INFO] [stderr]   building static k5crypto library
[INFO] [stderr]   set -x; objlist=`set -x && perl -p -e 'BEGIN { $SIG{__WARN__} = sub {die @_} }; $e=$ARGV; $e =~ s/OBJS\...$//; s/^/ /; s/ $//; s/ / $e/g;' builtin/enc_provider/OBJS.ST builtin/hash_provider/OBJS.ST builtin/md4/OBJS.ST builtin/md5/OBJS.ST builtin/sha1/OBJS.ST builtin/sha2/OBJS.ST builtin/aes/OBJS.ST builtin/des/OBJS.ST builtin/camellia/OBJS.ST krb/OBJS.ST builtin/OBJS.ST` && ar cq libk5crypto.a $objlist
[INFO] [stderr]   ranlib libk5crypto.a
[INFO] [stderr]   rm -f ../../lib/libk5crypto.a
[INFO] [stderr]   (cd ../../lib && ln -s crypto/libk5crypto.a .)
[INFO] [stderr]   make[1]: Leaving directory '/opt/rustwide/target/release/build/krb5-src-eb49fb55dc2ebafd/out/build/lib/crypto'
[INFO] [stderr]   making all in krb5...
[INFO] [stderr]   make[1]: Entering directory '/opt/rustwide/target/release/build/krb5-src-eb49fb55dc2ebafd/out/build/lib/krb5'
[INFO] [stderr]   making all in krb5/error_tables...
[INFO] [stderr]   make[2]: Entering directory '/opt/rustwide/target/release/build/krb5-src-eb49fb55dc2ebafd/out/build/lib/krb5/error_tables'
[INFO] [stderr]   rm -f et-c-asn1_err.et et-c-asn1_err.c et-c-asn1_err.h
[INFO] [stderr]   cp /opt/rustwide/cargo-home/registry/src/index.crates.io-1949cf8c6b5b557f/krb5-src-0.3.3+1.19.2/krb5/src/lib/krb5/error_tables/asn1_err.et et-c-asn1_err.et
[INFO] [stderr]   ../../../util/et/compile_et -d /opt/rustwide/cargo-home/registry/src/index.crates.io-1949cf8c6b5b557f/krb5-src-0.3.3+1.19.2/krb5/src/util/et --textdomain mit-krb5 et-c-asn1_err.et
[INFO] [stderr]   mv -f et-c-asn1_err.c asn1_err.c
[INFO] [stderr]   rm -f et-c-asn1_err.et et-c-asn1_err.h
[INFO] [stderr]   rm -f et-c-kdb5_err.et et-c-kdb5_err.c et-c-kdb5_err.h
[INFO] [stderr]   cp /opt/rustwide/cargo-home/registry/src/index.crates.io-1949cf8c6b5b557f/krb5-src-0.3.3+1.19.2/krb5/src/lib/krb5/error_tables/kdb5_err.et et-c-kdb5_err.et
[INFO] [stderr]   ../../../util/et/compile_et -d /opt/rustwide/cargo-home/registry/src/index.crates.io-1949cf8c6b5b557f/krb5-src-0.3.3+1.19.2/krb5/src/util/et --textdomain mit-krb5 et-c-kdb5_err.et
[INFO] [stderr]   mv -f et-c-kdb5_err.c kdb5_err.c
[INFO] [stderr]   rm -f et-c-kdb5_err.et et-c-kdb5_err.h
[INFO] [stderr]   rm -f et-c-krb5_err.et et-c-krb5_err.c et-c-krb5_err.h
[INFO] [stderr]   cp /opt/rustwide/cargo-home/registry/src/index.crates.io-1949cf8c6b5b557f/krb5-src-0.3.3+1.19.2/krb5/src/lib/krb5/error_tables/krb5_err.et et-c-krb5_err.et
[INFO] [stderr]   ../../../util/et/compile_et -d /opt/rustwide/cargo-home/registry/src/index.crates.io-1949cf8c6b5b557f/krb5-src-0.3.3+1.19.2/krb5/src/util/et --textdomain mit-krb5 et-c-krb5_err.et
[INFO] [stderr]   mv -f et-c-krb5_err.c krb5_err.c
[INFO] [stderr]   rm -f et-c-krb5_err.et et-c-krb5_err.h
[INFO] [stderr]   rm -f et-c-k5e1_err.et et-c-k5e1_err.c et-c-k5e1_err.h
[INFO] [stderr]   cp /opt/rustwide/cargo-home/registry/src/index.crates.io-1949cf8c6b5b557f/krb5-src-0.3.3+1.19.2/krb5/src/lib/krb5/error_tables/k5e1_err.et et-c-k5e1_err.et
[INFO] [stderr]   ../../../util/et/compile_et -d /opt/rustwide/cargo-home/registry/src/index.crates.io-1949cf8c6b5b557f/krb5-src-0.3.3+1.19.2/krb5/src/util/et --textdomain mit-krb5 et-c-k5e1_err.et
[INFO] [stderr]   gcc -DHAVE_CONFIG_H -DLOCALEDIR=\"/opt/rustwide/target/release/build/krb5-src-eb49fb55dc2ebafd/out/install/share/locale\" -I../../include -I/opt/rustwide/cargo-home/registry/src/index.crates.io-1949cf8c6b5b557f/krb5-src-0.3.3+1.19.2/krb5/src/include -I/opt/rustwide/cargo-home/registry/src/index.crates.io-1949cf8c6b5b557f/krb5-src-0.3.3+1.19.2/krb5/src/lib/krb5/ccache -I/opt/rustwide/cargo-home/registry/src/index.crates.io-1949cf8c6b5b557f/krb5-src-0.3.3+1.19.2/krb5/src/lib/krb5/keytab -I/opt/rustwide/cargo-home/registry/src/index.crates.io-1949cf8c6b5b557f/krb5-src-0.3.3+1.19.2/krb5/src/lib/krb5/rcache -I/opt/rustwide/cargo-home/registry/src/index.crates.io-1949cf8c6b5b557f/krb5-src-0.3.3+1.19.2/krb5/src/lib/krb5/os -I/opt/rustwide/cargo-home/registry/src/index.crates.io-1949cf8c6b5b557f/krb5-src-0.3.3+1.19.2/krb5/src/lib/krb5/unicode -DKRB5_DEPRECATED=1 -DKRB5_PRIVATE  -fPIC -Wall -Wcast-align -Wshadow -Wmissing-prototypes -Wno-format-zero-length -Woverflow -Wstrict-overflow -Wmissing-format-attribute -Wmissing-prototypes -Wreturn-type -Wmissing-braces -Wparentheses -Wswitch -Wunused-function -Wunused-label -Wunused-variable -Wunused-value -Wunknown-pragmas -Wsign-compare -Werror=uninitialized -Wno-maybe-uninitialized -Werror=pointer-arith -Werror=int-conversion -Werror=incompatible-pointer-types -Werror=discarded-qualifiers -Werror=implicit-int -Werror=declaration-after-statement -Werror-implicit-function-declaration -pthread  -c /opt/rustwide/cargo-home/registry/src/index.crates.io-1949cf8c6b5b557f/krb5-src-0.3.3+1.19.2/krb5/src/lib/krb5/krb5_libinit.c
[INFO] [stderr]   mv -f et-c-k5e1_err.c k5e1_err.c
[INFO] [stderr]   rm -f et-c-k5e1_err.et et-c-k5e1_err.h
[INFO] [stderr]   rm -f et-c-kv5m_err.et et-c-kv5m_err.c et-c-kv5m_err.h
[INFO] [stderr]   cp /opt/rustwide/cargo-home/registry/src/index.crates.io-1949cf8c6b5b557f/krb5-src-0.3.3+1.19.2/krb5/src/lib/krb5/error_tables/kv5m_err.et et-c-kv5m_err.et
[INFO] [stderr]   ../../../util/et/compile_et -d /opt/rustwide/cargo-home/registry/src/index.crates.io-1949cf8c6b5b557f/krb5-src-0.3.3+1.19.2/krb5/src/util/et --textdomain mit-krb5 et-c-kv5m_err.et
[INFO] [stderr]   rm -f et-c-krb524_err.et et-c-krb524_err.c et-c-krb524_err.h
[INFO] [stderr]   mv -f et-c-kv5m_err.c kv5m_err.c
[INFO] [stderr]   cp /opt/rustwide/cargo-home/registry/src/index.crates.io-1949cf8c6b5b557f/krb5-src-0.3.3+1.19.2/krb5/src/lib/krb5/error_tables/krb524_err.et et-c-krb524_err.et
[INFO] [stderr]   ../../../util/et/compile_et -d /opt/rustwide/cargo-home/registry/src/index.crates.io-1949cf8c6b5b557f/krb5-src-0.3.3+1.19.2/krb5/src/util/et --textdomain mit-krb5 et-c-krb524_err.et
[INFO] [stderr]   rm -f et-c-kv5m_err.et et-c-kv5m_err.h
[INFO] [stderr]   gcc -DHAVE_CONFIG_H  -I../../../include -I/opt/rustwide/cargo-home/registry/src/index.crates.io-1949cf8c6b5b557f/krb5-src-0.3.3+1.19.2/krb5/src/include  -DKRB5_DEPRECATED=1 -DKRB5_PRIVATE  -fPIC -Wall -Wcast-align -Wshadow -Wmissing-prototypes -Wno-format-zero-length -Woverflow -Wstrict-overflow -Wmissing-format-attribute -Wmissing-prototypes -Wreturn-type -Wmissing-braces -Wparentheses -Wswitch -Wunused-function -Wunused-label -Wunused-variable -Wunused-value -Wunknown-pragmas -Wsign-compare -Werror=uninitialized -Wno-maybe-uninitialized -Werror=pointer-arith -Werror=int-conversion -Werror=incompatible-pointer-types -Werror=discarded-qualifiers -Werror=implicit-int -Werror=declaration-after-statement -Werror-implicit-function-declaration -pthread  -c asn1_err.c
[INFO] [stderr]   mv -f et-c-krb524_err.c krb524_err.c
[INFO] [stderr]   rm -f et-c-krb524_err.et et-c-krb524_err.h
[INFO] [stderr]   gcc -DHAVE_CONFIG_H  -I../../../include -I/opt/rustwide/cargo-home/registry/src/index.crates.io-1949cf8c6b5b557f/krb5-src-0.3.3+1.19.2/krb5/src/include  -DKRB5_DEPRECATED=1 -DKRB5_PRIVATE  -fPIC -Wall -Wcast-align -Wshadow -Wmissing-prototypes -Wno-format-zero-length -Woverflow -Wstrict-overflow -Wmissing-format-attribute -Wmissing-prototypes -Wreturn-type -Wmissing-braces -Wparentheses -Wswitch -Wunused-function -Wunused-label -Wunused-variable -Wunused-value -Wunknown-pragmas -Wsign-compare -Werror=uninitialized -Wno-maybe-uninitialized -Werror=pointer-arith -Werror=int-conversion -Werror=incompatible-pointer-types -Werror=discarded-qualifiers -Werror=implicit-int -Werror=declaration-after-statement -Werror-implicit-function-declaration -pthread  -c kdb5_err.c
[INFO] [stderr]   : updated OBJS.ST
[INFO] [stderr]   gcc -DHAVE_CONFIG_H  -I../../../include -I/opt/rustwide/cargo-home/registry/src/index.crates.io-1949cf8c6b5b557f/krb5-src-0.3.3+1.19.2/krb5/src/include  -DKRB5_DEPRECATED=1 -DKRB5_PRIVATE  -fPIC -Wall -Wcast-align -Wshadow -Wmissing-prototypes -Wno-format-zero-length -Woverflow -Wstrict-overflow -Wmissing-format-attribute -Wmissing-prototypes -Wreturn-type -Wmissing-braces -Wparentheses -Wswitch -Wunused-function -Wunused-label -Wunused-variable -Wunused-value -Wunknown-pragmas -Wsign-compare -Werror=uninitialized -Wno-maybe-uninitialized -Werror=pointer-arith -Werror=int-conversion -Werror=incompatible-pointer-types -Werror=discarded-qualifiers -Werror=implicit-int -Werror=declaration-after-statement -Werror-implicit-function-declaration -pthread  -c krb5_err.c
[INFO] [stderr]   gcc -DHAVE_CONFIG_H  -I../../../include -I/opt/rustwide/cargo-home/registry/src/index.crates.io-1949cf8c6b5b557f/krb5-src-0.3.3+1.19.2/krb5/src/include  -DKRB5_DEPRECATED=1 -DKRB5_PRIVATE  -fPIC -Wall -Wcast-align -Wshadow -Wmissing-prototypes -Wno-format-zero-length -Woverflow -Wstrict-overflow -Wmissing-format-attribute -Wmissing-prototypes -Wreturn-type -Wmissing-braces -Wparentheses -Wswitch -Wunused-function -Wunused-label -Wunused-variable -Wunused-value -Wunknown-pragmas -Wsign-compare -Werror=uninitialized -Wno-maybe-uninitialized -Werror=pointer-arith -Werror=int-conversion -Werror=incompatible-pointer-types -Werror=discarded-qualifiers -Werror=implicit-int -Werror=declaration-after-statement -Werror-implicit-function-declaration -pthread  -c k5e1_err.c
[INFO] [stderr]   gcc -DHAVE_CONFIG_H  -I../../../include -I/opt/rustwide/cargo-home/registry/src/index.crates.io-1949cf8c6b5b557f/krb5-src-0.3.3+1.19.2/krb5/src/include  -DKRB5_DEPRECATED=1 -DKRB5_PRIVATE  -fPIC -Wall -Wcast-align -Wshadow -Wmissing-prototypes -Wno-format-zero-length -Woverflow -Wstrict-overflow -Wmissing-format-attribute -Wmissing-prototypes -Wreturn-type -Wmissing-braces -Wparentheses -Wswitch -Wunused-function -Wunused-label -Wunused-variable -Wunused-value -Wunknown-pragmas -Wsign-compare -Werror=uninitialized -Wno-maybe-uninitialized -Werror=pointer-arith -Werror=int-conversion -Werror=incompatible-pointer-types -Werror=discarded-qualifiers -Werror=implicit-int -Werror=declaration-after-statement -Werror-implicit-function-declaration -pthread  -c kv5m_err.c
[INFO] [stderr]   gcc -DHAVE_CONFIG_H  -I../../../include -I/opt/rustwide/cargo-home/registry/src/index.crates.io-1949cf8c6b5b557f/krb5-src-0.3.3+1.19.2/krb5/src/include  -DKRB5_DEPRECATED=1 -DKRB5_PRIVATE  -fPIC -Wall -Wcast-align -Wshadow -Wmissing-prototypes -Wno-format-zero-length -Woverflow -Wstrict-overflow -Wmissing-format-attribute -Wmissing-prototypes -Wreturn-type -Wmissing-braces -Wparentheses -Wswitch -Wunused-function -Wunused-label -Wunused-variable -Wunused-value -Wunknown-pragmas -Wsign-compare -Werror=uninitialized -Wno-maybe-uninitialized -Werror=pointer-arith -Werror=int-conversion -Werror=incompatible-pointer-types -Werror=discarded-qualifiers -Werror=implicit-int -Werror=declaration-after-statement -Werror-implicit-function-declaration -pthread  -c krb524_err.c
[INFO] [stderr]   : updated OBJS.ST
[INFO] [stderr]   make[2]: Leaving directory '/opt/rustwide/target/release/build/krb5-src-eb49fb55dc2ebafd/out/build/lib/krb5/error_tables'
[INFO] [stderr]   making all in krb5/asn.1...
[INFO] [stderr]   make[2]: Entering directory '/opt/rustwide/target/release/build/krb5-src-eb49fb55dc2ebafd/out/build/lib/krb5/asn.1'
[INFO] [stderr]   gcc -DHAVE_CONFIG_H  -I../../../include -I/opt/rustwide/cargo-home/registry/src/index.crates.io-1949cf8c6b5b557f/krb5-src-0.3.3+1.19.2/krb5/src/include  -DKRB5_DEPRECATED=1 -DKRB5_PRIVATE  -fPIC -Wall -Wcast-align -Wshadow -Wmissing-prototypes -Wno-format-zero-length -Woverflow -Wstrict-overflow -Wmissing-format-attribute -Wmissing-prototypes -Wreturn-type -Wmissing-braces -Wparentheses -Wswitch -Wunused-function -Wunused-label -Wunused-variable -Wunused-value -Wunknown-pragmas -Wsign-compare -Werror=uninitialized -Wno-maybe-uninitialized -Werror=pointer-arith -Werror=int-conversion -Werror=incompatible-pointer-types -Werror=discarded-qualifiers -Werror=implicit-int -Werror=declaration-after-statement -Werror-implicit-function-declaration -pthread  -c /opt/rustwide/cargo-home/registry/src/index.crates.io-1949cf8c6b5b557f/krb5-src-0.3.3+1.19.2/krb5/src/lib/krb5/asn.1/asn1_encode.c
[INFO] [stderr]   gcc -DHAVE_CONFIG_H  -I../../../include -I/opt/rustwide/cargo-home/registry/src/index.crates.io-1949cf8c6b5b557f/krb5-src-0.3.3+1.19.2/krb5/src/include  -DKRB5_DEPRECATED=1 -DKRB5_PRIVATE  -fPIC -Wall -Wcast-align -Wshadow -Wmissing-prototypes -Wno-format-zero-length -Woverflow -Wstrict-overflow -Wmissing-format-attribute -Wmissing-prototypes -Wreturn-type -Wmissing-braces -Wparentheses -Wswitch -Wunused-function -Wunused-label -Wunused-variable -Wunused-value -Wunknown-pragmas -Wsign-compare -Werror=uninitialized -Wno-maybe-uninitialized -Werror=pointer-arith -Werror=int-conversion -Werror=incompatible-pointer-types -Werror=discarded-qualifiers -Werror=implicit-int -Werror=declaration-after-statement -Werror-implicit-function-declaration -pthread  -c /opt/rustwide/cargo-home/registry/src/index.crates.io-1949cf8c6b5b557f/krb5-src-0.3.3+1.19.2/krb5/src/lib/krb5/asn.1/asn1_k_encode.c
[INFO] [stderr]   gcc -DHAVE_CONFIG_H  -I../../../include -I/opt/rustwide/cargo-home/registry/src/index.crates.io-1949cf8c6b5b557f/krb5-src-0.3.3+1.19.2/krb5/src/include  -DKRB5_DEPRECATED=1 -DKRB5_PRIVATE  -fPIC -Wall -Wcast-align -Wshadow -Wmissing-prototypes -Wno-format-zero-length -Woverflow -Wstrict-overflow -Wmissing-format-attribute -Wmissing-prototypes -Wreturn-type -Wmissing-braces -Wparentheses -Wswitch -Wunused-function -Wunused-label -Wunused-variable -Wunused-value -Wunknown-pragmas -Wsign-compare -Werror=uninitialized -Wno-maybe-uninitialized -Werror=pointer-arith -Werror=int-conversion -Werror=incompatible-pointer-types -Werror=discarded-qualifiers -Werror=implicit-int -Werror=declaration-after-statement -Werror-implicit-function-declaration -pthread  -c /opt/rustwide/cargo-home/registry/src/index.crates.io-1949cf8c6b5b557f/krb5-src-0.3.3+1.19.2/krb5/src/lib/krb5/asn.1/ldap_key_seq.c
[INFO] [stderr]   : updated OBJS.ST
[INFO] [stderr]   make[2]: Leaving directory '/opt/rustwide/target/release/build/krb5-src-eb49fb55dc2ebafd/out/build/lib/krb5/asn.1'
[INFO] [stderr]   making all in krb5/ccache...
[INFO] [stderr]   make[2]: Entering directory '/opt/rustwide/target/release/build/krb5-src-eb49fb55dc2ebafd/out/build/lib/krb5/ccache'
[INFO] [stderr]   gcc -DHAVE_CONFIG_H  -I../../../include -I/opt/rustwide/cargo-home/registry/src/index.crates.io-1949cf8c6b5b557f/krb5-src-0.3.3+1.19.2/krb5/src/include -I/opt/rustwide/cargo-home/registry/src/index.crates.io-1949cf8c6b5b557f/krb5-src-0.3.3+1.19.2/krb5/src/lib/krb5/ccache/ccapi -I/opt/rustwide/cargo-home/registry/src/index.crates.io-1949cf8c6b5b557f/krb5-src-0.3.3+1.19.2/krb5/src/lib/krb5/ccache -I.  -DKRB5_DEPRECATED=1 -DKRB5_PRIVATE  -fPIC -Wall -Wcast-align -Wshadow -Wmissing-prototypes -Wno-format-zero-length -Woverflow -Wstrict-overflow -Wmissing-format-attribute -Wmissing-prototypes -Wreturn-type -Wmissing-braces -Wparentheses -Wswitch -Wunused-function -Wunused-label -Wunused-variable -Wunused-value -Wunknown-pragmas -Wsign-compare -Werror=uninitialized -Wno-maybe-uninitialized -Werror=pointer-arith -Werror=int-conversion -Werror=incompatible-pointer-types -Werror=discarded-qualifiers -Werror=implicit-int -Werror=declaration-after-statement -Werror-implicit-function-declaration -pthread  -c /opt/rustwide/cargo-home/registry/src/index.crates.io-1949cf8c6b5b557f/krb5-src-0.3.3+1.19.2/krb5/src/lib/krb5/ccache/ccbase.c
[INFO] [stderr]   gcc -DHAVE_CONFIG_H  -I../../../include -I/opt/rustwide/cargo-home/registry/src/index.crates.io-1949cf8c6b5b557f/krb5-src-0.3.3+1.19.2/krb5/src/include -I/opt/rustwide/cargo-home/registry/src/index.crates.io-1949cf8c6b5b557f/krb5-src-0.3.3+1.19.2/krb5/src/lib/krb5/ccache/ccapi -I/opt/rustwide/cargo-home/registry/src/index.crates.io-1949cf8c6b5b557f/krb5-src-0.3.3+1.19.2/krb5/src/lib/krb5/ccache -I.  -DKRB5_DEPRECATED=1 -DKRB5_PRIVATE  -fPIC -Wall -Wcast-align -Wshadow -Wmissing-prototypes -Wno-format-zero-length -Woverflow -Wstrict-overflow -Wmissing-format-attribute -Wmissing-prototypes -Wreturn-type -Wmissing-braces -Wparentheses -Wswitch -Wunused-function -Wunused-label -Wunused-variable -Wunused-value -Wunknown-pragmas -Wsign-compare -Werror=uninitialized -Wno-maybe-uninitialized -Werror=pointer-arith -Werror=int-conversion -Werror=incompatible-pointer-types -Werror=discarded-qualifiers -Werror=implicit-int -Werror=declaration-after-statement -Werror-implicit-function-declaration -pthread  -c /opt/rustwide/cargo-home/registry/src/index.crates.io-1949cf8c6b5b557f/krb5-src-0.3.3+1.19.2/krb5/src/lib/krb5/ccache/cccopy.c
[INFO] [stderr]   gcc -DHAVE_CONFIG_H  -I../../../include -I/opt/rustwide/cargo-home/registry/src/index.crates.io-1949cf8c6b5b557f/krb5-src-0.3.3+1.19.2/krb5/src/include -I/opt/rustwide/cargo-home/registry/src/index.crates.io-1949cf8c6b5b557f/krb5-src-0.3.3+1.19.2/krb5/src/lib/krb5/ccache/ccapi -I/opt/rustwide/cargo-home/registry/src/index.crates.io-1949cf8c6b5b557f/krb5-src-0.3.3+1.19.2/krb5/src/lib/krb5/ccache -I.  -DKRB5_DEPRECATED=1 -DKRB5_PRIVATE  -fPIC -Wall -Wcast-align -Wshadow -Wmissing-prototypes -Wno-format-zero-length -Woverflow -Wstrict-overflow -Wmissing-format-attribute -Wmissing-prototypes -Wreturn-type -Wmissing-braces -Wparentheses -Wswitch -Wunused-function -Wunused-label -Wunused-variable -Wunused-value -Wunknown-pragmas -Wsign-compare -Werror=uninitialized -Wno-maybe-uninitialized -Werror=pointer-arith -Werror=int-conversion -Werror=incompatible-pointer-types -Werror=discarded-qualifiers -Werror=implicit-int -Werror=declaration-after-statement -Werror-implicit-function-declaration -pthread  -c /opt/rustwide/cargo-home/registry/src/index.crates.io-1949cf8c6b5b557f/krb5-src-0.3.3+1.19.2/krb5/src/lib/krb5/ccache/cccursor.c
[INFO] [stderr]   make[2]: Leaving directory '/opt/rustwide/target/release/build/krb5-src-eb49fb55dc2ebafd/out/build/lib/krb5/ccache'
[INFO] [stderr]   make[1]: Leaving directory '/opt/rustwide/target/release/build/krb5-src-eb49fb55dc2ebafd/out/build/lib/krb5'
[INFO] [stderr] 
[INFO] [stderr]   --- stderr
[INFO] [stderr]   configure: WARNING: Could not find Tcl which is needed for some tests
[INFO] [stderr]   configure: WARNING: sys_errlist is neither in errno.h nor in libc
[INFO] [stderr]   configure: WARNING: cannot determine return type of gethostbyname_r -- disabling
[INFO] [stderr]   configure: WARNING: Cannot determine getpwnam_r return type, disabling getpwnam_r
[INFO] [stderr]   configure: WARNING: cannot determine return type of getservbyname_r -- disabling
[INFO] [stderr]   configure: WARNING: Some functions that are needed for library thread
[INFO] [stderr]   configure: WARNING: safety appear to be missing.
[INFO] [stderr]   configure: WARNING:   missing thread-safe function: gethostbyname_r
[INFO] [stderr]   configure: WARNING:   missing thread-safe function: getservbyname_r
[INFO] [stderr]   configure: WARNING:   missing thread-safe function: gmtime_r
[INFO] [stderr]   configure: WARNING: Without these functions, the installed libraries
[INFO] [stderr]   configure: WARNING: may not be thread-safe.
[INFO] [stderr]   + set -x
[INFO] [stderr]   + perl -p -e BEGIN { $SIG{__WARN__} = sub {die @_} }; $e=$ARGV; $e =~ s/OBJS\...$//; s/^/ /; s/ $//; s/ / $e/g; OBJS.ST
[INFO] [stderr]   + objlist= threads.o init-addrinfo.o plugins.o errors.o k5buf.o gmt_mktime.o fake-addrinfo.o utf8.o utf8_conv.o zap.o path.o base64.o json.o hex.o hashtab.o bcmp.o strerror_r.o dir_filenames.o
[INFO] [stderr]   + ar cq libkrb5support.a threads.o init-addrinfo.o plugins.o errors.o k5buf.o gmt_mktime.o fake-addrinfo.o utf8.o utf8_conv.o zap.o path.o base64.o json.o hex.o hashtab.o bcmp.o strerror_r.o dir_filenames.o
[INFO] [stderr]   /opt/rustwide/cargo-home/registry/src/index.crates.io-1949cf8c6b5b557f/krb5-src-0.3.3+1.19.2/krb5/src/util/et/com_err.c: In function 'default_com_err_proc':
[INFO] [stderr]   /opt/rustwide/cargo-home/registry/src/index.crates.io-1949cf8c6b5b557f/krb5-src-0.3.3+1.19.2/krb5/src/util/et/com_err.c:88:9: warning: function 'default_com_err_proc' might be a candidate for 'gnu_printf' format attribute [-Wsuggest-attribute=format]
[INFO] [stderr]      88 |         vfprintf(stderr, fmt, ap);
[INFO] [stderr]         |         ^~~~~~~~
[INFO] [stderr]   + rm -f ../../include/com_err.h
[INFO] [stderr]   + cp /opt/rustwide/cargo-home/registry/src/index.crates.io-1949cf8c6b5b557f/krb5-src-0.3.3+1.19.2/krb5/src/util/et/com_err.h ../../include/com_err.h
[INFO] [stderr]   + set -x
[INFO] [stderr]   + perl -p -e BEGIN { $SIG{__WARN__} = sub {die @_} }; $e=$ARGV; $e =~ s/OBJS\...$//; s/^/ /; s/ $//; s/ / $e/g; OBJS.ST
[INFO] [stderr]   + objlist= error_message.o et_name.o com_err.o
[INFO] [stderr]   + ar cq libcom_err.a error_message.o et_name.o com_err.o
[INFO] [stderr]   + mawk -f /opt/rustwide/cargo-home/registry/src/index.crates.io-1949cf8c6b5b557f/krb5-src-0.3.3+1.19.2/krb5/src/util/et/et_h.awk outfile=et-h-prof_err.h et-h-prof_err.et
[INFO] [stderr]   + mawk -f /opt/rustwide/cargo-home/registry/src/index.crates.io-1949cf8c6b5b557f/krb5-src-0.3.3+1.19.2/krb5/src/util/et/et_c.awk outfile=et-h-prof_err.c textdomain=mit-krb5 localedir= et-h-prof_err.et
[INFO] [stderr]   + mawk -f /opt/rustwide/cargo-home/registry/src/index.crates.io-1949cf8c6b5b557f/krb5-src-0.3.3+1.19.2/krb5/src/util/et/et_h.awk outfile=et-c-prof_err.h et-c-prof_err.et
[INFO] [stderr]   + mawk -f /opt/rustwide/cargo-home/registry/src/index.crates.io-1949cf8c6b5b557f/krb5-src-0.3.3+1.19.2/krb5/src/util/et/et_c.awk outfile=et-c-prof_err.c textdomain=mit-krb5 localedir= et-c-prof_err.et
[INFO] [stderr]   /opt/rustwide/cargo-home/registry/src/index.crates.io-1949cf8c6b5b557f/krb5-src-0.3.3+1.19.2/krb5/src/util/profile/prof_file.c: In function 'profile_open_file':
[INFO] [stderr]   /opt/rustwide/cargo-home/registry/src/index.crates.io-1949cf8c6b5b557f/krb5-src-0.3.3+1.19.2/krb5/src/util/profile/prof_file.c:190:18: warning: unused variable 'pwbuf' [-Wunused-variable]
[INFO] [stderr]     190 |             char pwbuf[BUFSIZ];
[INFO] [stderr]         |                  ^~~~~
[INFO] [stderr]   /opt/rustwide/cargo-home/registry/src/index.crates.io-1949cf8c6b5b557f/krb5-src-0.3.3+1.19.2/krb5/src/util/profile/prof_file.c:189:32: warning: unused variable 'pwx' [-Wunused-variable]
[INFO] [stderr]     189 |             struct passwd *pw, pwx;
[INFO] [stderr]         |                                ^~~
[INFO] [stderr]   + set -x
[INFO] [stderr]   + perl -p -e BEGIN { $SIG{__WARN__} = sub {die @_} }; $e=$ARGV; $e =~ s/OBJS\...$//; s/^/ /; s/ $//; s/ / $e/g; OBJS.ST
[INFO] [stderr]   + objlist= prof_tree.o prof_file.o prof_parse.o prof_get.o prof_set.o prof_err.o prof_init.o
[INFO] [stderr]   + ar cq libprofile.a prof_tree.o prof_file.o prof_parse.o prof_get.o prof_set.o prof_err.o prof_init.o
[INFO] [stderr]   + set -x
[INFO] [stderr]   + perl -p -e BEGIN { $SIG{__WARN__} = sub {die @_} }; $e=$ARGV; $e =~ s/OBJS\...$//; s/^/ /; s/ $//; s/ / $e/g; OBJS.ST
[INFO] [stderr]   + objlist= verto.o module.o verto-k5ev.o
[INFO] [stderr]   + ar cq libverto.a verto.o module.o verto-k5ev.o
[INFO] [stderr]   + mawk -f /opt/rustwide/cargo-home/registry/src/index.crates.io-1949cf8c6b5b557f/krb5-src-0.3.3+1.19.2/krb5/src/util/et/et_h.awk outfile=et-h-asn1_err.h et-h-asn1_err.et
[INFO] [stderr]   + mawk -f /opt/rustwide/cargo-home/registry/src/index.crates.io-1949cf8c6b5b557f/krb5-src-0.3.3+1.19.2/krb5/src/util/et/et_c.awk outfile=et-h-asn1_err.c textdomain=mit-krb5 localedir= et-h-asn1_err.et
[INFO] [stderr]   + mawk -f /opt/rustwide/cargo-home/registry/src/index.crates.io-1949cf8c6b5b557f/krb5-src-0.3.3+1.19.2/krb5/src/util/et/et_h.awk outfile=et-h-kdb5_err.h et-h-kdb5_err.et
[INFO] [stderr]   + mawk -f /opt/rustwide/cargo-home/registry/src/index.crates.io-1949cf8c6b5b557f/krb5-src-0.3.3+1.19.2/krb5/src/util/et/et_c.awk outfile=et-h-kdb5_err.c textdomain=mit-krb5 localedir= et-h-kdb5_err.et
[INFO] [stderr]   + mawk -f /opt/rustwide/cargo-home/registry/src/index.crates.io-1949cf8c6b5b557f/krb5-src-0.3.3+1.19.2/krb5/src/util/et/et_h.awk outfile=et-h-krb5_err.h et-h-krb5_err.et
[INFO] [stderr]   + mawk -f /opt/rustwide/cargo-home/registry/src/index.crates.io-1949cf8c6b5b557f/krb5-src-0.3.3+1.19.2/krb5/src/util/et/et_c.awk outfile=et-h-krb5_err.c textdomain=mit-krb5 localedir= et-h-krb5_err.et
[INFO] [stderr]   + mawk -f /opt/rustwide/cargo-home/registry/src/index.crates.io-1949cf8c6b5b557f/krb5-src-0.3.3+1.19.2/krb5/src/util/et/et_h.awk outfile=et-h-k5e1_err.h et-h-k5e1_err.et
[INFO] [stderr]   + mawk -f /opt/rustwide/cargo-home/registry/src/index.crates.io-1949cf8c6b5b557f/krb5-src-0.3.3+1.19.2/krb5/src/util/et/et_h.awk outfile=et-h-kv5m_err.h et-h-kv5m_err.et
[INFO] [stderr]   + mawk -f /opt/rustwide/cargo-home/registry/src/index.crates.io-1949cf8c6b5b557f/krb5-src-0.3.3+1.19.2/krb5/src/util/et/et_c.awk outfile=et-h-kv5m_err.c textdomain=mit-krb5 localedir= et-h-kv5m_err.et
[INFO] [stderr]   + mawk -f /opt/rustwide/cargo-home/registry/src/index.crates.io-1949cf8c6b5b557f/krb5-src-0.3.3+1.19.2/krb5/src/util/et/et_c.awk outfile=et-h-k5e1_err.c textdomain=mit-krb5 localedir= et-h-k5e1_err.et
[INFO] [stderr]   + mawk -f /opt/rustwide/cargo-home/registry/src/index.crates.io-1949cf8c6b5b557f/krb5-src-0.3.3+1.19.2/krb5/src/util/et/et_h.awk outfile=et-h-krb524_err.h et-h-krb524_err.et
[INFO] [stderr]   + mawk -f /opt/rustwide/cargo-home/registry/src/index.crates.io-1949cf8c6b5b557f/krb5-src-0.3.3+1.19.2/krb5/src/util/et/et_c.awk outfile=et-h-krb524_err.c textdomain=mit-krb5 localedir= et-h-krb524_err.et
[INFO] [stderr]   + set -x
[INFO] [stderr]   + perl -p -e BEGIN { $SIG{__WARN__} = sub {die @_} }; $e=$ARGV; $e =~ s/OBJS\...$//; s/^/ /; s/ $//; s/ / $e/g; builtin/enc_provider/OBJS.ST builtin/hash_provider/OBJS.ST builtin/md4/OBJS.ST builtin/md5/OBJS.ST builtin/sha1/OBJS.ST builtin/sha2/OBJS.ST builtin/aes/OBJS.ST builtin/des/OBJS.ST builtin/camellia/OBJS.ST krb/OBJS.ST builtin/OBJS.ST
[INFO] [stderr]   + objlist= builtin/enc_provider/des3.o builtin/enc_provider/rc4.o builtin/enc_provider/aes.o builtin/enc_provider/camellia.o
[INFO] [stderr]    builtin/hash_provider/hash_md4.o builtin/hash_provider/hash_md5.o builtin/hash_provider/hash_sha1.o builtin/hash_provider/hash_sha2.o
[INFO] [stderr]    builtin/md4/md4.o
[INFO] [stderr]    builtin/md5/md5.o
[INFO] [stderr]    builtin/sha1/shs.o
[INFO] [stderr]    builtin/sha2/sha256.o builtin/sha2/sha512.o
[INFO] [stderr]    builtin/aes/aescrypt.o builtin/aes/aestab.o builtin/aes/aeskey.o
[INFO] [stderr]    builtin/des/d3_aead.o builtin/des/d3_kysched.o builtin/des/des_keys.o builtin/des/f_aead.o builtin/des/f_cksum.o builtin/des/f_parity.o builtin/des/f_sched.o builtin/des/f_tables.o builtin/des/key_sched.o builtin/des/weak_key.o
[INFO] [stderr]    builtin/camellia/camellia.o
[INFO] [stderr]    krb/aead.o krb/block_size.o krb/cf2.o krb/checksum_dk_cmac.o krb/checksum_dk_hmac.o krb/checksum_etm.o krb/checksum_hmac_md5.o krb/checksum_unkeyed.o krb/checksum_length.o krb/cksumtype_to_string.o krb/cksumtypes.o krb/cmac.o krb/coll_proof_cksum.o krb/crypto_length.o krb/crypto_libinit.o krb/default_state.o krb/decrypt.o krb/decrypt_iov.o krb/derive.o krb/encrypt.o krb/encrypt_iov.o krb/encrypt_length.o krb/enctype_util.o krb/enc_dk_cmac.o krb/enc_dk_hmac.o krb/enc_etm.o krb/enc_raw.o krb/enc_rc4.o krb/etypes.o krb/key.o krb/keyblocks.o krb/keyed_cksum.o krb/keyed_checksum_types.o krb/keylengths.o krb/make_checksum.o krb/make_checksum_iov.o krb/make_random_key.o krb/mandatory_sumtype.o krb/nfold.o krb/old_api_glue.o krb/prf.o krb/prf_aes2.o krb/prf_cmac.o krb/prf_des.o krb/prf_dk.o krb/prf_rc4.o krb/prng.o krb/prng_fortuna.o krb/random_to_key.o krb/s2k_pbkdf2.o krb/s2k_rc4.o krb/state.o krb/string_to_cksumtype.o krb/string_to_key.o krb/valid_cksumtype.o krb/verify_checksum.o krb/verify_checksum_iov.o
[INFO] [stderr]    builtin/hmac.o builtin/init.o builtin/pbkdf2.o
[INFO] [stderr]   + ar cq libk5crypto.a builtin/enc_provider/des3.o builtin/enc_provider/rc4.o builtin/enc_provider/aes.o builtin/enc_provider/camellia.o builtin/hash_provider/hash_md4.o builtin/hash_provider/hash_md5.o builtin/hash_provider/hash_sha1.o builtin/hash_provider/hash_sha2.o builtin/md4/md4.o builtin/md5/md5.o builtin/sha1/shs.o builtin/sha2/sha256.o builtin/sha2/sha512.o builtin/aes/aescrypt.o builtin/aes/aestab.o builtin/aes/aeskey.o builtin/des/d3_aead.o builtin/des/d3_kysched.o builtin/des/des_keys.o builtin/des/f_aead.o builtin/des/f_cksum.o builtin/des/f_parity.o builtin/des/f_sched.o builtin/des/f_tables.o builtin/des/key_sched.o builtin/des/weak_key.o builtin/camellia/camellia.o krb/aead.o krb/block_size.o krb/cf2.o krb/checksum_dk_cmac.o krb/checksum_dk_hmac.o krb/checksum_etm.o krb/checksum_hmac_md5.o krb/checksum_unkeyed.o krb/checksum_length.o krb/cksumtype_to_string.o krb/cksumtypes.o krb/cmac.o krb/coll_proof_cksum.o krb/crypto_length.o krb/crypto_libinit.o krb/default_state.o krb/decrypt.o krb/decrypt_iov.o krb/derive.o krb/encrypt.o krb/encrypt_iov.o krb/encrypt_length.o krb/enctype_util.o krb/enc_dk_cmac.o krb/enc_dk_hmac.o krb/enc_etm.o krb/enc_raw.o krb/enc_rc4.o krb/etypes.o krb/key.o krb/keyblocks.o krb/keyed_cksum.o krb/keyed_checksum_types.o krb/keylengths.o krb/make_checksum.o krb/make_checksum_iov.o krb/make_random_key.o krb/mandatory_sumtype.o krb/nfold.o krb/old_api_glue.o krb/prf.o krb/prf_aes2.o krb/prf_cmac.o krb/prf_des.o krb/prf_dk.o krb/prf_rc4.o krb/prng.o krb/prng_fortuna.o krb/random_to_key.o krb/s2k_pbkdf2.o krb/s2k_rc4.o krb/state.o krb/string_to_cksumtype.o krb/string_to_key.o krb/valid_cksumtype.o krb/verify_checksum.o krb/verify_checksum_iov.o builtin/hmac.o builtin/init.o builtin/pbkdf2.o
[INFO] [stderr]   + mawk -f /opt/rustwide/cargo-home/registry/src/index.crates.io-1949cf8c6b5b557f/krb5-src-0.3.3+1.19.2/krb5/src/util/et/et_h.awk outfile=et-c-asn1_err.h et-c-asn1_err.et
[INFO] [stderr]   + mawk -f /opt/rustwide/cargo-home/registry/src/index.crates.io-1949cf8c6b5b557f/krb5-src-0.3.3+1.19.2/krb5/src/util/et/et_c.awk outfile=et-c-asn1_err.c textdomain=mit-krb5 localedir= et-c-asn1_err.et
[INFO] [stderr]   + mawk -f /opt/rustwide/cargo-home/registry/src/index.crates.io-1949cf8c6b5b557f/krb5-src-0.3.3+1.19.2/krb5/src/util/et/et_h.awk outfile=et-c-kdb5_err.h et-c-kdb5_err.et
[INFO] [stderr]   + mawk -f /opt/rustwide/cargo-home/registry/src/index.crates.io-1949cf8c6b5b557f/krb5-src-0.3.3+1.19.2/krb5/src/util/et/et_c.awk outfile=et-c-kdb5_err.c textdomain=mit-krb5 localedir= et-c-kdb5_err.et
[INFO] [stderr]   + mawk -f /opt/rustwide/cargo-home/registry/src/index.crates.io-1949cf8c6b5b557f/krb5-src-0.3.3+1.19.2/krb5/src/util/et/et_h.awk outfile=et-c-krb5_err.h et-c-krb5_err.et
[INFO] [stderr]   + mawk -f /opt/rustwide/cargo-home/registry/src/index.crates.io-1949cf8c6b5b557f/krb5-src-0.3.3+1.19.2/krb5/src/util/et/et_c.awk outfile=et-c-krb5_err.c textdomain=mit-krb5 localedir= et-c-krb5_err.et
[INFO] [stderr]   + mawk -f /opt/rustwide/cargo-home/registry/src/index.crates.io-1949cf8c6b5b557f/krb5-src-0.3.3+1.19.2/krb5/src/util/et/et_h.awk outfile=et-c-k5e1_err.h et-c-k5e1_err.et
[INFO] [stderr]   + mawk -f /opt/rustwide/cargo-home/registry/src/index.crates.io-1949cf8c6b5b557f/krb5-src-0.3.3+1.19.2/krb5/src/util/et/et_c.awk outfile=et-c-k5e1_err.c textdomain=mit-krb5 localedir= et-c-k5e1_err.et
[INFO] [stderr]   + mawk -f /opt/rustwide/cargo-home/registry/src/index.crates.io-1949cf8c6b5b557f/krb5-src-0.3.3+1.19.2/krb5/src/util/et/et_h.awk outfile=et-c-kv5m_err.h et-c-kv5m_err.et
[INFO] [stderr]   + mawk -f /opt/rustwide/cargo-home/registry/src/index.crates.io-1949cf8c6b5b557f/krb5-src-0.3.3+1.19.2/krb5/src/util/et/et_c.awk outfile=et-c-kv5m_err.c textdomain=mit-krb5 localedir= et-c-kv5m_err.et
[INFO] [stderr]   + mawk -f /opt/rustwide/cargo-home/registry/src/index.crates.io-1949cf8c6b5b557f/krb5-src-0.3.3+1.19.2/krb5/src/util/et/et_h.awk outfile=et-c-krb524_err.h et-c-krb524_err.et
[INFO] [stderr]   + mawk -f /opt/rustwide/cargo-home/registry/src/index.crates.io-1949cf8c6b5b557f/krb5-src-0.3.3+1.19.2/krb5/src/util/et/et_c.awk outfile=et-c-krb524_err.c textdomain=mit-krb5 localedir= et-c-krb524_err.et
[INFO] [stderr]   /opt/rustwide/cargo-home/registry/src/index.crates.io-1949cf8c6b5b557f/krb5-src-0.3.3+1.19.2/krb5/src/lib/krb5/ccache/ccbase.c: In function 'krb5_cc_resolve':
[INFO] [stderr]   /opt/rustwide/cargo-home/registry/src/index.crates.io-1949cf8c6b5b557f/krb5-src-0.3.3+1.19.2/krb5/src/lib/krb5/ccache/ccbase.c:207:8: error: assignment discards 'const' qualifier from pointer target type [-Werror=discarded-qualifiers]
[INFO] [stderr]     207 |     cp = strchr (name, ':');
[INFO] [stderr]         |        ^
[INFO] [stderr]   cc1: some warnings being treated as errors
[INFO] [stderr]   make[2]: *** [Makefile:500: ccbase.o] Error 1
[INFO] [stderr]   make[2]: *** Waiting for unfinished jobs....
[INFO] [stderr]   make[1]: *** [Makefile:1155: all-recurse] Error 1
[INFO] [stderr]   make: *** [Makefile:1005: all-recurse] Error 1
[INFO] [stderr] 
[INFO] [stderr]   thread 'main' (953) panicked at /opt/rustwide/cargo-home/registry/src/index.crates.io-1949cf8c6b5b557f/krb5-src-0.3.3+1.19.2/build.rs:139:41:
[INFO] [stderr]   make failed in lib
[INFO] [stderr]   stack backtrace:
[INFO] [stderr]      0:     0x60a1aa1832b1 - <unknown>
[INFO] [stderr]      1:     0x60a1aa19540a - <unknown>
[INFO] [stderr]      2:     0x60a1aa18787c - <unknown>
[INFO] [stderr]      3:     0x60a1aa162db6 - <unknown>
[INFO] [stderr]      4:     0x60a1aa17e291 - <unknown>
[INFO] [stderr]      5:     0x60a1aa17e44b - <unknown>
[INFO] [stderr]      6:     0x60a1aa162e62 - <unknown>
[INFO] [stderr]      7:     0x60a1aa15bbd9 - <unknown>
[INFO] [stderr]      8:     0x60a1aa1636fd - <unknown>
[INFO] [stderr]      9:     0x60a1aa195b7c - <unknown>
[INFO] [stderr]     10:     0x60a1aa12b976 - <unknown>
[INFO] [stderr]     11:     0x60a1aa12abf7 - <unknown>
[INFO] [stderr]     12:     0x60a1aa12d660 - <unknown>
[INFO] [stderr]     13:     0x60a1aa12bee6 - <unknown>
[INFO] [stderr]     14:     0x60a1aa12e85b - <unknown>
[INFO] [stderr]     15:     0x60a1aa12b336 - <unknown>
[INFO] [stderr]     16:     0x60a1aa12b7a9 - <unknown>
[INFO] [stderr]     17:     0x60a1aa17d6c9 - <unknown>
[INFO] [stderr]     18:     0x60a1aa12b021 - <unknown>
[INFO] [stderr]     19:     0x60a1aa12e945 - <unknown>
[INFO] [stderr]     20:     0x78dc3ea9e601 - <unknown>
[INFO] [stderr]     21:     0x78dc3ea9e718 - __libc_start_main
[INFO] [stderr]     22:     0x60a1aa12a395 - <unknown>
[INFO] [stderr]     23:                0x0 - <unknown>
[INFO] [stderr] warning: build failed, waiting for other jobs to finish...
[INFO] running `Command { std: "docker" "inspect" "29b7d44a6a333e1588dfa82448be796c72a1a2187d904cfdd41f85e6e77f4e52", kill_on_drop: false }`
[INFO] running `Command { std: "docker" "rm" "-f" "29b7d44a6a333e1588dfa82448be796c72a1a2187d904cfdd41f85e6e77f4e52", kill_on_drop: false }`
[INFO] [stdout] 29b7d44a6a333e1588dfa82448be796c72a1a2187d904cfdd41f85e6e77f4e52
