[INFO] fetching crate kmod 0.5.0...
[INFO] testing kmod-0.5.0 against 1.100.0-beta.1+cargoflags=--release for beta-release-1.100-2
[INFO] extracting crate kmod 0.5.0 into /workspace/builds/worker-6-tc2/source
[INFO] started tweaking crates.io crate kmod 0.5.0
[INFO] finished tweaking crates.io crate kmod 0.5.0
[INFO] tweaked toml for crates.io crate kmod 0.5.0 written to /workspace/builds/worker-6-tc2/source/Cargo.toml
[INFO] validating manifest of crates.io crate kmod 0.5.0 on toolchain 1.100.0-beta.1
[INFO] running `Command { std: CARGO_HOME="/workspace/cargo-home" RUSTUP_HOME="/workspace/rustup-home" "/workspace/cargo-home/bin/cargo" "+1.100.0-beta.1" "metadata" "--manifest-path" "Cargo.toml" "--no-deps", kill_on_drop: false }`
[INFO] crate crates.io crate kmod 0.5.0 already has a lockfile, it will not be regenerated
[INFO] running `Command { std: CARGO_HOME="/workspace/cargo-home" RUSTUP_HOME="/workspace/rustup-home" "/workspace/cargo-home/bin/cargo" "+1.100.0-beta.1" "fetch" "--manifest-path" "Cargo.toml", kill_on_drop: false }`
[INFO] running `Command { std: "docker" "create" "-v" "/var/lib/crater-agent-workspace/builds/worker-6-tc2/source:/opt/rustwide/workdir:ro,Z" "-v" "/var/lib/crater-agent-workspace/builds/worker-6-tc2/target:/opt/rustwide/target:rw,Z" "-v" "/var/lib/crater-agent-workspace/cargo-home:/opt/rustwide/cargo-home:ro,Z" "-v" "/var/lib/crater-agent-workspace/rustup-home:/opt/rustwide/rustup-home:ro,Z" "-m" "1610612736" "--network" "none" "ghcr.io/rust-lang/crates-build-env/linux@sha256:77db811e55d90add9212f6832c23229e3de5f1c1f9905e8cb07319ea15df73ac" "sleep" "infinity", kill_on_drop: false }`
[INFO] [stdout] 5bdd38957a498f804d955a7ee6d21aeddee03b37c31cfe4d11308625b2959310
[INFO] running `Command { std: "docker" "start" "5bdd38957a498f804d955a7ee6d21aeddee03b37c31cfe4d11308625b2959310", kill_on_drop: false }`
[INFO] running `Command { std: "docker" "inspect" "5bdd38957a498f804d955a7ee6d21aeddee03b37c31cfe4d11308625b2959310", kill_on_drop: false }`
[INFO] running `Command { std: "docker" "exec" "-e" "SOURCE_DIR=/opt/rustwide/workdir" "-e" "CARGO_HOME=/opt/rustwide/cargo-home" "-e" "RUSTUP_HOME=/opt/rustwide/rustup-home" "-e" "CARGO_TARGET_DIR=/opt/rustwide/target" "-w" "/opt/rustwide/workdir" "--user" "0:0" "5bdd38957a498f804d955a7ee6d21aeddee03b37c31cfe4d11308625b2959310" "/opt/rustwide/cargo-home/bin/cargo" "+1.100.0-beta.1" "metadata" "--no-deps" "--format-version=1", kill_on_drop: false }`
[INFO] running `Command { std: "docker" "inspect" "5bdd38957a498f804d955a7ee6d21aeddee03b37c31cfe4d11308625b2959310", kill_on_drop: false }`
[INFO] running `Command { std: "docker" "exec" "-e" "SOURCE_DIR=/opt/rustwide/workdir" "-e" "CARGO_HOME=/opt/rustwide/cargo-home" "-e" "RUSTUP_HOME=/opt/rustwide/rustup-home" "-e" "CARGO_TARGET_DIR=/opt/rustwide/target" "-e" "CARGO_INCREMENTAL=0" "-e" "RUST_BACKTRACE=full" "-e" "RUSTFLAGS=--cap-lints=warn" "-e" "RUSTDOCFLAGS=--cap-lints=warn" "-w" "/opt/rustwide/workdir" "--user" "0:0" "5bdd38957a498f804d955a7ee6d21aeddee03b37c31cfe4d11308625b2959310" "/opt/rustwide/cargo-home/bin/cargo" "+1.100.0-beta.1" "build" "--frozen" "--message-format=json" "--release", kill_on_drop: false }`
[INFO] [stderr]    Compiling libc v0.2.138
[INFO] [stderr]    Compiling proc-macro2 v1.0.47
[INFO] [stderr]    Compiling unicode-ident v1.0.5
[INFO] [stderr]    Compiling quote v1.0.21
[INFO] [stderr]    Compiling glob v0.3.0
[INFO] [stderr]    Compiling syn v1.0.105
[INFO] [stderr]    Compiling either v1.8.0
[INFO] [stderr]    Compiling bindgen v0.63.0
[INFO] [stderr]    Compiling regex v1.7.0
[INFO] [stderr]    Compiling thiserror v1.0.37
[INFO] [stderr]    Compiling log v0.4.17
[INFO] [stderr]    Compiling nom v7.1.1
[INFO] [stderr]    Compiling clang-sys v1.4.0
[INFO] [stderr]    Compiling errno v0.2.8
[INFO] [stderr]    Compiling which v4.3.0
[INFO] [stderr]    Compiling cexpr v0.6.0
[INFO] [stderr]    Compiling thiserror-impl v1.0.37
[INFO] [stderr]    Compiling kmod-sys v0.2.0
[INFO] [stderr]    Compiling kmod v0.5.0 (/opt/rustwide/workdir)
[INFO] [stderr]     Finished `release` profile [optimized] target(s) in 16.15s
[INFO] running `Command { std: "docker" "inspect" "5bdd38957a498f804d955a7ee6d21aeddee03b37c31cfe4d11308625b2959310", kill_on_drop: false }`
[INFO] running `Command { std: "docker" "exec" "-e" "SOURCE_DIR=/opt/rustwide/workdir" "-e" "CARGO_HOME=/opt/rustwide/cargo-home" "-e" "RUSTUP_HOME=/opt/rustwide/rustup-home" "-e" "CARGO_TARGET_DIR=/opt/rustwide/target" "-e" "CARGO_INCREMENTAL=0" "-e" "RUST_BACKTRACE=full" "-e" "RUSTFLAGS=--cap-lints=warn" "-e" "RUSTDOCFLAGS=--cap-lints=warn" "-w" "/opt/rustwide/workdir" "--user" "0:0" "5bdd38957a498f804d955a7ee6d21aeddee03b37c31cfe4d11308625b2959310" "/opt/rustwide/cargo-home/bin/cargo" "+1.100.0-beta.1" "test" "--frozen" "--no-run" "--message-format=json" "--release", kill_on_drop: false }`
[INFO] [stderr]    Compiling libc v0.2.138
[INFO] [stderr]    Compiling memchr v2.5.0
[INFO] [stderr]    Compiling io-lifetimes v1.0.3
[INFO] [stderr]    Compiling rustix v0.36.5
[INFO] [stderr]    Compiling log v0.4.17
[INFO] [stderr]    Compiling linux-raw-sys v0.1.3
[INFO] [stderr]    Compiling regex-syntax v0.6.28
[INFO] [stderr]    Compiling anyhow v1.0.66
[INFO] [stderr]    Compiling termcolor v1.1.3
[INFO] [stderr]    Compiling humantime v2.1.0
[INFO] [stderr]    Compiling aho-corasick v0.7.20
[INFO] [stderr]    Compiling errno v0.2.8
[INFO] [stderr]    Compiling regex v1.7.0
[INFO] [stderr]    Compiling kmod v0.5.0 (/opt/rustwide/workdir)
[INFO] [stderr]    Compiling is-terminal v0.4.1
[INFO] [stderr]    Compiling env_logger v0.10.0
[INFO] [stdout] error: linking with `cc` failed: exit status: 1
[INFO] [stdout]   |
[INFO] [stdout]   = note:  "cc" "-m64" "/opt/rustwide/target/release/build/kmod/64982e180ca41a09/out/rustcfwzLgk/symbols.o" "<2 object files omitted>" "-Wl,--as-needed" "-Wl,-Bstatic" "/opt/rustwide/target/release/build/env_logger/ed015888889ce30d/out/libenv_logger-ed015888889ce30d.rlib" "/opt/rustwide/target/release/build/termcolor/ac2e9838f80d9b5c/out/libtermcolor-ac2e9838f80d9b5c.rlib" "/opt/rustwide/target/release/build/is-terminal/37c87252937f0217/out/libis_terminal-37c87252937f0217.rlib" "/opt/rustwide/target/release/build/rustix/31edf0c63beced8e/out/librustix-31edf0c63beced8e.rlib" "/opt/rustwide/target/release/build/bitflags/68973b8086863992/out/libbitflags-68973b8086863992.rlib" "/opt/rustwide/target/release/build/linux-raw-sys/036731d959422960/out/liblinux_raw_sys-036731d959422960.rlib" "/opt/rustwide/target/release/build/io-lifetimes/bc4fee0fd6d039ea/out/libio_lifetimes-bc4fee0fd6d039ea.rlib" "/opt/rustwide/target/release/build/humantime/60be87acc0f5bcf3/out/libhumantime-60be87acc0f5bcf3.rlib" "/opt/rustwide/target/release/build/regex/24ca1c2af8f80d8f/out/libregex-24ca1c2af8f80d8f.rlib" "/opt/rustwide/target/release/build/aho-corasick/8c3e1ecffa67ecd9/out/libaho_corasick-8c3e1ecffa67ecd9.rlib" "/opt/rustwide/target/release/build/memchr/4c2333bb57774a0f/out/libmemchr-4c2333bb57774a0f.rlib" "/opt/rustwide/target/release/build/regex-syntax/e6f526495e236a0f/out/libregex_syntax-e6f526495e236a0f.rlib" "/opt/rustwide/target/release/build/kmod/250ad2380b3b221f/out/libkmod-250ad2380b3b221f.rlib" "/opt/rustwide/target/release/build/errno/ad15278ccc54d3b5/out/liberrno-ad15278ccc54d3b5.rlib" "/opt/rustwide/target/release/build/libc/ba0310c58954f0f3/out/liblibc-ba0310c58954f0f3.rlib" "/opt/rustwide/target/release/build/kmod-sys/1409a4ff9f828008/out/libkmod_sys-1409a4ff9f828008.rlib" "/opt/rustwide/target/release/build/thiserror/fc6c22ffcb6ee877/out/libthiserror-fc6c22ffcb6ee877.rlib" "/opt/rustwide/target/release/build/log/ee0e8637efac62e7/out/liblog-ee0e8637efac62e7.rlib" "/opt/rustwide/target/release/build/cfg-if/193575a6b29a3ab9/out/libcfg_if-193575a6b29a3ab9.rlib" "/opt/rustwide/target/release/build/anyhow/2c4c3eace43fbbb4/out/libanyhow-2c4c3eace43fbbb4.rlib" "<sysroot>/lib/rustlib/x86_64-unknown-linux-gnu/lib/{libstd-*,libpanic_unwind-*,libobject-*,libmemchr-*,libaddr2line-*,libgimli-*,libcfg_if-*,librustc_demangle-*,libstd_detect-*,libhashbrown-*,librustc_std_workspace_alloc-*,libminiz_oxide-*,libadler2-*,libunwind-*,liblibc-*,librustc_std_workspace_core-*,liballoc-*,libcore-*,libcompiler_builtins-*}.rlib" "-Wl,-Bdynamic" "-lkmod" "-lgcc_s" "-lutil" "-lrt" "-lpthread" "-lm" "-ldl" "-lc" "-L" "/opt/rustwide/target/release/build/kmod/64982e180ca41a09/out/rustcfwzLgk/raw-dylibs" "-B<sysroot>/lib/rustlib/x86_64-unknown-linux-gnu/bin/gcc-ld" "-fuse-ld=lld" "-Wl,--eh-frame-hdr" "-Wl,-z,noexecstack" "-L" "<sysroot>/lib/rustlib/x86_64-unknown-linux-gnu/lib" "-o" "/opt/rustwide/target/release/build/kmod/64982e180ca41a09/out/rmmod" "-Wl,--gc-sections" "-pie" "-Wl,-z,relro,-z,now" "-Wl,-O1" "-Wl,--strip-debug" "-nodefaultlibs"
[INFO] [stdout]   = note: some arguments are omitted. use `--verbose` to show all linker arguments
[INFO] [stdout]   = note: rust-lld: error: unable to find library -lkmod
[INFO] [stdout]           collect2: error: ld returned 1 exit status
[INFO] [stdout]           
[INFO] [stdout] 
[INFO] [stdout] 
[INFO] [stderr] error: could not compile `kmod` (example "rmmod") due to 1 previous error
[INFO] [stderr] warning: build failed, waiting for other jobs to finish...
[INFO] [stderr] error: could not compile `kmod` (example "lsmod") due to 1 previous error
[INFO] [stdout] error: linking with `cc` failed: exit status: 1
[INFO] [stdout]   |
[INFO] [stdout]   = note:  "cc" "-m64" "/opt/rustwide/target/release/build/kmod/89579aa694ced272/out/rustcsoKK7X/symbols.o" "<2 object files omitted>" "-Wl,--as-needed" "-Wl,-Bstatic" "/opt/rustwide/target/release/build/kmod/250ad2380b3b221f/out/libkmod-250ad2380b3b221f.rlib" "/opt/rustwide/target/release/build/errno/ad15278ccc54d3b5/out/liberrno-ad15278ccc54d3b5.rlib" "/opt/rustwide/target/release/build/kmod-sys/1409a4ff9f828008/out/libkmod_sys-1409a4ff9f828008.rlib" "/opt/rustwide/target/release/build/thiserror/fc6c22ffcb6ee877/out/libthiserror-fc6c22ffcb6ee877.rlib" "/opt/rustwide/target/release/build/env_logger/ed015888889ce30d/out/libenv_logger-ed015888889ce30d.rlib" "/opt/rustwide/target/release/build/termcolor/ac2e9838f80d9b5c/out/libtermcolor-ac2e9838f80d9b5c.rlib" "/opt/rustwide/target/release/build/is-terminal/37c87252937f0217/out/libis_terminal-37c87252937f0217.rlib" "/opt/rustwide/target/release/build/rustix/31edf0c63beced8e/out/librustix-31edf0c63beced8e.rlib" "/opt/rustwide/target/release/build/bitflags/68973b8086863992/out/libbitflags-68973b8086863992.rlib" "/opt/rustwide/target/release/build/linux-raw-sys/036731d959422960/out/liblinux_raw_sys-036731d959422960.rlib" "/opt/rustwide/target/release/build/io-lifetimes/bc4fee0fd6d039ea/out/libio_lifetimes-bc4fee0fd6d039ea.rlib" "/opt/rustwide/target/release/build/libc/ba0310c58954f0f3/out/liblibc-ba0310c58954f0f3.rlib" "/opt/rustwide/target/release/build/humantime/60be87acc0f5bcf3/out/libhumantime-60be87acc0f5bcf3.rlib" "/opt/rustwide/target/release/build/log/ee0e8637efac62e7/out/liblog-ee0e8637efac62e7.rlib" "/opt/rustwide/target/release/build/cfg-if/193575a6b29a3ab9/out/libcfg_if-193575a6b29a3ab9.rlib" "/opt/rustwide/target/release/build/regex/24ca1c2af8f80d8f/out/libregex-24ca1c2af8f80d8f.rlib" "/opt/rustwide/target/release/build/aho-corasick/8c3e1ecffa67ecd9/out/libaho_corasick-8c3e1ecffa67ecd9.rlib" "/opt/rustwide/target/release/build/memchr/4c2333bb57774a0f/out/libmemchr-4c2333bb57774a0f.rlib" "/opt/rustwide/target/release/build/regex-syntax/e6f526495e236a0f/out/libregex_syntax-e6f526495e236a0f.rlib" "/opt/rustwide/target/release/build/anyhow/2c4c3eace43fbbb4/out/libanyhow-2c4c3eace43fbbb4.rlib" "<sysroot>/lib/rustlib/x86_64-unknown-linux-gnu/lib/{libstd-*,libpanic_unwind-*,libobject-*,libmemchr-*,libaddr2line-*,libgimli-*,libcfg_if-*,librustc_demangle-*,libstd_detect-*,libhashbrown-*,librustc_std_workspace_alloc-*,libminiz_oxide-*,libadler2-*,libunwind-*,liblibc-*,librustc_std_workspace_core-*,liballoc-*,libcore-*,libcompiler_builtins-*}.rlib" "-Wl,-Bdynamic" "-lkmod" "-lgcc_s" "-lutil" "-lrt" "-lpthread" "-lm" "-ldl" "-lc" "-L" "/opt/rustwide/target/release/build/kmod/89579aa694ced272/out/rustcsoKK7X/raw-dylibs" "-B<sysroot>/lib/rustlib/x86_64-unknown-linux-gnu/bin/gcc-ld" "-fuse-ld=lld" "-Wl,--eh-frame-hdr" "-Wl,-z,noexecstack" "-L" "<sysroot>/lib/rustlib/x86_64-unknown-linux-gnu/lib" "-o" "/opt/rustwide/target/release/build/kmod/89579aa694ced272/out/lsmod" "-Wl,--gc-sections" "-pie" "-Wl,-z,relro,-z,now" "-Wl,-O1" "-Wl,--strip-debug" "-nodefaultlibs"
[INFO] [stdout]   = note: some arguments are omitted. use `--verbose` to show all linker arguments
[INFO] [stdout]   = note: rust-lld: error: unable to find library -lkmod
[INFO] [stdout]           collect2: error: ld returned 1 exit status
[INFO] [stdout]           
[INFO] [stdout] 
[INFO] [stdout] 
[INFO] [stdout] error: linking with `cc` failed: exit status: 1
[INFO] [stdout]   |
[INFO] [stdout]   = note:  "cc" "-m64" "/opt/rustwide/target/release/build/kmod/c4bf5bed0f18e5ce/out/rustcmgI7Na/symbols.o" "<2 object files omitted>" "-Wl,--as-needed" "-Wl,-Bstatic" "<sysroot>/lib/rustlib/x86_64-unknown-linux-gnu/lib/{libtest-*,libgetopts-*,librustc_std_workspace_std-*}.rlib" "/opt/rustwide/target/release/build/errno/ad15278ccc54d3b5/out/liberrno-ad15278ccc54d3b5.rlib" "/opt/rustwide/target/release/build/libc/ba0310c58954f0f3/out/liblibc-ba0310c58954f0f3.rlib" "/opt/rustwide/target/release/build/kmod-sys/1409a4ff9f828008/out/libkmod_sys-1409a4ff9f828008.rlib" "/opt/rustwide/target/release/build/thiserror/fc6c22ffcb6ee877/out/libthiserror-fc6c22ffcb6ee877.rlib" "/opt/rustwide/target/release/build/log/ee0e8637efac62e7/out/liblog-ee0e8637efac62e7.rlib" "/opt/rustwide/target/release/build/cfg-if/193575a6b29a3ab9/out/libcfg_if-193575a6b29a3ab9.rlib" "<sysroot>/lib/rustlib/x86_64-unknown-linux-gnu/lib/{libstd-*,libpanic_unwind-*,libobject-*,libmemchr-*,libaddr2line-*,libgimli-*,libcfg_if-*,librustc_demangle-*,libstd_detect-*,libhashbrown-*,librustc_std_workspace_alloc-*,libminiz_oxide-*,libadler2-*,libunwind-*,liblibc-*,librustc_std_workspace_core-*,liballoc-*,libcore-*,libcompiler_builtins-*}.rlib" "-Wl,-Bdynamic" "-lkmod" "-lgcc_s" "-lutil" "-lrt" "-lpthread" "-lm" "-ldl" "-lc" "-L" "/opt/rustwide/target/release/build/kmod/c4bf5bed0f18e5ce/out/rustcmgI7Na/raw-dylibs" "-B<sysroot>/lib/rustlib/x86_64-unknown-linux-gnu/bin/gcc-ld" "-fuse-ld=lld" "-Wl,--eh-frame-hdr" "-Wl,-z,noexecstack" "-L" "<sysroot>/lib/rustlib/x86_64-unknown-linux-gnu/lib" "-o" "/opt/rustwide/target/release/build/kmod/c4bf5bed0f18e5ce/out/kmod-c4bf5bed0f18e5ce" "-Wl,--gc-sections" "-pie" "-Wl,-z,relro,-z,now" "-Wl,-O1" "-Wl,--strip-debug" "-nodefaultlibs"
[INFO] [stdout]   = note: some arguments are omitted. use `--verbose` to show all linker arguments
[INFO] [stdout]   = note: rust-lld: error: unable to find library -lkmod
[INFO] [stdout]           collect2: error: ld returned 1 exit status
[INFO] [stdout]           
[INFO] [stdout] 
[INFO] [stdout] 
[INFO] [stderr] error: could not compile `kmod` (lib test) due to 1 previous error
[INFO] [stderr] error: could not compile `kmod` (example "modprobe") due to 1 previous error
[INFO] [stdout] error: linking with `cc` failed: exit status: 1
[INFO] [stdout]   |
[INFO] [stdout]   = note:  "cc" "-m64" "/opt/rustwide/target/release/build/kmod/33617b8ae95fc798/out/rustcAQ5iKC/symbols.o" "<2 object files omitted>" "-Wl,--as-needed" "-Wl,-Bstatic" "/opt/rustwide/target/release/build/env_logger/ed015888889ce30d/out/libenv_logger-ed015888889ce30d.rlib" "/opt/rustwide/target/release/build/termcolor/ac2e9838f80d9b5c/out/libtermcolor-ac2e9838f80d9b5c.rlib" "/opt/rustwide/target/release/build/is-terminal/37c87252937f0217/out/libis_terminal-37c87252937f0217.rlib" "/opt/rustwide/target/release/build/rustix/31edf0c63beced8e/out/librustix-31edf0c63beced8e.rlib" "/opt/rustwide/target/release/build/bitflags/68973b8086863992/out/libbitflags-68973b8086863992.rlib" "/opt/rustwide/target/release/build/linux-raw-sys/036731d959422960/out/liblinux_raw_sys-036731d959422960.rlib" "/opt/rustwide/target/release/build/io-lifetimes/bc4fee0fd6d039ea/out/libio_lifetimes-bc4fee0fd6d039ea.rlib" "/opt/rustwide/target/release/build/humantime/60be87acc0f5bcf3/out/libhumantime-60be87acc0f5bcf3.rlib" "/opt/rustwide/target/release/build/regex/24ca1c2af8f80d8f/out/libregex-24ca1c2af8f80d8f.rlib" "/opt/rustwide/target/release/build/aho-corasick/8c3e1ecffa67ecd9/out/libaho_corasick-8c3e1ecffa67ecd9.rlib" "/opt/rustwide/target/release/build/memchr/4c2333bb57774a0f/out/libmemchr-4c2333bb57774a0f.rlib" "/opt/rustwide/target/release/build/regex-syntax/e6f526495e236a0f/out/libregex_syntax-e6f526495e236a0f.rlib" "/opt/rustwide/target/release/build/anyhow/2c4c3eace43fbbb4/out/libanyhow-2c4c3eace43fbbb4.rlib" "/opt/rustwide/target/release/build/kmod/250ad2380b3b221f/out/libkmod-250ad2380b3b221f.rlib" "/opt/rustwide/target/release/build/errno/ad15278ccc54d3b5/out/liberrno-ad15278ccc54d3b5.rlib" "/opt/rustwide/target/release/build/libc/ba0310c58954f0f3/out/liblibc-ba0310c58954f0f3.rlib" "/opt/rustwide/target/release/build/kmod-sys/1409a4ff9f828008/out/libkmod_sys-1409a4ff9f828008.rlib" "/opt/rustwide/target/release/build/thiserror/fc6c22ffcb6ee877/out/libthiserror-fc6c22ffcb6ee877.rlib" "/opt/rustwide/target/release/build/log/ee0e8637efac62e7/out/liblog-ee0e8637efac62e7.rlib" "/opt/rustwide/target/release/build/cfg-if/193575a6b29a3ab9/out/libcfg_if-193575a6b29a3ab9.rlib" "<sysroot>/lib/rustlib/x86_64-unknown-linux-gnu/lib/{libstd-*,libpanic_unwind-*,libobject-*,libmemchr-*,libaddr2line-*,libgimli-*,libcfg_if-*,librustc_demangle-*,libstd_detect-*,libhashbrown-*,librustc_std_workspace_alloc-*,libminiz_oxide-*,libadler2-*,libunwind-*,liblibc-*,librustc_std_workspace_core-*,liballoc-*,libcore-*,libcompiler_builtins-*}.rlib" "-Wl,-Bdynamic" "-lkmod" "-lgcc_s" "-lutil" "-lrt" "-lpthread" "-lm" "-ldl" "-lc" "-L" "/opt/rustwide/target/release/build/kmod/33617b8ae95fc798/out/rustcAQ5iKC/raw-dylibs" "-B<sysroot>/lib/rustlib/x86_64-unknown-linux-gnu/bin/gcc-ld" "-fuse-ld=lld" "-Wl,--eh-frame-hdr" "-Wl,-z,noexecstack" "-L" "<sysroot>/lib/rustlib/x86_64-unknown-linux-gnu/lib" "-o" "/opt/rustwide/target/release/build/kmod/33617b8ae95fc798/out/modprobe" "-Wl,--gc-sections" "-pie" "-Wl,-z,relro,-z,now" "-Wl,-O1" "-Wl,--strip-debug" "-nodefaultlibs"
[INFO] [stdout]   = note: some arguments are omitted. use `--verbose` to show all linker arguments
[INFO] [stdout]   = note: rust-lld: error: unable to find library -lkmod
[INFO] [stdout]           collect2: error: ld returned 1 exit status
[INFO] [stdout]           
[INFO] [stdout] 
[INFO] [stdout] 
[INFO] [stdout] error: linking with `cc` failed: exit status: 1
[INFO] [stdout]   |
[INFO] [stdout]   = note:  "cc" "-m64" "/opt/rustwide/target/release/build/kmod/ce414d8161a57079/out/rustcz6F7mW/symbols.o" "<2 object files omitted>" "-Wl,--as-needed" "-Wl,-Bstatic" "/opt/rustwide/target/release/build/env_logger/ed015888889ce30d/out/libenv_logger-ed015888889ce30d.rlib" "/opt/rustwide/target/release/build/termcolor/ac2e9838f80d9b5c/out/libtermcolor-ac2e9838f80d9b5c.rlib" "/opt/rustwide/target/release/build/is-terminal/37c87252937f0217/out/libis_terminal-37c87252937f0217.rlib" "/opt/rustwide/target/release/build/rustix/31edf0c63beced8e/out/librustix-31edf0c63beced8e.rlib" "/opt/rustwide/target/release/build/bitflags/68973b8086863992/out/libbitflags-68973b8086863992.rlib" "/opt/rustwide/target/release/build/linux-raw-sys/036731d959422960/out/liblinux_raw_sys-036731d959422960.rlib" "/opt/rustwide/target/release/build/io-lifetimes/bc4fee0fd6d039ea/out/libio_lifetimes-bc4fee0fd6d039ea.rlib" "/opt/rustwide/target/release/build/humantime/60be87acc0f5bcf3/out/libhumantime-60be87acc0f5bcf3.rlib" "/opt/rustwide/target/release/build/regex/24ca1c2af8f80d8f/out/libregex-24ca1c2af8f80d8f.rlib" "/opt/rustwide/target/release/build/aho-corasick/8c3e1ecffa67ecd9/out/libaho_corasick-8c3e1ecffa67ecd9.rlib" "/opt/rustwide/target/release/build/memchr/4c2333bb57774a0f/out/libmemchr-4c2333bb57774a0f.rlib" "/opt/rustwide/target/release/build/regex-syntax/e6f526495e236a0f/out/libregex_syntax-e6f526495e236a0f.rlib" "/opt/rustwide/target/release/build/anyhow/2c4c3eace43fbbb4/out/libanyhow-2c4c3eace43fbbb4.rlib" "/opt/rustwide/target/release/build/kmod/250ad2380b3b221f/out/libkmod-250ad2380b3b221f.rlib" "/opt/rustwide/target/release/build/errno/ad15278ccc54d3b5/out/liberrno-ad15278ccc54d3b5.rlib" "/opt/rustwide/target/release/build/libc/ba0310c58954f0f3/out/liblibc-ba0310c58954f0f3.rlib" "/opt/rustwide/target/release/build/kmod-sys/1409a4ff9f828008/out/libkmod_sys-1409a4ff9f828008.rlib" "/opt/rustwide/target/release/build/thiserror/fc6c22ffcb6ee877/out/libthiserror-fc6c22ffcb6ee877.rlib" "/opt/rustwide/target/release/build/log/ee0e8637efac62e7/out/liblog-ee0e8637efac62e7.rlib" "/opt/rustwide/target/release/build/cfg-if/193575a6b29a3ab9/out/libcfg_if-193575a6b29a3ab9.rlib" "<sysroot>/lib/rustlib/x86_64-unknown-linux-gnu/lib/{libstd-*,libpanic_unwind-*,libobject-*,libmemchr-*,libaddr2line-*,libgimli-*,libcfg_if-*,librustc_demangle-*,libstd_detect-*,libhashbrown-*,librustc_std_workspace_alloc-*,libminiz_oxide-*,libadler2-*,libunwind-*,liblibc-*,librustc_std_workspace_core-*,liballoc-*,libcore-*,libcompiler_builtins-*}.rlib" "-Wl,-Bdynamic" "-lkmod" "-lgcc_s" "-lutil" "-lrt" "-lpthread" "-lm" "-ldl" "-lc" "-L" "/opt/rustwide/target/release/build/kmod/ce414d8161a57079/out/rustcz6F7mW/raw-dylibs" "-B<sysroot>/lib/rustlib/x86_64-unknown-linux-gnu/bin/gcc-ld" "-fuse-ld=lld" "-Wl,--eh-frame-hdr" "-Wl,-z,noexecstack" "-L" "<sysroot>/lib/rustlib/x86_64-unknown-linux-gnu/lib" "-o" "/opt/rustwide/target/release/build/kmod/ce414d8161a57079/out/insmod" "-Wl,--gc-sections" "-pie" "-Wl,-z,relro,-z,now" "-Wl,-O1" "-Wl,--strip-debug" "-nodefaultlibs"
[INFO] [stdout]   = note: some arguments are omitted. use `--verbose` to show all linker arguments
[INFO] [stdout]   = note: rust-lld: error: unable to find library -lkmod
[INFO] [stdout]           collect2: error: ld returned 1 exit status
[INFO] [stdout]           
[INFO] [stdout] 
[INFO] [stdout] 
[INFO] [stderr] error: could not compile `kmod` (example "insmod") due to 1 previous error
[INFO] running `Command { std: "docker" "inspect" "5bdd38957a498f804d955a7ee6d21aeddee03b37c31cfe4d11308625b2959310", kill_on_drop: false }`
[INFO] running `Command { std: "docker" "rm" "-f" "5bdd38957a498f804d955a7ee6d21aeddee03b37c31cfe4d11308625b2959310", kill_on_drop: false }`
[INFO] [stdout] 5bdd38957a498f804d955a7ee6d21aeddee03b37c31cfe4d11308625b2959310
