[INFO] fetching crate klv-uas 0.1.2...
[INFO] testing klv-uas-0.1.2 against 1.99.0-beta.8+cargoflags=--release for beta-release-1.100-2
[INFO] extracting crate klv-uas 0.1.2 into /workspace/builds/worker-0-tc1/source
[INFO] started tweaking crates.io crate klv-uas 0.1.2
[INFO] removed 0 missing examples
[INFO] finished tweaking crates.io crate klv-uas 0.1.2
[INFO] tweaked toml for crates.io crate klv-uas 0.1.2 written to /workspace/builds/worker-0-tc1/source/Cargo.toml
[INFO] validating manifest of crates.io crate klv-uas 0.1.2 on toolchain 1.99.0-beta.8
[INFO] running `Command { std: CARGO_HOME="/workspace/cargo-home" RUSTUP_HOME="/workspace/rustup-home" "/workspace/cargo-home/bin/cargo" "+1.99.0-beta.8" "metadata" "--manifest-path" "Cargo.toml" "--no-deps", kill_on_drop: false }`
[INFO] crate crates.io crate klv-uas 0.1.2 already has a lockfile, it will not be regenerated
[INFO] running `Command { std: CARGO_HOME="/workspace/cargo-home" RUSTUP_HOME="/workspace/rustup-home" "/workspace/cargo-home/bin/cargo" "+1.99.0-beta.8" "fetch" "--manifest-path" "Cargo.toml", kill_on_drop: false }`
[INFO] [stderr]     Blocking waiting for file lock on package cache
[INFO] [stderr]     Updating crates.io index
[INFO] [stderr]     Blocking waiting for file lock on package cache
[INFO] [stderr]  Downloading crates ...
[INFO] [stderr]   Downloaded test-case-macros v3.3.1
[INFO] [stderr]   Downloaded env_logger v0.11.9
[INFO] [stderr]   Downloaded memmem v0.1.1
[INFO] [stderr]   Downloaded test-case v3.3.1
[INFO] [stderr]   Downloaded test-case-core v3.3.1
[INFO] [stderr]   Downloaded env_filter v1.0.0
[INFO] [stderr]   Downloaded clap-verbosity-flag v2.2.3
[INFO] [stderr]   Downloaded jiff-static v0.2.23
[INFO] [stderr]   Downloaded jiff v0.2.23
[INFO] running `Command { std: "docker" "create" "-v" "/var/lib/crater-agent-workspace/builds/worker-0-tc1/source:/opt/rustwide/workdir:ro,Z" "-v" "/var/lib/crater-agent-workspace/builds/worker-0-tc1/target:/opt/rustwide/target:rw,Z" "-v" "/var/lib/crater-agent-workspace/cargo-home:/opt/rustwide/cargo-home:ro,Z" "-v" "/var/lib/crater-agent-workspace/rustup-home:/opt/rustwide/rustup-home:ro,Z" "-m" "1610612736" "--network" "none" "ghcr.io/rust-lang/crates-build-env/linux@sha256:77db811e55d90add9212f6832c23229e3de5f1c1f9905e8cb07319ea15df73ac" "sleep" "infinity", kill_on_drop: false }`
[INFO] [stdout] 0c2822fd83dd275e49e36a464ec74eda8a0f39c3b53e07a5cca0eee47e7b793b
[INFO] running `Command { std: "docker" "start" "0c2822fd83dd275e49e36a464ec74eda8a0f39c3b53e07a5cca0eee47e7b793b", kill_on_drop: false }`
[INFO] running `Command { std: "docker" "inspect" "0c2822fd83dd275e49e36a464ec74eda8a0f39c3b53e07a5cca0eee47e7b793b", kill_on_drop: false }`
[INFO] running `Command { std: "docker" "exec" "-e" "SOURCE_DIR=/opt/rustwide/workdir" "-e" "CARGO_HOME=/opt/rustwide/cargo-home" "-e" "RUSTUP_HOME=/opt/rustwide/rustup-home" "-e" "CARGO_TARGET_DIR=/opt/rustwide/target" "-w" "/opt/rustwide/workdir" "--user" "0:0" "0c2822fd83dd275e49e36a464ec74eda8a0f39c3b53e07a5cca0eee47e7b793b" "/opt/rustwide/cargo-home/bin/cargo" "+1.99.0-beta.8" "metadata" "--no-deps" "--format-version=1", kill_on_drop: false }`
[INFO] running `Command { std: "docker" "inspect" "0c2822fd83dd275e49e36a464ec74eda8a0f39c3b53e07a5cca0eee47e7b793b", kill_on_drop: false }`
[INFO] running `Command { std: "docker" "exec" "-e" "SOURCE_DIR=/opt/rustwide/workdir" "-e" "CARGO_HOME=/opt/rustwide/cargo-home" "-e" "RUSTUP_HOME=/opt/rustwide/rustup-home" "-e" "CARGO_TARGET_DIR=/opt/rustwide/target" "-e" "CARGO_INCREMENTAL=0" "-e" "RUST_BACKTRACE=full" "-e" "RUSTFLAGS=--cap-lints=warn" "-e" "RUSTDOCFLAGS=--cap-lints=warn" "-w" "/opt/rustwide/workdir" "--user" "0:0" "0c2822fd83dd275e49e36a464ec74eda8a0f39c3b53e07a5cca0eee47e7b793b" "/opt/rustwide/cargo-home/bin/cargo" "+1.99.0-beta.8" "build" "--frozen" "--message-format=json" "--release", kill_on_drop: false }`
[INFO] [stderr]    Compiling proc-macro2 v1.0.106
[INFO] [stderr]    Compiling quote v1.0.45
[INFO] [stderr]    Compiling radium v0.7.0
[INFO] [stderr]    Compiling tap v1.0.1
[INFO] [stderr]    Compiling thiserror v2.0.18
[INFO] [stderr]    Compiling funty v2.0.0
[INFO] [stderr]    Compiling strum v0.26.3
[INFO] [stderr]    Compiling wyz v0.5.1
[INFO] [stderr]    Compiling bitvec v1.0.1
[INFO] [stderr]    Compiling syn v2.0.117
[INFO] [stderr]    Compiling thiserror-impl v2.0.18
[INFO] [stderr]    Compiling strum_macros v0.26.4
[INFO] [stderr]    Compiling klv-uas v0.1.2 (/opt/rustwide/workdir)
[INFO] [stdout] warning: unused variable: `bytes`
[INFO] [stdout]    --> src/klv_value.rs:162:14
[INFO] [stdout]     |
[INFO] [stdout] 162 |     fn imapb(bytes: &[u8]) -> KlvValue {
[INFO] [stdout]     |              ^^^^^ help: if this is intentional, prefix it with an underscore: `_bytes`
[INFO] [stdout]     |
[INFO] [stdout]     = note: `#[warn(unused_variables)]` (part of `#[warn(unused)]`) on by default
[INFO] [stdout] 
[INFO] [stdout] 
[INFO] [stdout] warning: unused variable: `tag`
[INFO] [stdout]    --> src/klv_value.rs:166:12
[INFO] [stdout]     |
[INFO] [stdout] 166 |     fn set(tag: Tag, bytes: &[u8]) -> KlvValue {
[INFO] [stdout]     |            ^^^ help: if this is intentional, prefix it with an underscore: `_tag`
[INFO] [stdout] 
[INFO] [stdout] 
[INFO] [stdout] warning: unused variable: `bytes`
[INFO] [stdout]    --> src/klv_value.rs:166:22
[INFO] [stdout]     |
[INFO] [stdout] 166 |     fn set(tag: Tag, bytes: &[u8]) -> KlvValue {
[INFO] [stdout]     |                      ^^^^^ help: if this is intentional, prefix it with an underscore: `_bytes`
[INFO] [stdout] 
[INFO] [stdout] 
[INFO] [stdout] warning: unused variable: `bytes`
[INFO] [stdout]    --> src/klv_value.rs:170:13
[INFO] [stdout]     |
[INFO] [stdout] 170 |     fn byte(bytes: &[u8]) -> KlvValue {
[INFO] [stdout]     |             ^^^^^ help: if this is intentional, prefix it with an underscore: `_bytes`
[INFO] [stdout] 
[INFO] [stdout] 
[INFO] [stdout] warning: unused variable: `bytes`
[INFO] [stdout]    --> src/klv_value.rs:174:12
[INFO] [stdout]     |
[INFO] [stdout] 174 |     fn dlp(bytes: &[u8]) -> KlvValue {
[INFO] [stdout]     |            ^^^^^ help: if this is intentional, prefix it with an underscore: `_bytes`
[INFO] [stdout] 
[INFO] [stdout] 
[INFO] [stdout] warning: unused variable: `bytes`
[INFO] [stdout]    --> src/klv_value.rs:178:12
[INFO] [stdout]     |
[INFO] [stdout] 178 |     fn vlp(bytes: &[u8]) -> KlvValue {
[INFO] [stdout]     |            ^^^^^ help: if this is intentional, prefix it with an underscore: `_bytes`
[INFO] [stdout] 
[INFO] [stdout] 
[INFO] [stdout] warning: unused variable: `bytes`
[INFO] [stdout]    --> src/klv_value.rs:182:12
[INFO] [stdout]     |
[INFO] [stdout] 182 |     fn flp(bytes: &[u8]) -> KlvValue {
[INFO] [stdout]     |            ^^^^^ help: if this is intentional, prefix it with an underscore: `_bytes`
[INFO] [stdout] 
[INFO] [stdout] 
[INFO] [stderr]     Finished `release` profile [optimized] target(s) in 13.40s
[INFO] running `Command { std: "docker" "inspect" "0c2822fd83dd275e49e36a464ec74eda8a0f39c3b53e07a5cca0eee47e7b793b", kill_on_drop: false }`
[INFO] running `Command { std: "docker" "exec" "-e" "SOURCE_DIR=/opt/rustwide/workdir" "-e" "CARGO_HOME=/opt/rustwide/cargo-home" "-e" "RUSTUP_HOME=/opt/rustwide/rustup-home" "-e" "CARGO_TARGET_DIR=/opt/rustwide/target" "-e" "CARGO_INCREMENTAL=0" "-e" "RUST_BACKTRACE=full" "-e" "RUSTFLAGS=--cap-lints=warn" "-e" "RUSTDOCFLAGS=--cap-lints=warn" "-w" "/opt/rustwide/workdir" "--user" "0:0" "0c2822fd83dd275e49e36a464ec74eda8a0f39c3b53e07a5cca0eee47e7b793b" "/opt/rustwide/cargo-home/bin/cargo" "+1.99.0-beta.8" "test" "--frozen" "--no-run" "--message-format=json" "--release", kill_on_drop: false }`
[INFO] [stderr]    Compiling syn v2.0.117
[INFO] [stderr]    Compiling is_terminal_polyfill v1.70.2
[INFO] [stderr]    Compiling colorchoice v1.0.5
[INFO] [stderr]    Compiling anstyle-query v1.1.5
[INFO] [stderr]    Compiling anstyle v1.0.14
[INFO] [stderr]    Compiling memchr v2.8.0
[INFO] [stderr]    Compiling anstyle-parse v1.0.0
[INFO] [stderr]    Compiling regex-syntax v0.8.10
[INFO] [stderr]    Compiling cfg-if v1.0.4
[INFO] [stderr]    Compiling clap_lex v1.1.0
[INFO] [stderr]    Compiling log v0.4.29
[INFO] [stderr]    Compiling tracing-core v0.1.36
[INFO] [stderr]    Compiling anstream v1.0.0
[INFO] [stderr]    Compiling anstream v0.6.21
[INFO] [stderr]    Compiling jiff v0.2.23
[INFO] [stderr]    Compiling clap_builder v4.6.0
[INFO] [stderr]    Compiling aho-corasick v1.1.4
[INFO] [stderr]    Compiling itertools v0.13.0
[INFO] [stderr]    Compiling regex-automata v0.4.14
[INFO] [stderr]    Compiling test-case-core v3.3.1
[INFO] [stderr]    Compiling clap_derive v4.6.0
[INFO] [stderr]    Compiling regex v1.12.3
[INFO] [stderr]    Compiling thiserror-impl v2.0.18
[INFO] [stderr]    Compiling thiserror v2.0.18
[INFO] [stderr]    Compiling env_filter v1.0.0
[INFO] [stderr]    Compiling tracing-attributes v0.1.31
[INFO] [stderr]    Compiling clap v4.6.0
[INFO] [stderr]    Compiling test-case-macros v3.3.1
[INFO] [stderr]    Compiling strum_macros v0.26.4
[INFO] [stderr]    Compiling test-case v3.3.1
[INFO] [stderr]    Compiling env_logger v0.11.9
[INFO] [stderr]    Compiling clap-verbosity-flag v2.2.3
[INFO] [stderr]    Compiling tracing v0.1.44
[INFO] [stderr]    Compiling klv-uas v0.1.2 (/opt/rustwide/workdir)
[INFO] [stdout] warning: unused variable: `bytes`
[INFO] [stdout]    --> src/klv_value.rs:162:14
[INFO] [stdout]     |
[INFO] [stdout] 162 |     fn imapb(bytes: &[u8]) -> KlvValue {
[INFO] [stdout]     |              ^^^^^ help: if this is intentional, prefix it with an underscore: `_bytes`
[INFO] [stdout]     |
[INFO] [stdout]     = note: `#[warn(unused_variables)]` (part of `#[warn(unused)]`) on by default
[INFO] [stdout] 
[INFO] [stdout] 
[INFO] [stdout] warning: unused variable: `tag`
[INFO] [stdout]    --> src/klv_value.rs:166:12
[INFO] [stdout]     |
[INFO] [stdout] 166 |     fn set(tag: Tag, bytes: &[u8]) -> KlvValue {
[INFO] [stdout]     |            ^^^ help: if this is intentional, prefix it with an underscore: `_tag`
[INFO] [stdout] 
[INFO] [stdout] 
[INFO] [stdout] warning: unused variable: `bytes`
[INFO] [stdout]    --> src/klv_value.rs:166:22
[INFO] [stdout]     |
[INFO] [stdout] 166 |     fn set(tag: Tag, bytes: &[u8]) -> KlvValue {
[INFO] [stdout]     |                      ^^^^^ help: if this is intentional, prefix it with an underscore: `_bytes`
[INFO] [stdout] 
[INFO] [stdout] 
[INFO] [stdout] warning: unused variable: `bytes`
[INFO] [stdout]    --> src/klv_value.rs:170:13
[INFO] [stdout]     |
[INFO] [stdout] 170 |     fn byte(bytes: &[u8]) -> KlvValue {
[INFO] [stdout]     |             ^^^^^ help: if this is intentional, prefix it with an underscore: `_bytes`
[INFO] [stdout] 
[INFO] [stdout] 
[INFO] [stdout] warning: unused variable: `bytes`
[INFO] [stdout]    --> src/klv_value.rs:174:12
[INFO] [stdout]     |
[INFO] [stdout] 174 |     fn dlp(bytes: &[u8]) -> KlvValue {
[INFO] [stdout]     |            ^^^^^ help: if this is intentional, prefix it with an underscore: `_bytes`
[INFO] [stdout] 
[INFO] [stdout] 
[INFO] [stdout] warning: unused variable: `bytes`
[INFO] [stdout]    --> src/klv_value.rs:178:12
[INFO] [stdout]     |
[INFO] [stdout] 178 |     fn vlp(bytes: &[u8]) -> KlvValue {
[INFO] [stdout]     |            ^^^^^ help: if this is intentional, prefix it with an underscore: `_bytes`
[INFO] [stdout] 
[INFO] [stdout] 
[INFO] [stdout] warning: unused variable: `bytes`
[INFO] [stdout]    --> src/klv_value.rs:182:12
[INFO] [stdout]     |
[INFO] [stdout] 182 |     fn flp(bytes: &[u8]) -> KlvValue {
[INFO] [stdout]     |            ^^^^^ help: if this is intentional, prefix it with an underscore: `_bytes`
[INFO] [stdout] 
[INFO] [stdout] 
[INFO] [stdout] error[E0433]: cannot find module or crate `ts_analyzer` in this scope
[INFO] [stdout]  --> examples/klv_timestamp.rs:9:5
[INFO] [stdout]   |
[INFO] [stdout] 9 | use ts_analyzer::reader::TsReader;
[INFO] [stdout]   |     ^^^^^^^^^^^ use of unresolved module or unlinked crate `ts_analyzer`
[INFO] [stdout]   |
[INFO] [stdout]   = help: if you wanted to use a crate named `ts_analyzer`, use `cargo add ts_analyzer` to add it to your `Cargo.toml`
[INFO] [stdout] 
[INFO] [stdout] 
[INFO] [stdout] For more information about this error, try `rustc --explain E0433`.
[INFO] [stdout] 
[INFO] [stderr] error: could not compile `klv-uas` (example "klv_timestamp") due to 1 previous error
[INFO] [stderr] warning: build failed, waiting for other jobs to finish...
[INFO] [stdout] error[E0433]: cannot find module or crate `ts_analyzer` in this scope
[INFO] [stdout]   --> examples/sort_laser_videos.rs:15:5
[INFO] [stdout]    |
[INFO] [stdout] 15 | use ts_analyzer::reader::TsReader;
[INFO] [stdout]    |     ^^^^^^^^^^^ use of unresolved module or unlinked crate `ts_analyzer`
[INFO] [stdout]    |
[INFO] [stdout]    = help: if you wanted to use a crate named `ts_analyzer`, use `cargo add ts_analyzer` to add it to your `Cargo.toml`
[INFO] [stdout] 
[INFO] [stdout] 
[INFO] [stdout] error[E0277]: the trait bound `&[u8]: From<Vec<u8>>` is not satisfied
[INFO] [stdout]    --> src/klv_packet.rs:324:50
[INFO] [stdout]     |
[INFO] [stdout] 324 |         let packet = KlvPacket::from_bytes(bytes.into()).unwrap().unwrap();
[INFO] [stdout]     |                                                  ^^^^ the trait `From<Vec<u8>>` is not implemented for `&[u8]`
[INFO] [stdout]     |
[INFO] [stdout]     = help: the following other types implement trait `From<T>`:
[INFO] [stdout]               `[T; 1]` implements `From<(T,)>`
[INFO] [stdout]               `[T; 2]` implements `From<(T, T)>`
[INFO] [stdout]               `[T; 3]` implements `From<(T, T, T)>`
[INFO] [stdout]               `[T; 4]` implements `From<(T, T, T, T)>`
[INFO] [stdout]               `[T; 5]` implements `From<(T, T, T, T, T)>`
[INFO] [stdout]               `[T; 6]` implements `From<(T, T, T, T, T, T)>`
[INFO] [stdout]               `[T; 7]` implements `From<(T, T, T, T, T, T, T)>`
[INFO] [stdout]               `[T; 8]` implements `From<(T, T, T, T, T, T, T, T)>`
[INFO] [stdout]             and 7 others
[INFO] [stdout]     = note: required for `Vec<u8>` to implement `Into<&[u8]>`
[INFO] [stdout] 
[INFO] [stdout] 
[INFO] [stdout] For more information about this error, try `rustc --explain E0433`.
[INFO] [stdout] 
[INFO] [stderr] error: could not compile `klv-uas` (example "sort_laser_videos") due to 1 previous error
[INFO] [stdout] warning: unused variable: `bytes`
[INFO] [stdout]    --> src/klv_value.rs:162:14
[INFO] [stdout]     |
[INFO] [stdout] 162 |     fn imapb(bytes: &[u8]) -> KlvValue {
[INFO] [stdout]     |              ^^^^^ help: if this is intentional, prefix it with an underscore: `_bytes`
[INFO] [stdout]     |
[INFO] [stdout]     = note: `#[warn(unused_variables)]` (part of `#[warn(unused)]`) on by default
[INFO] [stdout] 
[INFO] [stdout] 
[INFO] [stdout] warning: unused variable: `tag`
[INFO] [stdout]    --> src/klv_value.rs:166:12
[INFO] [stdout]     |
[INFO] [stdout] 166 |     fn set(tag: Tag, bytes: &[u8]) -> KlvValue {
[INFO] [stdout]     |            ^^^ help: if this is intentional, prefix it with an underscore: `_tag`
[INFO] [stdout] 
[INFO] [stdout] 
[INFO] [stdout] warning: unused variable: `bytes`
[INFO] [stdout]    --> src/klv_value.rs:166:22
[INFO] [stdout]     |
[INFO] [stdout] 166 |     fn set(tag: Tag, bytes: &[u8]) -> KlvValue {
[INFO] [stdout]     |                      ^^^^^ help: if this is intentional, prefix it with an underscore: `_bytes`
[INFO] [stdout] 
[INFO] [stdout] 
[INFO] [stdout] warning: unused variable: `bytes`
[INFO] [stdout]    --> src/klv_value.rs:170:13
[INFO] [stdout]     |
[INFO] [stdout] 170 |     fn byte(bytes: &[u8]) -> KlvValue {
[INFO] [stdout]     |             ^^^^^ help: if this is intentional, prefix it with an underscore: `_bytes`
[INFO] [stdout] 
[INFO] [stdout] 
[INFO] [stdout] warning: unused variable: `bytes`
[INFO] [stdout]    --> src/klv_value.rs:174:12
[INFO] [stdout]     |
[INFO] [stdout] 174 |     fn dlp(bytes: &[u8]) -> KlvValue {
[INFO] [stdout]     |            ^^^^^ help: if this is intentional, prefix it with an underscore: `_bytes`
[INFO] [stdout] 
[INFO] [stdout] 
[INFO] [stdout] warning: unused variable: `bytes`
[INFO] [stdout]    --> src/klv_value.rs:178:12
[INFO] [stdout]     |
[INFO] [stdout] 178 |     fn vlp(bytes: &[u8]) -> KlvValue {
[INFO] [stdout]     |            ^^^^^ help: if this is intentional, prefix it with an underscore: `_bytes`
[INFO] [stdout] 
[INFO] [stdout] 
[INFO] [stdout] warning: unused variable: `bytes`
[INFO] [stdout]    --> src/klv_value.rs:182:12
[INFO] [stdout]     |
[INFO] [stdout] 182 |     fn flp(bytes: &[u8]) -> KlvValue {
[INFO] [stdout]     |            ^^^^^ help: if this is intentional, prefix it with an underscore: `_bytes`
[INFO] [stdout] 
[INFO] [stdout] 
[INFO] [stdout] For more information about this error, try `rustc --explain E0277`.
[INFO] [stdout] 
[INFO] [stderr] error: could not compile `klv-uas` (lib test) due to 1 previous error; 7 warnings emitted
[INFO] running `Command { std: "docker" "inspect" "0c2822fd83dd275e49e36a464ec74eda8a0f39c3b53e07a5cca0eee47e7b793b", kill_on_drop: false }`
[INFO] running `Command { std: "docker" "rm" "-f" "0c2822fd83dd275e49e36a464ec74eda8a0f39c3b53e07a5cca0eee47e7b793b", kill_on_drop: false }`
[INFO] [stdout] 0c2822fd83dd275e49e36a464ec74eda8a0f39c3b53e07a5cca0eee47e7b793b
