[INFO] fetching crate kittycad-execution-plan-macros 0.1.9...
[INFO] testing kittycad-execution-plan-macros-0.1.9 against 1.100.0-beta.1+cargoflags=--release for beta-release-1.100-2
[INFO] extracting crate kittycad-execution-plan-macros 0.1.9 into /workspace/builds/worker-0-tc2/source
[INFO] started tweaking crates.io crate kittycad-execution-plan-macros 0.1.9
[INFO] finished tweaking crates.io crate kittycad-execution-plan-macros 0.1.9
[INFO] tweaked toml for crates.io crate kittycad-execution-plan-macros 0.1.9 written to /workspace/builds/worker-0-tc2/source/Cargo.toml
[INFO] validating manifest of crates.io crate kittycad-execution-plan-macros 0.1.9 on toolchain 1.100.0-beta.1
[INFO] running `Command { std: CARGO_HOME="/workspace/cargo-home" RUSTUP_HOME="/workspace/rustup-home" "/workspace/cargo-home/bin/cargo" "+1.100.0-beta.1" "metadata" "--manifest-path" "Cargo.toml" "--no-deps", kill_on_drop: false }`
[INFO] running `Command { std: CARGO_HOME="/workspace/cargo-home" RUSTUP_HOME="/workspace/rustup-home" "/workspace/cargo-home/bin/cargo" "+1.100.0-beta.1" "generate-lockfile" "--manifest-path" "Cargo.toml", kill_on_drop: false }`
[INFO] [stderr]     Updating crates.io index
[INFO] [stderr]      Locking 63 packages to highest compatible versions
[INFO] [stderr]       Adding syn v2.0.119 (available: v3.0.9)
[INFO] running `Command { std: CARGO_HOME="/workspace/cargo-home" RUSTUP_HOME="/workspace/rustup-home" "/workspace/cargo-home/bin/cargo" "+1.100.0-beta.1" "fetch" "--manifest-path" "Cargo.toml", kill_on_drop: false }`
[INFO] running `Command { std: "docker" "create" "-v" "/var/lib/crater-agent-workspace/builds/worker-0-tc2/source:/opt/rustwide/workdir:ro,Z" "-v" "/var/lib/crater-agent-workspace/builds/worker-0-tc2/target:/opt/rustwide/target:rw,Z" "-v" "/var/lib/crater-agent-workspace/cargo-home:/opt/rustwide/cargo-home:ro,Z" "-v" "/var/lib/crater-agent-workspace/rustup-home:/opt/rustwide/rustup-home:ro,Z" "-m" "1610612736" "--network" "none" "ghcr.io/rust-lang/crates-build-env/linux@sha256:77db811e55d90add9212f6832c23229e3de5f1c1f9905e8cb07319ea15df73ac" "sleep" "infinity", kill_on_drop: false }`
[INFO] [stdout] 1c54c3532dbeb543c9c829afd00c3253c70e3e0e6d7e22862121c13f292c4458
[INFO] running `Command { std: "docker" "start" "1c54c3532dbeb543c9c829afd00c3253c70e3e0e6d7e22862121c13f292c4458", kill_on_drop: false }`
[INFO] running `Command { std: "docker" "inspect" "1c54c3532dbeb543c9c829afd00c3253c70e3e0e6d7e22862121c13f292c4458", kill_on_drop: false }`
[INFO] running `Command { std: "docker" "exec" "-e" "SOURCE_DIR=/opt/rustwide/workdir" "-e" "CARGO_HOME=/opt/rustwide/cargo-home" "-e" "RUSTUP_HOME=/opt/rustwide/rustup-home" "-e" "CARGO_TARGET_DIR=/opt/rustwide/target" "-w" "/opt/rustwide/workdir" "--user" "0:0" "1c54c3532dbeb543c9c829afd00c3253c70e3e0e6d7e22862121c13f292c4458" "/opt/rustwide/cargo-home/bin/cargo" "+1.100.0-beta.1" "metadata" "--no-deps" "--format-version=1", kill_on_drop: false }`
[INFO] running `Command { std: "docker" "inspect" "1c54c3532dbeb543c9c829afd00c3253c70e3e0e6d7e22862121c13f292c4458", kill_on_drop: false }`
[INFO] running `Command { std: "docker" "exec" "-e" "SOURCE_DIR=/opt/rustwide/workdir" "-e" "CARGO_HOME=/opt/rustwide/cargo-home" "-e" "RUSTUP_HOME=/opt/rustwide/rustup-home" "-e" "CARGO_TARGET_DIR=/opt/rustwide/target" "-e" "CARGO_INCREMENTAL=0" "-e" "RUST_BACKTRACE=full" "-e" "RUSTFLAGS=--cap-lints=warn" "-e" "RUSTDOCFLAGS=--cap-lints=warn" "-w" "/opt/rustwide/workdir" "--user" "0:0" "1c54c3532dbeb543c9c829afd00c3253c70e3e0e6d7e22862121c13f292c4458" "/opt/rustwide/cargo-home/bin/cargo" "+1.100.0-beta.1" "build" "--frozen" "--message-format=json" "--release", kill_on_drop: false }`
[INFO] [stderr]    Compiling syn v2.0.119
[INFO] [stderr]    Compiling kittycad-execution-plan-macros v0.1.9 (/opt/rustwide/workdir)
[INFO] [stderr]     Finished `release` profile [optimized] target(s) in 5.38s
[INFO] running `Command { std: "docker" "inspect" "1c54c3532dbeb543c9c829afd00c3253c70e3e0e6d7e22862121c13f292c4458", kill_on_drop: false }`
[INFO] running `Command { std: "docker" "exec" "-e" "SOURCE_DIR=/opt/rustwide/workdir" "-e" "CARGO_HOME=/opt/rustwide/cargo-home" "-e" "RUSTUP_HOME=/opt/rustwide/rustup-home" "-e" "CARGO_TARGET_DIR=/opt/rustwide/target" "-e" "CARGO_INCREMENTAL=0" "-e" "RUST_BACKTRACE=full" "-e" "RUSTFLAGS=--cap-lints=warn" "-e" "RUSTDOCFLAGS=--cap-lints=warn" "-w" "/opt/rustwide/workdir" "--user" "0:0" "1c54c3532dbeb543c9c829afd00c3253c70e3e0e6d7e22862121c13f292c4458" "/opt/rustwide/cargo-home/bin/cargo" "+1.100.0-beta.1" "test" "--frozen" "--no-run" "--message-format=json" "--release", kill_on_drop: false }`
[INFO] [stderr]    Compiling bitflags v2.13.2
[INFO] [stderr]    Compiling linux-raw-sys v0.12.1
[INFO] [stderr]    Compiling equivalent v1.0.3
[INFO] [stderr]    Compiling getrandom v0.4.3
[INFO] [stderr]    Compiling rustix v1.1.5
[INFO] [stderr]    Compiling aho-corasick v1.1.5
[INFO] [stderr]    Compiling fastrand v2.5.0
[INFO] [stderr]    Compiling thiserror-impl v1.0.69
[INFO] [stderr]    Compiling winnow v0.7.15
[INFO] [stderr]    Compiling toml_write v0.1.2
[INFO] [stderr]    Compiling same-file v1.0.6
[INFO] [stderr]    Compiling toml_datetime v0.6.11
[INFO] [stderr]    Compiling serde_spanned v0.6.9
[INFO] [stderr]    Compiling regex-automata v0.4.18
[INFO] [stderr]    Compiling indexmap v2.14.2
[INFO] [stderr]    Compiling home v0.5.12
[INFO] [stderr]    Compiling console v0.16.6
[INFO] [stderr]    Compiling uuid v1.28.0
[INFO] [stderr]    Compiling anyhow v1.0.104
[INFO] [stderr]    Compiling walkdir v2.5.0
[INFO] [stderr]    Compiling tempfile v3.27.0
[INFO] [stderr]    Compiling semver v1.0.28
[INFO] [stderr]    Compiling similar v2.7.0
[INFO] [stderr]    Compiling kittycad-execution-plan-macros v0.1.9 (/opt/rustwide/workdir)
[INFO] [stderr]    Compiling syn v2.0.119
[INFO] [stderr]    Compiling insta v1.49.0
[INFO] [stderr]    Compiling thiserror v1.0.69
[INFO] [stderr]    Compiling kittycad-execution-plan-traits v0.1.15
[INFO] [stdout] error[E0061]: this function takes 3 arguments but 1 argument was supplied
[INFO] [stdout]   --> /opt/rustwide/cargo-home/registry/src/index.crates.io-1949cf8c6b5b557f/kittycad-execution-plan-traits-0.1.15/src/containers.rs:99:9
[INFO] [stdout]    |
[INFO] [stdout] 99 |         Vec::from_parts(values)
[INFO] [stdout]    |         ^^^^^^^^^^^^^^^-------- two arguments of type `usize` and `usize` are missing
[INFO] [stdout]    |
[INFO] [stdout] note: expected `NonNull<_>`, found `&mut I`
[INFO] [stdout]   --> /opt/rustwide/cargo-home/registry/src/index.crates.io-1949cf8c6b5b557f/kittycad-execution-plan-traits-0.1.15/src/containers.rs:99:25
[INFO] [stdout]    |
[INFO] [stdout] 99 |         Vec::from_parts(values)
[INFO] [stdout]    |                         ^^^^^^
[INFO] [stdout]    = note:         expected struct `NonNull<_>`
[INFO] [stdout]            found mutable reference `&mut I`
[INFO] [stdout] note: associated function defined here
[INFO] [stdout]   --> /rustc/e3feeb59cd1bdd011a2bfcc0747b55125d9b8527/library/alloc/src/vec/mod.rs:748:24
[INFO] [stdout] help: call `Into::into` on this expression to convert `&mut I` into `NonNull<_>`
[INFO] [stdout]    |
[INFO] [stdout] 99 |         Vec::from_parts(values.into())
[INFO] [stdout]    |                               +++++++
[INFO] [stdout] help: provide the arguments
[INFO] [stdout]    |
[INFO] [stdout] 99 -         Vec::from_parts(values)
[INFO] [stdout] 99 +         Vec::from_parts(/* ptr */, /* usize */, /* usize */)
[INFO] [stdout]    |
[INFO] [stdout] 
[INFO] [stdout] 
[INFO] [stdout] error[E0599]: `Vec<_>` is not an iterator
[INFO] [stdout]    --> /opt/rustwide/cargo-home/registry/src/index.crates.io-1949cf8c6b5b557f/kittycad-execution-plan-traits-0.1.15/src/containers.rs:101:14
[INFO] [stdout]     |
[INFO] [stdout]  99 |         Vec::from_parts(values)
[INFO] [stdout] 100 |             // Then convert the vec into a hashmap.
[INFO] [stdout] 101 |             .map(|(v, count)| (v.into_iter().collect(), count))
[INFO] [stdout]     |              ^^^ `Vec<_>` is not an iterator
[INFO] [stdout]     |
[INFO] [stdout]     = note: the following trait bounds were not satisfied:
[INFO] [stdout]             `Vec<_>: Iterator`
[INFO] [stdout]             which is required by `&mut Vec<_>: Iterator`
[INFO] [stdout]             `[_]: Iterator`
[INFO] [stdout]             which is required by `&mut [_]: Iterator`
[INFO] [stdout] 
[INFO] [stdout] 
[INFO] [stderr]    Compiling toml_edit v0.22.27
[INFO] [stdout] Some errors have detailed explanations: E0061, E0599.
[INFO] [stdout] 
[INFO] [stdout] For more information about an error, try `rustc --explain E0061`.
[INFO] [stdout] 
[INFO] [stderr] error: could not compile `kittycad-execution-plan-traits` (lib) due to 2 previous errors
[INFO] [stderr] warning: build failed, waiting for other jobs to finish...
[INFO] [stdout] error[E0061]: this function takes 3 arguments but 1 argument was supplied
[INFO] [stdout]   --> /opt/rustwide/cargo-home/registry/src/index.crates.io-1949cf8c6b5b557f/kittycad-execution-plan-traits-0.1.15/src/containers.rs:99:9
[INFO] [stdout]    |
[INFO] [stdout] 99 |         Vec::from_parts(values)
[INFO] [stdout]    |         ^^^^^^^^^^^^^^^-------- two arguments of type `usize` and `usize` are missing
[INFO] [stdout]    |
[INFO] [stdout] note: expected `NonNull<_>`, found `&mut I`
[INFO] [stdout]   --> /opt/rustwide/cargo-home/registry/src/index.crates.io-1949cf8c6b5b557f/kittycad-execution-plan-traits-0.1.15/src/containers.rs:99:25
[INFO] [stdout]    |
[INFO] [stdout] 99 |         Vec::from_parts(values)
[INFO] [stdout]    |                         ^^^^^^
[INFO] [stdout]    = note:         expected struct `NonNull<_>`
[INFO] [stdout]            found mutable reference `&mut I`
[INFO] [stdout] note: associated function defined here
[INFO] [stdout]   --> /rustc/e3feeb59cd1bdd011a2bfcc0747b55125d9b8527/library/alloc/src/vec/mod.rs:748:24
[INFO] [stdout] help: call `Into::into` on this expression to convert `&mut I` into `NonNull<_>`
[INFO] [stdout]    |
[INFO] [stdout] 99 |         Vec::from_parts(values.into())
[INFO] [stdout]    |                               +++++++
[INFO] [stdout] help: provide the arguments
[INFO] [stdout]    |
[INFO] [stdout] 99 -         Vec::from_parts(values)
[INFO] [stdout] 99 +         Vec::from_parts(/* ptr */, /* usize */, /* usize */)
[INFO] [stdout]    |
[INFO] [stdout] 
[INFO] [stdout] 
[INFO] [stdout] error[E0599]: `Vec<_>` is not an iterator
[INFO] [stdout]    --> /opt/rustwide/cargo-home/registry/src/index.crates.io-1949cf8c6b5b557f/kittycad-execution-plan-traits-0.1.15/src/containers.rs:101:14
[INFO] [stdout]     |
[INFO] [stdout]  99 |         Vec::from_parts(values)
[INFO] [stdout] 100 |             // Then convert the vec into a hashmap.
[INFO] [stdout] 101 |             .map(|(v, count)| (v.into_iter().collect(), count))
[INFO] [stdout]     |              ^^^ `Vec<_>` is not an iterator
[INFO] [stdout]     |
[INFO] [stdout]     = note: the following trait bounds were not satisfied:
[INFO] [stdout]             `Vec<_>: Iterator`
[INFO] [stdout]             which is required by `&mut Vec<_>: Iterator`
[INFO] [stdout]             `[_]: Iterator`
[INFO] [stdout]             which is required by `&mut [_]: Iterator`
[INFO] [stdout] 
[INFO] [stdout] 
[INFO] [stdout] Some errors have detailed explanations: E0061, E0599.
[INFO] [stdout] 
[INFO] [stdout] For more information about an error, try `rustc --explain E0061`.
[INFO] [stdout] 
[INFO] [stderr] error: could not compile `kittycad-execution-plan-traits` (lib) due to 2 previous errors
[INFO] running `Command { std: "docker" "inspect" "1c54c3532dbeb543c9c829afd00c3253c70e3e0e6d7e22862121c13f292c4458", kill_on_drop: false }`
[INFO] running `Command { std: "docker" "rm" "-f" "1c54c3532dbeb543c9c829afd00c3253c70e3e0e6d7e22862121c13f292c4458", kill_on_drop: false }`
[INFO] [stdout] 1c54c3532dbeb543c9c829afd00c3253c70e3e0e6d7e22862121c13f292c4458
