[INFO] fetching crate kitsune2_transport_tx5 0.5.0-dev.4...
[INFO] testing kitsune2_transport_tx5-0.5.0-dev.4 against 1.100.0-beta.1+cargoflags=--release for beta-release-1.100-2
[INFO] extracting crate kitsune2_transport_tx5 0.5.0-dev.4 into /workspace/builds/worker-1-tc2/source
[INFO] started tweaking crates.io crate kitsune2_transport_tx5 0.5.0-dev.4
[INFO] removed 0 missing tests
[INFO] finished tweaking crates.io crate kitsune2_transport_tx5 0.5.0-dev.4
[INFO] tweaked toml for crates.io crate kitsune2_transport_tx5 0.5.0-dev.4 written to /workspace/builds/worker-1-tc2/source/Cargo.toml
[INFO] validating manifest of crates.io crate kitsune2_transport_tx5 0.5.0-dev.4 on toolchain 1.100.0-beta.1
[INFO] running `Command { std: CARGO_HOME="/workspace/cargo-home" RUSTUP_HOME="/workspace/rustup-home" "/workspace/cargo-home/bin/cargo" "+1.100.0-beta.1" "metadata" "--manifest-path" "Cargo.toml" "--no-deps", kill_on_drop: false }`
[INFO] crate crates.io crate kitsune2_transport_tx5 0.5.0-dev.4 already has a lockfile, it will not be regenerated
[INFO] running `Command { std: CARGO_HOME="/workspace/cargo-home" RUSTUP_HOME="/workspace/rustup-home" "/workspace/cargo-home/bin/cargo" "+1.100.0-beta.1" "fetch" "--manifest-path" "Cargo.toml", kill_on_drop: false }`
[INFO] running `Command { std: "docker" "create" "-v" "/var/lib/crater-agent-workspace/builds/worker-1-tc2/source:/opt/rustwide/workdir:ro,Z" "-v" "/var/lib/crater-agent-workspace/builds/worker-1-tc2/target:/opt/rustwide/target:rw,Z" "-v" "/var/lib/crater-agent-workspace/cargo-home:/opt/rustwide/cargo-home:ro,Z" "-v" "/var/lib/crater-agent-workspace/rustup-home:/opt/rustwide/rustup-home:ro,Z" "-m" "1610612736" "--network" "none" "ghcr.io/rust-lang/crates-build-env/linux@sha256:77db811e55d90add9212f6832c23229e3de5f1c1f9905e8cb07319ea15df73ac" "sleep" "infinity", kill_on_drop: false }`
[INFO] [stdout] 7a0de10aaa305b23f2b7d3187962bba82a3c4cad18bbe482e31cb8db05f690d4
[INFO] running `Command { std: "docker" "start" "7a0de10aaa305b23f2b7d3187962bba82a3c4cad18bbe482e31cb8db05f690d4", kill_on_drop: false }`
[INFO] running `Command { std: "docker" "inspect" "7a0de10aaa305b23f2b7d3187962bba82a3c4cad18bbe482e31cb8db05f690d4", kill_on_drop: false }`
[INFO] running `Command { std: "docker" "exec" "-e" "SOURCE_DIR=/opt/rustwide/workdir" "-e" "CARGO_HOME=/opt/rustwide/cargo-home" "-e" "RUSTUP_HOME=/opt/rustwide/rustup-home" "-e" "CARGO_TARGET_DIR=/opt/rustwide/target" "-w" "/opt/rustwide/workdir" "--user" "0:0" "7a0de10aaa305b23f2b7d3187962bba82a3c4cad18bbe482e31cb8db05f690d4" "/opt/rustwide/cargo-home/bin/cargo" "+1.100.0-beta.1" "metadata" "--no-deps" "--format-version=1", kill_on_drop: false }`
[INFO] running `Command { std: "docker" "inspect" "7a0de10aaa305b23f2b7d3187962bba82a3c4cad18bbe482e31cb8db05f690d4", kill_on_drop: false }`
[INFO] running `Command { std: "docker" "exec" "-e" "SOURCE_DIR=/opt/rustwide/workdir" "-e" "CARGO_HOME=/opt/rustwide/cargo-home" "-e" "RUSTUP_HOME=/opt/rustwide/rustup-home" "-e" "CARGO_TARGET_DIR=/opt/rustwide/target" "-e" "CARGO_INCREMENTAL=0" "-e" "RUST_BACKTRACE=full" "-e" "RUSTFLAGS=--cap-lints=warn" "-e" "RUSTDOCFLAGS=--cap-lints=warn" "-w" "/opt/rustwide/workdir" "--user" "0:0" "7a0de10aaa305b23f2b7d3187962bba82a3c4cad18bbe482e31cb8db05f690d4" "/opt/rustwide/cargo-home/bin/cargo" "+1.100.0-beta.1" "build" "--frozen" "--message-format=json" "--release", kill_on_drop: false }`
[INFO] [stderr]    Compiling crc32fast v1.5.0
[INFO] [stderr]    Compiling zlib-rs v0.6.3
[INFO] [stderr]    Compiling simd-adler32 v0.3.9
[INFO] [stderr]    Compiling base64 v0.22.1
[INFO] [stderr]    Compiling futures-sink v0.3.32
[INFO] [stderr]    Compiling ring v0.17.14
[INFO] [stderr]    Compiling bytes v1.11.1
[INFO] [stderr]    Compiling futures-channel v0.3.32
[INFO] [stderr]    Compiling parking_lot_core v0.9.12
[INFO] [stderr]    Compiling rustix v1.1.4
[INFO] [stderr]    Compiling httparse v1.10.1
[INFO] [stderr]    Compiling generic-array v0.14.7
[INFO] [stderr]    Compiling typenum v1.20.0
[INFO] [stderr]    Compiling rustls v0.23.40
[INFO] [stderr]    Compiling bitflags v2.11.1
[INFO] [stderr]    Compiling hashbrown v0.16.1
[INFO] [stderr]    Compiling http v1.4.0
[INFO] [stderr]    Compiling serde_json v1.0.149
[INFO] [stderr]    Compiling no_std_io2 v0.9.4
[INFO] [stderr]    Compiling rle-decode-fast v1.0.3
[INFO] [stderr]    Compiling icu_properties v2.2.0
[INFO] [stderr]    Compiling icu_normalizer v2.2.0
[INFO] [stderr]    Compiling parking_lot v0.12.5
[INFO] [stderr]    Compiling filetime v0.2.28
[INFO] [stderr]    Compiling zopfli v0.8.3
[INFO] [stderr]    Compiling aho-corasick v1.1.4
[INFO] [stderr]    Compiling futures-util v0.3.32
[INFO] [stderr]    Compiling utf8-zero v0.8.1
[INFO] [stderr]    Compiling tokio v1.52.3
[INFO] [stderr]    Compiling percent-encoding v2.3.2
[INFO] [stderr]    Compiling libflate_lz77 v2.3.0
[INFO] [stderr]    Compiling adler32 v1.2.0
[INFO] [stderr]    Compiling regex-syntax v0.8.10
[INFO] [stderr]    Compiling typed-path v0.12.3
[INFO] [stderr]    Compiling dary_heap v0.3.9
[INFO] [stderr]    Compiling libflate v2.3.0
[INFO] [stderr]    Compiling curve25519-dalek v4.1.3
[INFO] [stderr]    Compiling ureq-proto v0.6.0
[INFO] [stderr]    Compiling idna_adapter v1.2.2
[INFO] [stderr]    Compiling proc-macro2-diagnostics v0.10.1
[INFO] [stderr]    Compiling minisign-verify v0.2.5
[INFO] [stderr]    Compiling idna v1.1.0
[INFO] [stderr]    Compiling ureq v3.3.0
[INFO] [stderr]    Compiling crypto-common v0.1.7
[INFO] [stderr]    Compiling block-buffer v0.10.4
[INFO] [stderr]    Compiling curve25519-dalek-derive v0.1.1
[INFO] [stderr]    Compiling xdg v2.5.2
[INFO] [stderr]    Compiling xattr v1.6.1
[INFO] [stderr]    Compiling tar v0.4.45
[INFO] [stderr]    Compiling digest v0.10.7
[INFO] [stderr]    Compiling yansi v1.0.1
[INFO] [stderr]    Compiling signature v2.2.0
[INFO] [stderr]    Compiling tx5-core v0.8.1
[INFO] [stderr]    Compiling ed25519 v2.2.3
[INFO] [stderr]    Compiling sha2 v0.10.9
[INFO] [stderr]    Compiling app_dirs2 v2.5.5
[INFO] [stderr]    Compiling url v2.5.8
[INFO] [stderr]    Compiling rand_chacha v0.3.1
[INFO] [stderr]    Compiling ouroboros_macro v0.18.5
[INFO] [stderr]    Compiling indexmap v1.9.3
[INFO] [stderr]    Compiling rand v0.8.6
[INFO] [stderr]    Compiling flate2 v1.1.9
[INFO] [stderr]    Compiling regex-automata v0.4.14
[INFO] [stderr]    Compiling ed25519-dalek v2.2.0
[INFO] [stderr]    Compiling aliasable v0.1.3
[INFO] [stderr]    Compiling thiserror-impl v1.0.69
[INFO] [stderr]    Compiling zip v8.6.0
[INFO] [stderr]    Compiling zip v4.6.1
[INFO] [stderr]    Compiling itertools v0.13.0
[INFO] [stderr]    Compiling futures-executor v0.3.32
[INFO] [stderr]    Compiling tempfile v3.27.0
[INFO] [stderr]    Compiling futures v0.3.32
[INFO] [stderr]    Compiling ouroboros v0.18.5
[INFO] [stderr]    Compiling thiserror v1.0.69
[INFO] [stderr]    Compiling opentelemetry_api v0.20.0
[INFO] [stderr]    Compiling libsodium-sys-stable v1.24.0
[INFO] [stderr]    Compiling influxive-otel-atomic-obs v0.0.4-alpha.1
[INFO] [stderr]    Compiling prost-derive v0.14.3
[INFO] [stderr]    Compiling regex v1.12.3
[INFO] [stderr]    Compiling Inflector v0.11.4
[INFO] [stderr]    Compiling prost v0.14.3
[INFO] [stderr]    Compiling tx5-go-pion-sys v0.8.1
[INFO] [stderr]    Compiling kitsune2_api v0.5.0-dev.4
[INFO] [stderr]    Compiling rustls-webpki v0.103.13
[INFO] [stderr]    Compiling tungstenite v0.27.0
[INFO] [stderr]    Compiling tokio-rustls v0.26.4
[INFO] [stderr]    Compiling tokio-tungstenite v0.27.0
[INFO] [stderr]    Compiling sbd-client v0.4.0
[INFO] [stderr]    Compiling tx5-go-pion v0.8.1
[INFO] [stderr]    Compiling sodoken v0.1.0
[INFO] [stderr]    Compiling sbd-e2e-crypto-client v0.4.0
[INFO] [stderr]    Compiling tx5-signal v0.8.1
[INFO] [stderr]    Compiling tx5-connection v0.8.1
[INFO] [stderr]    Compiling tx5 v0.8.1
[INFO] [stderr]    Compiling kitsune2_transport_tx5 v0.5.0-dev.4 (/opt/rustwide/workdir)
[INFO] [stderr]     Finished `release` profile [optimized] target(s) in 2m 45s
[INFO] running `Command { std: "docker" "inspect" "7a0de10aaa305b23f2b7d3187962bba82a3c4cad18bbe482e31cb8db05f690d4", kill_on_drop: false }`
[INFO] running `Command { std: "docker" "exec" "-e" "SOURCE_DIR=/opt/rustwide/workdir" "-e" "CARGO_HOME=/opt/rustwide/cargo-home" "-e" "RUSTUP_HOME=/opt/rustwide/rustup-home" "-e" "CARGO_TARGET_DIR=/opt/rustwide/target" "-e" "CARGO_INCREMENTAL=0" "-e" "RUST_BACKTRACE=full" "-e" "RUSTFLAGS=--cap-lints=warn" "-e" "RUSTDOCFLAGS=--cap-lints=warn" "-w" "/opt/rustwide/workdir" "--user" "0:0" "7a0de10aaa305b23f2b7d3187962bba82a3c4cad18bbe482e31cb8db05f690d4" "/opt/rustwide/cargo-home/bin/cargo" "+1.100.0-beta.1" "test" "--frozen" "--no-run" "--message-format=json" "--release", kill_on_drop: false }`
[INFO] [stderr]    Compiling kitsune2_transport_tx5 v0.5.0-dev.4 (/opt/rustwide/workdir)
[INFO] [stdout] error[E0433]: cannot find module or crate `kitsune2_test_utils` in this scope
[INFO] [stdout]  --> tests/integration.rs:4:5
[INFO] [stdout]   |
[INFO] [stdout] 4 | use kitsune2_test_utils::space::TEST_SPACE_ID;
[INFO] [stdout]   |     ^^^^^^^^^^^^^^^^^^^ use of unresolved module or unlinked crate `kitsune2_test_utils`
[INFO] [stdout]   |
[INFO] [stdout]   = help: if you wanted to use a crate named `kitsune2_test_utils`, use `cargo add kitsune2_test_utils` to add it to your `Cargo.toml`
[INFO] [stdout] 
[INFO] [stdout] 
[INFO] [stdout] error[E0432]: unresolved import `kitsune2_transport_tx5::harness`
[INFO] [stdout]    --> tests/integration.rs:5:29
[INFO] [stdout]     |
[INFO] [stdout]   5 | use kitsune2_transport_tx5::harness::{MockTxHandler, Tx5TransportTestHarness};
[INFO] [stdout]     |                             ^^^^^^^ could not find `harness` in `kitsune2_transport_tx5`
[INFO] [stdout]     |
[INFO] [stdout] note: found an item that was configured out
[INFO] [stdout]    --> src/lib.rs:533:9
[INFO] [stdout]     |
[INFO] [stdout] 532 | #[cfg(any(test, feature = "test-utils"))]
[INFO] [stdout]     |          ------------------------------ the item is gated here
[INFO] [stdout] 533 | pub mod harness;
[INFO] [stdout]     |         ^^^^^^^
[INFO] [stdout] 
[INFO] [stdout] 
[INFO] [stdout] error[E0433]: cannot find module or crate `kitsune2_test_utils` in this scope
[INFO] [stdout]  --> src/test.rs:7:5
[INFO] [stdout]   |
[INFO] [stdout] 7 | use kitsune2_test_utils::space::TEST_SPACE_ID;
[INFO] [stdout]   |     ^^^^^^^^^^^^^^^^^^^ use of unresolved module or unlinked crate `kitsune2_test_utils`
[INFO] [stdout]   |
[INFO] [stdout]   = help: if you wanted to use a crate named `kitsune2_test_utils`, use `cargo add kitsune2_test_utils` to add it to your `Cargo.toml`
[INFO] [stdout] 
[INFO] [stdout] 
[INFO] [stdout] error[E0432]: unresolved import `kitsune2_test_utils`
[INFO] [stdout]  --> src/test.rs:6:5
[INFO] [stdout]   |
[INFO] [stdout] 6 | use kitsune2_test_utils::enable_tracing;
[INFO] [stdout]   |     ^^^^^^^^^^^^^^^^^^^ use of unresolved module or unlinked crate `kitsune2_test_utils`
[INFO] [stdout]   |
[INFO] [stdout]   = help: if you wanted to use a crate named `kitsune2_test_utils`, use `cargo add kitsune2_test_utils` to add it to your `Cargo.toml`
[INFO] [stdout] 
[INFO] [stdout] 
[INFO] [stdout] Some errors have detailed explanations: E0432, E0433.
[INFO] [stdout] 
[INFO] [stdout] For more information about an error, try `rustc --explain E0432`.
[INFO] [stdout] 
[INFO] [stderr] error: could not compile `kitsune2_transport_tx5` (test "integration") due to 2 previous errors
[INFO] [stderr] warning: build failed, waiting for other jobs to finish...
[INFO] [stdout] error[E0433]: cannot find module or crate `sbd_server` in this scope
[INFO] [stdout]   --> src/harness.rs:76:19
[INFO] [stdout]    |
[INFO] [stdout] 76 |             srv = sbd_server::SbdServer::new(Arc::new(sbd_server::Config {
[INFO] [stdout]    |                   ^^^^^^^^^^ use of unresolved module or unlinked crate `sbd_server`
[INFO] [stdout]    |
[INFO] [stdout]    = help: if you wanted to use a crate named `sbd_server`, use `cargo add sbd_server` to add it to your `Cargo.toml`
[INFO] [stdout] 
[INFO] [stdout] 
[INFO] [stdout] error[E0433]: cannot find module or crate `kitsune2_core` in this scope
[INFO] [stdout]   --> src/harness.rs:31:31
[INFO] [stdout]    |
[INFO] [stdout] 31 |             builder: Arc::new(kitsune2_core::default_test_builder()),
[INFO] [stdout]    |                               ^^^^^^^^^^^^^ use of unresolved module or unlinked crate `kitsune2_core`
[INFO] [stdout]    |
[INFO] [stdout] help: there is a crate or module with a similar name
[INFO] [stdout]    |
[INFO] [stdout] 31 -             builder: Arc::new(kitsune2_core::default_test_builder()),
[INFO] [stdout] 31 +             builder: Arc::new(kitsune2_api::default_test_builder()),
[INFO] [stdout]    |
[INFO] [stdout] 
[INFO] [stdout] 
[INFO] [stdout] error[E0433]: cannot find module or crate `kitsune2_core` in this scope
[INFO] [stdout]   --> src/harness.rs:41:15
[INFO] [stdout]    |
[INFO] [stdout] 41 |             ..kitsune2_core::default_test_builder()
[INFO] [stdout]    |               ^^^^^^^^^^^^^ use of unresolved module or unlinked crate `kitsune2_core`
[INFO] [stdout]    |
[INFO] [stdout] help: there is a crate or module with a similar name
[INFO] [stdout]    |
[INFO] [stdout] 41 -             ..kitsune2_core::default_test_builder()
[INFO] [stdout] 41 +             ..kitsune2_api::default_test_builder()
[INFO] [stdout]    |
[INFO] [stdout] 
[INFO] [stdout] 
[INFO] [stdout] error[E0433]: cannot find module or crate `kitsune2_core` in this scope
[INFO] [stdout]   --> src/test.rs:27:11
[INFO] [stdout]    |
[INFO] [stdout] 27 |         ..kitsune2_core::default_test_builder()
[INFO] [stdout]    |           ^^^^^^^^^^^^^ use of unresolved module or unlinked crate `kitsune2_core`
[INFO] [stdout]    |
[INFO] [stdout] help: there is a crate or module with a similar name
[INFO] [stdout]    |
[INFO] [stdout] 27 -         ..kitsune2_core::default_test_builder()
[INFO] [stdout] 27 +         ..kitsune2_api::default_test_builder()
[INFO] [stdout]    |
[INFO] [stdout] 
[INFO] [stdout] 
[INFO] [stdout] error[E0433]: cannot find module or crate `kitsune2_core` in this scope
[INFO] [stdout]   --> src/test.rs:48:11
[INFO] [stdout]    |
[INFO] [stdout] 48 |         ..kitsune2_core::default_test_builder()
[INFO] [stdout]    |           ^^^^^^^^^^^^^ use of unresolved module or unlinked crate `kitsune2_core`
[INFO] [stdout]    |
[INFO] [stdout] help: there is a crate or module with a similar name
[INFO] [stdout]    |
[INFO] [stdout] 48 -         ..kitsune2_core::default_test_builder()
[INFO] [stdout] 48 +         ..kitsune2_api::default_test_builder()
[INFO] [stdout]    |
[INFO] [stdout] 
[INFO] [stdout] 
[INFO] [stdout] error[E0433]: cannot find module or crate `kitsune2_core` in this scope
[INFO] [stdout]   --> src/test.rs:70:11
[INFO] [stdout]    |
[INFO] [stdout] 70 |         ..kitsune2_core::default_test_builder()
[INFO] [stdout]    |           ^^^^^^^^^^^^^ use of unresolved module or unlinked crate `kitsune2_core`
[INFO] [stdout]    |
[INFO] [stdout] help: there is a crate or module with a similar name
[INFO] [stdout]    |
[INFO] [stdout] 70 -         ..kitsune2_core::default_test_builder()
[INFO] [stdout] 70 +         ..kitsune2_api::default_test_builder()
[INFO] [stdout]    |
[INFO] [stdout] 
[INFO] [stdout] 
[INFO] [stdout] error[E0433]: cannot find module or crate `sbd_server` in this scope
[INFO] [stdout]   --> src/harness.rs:15:21
[INFO] [stdout]    |
[INFO] [stdout] 15 |     pub srv: Option<sbd_server::SbdServer>,
[INFO] [stdout]    |                     ^^^^^^^^^^ use of unresolved module or unlinked crate `sbd_server`
[INFO] [stdout]    |
[INFO] [stdout]    = help: if you wanted to use a crate named `sbd_server`, use `cargo add sbd_server` to add it to your `Cargo.toml`
[INFO] [stdout] 
[INFO] [stdout] 
[INFO] [stdout] error[E0433]: cannot find module or crate `sbd_server` in this scope
[INFO] [stdout]   --> src/harness.rs:76:55
[INFO] [stdout]    |
[INFO] [stdout] 76 |             srv = sbd_server::SbdServer::new(Arc::new(sbd_server::Config {
[INFO] [stdout]    |                                                       ^^^^^^^^^^ use of unresolved module or unlinked crate `sbd_server`
[INFO] [stdout]    |
[INFO] [stdout]    = help: if you wanted to use a crate named `sbd_server`, use `cargo add sbd_server` to add it to your `Cargo.toml`
[INFO] [stdout] 
[INFO] [stdout] 
[INFO] [stdout] Some errors have detailed explanations: E0432, E0433.
[INFO] [stdout] 
[INFO] [stdout] For more information about an error, try `rustc --explain E0432`.
[INFO] [stdout] 
[INFO] [stderr] error: could not compile `kitsune2_transport_tx5` (lib test) due to 10 previous errors
[INFO] running `Command { std: "docker" "inspect" "7a0de10aaa305b23f2b7d3187962bba82a3c4cad18bbe482e31cb8db05f690d4", kill_on_drop: false }`
[INFO] running `Command { std: "docker" "rm" "-f" "7a0de10aaa305b23f2b7d3187962bba82a3c4cad18bbe482e31cb8db05f690d4", kill_on_drop: false }`
[INFO] [stdout] 7a0de10aaa305b23f2b7d3187962bba82a3c4cad18bbe482e31cb8db05f690d4
