[INFO] fetching crate kitsune2_transport_iroh 0.5.2...
[INFO] testing kitsune2_transport_iroh-0.5.2 against 1.99.0-beta.8+cargoflags=--release for beta-release-1.100-2
[INFO] extracting crate kitsune2_transport_iroh 0.5.2 into /workspace/builds/worker-5-tc1/source
[INFO] started tweaking crates.io crate kitsune2_transport_iroh 0.5.2
[INFO] removed 0 missing tests
[INFO] finished tweaking crates.io crate kitsune2_transport_iroh 0.5.2
[INFO] tweaked toml for crates.io crate kitsune2_transport_iroh 0.5.2 written to /workspace/builds/worker-5-tc1/source/Cargo.toml
[INFO] validating manifest of crates.io crate kitsune2_transport_iroh 0.5.2 on toolchain 1.99.0-beta.8
[INFO] running `Command { std: CARGO_HOME="/workspace/cargo-home" RUSTUP_HOME="/workspace/rustup-home" "/workspace/cargo-home/bin/cargo" "+1.99.0-beta.8" "metadata" "--manifest-path" "Cargo.toml" "--no-deps", kill_on_drop: false }`
[INFO] crate crates.io crate kitsune2_transport_iroh 0.5.2 already has a lockfile, it will not be regenerated
[INFO] running `Command { std: CARGO_HOME="/workspace/cargo-home" RUSTUP_HOME="/workspace/rustup-home" "/workspace/cargo-home/bin/cargo" "+1.99.0-beta.8" "fetch" "--manifest-path" "Cargo.toml", kill_on_drop: false }`
[INFO] [stderr]     Updating crates.io index
[INFO] [stderr]  Downloading crates ...
[INFO] [stderr]   Downloaded kitsune2_test_utils v0.5.2
[INFO] [stderr]   Downloaded kitsune2_bootstrap_srv v0.5.2
[INFO] [stderr]   Downloaded iroh-relay v1.0.2
[INFO] [stderr]   Downloaded vergen-gitcl v9.1.0
[INFO] [stderr]   Downloaded vergen-lib v9.1.0
[INFO] [stderr]   Downloaded vergen v9.1.0
[INFO] [stderr]   Downloaded noq-proto v1.1.0
[INFO] [stderr]   Downloaded noq v1.0.1
[INFO] [stderr]   Downloaded noq-udp v1.0.1
[INFO] [stderr]   Downloaded iroh-base v1.0.2
[INFO] [stderr]   Downloaded iroh-dns v1.0.2
[INFO] [stderr]   Downloaded simple-dns v0.11.3
[INFO] [stderr]   Downloaded curve25519-dalek v5.0.0-rc.0
[INFO] [stderr]   Downloaded netwatch v0.19.1
[INFO] [stderr]   Downloaded iroh v1.0.2
[INFO] [stderr]   Downloaded portmapper v0.19.1
[INFO] [stderr]   Downloaded fs-err v3.3.0
[INFO] [stderr]   Downloaded kitsune2_bootstrap_client v0.5.2
[INFO] [stderr]   Downloaded kitsune2_api v0.5.2
[INFO] [stderr]   Downloaded kitsune2_core v0.5.2
[INFO] running `Command { std: "docker" "create" "-v" "/var/lib/crater-agent-workspace/builds/worker-5-tc1/source:/opt/rustwide/workdir:ro,Z" "-v" "/var/lib/crater-agent-workspace/builds/worker-5-tc1/target:/opt/rustwide/target:rw,Z" "-v" "/var/lib/crater-agent-workspace/cargo-home:/opt/rustwide/cargo-home:ro,Z" "-v" "/var/lib/crater-agent-workspace/rustup-home:/opt/rustwide/rustup-home:ro,Z" "-m" "1610612736" "--network" "none" "ghcr.io/rust-lang/crates-build-env/linux@sha256:77db811e55d90add9212f6832c23229e3de5f1c1f9905e8cb07319ea15df73ac" "sleep" "infinity", kill_on_drop: false }`
[INFO] [stdout] 8bb7cbf5c99d038066577aaed06ebff8f6439c2ed1570acb731f34a94483a573
[INFO] running `Command { std: "docker" "start" "8bb7cbf5c99d038066577aaed06ebff8f6439c2ed1570acb731f34a94483a573", kill_on_drop: false }`
[INFO] running `Command { std: "docker" "inspect" "8bb7cbf5c99d038066577aaed06ebff8f6439c2ed1570acb731f34a94483a573", kill_on_drop: false }`
[INFO] running `Command { std: "docker" "exec" "-e" "SOURCE_DIR=/opt/rustwide/workdir" "-e" "CARGO_HOME=/opt/rustwide/cargo-home" "-e" "RUSTUP_HOME=/opt/rustwide/rustup-home" "-e" "CARGO_TARGET_DIR=/opt/rustwide/target" "-w" "/opt/rustwide/workdir" "--user" "0:0" "8bb7cbf5c99d038066577aaed06ebff8f6439c2ed1570acb731f34a94483a573" "/opt/rustwide/cargo-home/bin/cargo" "+1.99.0-beta.8" "metadata" "--no-deps" "--format-version=1", kill_on_drop: false }`
[INFO] running `Command { std: "docker" "inspect" "8bb7cbf5c99d038066577aaed06ebff8f6439c2ed1570acb731f34a94483a573", kill_on_drop: false }`
[INFO] running `Command { std: "docker" "exec" "-e" "SOURCE_DIR=/opt/rustwide/workdir" "-e" "CARGO_HOME=/opt/rustwide/cargo-home" "-e" "RUSTUP_HOME=/opt/rustwide/rustup-home" "-e" "CARGO_TARGET_DIR=/opt/rustwide/target" "-e" "CARGO_INCREMENTAL=0" "-e" "RUST_BACKTRACE=full" "-e" "RUSTFLAGS=--cap-lints=warn" "-e" "RUSTDOCFLAGS=--cap-lints=warn" "-w" "/opt/rustwide/workdir" "--user" "0:0" "8bb7cbf5c99d038066577aaed06ebff8f6439c2ed1570acb731f34a94483a573" "/opt/rustwide/cargo-home/bin/cargo" "+1.99.0-beta.8" "build" "--frozen" "--message-format=json" "--release", kill_on_drop: false }`
[INFO] [stderr]    Compiling serde_core v1.0.228
[INFO] [stderr]    Compiling serde v1.0.228
[INFO] [stderr]    Compiling portable-atomic v1.13.1
[INFO] [stderr]    Compiling futures-io v0.3.32
[INFO] [stderr]    Compiling futures-channel v0.3.32
[INFO] [stderr]    Compiling subtle v2.6.1
[INFO] [stderr]    Compiling zeroize_derive v1.5.0
[INFO] [stderr]    Compiling ring v0.17.14
[INFO] [stderr]    Compiling zerofrom v0.1.8
[INFO] [stderr]    Compiling aws-lc-sys v0.40.0
[INFO] [stderr]    Compiling rustls v0.23.40
[INFO] [stderr]    Compiling form_urlencoded v1.2.2
[INFO] [stderr]    Compiling getrandom v0.4.2
[INFO] [stderr]    Compiling generic-array v0.14.7
[INFO] [stderr]    Compiling hashbrown v0.17.1
[INFO] [stderr]    Compiling darling_core v0.20.11
[INFO] [stderr]    Compiling yoke v0.8.2
[INFO] [stderr]    Compiling anyhow v1.0.102
[INFO] [stderr]    Compiling derive_more-impl v2.1.1
[INFO] [stderr]    Compiling n0-error-macros v1.0.0
[INFO] [stderr]    Compiling spez v0.1.2
[INFO] [stderr]    Compiling zerovec v0.11.6
[INFO] [stderr]    Compiling zerotrie v0.2.4
[INFO] [stderr]    Compiling futures-util v0.3.32
[INFO] [stderr]    Compiling rand v0.10.1
[INFO] [stderr]    Compiling fastrand v2.4.1
[INFO] [stderr]    Compiling tinyvec v1.11.0
[INFO] [stderr]    Compiling zeroize v1.9.0
[INFO] [stderr]    Compiling rustls-pki-types v1.14.1
[INFO] [stderr]    Compiling crypto-common v0.1.7
[INFO] [stderr]    Compiling inout v0.1.4
[INFO] [stderr]    Compiling der v0.8.0
[INFO] [stderr]    Compiling vergen-lib v9.1.0
[INFO] [stderr]    Compiling pin-project-internal v1.1.12
[INFO] [stderr]    Compiling n0-future v0.3.2
[INFO] [stderr]    Compiling diatomic-waker v0.2.3
[INFO] [stderr]    Compiling spin v0.10.0
[INFO] [stderr]    Compiling cordyceps v0.3.4
[INFO] [stderr]    Compiling winnow v1.0.2
[INFO] [stderr]    Compiling indexmap v2.14.0
[INFO] [stderr]    Compiling futures-lite v2.6.1
[INFO] [stderr]    Compiling futures-buffered v0.2.13
[INFO] [stderr]    Compiling n0-error v1.0.0
[INFO] [stderr]    Compiling tinystr v0.8.3
[INFO] [stderr]    Compiling potential_utf v0.1.5
[INFO] [stderr]    Compiling icu_locale_core v2.2.0
[INFO] [stderr]    Compiling icu_collections v2.2.0
[INFO] [stderr]    Compiling digest v0.11.3
[INFO] [stderr]    Compiling cipher v0.4.4
[INFO] [stderr]    Compiling universal-hash v0.5.1
[INFO] [stderr]    Compiling curve25519-dalek v5.0.0-rc.0
[INFO] [stderr]    Compiling vergen v9.1.0
[INFO] [stderr]    Compiling noq-udp v1.0.1
[INFO] [stderr]    Compiling base16ct v1.0.0
[INFO] [stderr]    Compiling powerfmt v0.2.0
[INFO] [stderr]    Compiling pin-project v1.1.12
[INFO] [stderr]    Compiling polyval v0.6.2
[INFO] [stderr]    Compiling netlink-packet-core v0.8.1
[INFO] [stderr]    Compiling parking_lot_core v0.9.12
[INFO] [stderr]    Compiling vergen-gitcl v9.1.0
[INFO] [stderr]    Compiling deranged v0.5.8
[INFO] [stderr]    Compiling curve25519-dalek-derive v0.1.1
[INFO] [stderr]    Compiling num-conv v0.2.1
[INFO] [stderr]    Compiling num_threads v0.1.7
[INFO] [stderr]    Compiling signature v3.0.0
[INFO] [stderr]    Compiling data-encoding v2.11.0
[INFO] [stderr]    Compiling parking_lot v0.12.5
[INFO] [stderr]    Compiling ghash v0.5.1
[INFO] [stderr]    Compiling sha2 v0.11.0
[INFO] [stderr]    Compiling ctr v0.9.2
[INFO] [stderr]    Compiling spki v0.8.0
[INFO] [stderr]    Compiling aes v0.8.4
[INFO] [stderr]    Compiling aead v0.5.2
[INFO] [stderr]    Compiling uuid v1.23.1
[INFO] [stderr]    Compiling toml_parser v1.1.2+spec-1.1.0
[INFO] [stderr]    Compiling pkcs8 v0.11.0
[INFO] [stderr]    Compiling data-encoding-macro-internal v0.1.18
[INFO] [stderr]    Compiling icu_provider v2.2.0
[INFO] [stderr]    Compiling time v0.3.47
[INFO] [stderr]    Compiling darling_macro v0.20.11
[INFO] [stderr]    Compiling icu_properties v2.2.0
[INFO] [stderr]    Compiling icu_normalizer v2.2.0
[INFO] [stderr]    Compiling darling v0.20.11
[INFO] [stderr]    Compiling toml_edit v0.25.11+spec-1.1.0
[INFO] [stderr]    Compiling derive_builder_core v0.20.2
[INFO] [stderr]    Compiling either v1.15.0
[INFO] [stderr]    Compiling netdev v0.45.0
[INFO] [stderr]    Compiling itertools v0.13.0
[INFO] [stderr]    Compiling rustls-native-certs v0.8.3
[INFO] [stderr]    Compiling data-encoding-macro v0.1.20
[INFO] [stderr]    Compiling aes-gcm v0.10.3
[INFO] [stderr]    Compiling bytes v1.12.1
[INFO] [stderr]    Compiling ipnet v2.12.0
[INFO] [stderr]    Compiling tokio v1.52.3
[INFO] [stderr]    Compiling http v1.4.0
[INFO] [stderr]    Compiling idna_adapter v1.2.2
[INFO] [stderr]    Compiling derive_more v2.1.1
[INFO] [stderr]    Compiling futures-executor v0.3.32
[INFO] [stderr]    Compiling idna v1.1.0
[INFO] [stderr]    Compiling once_cell v1.21.4
[INFO] [stderr]    Compiling derive_builder_macro v0.20.2
[INFO] [stderr]    Compiling futures v0.3.32
[INFO] [stderr]    Compiling prefix-trie v0.8.4
[INFO] [stderr]    Compiling serdect v0.4.3
[INFO] [stderr]    Compiling proc-macro-crate v3.5.0
[INFO] [stderr]    Compiling derive_builder v0.20.2
[INFO] [stderr]    Compiling tracing-core v0.1.36
[INFO] [stderr]    Compiling ed25519 v3.0.0
[INFO] [stderr]    Compiling moka v0.12.15
[INFO] [stderr]    Compiling url v2.5.8
[INFO] [stderr]    Compiling num_enum_derive v0.7.6
[INFO] [stderr]    Compiling netlink-packet-route v0.31.0
[INFO] [stderr]    Compiling webpki-roots v1.0.7
[INFO] [stderr]    Compiling strum_macros v0.28.0
[INFO] [stderr]    Compiling tracing v0.1.44
[INFO] [stderr]    Compiling iroh-metrics-derive v1.0.1
[INFO] [stderr]    Compiling blake3 v1.8.5
[INFO] [stderr]    Compiling rand_pcg v0.10.2
[INFO] [stderr]    Compiling http-body v1.0.1
[INFO] [stderr]    Compiling http-body-util v0.1.3
[INFO] [stderr]    Compiling enum-assoc v1.3.0
[INFO] [stderr]    Compiling noq v1.0.1
[INFO] [stderr]    Compiling iroh-dns v1.0.2
[INFO] [stderr]    Compiling netwatch v0.19.1
[INFO] [stderr]    Compiling lru-slab v0.1.2
[INFO] [stderr]    Compiling mac-addr v0.3.0
[INFO] [stderr]    Compiling xml-rs v0.8.28
[INFO] [stderr]    Compiling sorted-index-buffer v0.2.1
[INFO] [stderr]    Compiling rustc-hash v2.1.2
[INFO] [stderr]    Compiling identity-hash v0.1.0
[INFO] [stderr]    Compiling hickory-proto v0.26.1
[INFO] [stderr]    Compiling attohttpc v0.30.1
[INFO] [stderr]    Compiling iroh-metrics v1.0.1
[INFO] [stderr]    Compiling ed25519-dalek v3.0.0-rc.0
[INFO] [stderr]    Compiling xmltree v0.10.3
[INFO] [stderr]    Compiling iroh-relay v1.0.2
[INFO] [stderr]    Compiling iroh-base v1.0.2
[INFO] [stderr]    Compiling num_enum v0.7.6
[INFO] [stderr]    Compiling prost-derive v0.14.3
[INFO] [stderr]    Compiling simple-dns v0.11.3
[INFO] [stderr]    Compiling cobs v0.3.0
[INFO] [stderr]    Compiling arc-swap v1.9.1
[INFO] [stderr]    Compiling postcard-derive v0.2.2
[INFO] [stderr]    Compiling simdutf8 v0.1.5
[INFO] [stderr]    Compiling strum v0.28.0
[INFO] [stderr]    Compiling sha1_smol v1.0.1
[INFO] [stderr]    Compiling postcard v1.1.3
[INFO] [stderr]    Compiling serde_json v1.0.149
[INFO] [stderr]    Compiling ureq-proto v0.6.0
[INFO] [stderr]    Compiling serde_bytes v0.11.19
[INFO] [stderr]    Compiling lru v0.18.0
[INFO] [stderr]    Compiling seize v0.5.1
[INFO] [stderr]    Compiling iroh v1.0.2
[INFO] [stderr]    Compiling cmov v0.5.3
[INFO] [stderr]    Compiling papaya v0.2.4
[INFO] [stderr]    Compiling ctutils v0.4.2
[INFO] [stderr]    Compiling prost v0.14.3
[INFO] [stderr]    Compiling kitsune2_api v0.5.2
[INFO] [stderr]    Compiling tokio-util v0.7.18
[INFO] [stderr]    Compiling netlink-sys v0.8.8
[INFO] [stderr]    Compiling tower v0.5.3
[INFO] [stderr]    Compiling netlink-proto v0.12.0
[INFO] [stderr]    Compiling backon v1.6.0
[INFO] [stderr]    Compiling tower-http v0.6.10
[INFO] [stderr]    Compiling h2 v0.4.14
[INFO] [stderr]    Compiling n0-watcher v1.0.0
[INFO] [stderr]    Compiling tokio-stream v0.1.18
[INFO] [stderr]    Compiling hyper v1.7.0
[INFO] [stderr]    Compiling hyper-util v0.1.17
[INFO] [stderr]    Compiling igd-next v0.17.0
[INFO] [stderr]    Compiling portmapper v0.19.1
[INFO] [stderr]    Compiling aws-lc-rs v1.16.3
[INFO] [stderr]    Compiling rustls-webpki v0.103.13
[INFO] [stderr]    Compiling tokio-rustls v0.26.4
[INFO] [stderr]    Compiling rustls-platform-verifier v0.7.0
[INFO] [stderr]    Compiling noq-proto v1.1.0
[INFO] [stderr]    Compiling ureq v3.3.0
[INFO] [stderr]    Compiling hickory-net v0.26.1
[INFO] [stderr]    Compiling hyper-rustls v0.27.9
[INFO] [stderr]    Compiling tokio-websockets v0.13.2
[INFO] [stderr]    Compiling reqwest v0.13.3
[INFO] [stderr]    Compiling kitsune2_bootstrap_client v0.5.2
[INFO] [stderr]    Compiling hickory-resolver v0.26.1
[INFO] [stderr]    Compiling kitsune2_transport_iroh v0.5.2 (/opt/rustwide/workdir)
[INFO] [stderr]     Finished `release` profile [optimized] target(s) in 4m 55s
[INFO] running `Command { std: "docker" "inspect" "8bb7cbf5c99d038066577aaed06ebff8f6439c2ed1570acb731f34a94483a573", kill_on_drop: false }`
[INFO] running `Command { std: "docker" "exec" "-e" "SOURCE_DIR=/opt/rustwide/workdir" "-e" "CARGO_HOME=/opt/rustwide/cargo-home" "-e" "RUSTUP_HOME=/opt/rustwide/rustup-home" "-e" "CARGO_TARGET_DIR=/opt/rustwide/target" "-e" "CARGO_INCREMENTAL=0" "-e" "RUST_BACKTRACE=full" "-e" "RUSTFLAGS=--cap-lints=warn" "-e" "RUSTDOCFLAGS=--cap-lints=warn" "-w" "/opt/rustwide/workdir" "--user" "0:0" "8bb7cbf5c99d038066577aaed06ebff8f6439c2ed1570acb731f34a94483a573" "/opt/rustwide/cargo-home/bin/cargo" "+1.99.0-beta.8" "test" "--frozen" "--no-run" "--message-format=json" "--release", kill_on_drop: false }`
[INFO] [stderr]    Compiling kitsune2_transport_iroh v0.5.2 (/opt/rustwide/workdir)
[INFO] [stdout] error[E0432]: unresolved import `kitsune2_transport_iroh::test_utils`
[INFO] [stdout]    --> tests/relay_auth.rs:19:5
[INFO] [stdout]     |
[INFO] [stdout]  19 |     test_utils::{MockTxHandler, dummy_url},
[INFO] [stdout]     |     ^^^^^^^^^^ could not find `test_utils` in `kitsune2_transport_iroh`
[INFO] [stdout]     |
[INFO] [stdout] note: found an item that was configured out
[INFO] [stdout]    --> src/lib.rs:238:9
[INFO] [stdout]     |
[INFO] [stdout] 237 | #[cfg(any(test, feature = "test-utils"))]
[INFO] [stdout]     |          ------------------------------ the item is gated here
[INFO] [stdout] 238 | pub mod test_utils;
[INFO] [stdout]     |         ^^^^^^^^^^
[INFO] [stdout] 
[INFO] [stdout] 
[INFO] [stdout] error[E0433]: cannot find module or crate `kitsune2_test_utils` in this scope
[INFO] [stdout]   --> tests/relay_auth.rs:13:5
[INFO] [stdout]    |
[INFO] [stdout] 13 | use kitsune2_test_utils::{
[INFO] [stdout]    |     ^^^^^^^^^^^^^^^^^^^ use of unresolved module or unlinked crate `kitsune2_test_utils`
[INFO] [stdout]    |
[INFO] [stdout]    = help: if you wanted to use a crate named `kitsune2_test_utils`, use `cargo add kitsune2_test_utils` to add it to your `Cargo.toml`
[INFO] [stdout] 
[INFO] [stdout] 
[INFO] [stdout] error[E0432]: unresolved import `kitsune2_bootstrap_srv`
[INFO] [stdout]   --> tests/relay_auth.rs:12:5
[INFO] [stdout]    |
[INFO] [stdout] 12 | use kitsune2_bootstrap_srv::{AuthConfig, BootstrapSrv, Config};
[INFO] [stdout]    |     ^^^^^^^^^^^^^^^^^^^^^^ use of unresolved module or unlinked crate `kitsune2_bootstrap_srv`
[INFO] [stdout]    |
[INFO] [stdout] help: there is a crate or module with a similar name
[INFO] [stdout]    |
[INFO] [stdout] 12 - use kitsune2_bootstrap_srv::{AuthConfig, BootstrapSrv, Config};
[INFO] [stdout] 12 + use kitsune2_bootstrap_client::{AuthConfig, BootstrapSrv, Config};
[INFO] [stdout]    |
[INFO] [stdout] 
[INFO] [stdout] 
[INFO] [stdout] error[E0432]: unresolved import `kitsune2_test_utils`
[INFO] [stdout]   --> tests/relay_auth.rs:13:5
[INFO] [stdout]    |
[INFO] [stdout] 13 | use kitsune2_test_utils::{
[INFO] [stdout]    |     ^^^^^^^^^^^^^^^^^^^ use of unresolved module or unlinked crate `kitsune2_test_utils`
[INFO] [stdout]    |
[INFO] [stdout]    = help: if you wanted to use a crate named `kitsune2_test_utils`, use `cargo add kitsune2_test_utils` to add it to your `Cargo.toml`
[INFO] [stdout] 
[INFO] [stdout] 
[INFO] [stdout] error[E0432]: unresolved import `kitsune2_transport_iroh::test_utils`
[INFO] [stdout]    --> tests/integration.rs:8:5
[INFO] [stdout]     |
[INFO] [stdout]   8 |     test_utils::{IrohTransportTestHarness, MockTxHandler, dummy_url},
[INFO] [stdout]     |     ^^^^^^^^^^ could not find `test_utils` in `kitsune2_transport_iroh`
[INFO] [stdout]     |
[INFO] [stdout] note: found an item that was configured out
[INFO] [stdout]    --> src/lib.rs:238:9
[INFO] [stdout]     |
[INFO] [stdout] 237 | #[cfg(any(test, feature = "test-utils"))]
[INFO] [stdout]     |          ------------------------------ the item is gated here
[INFO] [stdout] 238 | pub mod test_utils;
[INFO] [stdout]     |         ^^^^^^^^^^
[INFO] [stdout] 
[INFO] [stdout] 
[INFO] [stdout] error[E0433]: cannot find module or crate `kitsune2_test_utils` in this scope
[INFO] [stdout]  --> tests/integration.rs:3:5
[INFO] [stdout]   |
[INFO] [stdout] 3 | use kitsune2_test_utils::{
[INFO] [stdout]   |     ^^^^^^^^^^^^^^^^^^^ use of unresolved module or unlinked crate `kitsune2_test_utils`
[INFO] [stdout]   |
[INFO] [stdout]   = help: if you wanted to use a crate named `kitsune2_test_utils`, use `cargo add kitsune2_test_utils` to add it to your `Cargo.toml`
[INFO] [stdout] 
[INFO] [stdout] 
[INFO] [stdout] error[E0432]: unresolved import `kitsune2_test_utils`
[INFO] [stdout]  --> tests/integration.rs:3:5
[INFO] [stdout]   |
[INFO] [stdout] 3 | use kitsune2_test_utils::{
[INFO] [stdout]   |     ^^^^^^^^^^^^^^^^^^^ use of unresolved module or unlinked crate `kitsune2_test_utils`
[INFO] [stdout]   |
[INFO] [stdout]   = help: if you wanted to use a crate named `kitsune2_test_utils`, use `cargo add kitsune2_test_utils` to add it to your `Cargo.toml`
[INFO] [stdout] 
[INFO] [stdout] 
[INFO] [stdout] error[E0603]: constant `RELAY_NOT_CONNECTED_ERR` is private
[INFO] [stdout]    --> tests/integration.rs:7:5
[INFO] [stdout]     |
[INFO] [stdout]   7 |     RELAY_NOT_CONNECTED_ERR,
[INFO] [stdout]     |     ^^^^^^^^^^^^^^^^^^^^^^^ private constant
[INFO] [stdout]     |
[INFO] [stdout] note: the constant `RELAY_NOT_CONNECTED_ERR` is defined here
[INFO] [stdout]    --> src/lib.rs:251:1
[INFO] [stdout]     |
[INFO] [stdout] 251 | pub(crate) const RELAY_NOT_CONNECTED_ERR: &str =
[INFO] [stdout]     | ^^^^^^^^^^^^^^^^^^^^^^^^^^^^^^^^^^^^^^^^^^^^^^
[INFO] [stdout] 
[INFO] [stdout] 
[INFO] [stdout] error[E0433]: cannot find module or crate `rustls` in this scope
[INFO] [stdout]   --> tests/relay_auth.rs:61:13
[INFO] [stdout]    |
[INFO] [stdout] 61 |     let _ = rustls::crypto::ring::default_provider().install_default();
[INFO] [stdout]    |             ^^^^^^ use of unresolved module or unlinked crate `rustls`
[INFO] [stdout]    |
[INFO] [stdout]    = help: if you wanted to use a crate named `rustls`, use `cargo add rustls` to add it to your `Cargo.toml`
[INFO] [stdout] 
[INFO] [stdout] 
[INFO] [stdout] error[E0433]: cannot find module or crate `rustls` in this scope
[INFO] [stdout]    --> tests/relay_auth.rs:174:13
[INFO] [stdout]     |
[INFO] [stdout] 174 |     let _ = rustls::crypto::ring::default_provider().install_default();
[INFO] [stdout]     |             ^^^^^^ use of unresolved module or unlinked crate `rustls`
[INFO] [stdout]     |
[INFO] [stdout]     = help: if you wanted to use a crate named `rustls`, use `cargo add rustls` to add it to your `Cargo.toml`
[INFO] [stdout] 
[INFO] [stdout] 
[INFO] [stdout] error[E0433]: cannot find module or crate `kitsune2_core` in this scope
[INFO] [stdout]   --> tests/relay_auth.rs:31:11
[INFO] [stdout]    |
[INFO] [stdout] 31 |         ..kitsune2_core::default_test_builder()
[INFO] [stdout]    |           ^^^^^^^^^^^^^ use of unresolved module or unlinked crate `kitsune2_core`
[INFO] [stdout]    |
[INFO] [stdout] help: there is a crate or module with a similar name
[INFO] [stdout]    |
[INFO] [stdout] 31 -         ..kitsune2_core::default_test_builder()
[INFO] [stdout] 31 +         ..kitsune2_api::default_test_builder()
[INFO] [stdout]    |
[INFO] [stdout] 
[INFO] [stdout] 
[INFO] [stdout] warning: method call on a diverging inference variable
[INFO] [stdout]     --> tests/integration.rs:1647:14
[INFO] [stdout]      |
[INFO] [stdout] 1647 |             .unwrap_or_else(|err| {
[INFO] [stdout]      |              ^^^^^^^^^^^^^^
[INFO] [stdout]      |
[INFO] [stdout]      = help: consider providing a type annotation
[INFO] [stdout]      = warning: this was previously accepted by the compiler but is being phased out; it will become a hard error in a future release!
[INFO] [stdout]      = note: for more information, see issue #156047 <https://github.com/rust-lang/rust/issues/156047>
[INFO] [stdout]      = note: `#[warn(method_call_on_diverging_infer_var)]` (part of `#[warn(future_incompatible)]`) on by default
[INFO] [stdout] 
[INFO] [stdout] 
[INFO] [stdout] error[E0433]: cannot find module or crate `kitsune2_test_utils` in this scope
[INFO] [stdout]  --> src/test_utils/harness.rs:8:5
[INFO] [stdout]   |
[INFO] [stdout] 8 | use kitsune2_test_utils::bootstrap::TestBootstrapSrv;
[INFO] [stdout]   |     ^^^^^^^^^^^^^^^^^^^ use of unresolved module or unlinked crate `kitsune2_test_utils`
[INFO] [stdout]   |
[INFO] [stdout]   = help: if you wanted to use a crate named `kitsune2_test_utils`, use `cargo add kitsune2_test_utils` to add it to your `Cargo.toml`
[INFO] [stdout] 
[INFO] [stdout] 
[INFO] [stdout] error[E0433]: cannot find module or crate `kitsune2_test_utils` in this scope
[INFO] [stdout]   --> src/tests/connect_failure.rs:18:5
[INFO] [stdout]    |
[INFO] [stdout] 18 | use kitsune2_test_utils::space::TEST_SPACE_ID;
[INFO] [stdout]    |     ^^^^^^^^^^^^^^^^^^^ use of unresolved module or unlinked crate `kitsune2_test_utils`
[INFO] [stdout]    |
[INFO] [stdout]    = help: if you wanted to use a crate named `kitsune2_test_utils`, use `cargo add kitsune2_test_utils` to add it to your `Cargo.toml`
[INFO] [stdout] 
[INFO] [stdout] 
[INFO] [stdout] error[E0432]: unresolved import `kitsune2_test_utils`
[INFO] [stdout]   --> src/tests/close.rs:13:5
[INFO] [stdout]    |
[INFO] [stdout] 13 | use kitsune2_test_utils::retry_fn_until_timeout;
[INFO] [stdout]    |     ^^^^^^^^^^^^^^^^^^^ use of unresolved module or unlinked crate `kitsune2_test_utils`
[INFO] [stdout]    |
[INFO] [stdout]    = help: if you wanted to use a crate named `kitsune2_test_utils`, use `cargo add kitsune2_test_utils` to add it to your `Cargo.toml`
[INFO] [stdout] 
[INFO] [stdout] 
[INFO] [stdout] error[E0433]: cannot find module or crate `kitsune2_test_utils` in this scope
[INFO] [stdout]   --> src/tests/relay_lifecycle.rs:14:5
[INFO] [stdout]    |
[INFO] [stdout] 14 | use kitsune2_test_utils::auth::AuthHookServer;
[INFO] [stdout]    |     ^^^^^^^^^^^^^^^^^^^ use of unresolved module or unlinked crate `kitsune2_test_utils`
[INFO] [stdout]    |
[INFO] [stdout]    = help: if you wanted to use a crate named `kitsune2_test_utils`, use `cargo add kitsune2_test_utils` to add it to your `Cargo.toml`
[INFO] [stdout] 
[INFO] [stdout] 
[INFO] [stdout] error[E0433]: cannot find module or crate `kitsune2_test_utils` in this scope
[INFO] [stdout]   --> src/tests/relay_lifecycle.rs:15:5
[INFO] [stdout]    |
[INFO] [stdout] 15 | use kitsune2_test_utils::space::TEST_SPACE_ID;
[INFO] [stdout]    |     ^^^^^^^^^^^^^^^^^^^ use of unresolved module or unlinked crate `kitsune2_test_utils`
[INFO] [stdout]    |
[INFO] [stdout]    = help: if you wanted to use a crate named `kitsune2_test_utils`, use `cargo add kitsune2_test_utils` to add it to your `Cargo.toml`
[INFO] [stdout] 
[INFO] [stdout] 
[INFO] [stdout] error[E0432]: unresolved import `kitsune2_bootstrap_srv`
[INFO] [stdout]   --> src/tests/relay_lifecycle.rs:13:5
[INFO] [stdout]    |
[INFO] [stdout] 13 | use kitsune2_bootstrap_srv::{AuthConfig, BootstrapSrv};
[INFO] [stdout]    |     ^^^^^^^^^^^^^^^^^^^^^^ use of unresolved module or unlinked crate `kitsune2_bootstrap_srv`
[INFO] [stdout]    |
[INFO] [stdout] help: there is a crate or module with a similar name
[INFO] [stdout]    |
[INFO] [stdout] 13 - use kitsune2_bootstrap_srv::{AuthConfig, BootstrapSrv};
[INFO] [stdout] 13 + use kitsune2_bootstrap_client::{AuthConfig, BootstrapSrv};
[INFO] [stdout]    |
[INFO] [stdout] 
[INFO] [stdout] 
[INFO] [stdout] error[E0433]: cannot find module or crate `kitsune2_test_utils` in this scope
[INFO] [stdout]   --> src/tests/support.rs:20:5
[INFO] [stdout]    |
[INFO] [stdout] 20 | use kitsune2_test_utils::space::TEST_SPACE_ID;
[INFO] [stdout]    |     ^^^^^^^^^^^^^^^^^^^ use of unresolved module or unlinked crate `kitsune2_test_utils`
[INFO] [stdout]    |
[INFO] [stdout]    = help: if you wanted to use a crate named `kitsune2_test_utils`, use `cargo add kitsune2_test_utils` to add it to your `Cargo.toml`
[INFO] [stdout] 
[INFO] [stdout] 
[INFO] [stdout] Some errors have detailed explanations: E0432, E0433.
[INFO] [stdout] 
[INFO] [stdout] For more information about an error, try `rustc --explain E0432`.
[INFO] [stdout] 
[INFO] [stdout] error[E0599]: no method named `unwrap_or_else` found for type `_` in the current scope
[INFO] [stdout]     --> tests/integration.rs:1647:14
[INFO] [stdout]      |
[INFO] [stdout] 1645 |           result_1
[INFO] [stdout]      |           --------
[INFO] [stdout]      |           |
[INFO] [stdout]      |  _________method `unwrap_or_else` is available on `Result<_, JoinError>`
[INFO] [stdout]      | |
[INFO] [stdout] 1646 | |             .unwrap_or_else(|err| panic!("round {round} task 1: {err:?}"))
[INFO] [stdout] 1647 | |             .unwrap_or_else(|err| {
[INFO] [stdout]      | |             -^^^^^^^^^^^^^^ method not found in `_`
[INFO] [stdout]      | |_____________|
[INFO] [stdout]      |
[INFO] [stdout]      |
[INFO] [stdout]      = help: items from traits can only be used if the trait is in scope
[INFO] [stdout] help: trait `TryFutureExt` which provides `unwrap_or_else` is implemented but not in scope; perhaps you want to import it
[INFO] [stdout]      |
[INFO] [stdout]    1 + use futures_util::future::try_future::TryFutureExt;
[INFO] [stdout]      |
[INFO] [stdout] 
[INFO] [stdout] 
[INFO] [stdout] warning: method call on a diverging inference variable
[INFO] [stdout]     --> tests/integration.rs:1652:14
[INFO] [stdout]      |
[INFO] [stdout] 1652 |             .unwrap_or_else(|err| {
[INFO] [stdout]      |              ^^^^^^^^^^^^^^
[INFO] [stdout]      |
[INFO] [stdout]      = help: consider providing a type annotation
[INFO] [stdout]      = warning: this was previously accepted by the compiler but is being phased out; it will become a hard error in a future release!
[INFO] [stdout]      = note: for more information, see issue #156047 <https://github.com/rust-lang/rust/issues/156047>
[INFO] [stdout] 
[INFO] [stdout] 
[INFO] [stdout] error[E0599]: no method named `unwrap_or_else` found for type `_` in the current scope
[INFO] [stdout]     --> tests/integration.rs:1652:14
[INFO] [stdout]      |
[INFO] [stdout] 1650 |           result_2
[INFO] [stdout]      |           --------
[INFO] [stdout]      |           |
[INFO] [stdout]      |  _________method `unwrap_or_else` is available on `Result<_, JoinError>`
[INFO] [stdout]      | |
[INFO] [stdout] 1651 | |             .unwrap_or_else(|err| panic!("round {round} task 2: {err:?}"))
[INFO] [stdout] 1652 | |             .unwrap_or_else(|err| {
[INFO] [stdout]      | |             -^^^^^^^^^^^^^^ method not found in `_`
[INFO] [stdout]      | |_____________|
[INFO] [stdout]      |
[INFO] [stdout]      |
[INFO] [stdout]      = help: items from traits can only be used if the trait is in scope
[INFO] [stdout] help: trait `TryFutureExt` which provides `unwrap_or_else` is implemented but not in scope; perhaps you want to import it
[INFO] [stdout]      |
[INFO] [stdout]    1 + use futures_util::future::try_future::TryFutureExt;
[INFO] [stdout]      |
[INFO] [stdout] 
[INFO] [stdout] 
[INFO] [stderr] error: could not compile `kitsune2_transport_iroh` (test "relay_auth") due to 7 previous errors
[INFO] [stdout] error[E0432]: unresolved import `kitsune2_test_utils`
[INFO] [stdout]   --> src/tests/simultaneous_open.rs:23:5
[INFO] [stdout]    |
[INFO] [stdout] 23 | use kitsune2_test_utils::retry_fn_until_timeout;
[INFO] [stdout]    |     ^^^^^^^^^^^^^^^^^^^ use of unresolved module or unlinked crate `kitsune2_test_utils`
[INFO] [stdout]    |
[INFO] [stdout]    = help: if you wanted to use a crate named `kitsune2_test_utils`, use `cargo add kitsune2_test_utils` to add it to your `Cargo.toml`
[INFO] [stdout] 
[INFO] [stdout] 
[INFO] [stderr] warning: build failed, waiting for other jobs to finish...
[INFO] [stdout] error[E0432]: unresolved import `crate::connection::MockConnection`
[INFO] [stdout]    --> src/tests/connect_failure.rs:221:9
[INFO] [stdout]     |
[INFO] [stdout] 221 |     use crate::connection::MockConnection;
[INFO] [stdout]     |         ^^^^^^^^^^^^^^^^^^^--------------
[INFO] [stdout]     |                            |
[INFO] [stdout]     |                            no `MockConnection` in `connection`
[INFO] [stdout]     |
[INFO] [stdout] help: a similar name exists in the module
[INFO] [stdout]     |
[INFO] [stdout] 221 -     use crate::connection::MockConnection;
[INFO] [stdout] 221 +     use crate::connection::IrohConnection;
[INFO] [stdout]     |
[INFO] [stdout] 
[INFO] [stdout] 
[INFO] [stdout] error[E0432]: unresolved import `crate::connection::MockConnection`
[INFO] [stdout]    --> src/tests/connect_failure.rs:823:9
[INFO] [stdout]     |
[INFO] [stdout] 823 |     use crate::connection::MockConnection;
[INFO] [stdout]     |         ^^^^^^^^^^^^^^^^^^^--------------
[INFO] [stdout]     |                            |
[INFO] [stdout]     |                            no `MockConnection` in `connection`
[INFO] [stdout]     |
[INFO] [stdout] help: a similar name exists in the module
[INFO] [stdout]     |
[INFO] [stdout] 823 -     use crate::connection::MockConnection;
[INFO] [stdout] 823 +     use crate::connection::IrohConnection;
[INFO] [stdout]     |
[INFO] [stdout] 
[INFO] [stdout] 
[INFO] [stdout] error[E0433]: cannot find module or crate `mockall` in this scope
[INFO] [stdout]   --> src/connection.rs:16:18
[INFO] [stdout]    |
[INFO] [stdout] 16 | #[cfg_attr(test, mockall::automock)]
[INFO] [stdout]    |                  ^^^^^^^ use of unresolved module or unlinked crate `mockall`
[INFO] [stdout] 
[INFO] [stdout] 
[INFO] [stdout] Some errors have detailed explanations: E0432, E0433, E0599, E0603.
[INFO] [stdout] 
[INFO] [stdout] For more information about an error, try `rustc --explain E0432`.
[INFO] [stdout] 
[INFO] [stderr] error: could not compile `kitsune2_transport_iroh` (test "integration") due to 6 previous errors; 4 warnings emitted
[INFO] [stdout] error[E0433]: cannot find module or crate `kitsune2_bootstrap_srv` in this scope
[INFO] [stdout]   --> src/tests/relay_lifecycle.rs:32:15
[INFO] [stdout]    |
[INFO] [stdout] 32 |             ..kitsune2_bootstrap_srv::Config::testing()
[INFO] [stdout]    |               ^^^^^^^^^^^^^^^^^^^^^^ use of unresolved module or unlinked crate `kitsune2_bootstrap_srv`
[INFO] [stdout]    |
[INFO] [stdout] help: there is a crate or module with a similar name
[INFO] [stdout]    |
[INFO] [stdout] 32 -             ..kitsune2_bootstrap_srv::Config::testing()
[INFO] [stdout] 32 +             ..kitsune2_bootstrap_client::Config::testing()
[INFO] [stdout]    |
[INFO] [stdout] 
[INFO] [stdout] 
[INFO] [stdout] error[E0433]: cannot find module or crate `rustls` in this scope
[INFO] [stdout]   --> src/tests/relay_lifecycle.rs:64:13
[INFO] [stdout]    |
[INFO] [stdout] 64 |     let _ = rustls::crypto::ring::default_provider().install_default();
[INFO] [stdout]    |             ^^^^^^ use of unresolved module or unlinked crate `rustls`
[INFO] [stdout]    |
[INFO] [stdout]    = help: if you wanted to use a crate named `rustls`, use `cargo add rustls` to add it to your `Cargo.toml`
[INFO] [stdout] 
[INFO] [stdout] 
[INFO] [stdout] error[E0433]: cannot find module or crate `rustls` in this scope
[INFO] [stdout]    --> src/tests/relay_lifecycle.rs:122:13
[INFO] [stdout]     |
[INFO] [stdout] 122 |     let _ = rustls::crypto::ring::default_provider().install_default();
[INFO] [stdout]     |             ^^^^^^ use of unresolved module or unlinked crate `rustls`
[INFO] [stdout]     |
[INFO] [stdout]     = help: if you wanted to use a crate named `rustls`, use `cargo add rustls` to add it to your `Cargo.toml`
[INFO] [stdout] 
[INFO] [stdout] 
[INFO] [stdout] warning: unused import: `std::time::Duration`
[INFO] [stdout]   --> src/tests/close.rs:15:5
[INFO] [stdout]    |
[INFO] [stdout] 15 | use std::time::Duration;
[INFO] [stdout]    |     ^^^^^^^^^^^^^^^^^^^
[INFO] [stdout]    |
[INFO] [stdout]    = note: `#[warn(unused_imports)]` (part of `#[warn(unused)]`) on by default
[INFO] [stdout] 
[INFO] [stdout] 
[INFO] [stdout] error[E0433]: cannot find module or crate `kitsune2_core` in this scope
[INFO] [stdout]   --> src/test_utils/harness.rs:24:15
[INFO] [stdout]    |
[INFO] [stdout] 24 |             ..kitsune2_core::default_test_builder()
[INFO] [stdout]    |               ^^^^^^^^^^^^^ use of unresolved module or unlinked crate `kitsune2_core`
[INFO] [stdout]    |
[INFO] [stdout] help: there is a crate or module with a similar name
[INFO] [stdout]    |
[INFO] [stdout] 24 -             ..kitsune2_core::default_test_builder()
[INFO] [stdout] 24 +             ..kitsune2_api::default_test_builder()
[INFO] [stdout]    |
[INFO] [stdout] 
[INFO] [stdout] 
[INFO] [stdout] error[E0433]: cannot find module or crate `kitsune2_test_utils` in this scope
[INFO] [stdout]     --> src/tests/connect_failure.rs:1006:9
[INFO] [stdout]      |
[INFO] [stdout] 1006 |         kitsune2_test_utils::retry_fn_until_timeout(
[INFO] [stdout]      |         ^^^^^^^^^^^^^^^^^^^ use of unresolved module or unlinked crate `kitsune2_test_utils`
[INFO] [stdout]      |
[INFO] [stdout]      = help: if you wanted to use a crate named `kitsune2_test_utils`, use `cargo add kitsune2_test_utils` to add it to your `Cargo.toml`
[INFO] [stdout] 
[INFO] [stdout] 
[INFO] [stdout] error[E0433]: cannot find module or crate `kitsune2_test_utils` in this scope
[INFO] [stdout]   --> src/tests/relay_lifecycle.rs:63:5
[INFO] [stdout]    |
[INFO] [stdout] 63 |     kitsune2_test_utils::enable_tracing();
[INFO] [stdout]    |     ^^^^^^^^^^^^^^^^^^^ use of unresolved module or unlinked crate `kitsune2_test_utils`
[INFO] [stdout]    |
[INFO] [stdout]    = help: if you wanted to use a crate named `kitsune2_test_utils`, use `cargo add kitsune2_test_utils` to add it to your `Cargo.toml`
[INFO] [stdout] 
[INFO] [stdout] 
[INFO] [stdout] error[E0433]: cannot find module or crate `kitsune2_test_utils` in this scope
[INFO] [stdout]    --> src/tests/relay_lifecycle.rs:121:5
[INFO] [stdout]     |
[INFO] [stdout] 121 |     kitsune2_test_utils::enable_tracing();
[INFO] [stdout]     |     ^^^^^^^^^^^^^^^^^^^ use of unresolved module or unlinked crate `kitsune2_test_utils`
[INFO] [stdout]     |
[INFO] [stdout]     = help: if you wanted to use a crate named `kitsune2_test_utils`, use `cargo add kitsune2_test_utils` to add it to your `Cargo.toml`
[INFO] [stdout] 
[INFO] [stdout] 
[INFO] [stdout] error[E0277]: the size for values of type `str` cannot be known at compilation time
[INFO] [stdout]    --> src/tests/relay_lifecycle.rs:124:28
[INFO] [stdout]     |
[INFO] [stdout] 124 |     let (_auth_hook, _srv, relay_url) = start_authenticated_relay().await;
[INFO] [stdout]     |                            ^^^^^^^^^ doesn't have a size known at compile-time
[INFO] [stdout]     |
[INFO] [stdout]     = help: the trait `Sized` is not implemented for `str`
[INFO] [stdout]     = note: all local variables must have a statically known size
[INFO] [stdout] 
[INFO] [stdout] 
[INFO] [stdout] error[E0277]: the size for values of type `str` cannot be known at compilation time
[INFO] [stdout]    --> src/tests/relay_lifecycle.rs:124:41
[INFO] [stdout]     |
[INFO] [stdout] 124 |     let (_auth_hook, _srv, relay_url) = start_authenticated_relay().await;
[INFO] [stdout]     |                                         ^^^^^^^^^^^^^^^^^^^^^^^^^^^^^^^^^ doesn't have a size known at compile-time
[INFO] [stdout]     |
[INFO] [stdout]     = help: within `(_, _, str)`, the trait `Sized` is not implemented for `str`
[INFO] [stdout]     = note: required because it appears within the type `(_, _, str)`
[INFO] [stdout]     = note: all local variables must have a statically known size
[INFO] [stdout] 
[INFO] [stdout] 
[INFO] [stdout] error[E0433]: cannot find module or crate `kitsune2_core` in this scope
[INFO] [stdout]   --> src/tests/mod.rs:20:11
[INFO] [stdout]    |
[INFO] [stdout] 20 |         ..kitsune2_core::default_test_builder()
[INFO] [stdout]    |           ^^^^^^^^^^^^^ use of unresolved module or unlinked crate `kitsune2_core`
[INFO] [stdout]    |
[INFO] [stdout] help: there is a crate or module with a similar name
[INFO] [stdout]    |
[INFO] [stdout] 20 -         ..kitsune2_core::default_test_builder()
[INFO] [stdout] 20 +         ..kitsune2_api::default_test_builder()
[INFO] [stdout]    |
[INFO] [stdout] 
[INFO] [stdout] 
[INFO] [stdout] error[E0433]: cannot find module or crate `kitsune2_core` in this scope
[INFO] [stdout]   --> src/tests/mod.rs:40:11
[INFO] [stdout]    |
[INFO] [stdout] 40 |         ..kitsune2_core::default_test_builder()
[INFO] [stdout]    |           ^^^^^^^^^^^^^ use of unresolved module or unlinked crate `kitsune2_core`
[INFO] [stdout]    |
[INFO] [stdout] help: there is a crate or module with a similar name
[INFO] [stdout]    |
[INFO] [stdout] 40 -         ..kitsune2_core::default_test_builder()
[INFO] [stdout] 40 +         ..kitsune2_api::default_test_builder()
[INFO] [stdout]    |
[INFO] [stdout] 
[INFO] [stdout] 
[INFO] [stdout] error[E0433]: cannot find module or crate `kitsune2_core` in this scope
[INFO] [stdout]   --> src/tests/mod.rs:62:11
[INFO] [stdout]    |
[INFO] [stdout] 62 |         ..kitsune2_core::default_test_builder()
[INFO] [stdout]    |           ^^^^^^^^^^^^^ use of unresolved module or unlinked crate `kitsune2_core`
[INFO] [stdout]    |
[INFO] [stdout] help: there is a crate or module with a similar name
[INFO] [stdout]    |
[INFO] [stdout] 62 -         ..kitsune2_core::default_test_builder()
[INFO] [stdout] 62 +         ..kitsune2_api::default_test_builder()
[INFO] [stdout]    |
[INFO] [stdout] 
[INFO] [stdout] 
[INFO] [stdout] error[E0433]: cannot find module or crate `kitsune2_core` in this scope
[INFO] [stdout]    --> src/tests/mod.rs:210:11
[INFO] [stdout]     |
[INFO] [stdout] 210 |         ..kitsune2_core::default_test_builder()
[INFO] [stdout]     |           ^^^^^^^^^^^^^ use of unresolved module or unlinked crate `kitsune2_core`
[INFO] [stdout]     |
[INFO] [stdout] help: there is a crate or module with a similar name
[INFO] [stdout]     |
[INFO] [stdout] 210 -         ..kitsune2_core::default_test_builder()
[INFO] [stdout] 210 +         ..kitsune2_api::default_test_builder()
[INFO] [stdout]     |
[INFO] [stdout] 
[INFO] [stdout] 
[INFO] [stdout] error[E0433]: cannot find module or crate `kitsune2_bootstrap_srv` in this scope
[INFO] [stdout]   --> src/tests/relay_lifecycle.rs:26:27
[INFO] [stdout]    |
[INFO] [stdout] 26 |         BootstrapSrv::new(kitsune2_bootstrap_srv::Config {
[INFO] [stdout]    |                           ^^^^^^^^^^^^^^^^^^^^^^ use of unresolved module or unlinked crate `kitsune2_bootstrap_srv`
[INFO] [stdout]    |
[INFO] [stdout] help: there is a crate or module with a similar name
[INFO] [stdout]    |
[INFO] [stdout] 26 -         BootstrapSrv::new(kitsune2_bootstrap_srv::Config {
[INFO] [stdout] 26 +         BootstrapSrv::new(kitsune2_bootstrap_client::Config {
[INFO] [stdout]    |
[INFO] [stdout] 
[INFO] [stdout] 
[INFO] [stdout] Some errors have detailed explanations: E0277, E0432, E0433.
[INFO] [stdout] 
[INFO] [stdout] For more information about an error, try `rustc --explain E0277`.
[INFO] [stdout] 
[INFO] [stderr] error: could not compile `kitsune2_transport_iroh` (lib test) due to 25 previous errors; 1 warning emitted
[INFO] running `Command { std: "docker" "inspect" "8bb7cbf5c99d038066577aaed06ebff8f6439c2ed1570acb731f34a94483a573", kill_on_drop: false }`
[INFO] running `Command { std: "docker" "rm" "-f" "8bb7cbf5c99d038066577aaed06ebff8f6439c2ed1570acb731f34a94483a573", kill_on_drop: false }`
[INFO] [stdout] 8bb7cbf5c99d038066577aaed06ebff8f6439c2ed1570acb731f34a94483a573
