[INFO] fetching crate kitsune2_bootstrap_client 0.5.2...
[INFO] testing kitsune2_bootstrap_client-0.5.2 against 1.100.0-beta.1+cargoflags=--release for beta-release-1.100-2
[INFO] extracting crate kitsune2_bootstrap_client 0.5.2 into /workspace/builds/worker-5-tc2/source
[INFO] started tweaking crates.io crate kitsune2_bootstrap_client 0.5.2
[INFO] removed 0 missing tests
[INFO] finished tweaking crates.io crate kitsune2_bootstrap_client 0.5.2
[INFO] tweaked toml for crates.io crate kitsune2_bootstrap_client 0.5.2 written to /workspace/builds/worker-5-tc2/source/Cargo.toml
[INFO] validating manifest of crates.io crate kitsune2_bootstrap_client 0.5.2 on toolchain 1.100.0-beta.1
[INFO] running `Command { std: CARGO_HOME="/workspace/cargo-home" RUSTUP_HOME="/workspace/rustup-home" "/workspace/cargo-home/bin/cargo" "+1.100.0-beta.1" "metadata" "--manifest-path" "Cargo.toml" "--no-deps", kill_on_drop: false }`
[INFO] crate crates.io crate kitsune2_bootstrap_client 0.5.2 already has a lockfile, it will not be regenerated
[INFO] running `Command { std: CARGO_HOME="/workspace/cargo-home" RUSTUP_HOME="/workspace/rustup-home" "/workspace/cargo-home/bin/cargo" "+1.100.0-beta.1" "fetch" "--manifest-path" "Cargo.toml", kill_on_drop: false }`
[INFO] running `Command { std: "docker" "create" "-v" "/var/lib/crater-agent-workspace/builds/worker-5-tc2/source:/opt/rustwide/workdir:ro,Z" "-v" "/var/lib/crater-agent-workspace/builds/worker-5-tc2/target:/opt/rustwide/target:rw,Z" "-v" "/var/lib/crater-agent-workspace/cargo-home:/opt/rustwide/cargo-home:ro,Z" "-v" "/var/lib/crater-agent-workspace/rustup-home:/opt/rustwide/rustup-home:ro,Z" "-m" "1610612736" "--network" "none" "ghcr.io/rust-lang/crates-build-env/linux@sha256:77db811e55d90add9212f6832c23229e3de5f1c1f9905e8cb07319ea15df73ac" "sleep" "infinity", kill_on_drop: false }`
[INFO] [stdout] 709716eea77bc817cdda4910b004c33ed9f7e909e0a6512e88a42e440d10f814
[INFO] running `Command { std: "docker" "start" "709716eea77bc817cdda4910b004c33ed9f7e909e0a6512e88a42e440d10f814", kill_on_drop: false }`
[INFO] running `Command { std: "docker" "inspect" "709716eea77bc817cdda4910b004c33ed9f7e909e0a6512e88a42e440d10f814", kill_on_drop: false }`
[INFO] running `Command { std: "docker" "exec" "-e" "SOURCE_DIR=/opt/rustwide/workdir" "-e" "CARGO_HOME=/opt/rustwide/cargo-home" "-e" "RUSTUP_HOME=/opt/rustwide/rustup-home" "-e" "CARGO_TARGET_DIR=/opt/rustwide/target" "-w" "/opt/rustwide/workdir" "--user" "0:0" "709716eea77bc817cdda4910b004c33ed9f7e909e0a6512e88a42e440d10f814" "/opt/rustwide/cargo-home/bin/cargo" "+1.100.0-beta.1" "metadata" "--no-deps" "--format-version=1", kill_on_drop: false }`
[INFO] running `Command { std: "docker" "inspect" "709716eea77bc817cdda4910b004c33ed9f7e909e0a6512e88a42e440d10f814", kill_on_drop: false }`
[INFO] running `Command { std: "docker" "exec" "-e" "SOURCE_DIR=/opt/rustwide/workdir" "-e" "CARGO_HOME=/opt/rustwide/cargo-home" "-e" "RUSTUP_HOME=/opt/rustwide/rustup-home" "-e" "CARGO_TARGET_DIR=/opt/rustwide/target" "-e" "CARGO_INCREMENTAL=0" "-e" "RUST_BACKTRACE=full" "-e" "RUSTFLAGS=--cap-lints=warn" "-e" "RUSTDOCFLAGS=--cap-lints=warn" "-w" "/opt/rustwide/workdir" "--user" "0:0" "709716eea77bc817cdda4910b004c33ed9f7e909e0a6512e88a42e440d10f814" "/opt/rustwide/cargo-home/bin/cargo" "+1.100.0-beta.1" "build" "--frozen" "--message-format=json" "--release", kill_on_drop: false }`
[INFO] [stderr]    Compiling ring v0.17.14
[INFO] [stderr]    Compiling futures-channel v0.3.32
[INFO] [stderr]    Compiling rustls-pki-types v1.14.1
[INFO] [stderr]    Compiling anyhow v1.0.102
[INFO] [stderr]    Compiling either v1.15.0
[INFO] [stderr]    Compiling getrandom v0.2.17
[INFO] [stderr]    Compiling rustls v0.23.40
[INFO] [stderr]    Compiling serde v1.0.228
[INFO] [stderr]    Compiling serde_json v1.0.149
[INFO] [stderr]    Compiling zerotrie v0.2.4
[INFO] [stderr]    Compiling tinystr v0.8.3
[INFO] [stderr]    Compiling icu_collections v2.2.0
[INFO] [stderr]    Compiling icu_locale_core v2.2.0
[INFO] [stderr]    Compiling futures-util v0.3.32
[INFO] [stderr]    Compiling webpki-roots v1.0.7
[INFO] [stderr]    Compiling itertools v0.13.0
[INFO] [stderr]    Compiling bytes v1.12.1
[INFO] [stderr]    Compiling icu_provider v2.2.0
[INFO] [stderr]    Compiling http v1.4.0
[INFO] [stderr]    Compiling icu_properties v2.2.0
[INFO] [stderr]    Compiling icu_normalizer v2.2.0
[INFO] [stderr]    Compiling prost-derive v0.14.3
[INFO] [stderr]    Compiling ureq-proto v0.6.0
[INFO] [stderr]    Compiling futures-executor v0.3.32
[INFO] [stderr]    Compiling futures v0.3.32
[INFO] [stderr]    Compiling idna_adapter v1.2.2
[INFO] [stderr]    Compiling idna v1.1.0
[INFO] [stderr]    Compiling prost v0.14.3
[INFO] [stderr]    Compiling url v2.5.8
[INFO] [stderr]    Compiling kitsune2_api v0.5.2
[INFO] [stderr]    Compiling rustls-webpki v0.103.13
[INFO] [stderr]    Compiling ureq v3.3.0
[INFO] [stderr]    Compiling kitsune2_bootstrap_client v0.5.2 (/opt/rustwide/workdir)
[INFO] [stderr]     Finished `release` profile [optimized] target(s) in 31.62s
[INFO] running `Command { std: "docker" "inspect" "709716eea77bc817cdda4910b004c33ed9f7e909e0a6512e88a42e440d10f814", kill_on_drop: false }`
[INFO] running `Command { std: "docker" "exec" "-e" "SOURCE_DIR=/opt/rustwide/workdir" "-e" "CARGO_HOME=/opt/rustwide/cargo-home" "-e" "RUSTUP_HOME=/opt/rustwide/rustup-home" "-e" "CARGO_TARGET_DIR=/opt/rustwide/target" "-e" "CARGO_INCREMENTAL=0" "-e" "RUST_BACKTRACE=full" "-e" "RUSTFLAGS=--cap-lints=warn" "-e" "RUSTDOCFLAGS=--cap-lints=warn" "-w" "/opt/rustwide/workdir" "--user" "0:0" "709716eea77bc817cdda4910b004c33ed9f7e909e0a6512e88a42e440d10f814" "/opt/rustwide/cargo-home/bin/cargo" "+1.100.0-beta.1" "test" "--frozen" "--no-run" "--message-format=json" "--release", kill_on_drop: false }`
[INFO] [stderr]    Compiling kitsune2_bootstrap_client v0.5.2 (/opt/rustwide/workdir)
[INFO] [stdout] error[E0432]: unresolved import `kitsune2_bootstrap_srv`
[INFO] [stdout]  --> tests/integration.rs:1:5
[INFO] [stdout]   |
[INFO] [stdout] 1 | use kitsune2_bootstrap_srv::{BootstrapSrv, Config};
[INFO] [stdout]   |     ^^^^^^^^^^^^^^^^^^^^^^ use of unresolved module or unlinked crate `kitsune2_bootstrap_srv`
[INFO] [stdout]   |
[INFO] [stdout] help: there is a crate or module with a similar name
[INFO] [stdout]   |
[INFO] [stdout] 1 - use kitsune2_bootstrap_srv::{BootstrapSrv, Config};
[INFO] [stdout] 1 + use kitsune2_bootstrap_client::{BootstrapSrv, Config};
[INFO] [stdout]   |
[INFO] [stdout] 
[INFO] [stdout] 
[INFO] [stdout] error[E0433]: cannot find module or crate `kitsune2_test_utils` in this scope
[INFO] [stdout]  --> tests/integration.rs:3:5
[INFO] [stdout]   |
[INFO] [stdout] 3 | use kitsune2_test_utils::{auth::AuthHookServer, enable_tracing};
[INFO] [stdout]   |     ^^^^^^^^^^^^^^^^^^^ use of unresolved module or unlinked crate `kitsune2_test_utils`
[INFO] [stdout]   |
[INFO] [stdout]   = help: if you wanted to use a crate named `kitsune2_test_utils`, use `cargo add kitsune2_test_utils` to add it to your `Cargo.toml`
[INFO] [stdout] 
[INFO] [stdout] 
[INFO] [stdout] error[E0432]: unresolved import `kitsune2_core`
[INFO] [stdout]  --> tests/integration.rs:2:5
[INFO] [stdout]   |
[INFO] [stdout] 2 | use kitsune2_core::{Ed25519LocalAgent, Ed25519Verifier};
[INFO] [stdout]   |     ^^^^^^^^^^^^^ use of unresolved module or unlinked crate `kitsune2_core`
[INFO] [stdout]   |
[INFO] [stdout] help: there is a crate or module with a similar name
[INFO] [stdout]   |
[INFO] [stdout] 2 - use kitsune2_core::{Ed25519LocalAgent, Ed25519Verifier};
[INFO] [stdout] 2 + use kitsune2_api::{Ed25519LocalAgent, Ed25519Verifier};
[INFO] [stdout]   |
[INFO] [stdout] 
[INFO] [stdout] 
[INFO] [stdout] error[E0432]: unresolved import `kitsune2_test_utils`
[INFO] [stdout]  --> tests/integration.rs:3:5
[INFO] [stdout]   |
[INFO] [stdout] 3 | use kitsune2_test_utils::{auth::AuthHookServer, enable_tracing};
[INFO] [stdout]   |     ^^^^^^^^^^^^^^^^^^^ use of unresolved module or unlinked crate `kitsune2_test_utils`
[INFO] [stdout]   |
[INFO] [stdout]   = help: if you wanted to use a crate named `kitsune2_test_utils`, use `cargo add kitsune2_test_utils` to add it to your `Cargo.toml`
[INFO] [stdout] 
[INFO] [stdout] 
[INFO] [stdout] error[E0433]: cannot find module or crate `tokio` in this scope
[INFO] [stdout]    --> tests/integration.rs:107:3
[INFO] [stdout]     |
[INFO] [stdout] 107 | #[tokio::test(flavor = "multi_thread")]
[INFO] [stdout]     |   ^^^^^ use of unresolved module or unlinked crate `tokio`
[INFO] [stdout] 
[INFO] [stdout] 
[INFO] [stdout] error[E0433]: cannot find module or crate `tokio` in this scope
[INFO] [stdout]    --> tests/integration.rs:149:3
[INFO] [stdout]     |
[INFO] [stdout] 149 | #[tokio::test(flavor = "multi_thread")]
[INFO] [stdout]     |   ^^^^^ use of unresolved module or unlinked crate `tokio`
[INFO] [stdout] 
[INFO] [stdout] 
[INFO] [stdout] error[E0433]: cannot find module or crate `tokio` in this scope
[INFO] [stdout]    --> tests/integration.rs:228:3
[INFO] [stdout]     |
[INFO] [stdout] 228 | #[tokio::test(flavor = "multi_thread")]
[INFO] [stdout]     |   ^^^^^ use of unresolved module or unlinked crate `tokio`
[INFO] [stdout] 
[INFO] [stdout] 
[INFO] [stdout] error[E0433]: cannot find module or crate `kitsune2_test_utils` in this scope
[INFO] [stdout]   --> tests/integration.rs:19:9
[INFO] [stdout]    |
[INFO] [stdout] 19 |         kitsune2_test_utils::agent::AgentBuilder::default().build(local_agent);
[INFO] [stdout]    |         ^^^^^^^^^^^^^^^^^^^ use of unresolved module or unlinked crate `kitsune2_test_utils`
[INFO] [stdout]    |
[INFO] [stdout]    = help: if you wanted to use a crate named `kitsune2_test_utils`, use `cargo add kitsune2_test_utils` to add it to your `Cargo.toml`
[INFO] [stdout] 
[INFO] [stdout] 
[INFO] [stdout] error[E0433]: cannot find module or crate `kitsune2_test_utils` in this scope
[INFO] [stdout]   --> tests/integration.rs:50:9
[INFO] [stdout]    |
[INFO] [stdout] 50 |         kitsune2_test_utils::agent::AgentBuilder::default().build(local_agent);
[INFO] [stdout]    |         ^^^^^^^^^^^^^^^^^^^ use of unresolved module or unlinked crate `kitsune2_test_utils`
[INFO] [stdout]    |
[INFO] [stdout]    = help: if you wanted to use a crate named `kitsune2_test_utils`, use `cargo add kitsune2_test_utils` to add it to your `Cargo.toml`
[INFO] [stdout] 
[INFO] [stdout] 
[INFO] [stdout] error[E0433]: cannot find module or crate `kitsune2_test_utils` in this scope
[INFO] [stdout]   --> tests/integration.rs:84:9
[INFO] [stdout]    |
[INFO] [stdout] 84 |         kitsune2_test_utils::agent::AgentBuilder::default().build(local_agent);
[INFO] [stdout]    |         ^^^^^^^^^^^^^^^^^^^ use of unresolved module or unlinked crate `kitsune2_test_utils`
[INFO] [stdout]    |
[INFO] [stdout]    = help: if you wanted to use a crate named `kitsune2_test_utils`, use `cargo add kitsune2_test_utils` to add it to your `Cargo.toml`
[INFO] [stdout] 
[INFO] [stdout] 
[INFO] [stdout] error[E0433]: cannot find module or crate `tokio` in this scope
[INFO] [stdout]    --> tests/integration.rs:119:9
[INFO] [stdout]     |
[INFO] [stdout] 119 |         tokio::task::block_in_place(move || BootstrapSrv::new(config).unwrap());
[INFO] [stdout]     |         ^^^^^ use of unresolved module or unlinked crate `tokio`
[INFO] [stdout]     |
[INFO] [stdout]     = help: if you wanted to use a crate named `tokio`, use `cargo add tokio` to add it to your `Cargo.toml`
[INFO] [stdout] 
[INFO] [stdout] 
[INFO] [stdout] error[E0433]: cannot find module or crate `kitsune2_test_utils` in this scope
[INFO] [stdout]    --> tests/integration.rs:129:9
[INFO] [stdout]     |
[INFO] [stdout] 129 |         kitsune2_test_utils::agent::AgentBuilder::default().build(local_agent);
[INFO] [stdout]     |         ^^^^^^^^^^^^^^^^^^^ use of unresolved module or unlinked crate `kitsune2_test_utils`
[INFO] [stdout]     |
[INFO] [stdout]     = help: if you wanted to use a crate named `kitsune2_test_utils`, use `cargo add kitsune2_test_utils` to add it to your `Cargo.toml`
[INFO] [stdout] 
[INFO] [stdout] 
[INFO] [stdout] error[E0433]: cannot find module or crate `tokio` in this scope
[INFO] [stdout]    --> tests/integration.rs:131:5
[INFO] [stdout]     |
[INFO] [stdout] 131 |     tokio::task::block_in_place(|| {
[INFO] [stdout]     |     ^^^^^ use of unresolved module or unlinked crate `tokio`
[INFO] [stdout]     |
[INFO] [stdout]     = help: if you wanted to use a crate named `tokio`, use `cargo add tokio` to add it to your `Cargo.toml`
[INFO] [stdout] 
[INFO] [stdout] 
[INFO] [stdout] error[E0433]: cannot find module or crate `kitsune2_test_utils` in this scope
[INFO] [stdout]    --> tests/integration.rs:139:9
[INFO] [stdout]     |
[INFO] [stdout] 139 |         kitsune2_test_utils::agent::AgentBuilder::default().build(local_agent);
[INFO] [stdout]     |         ^^^^^^^^^^^^^^^^^^^ use of unresolved module or unlinked crate `kitsune2_test_utils`
[INFO] [stdout]     |
[INFO] [stdout]     = help: if you wanted to use a crate named `kitsune2_test_utils`, use `cargo add kitsune2_test_utils` to add it to your `Cargo.toml`
[INFO] [stdout] 
[INFO] [stdout] 
[INFO] [stdout] error[E0433]: cannot find module or crate `tokio` in this scope
[INFO] [stdout]    --> tests/integration.rs:141:5
[INFO] [stdout]     |
[INFO] [stdout] 141 |     tokio::task::block_in_place(|| {
[INFO] [stdout]     |     ^^^^^ use of unresolved module or unlinked crate `tokio`
[INFO] [stdout]     |
[INFO] [stdout]     = help: if you wanted to use a crate named `tokio`, use `cargo add tokio` to add it to your `Cargo.toml`
[INFO] [stdout] 
[INFO] [stdout] 
[INFO] [stdout] error[E0433]: cannot find module or crate `tokio` in this scope
[INFO] [stdout]    --> tests/integration.rs:163:9
[INFO] [stdout]     |
[INFO] [stdout] 163 |         tokio::task::block_in_place(move || BootstrapSrv::new(config).unwrap());
[INFO] [stdout]     |         ^^^^^ use of unresolved module or unlinked crate `tokio`
[INFO] [stdout]     |
[INFO] [stdout]     = help: if you wanted to use a crate named `tokio`, use `cargo add tokio` to add it to your `Cargo.toml`
[INFO] [stdout] 
[INFO] [stdout] 
[INFO] [stdout] error[E0433]: cannot find module or crate `kitsune2_test_utils` in this scope
[INFO] [stdout]    --> tests/integration.rs:172:9
[INFO] [stdout]     |
[INFO] [stdout] 172 |         kitsune2_test_utils::agent::AgentBuilder::default().build(local_agent);
[INFO] [stdout]     |         ^^^^^^^^^^^^^^^^^^^ use of unresolved module or unlinked crate `kitsune2_test_utils`
[INFO] [stdout]     |
[INFO] [stdout]     = help: if you wanted to use a crate named `kitsune2_test_utils`, use `cargo add kitsune2_test_utils` to add it to your `Cargo.toml`
[INFO] [stdout] 
[INFO] [stdout] 
[INFO] [stdout] error[E0433]: cannot find module or crate `tokio` in this scope
[INFO] [stdout]    --> tests/integration.rs:175:5
[INFO] [stdout]     |
[INFO] [stdout] 175 |     tokio::task::block_in_place(|| {
[INFO] [stdout]     |     ^^^^^ use of unresolved module or unlinked crate `tokio`
[INFO] [stdout]     |
[INFO] [stdout]     = help: if you wanted to use a crate named `tokio`, use `cargo add tokio` to add it to your `Cargo.toml`
[INFO] [stdout] 
[INFO] [stdout] 
[INFO] [stdout] error[E0433]: cannot find module or crate `kitsune2_test_utils` in this scope
[INFO] [stdout]    --> tests/integration.rs:197:9
[INFO] [stdout]     |
[INFO] [stdout] 197 |         kitsune2_test_utils::agent::AgentBuilder::default().build(local_agent2);
[INFO] [stdout]     |         ^^^^^^^^^^^^^^^^^^^ use of unresolved module or unlinked crate `kitsune2_test_utils`
[INFO] [stdout]     |
[INFO] [stdout]     = help: if you wanted to use a crate named `kitsune2_test_utils`, use `cargo add kitsune2_test_utils` to add it to your `Cargo.toml`
[INFO] [stdout] 
[INFO] [stdout] 
[INFO] [stdout] error[E0433]: cannot find module or crate `tokio` in this scope
[INFO] [stdout]    --> tests/integration.rs:200:5
[INFO] [stdout]     |
[INFO] [stdout] 200 |     tokio::task::block_in_place(|| {
[INFO] [stdout]     |     ^^^^^ use of unresolved module or unlinked crate `tokio`
[INFO] [stdout]     |
[INFO] [stdout]     = help: if you wanted to use a crate named `tokio`, use `cargo add tokio` to add it to your `Cargo.toml`
[INFO] [stdout] 
[INFO] [stdout] 
[INFO] [stdout] error[E0433]: cannot find module or crate `kitsune2_test_utils` in this scope
[INFO] [stdout]    --> tests/integration.rs:210:9
[INFO] [stdout]     |
[INFO] [stdout] 210 |         kitsune2_test_utils::agent::AgentBuilder::default().build(local_agent3);
[INFO] [stdout]     |         ^^^^^^^^^^^^^^^^^^^ use of unresolved module or unlinked crate `kitsune2_test_utils`
[INFO] [stdout]     |
[INFO] [stdout]     = help: if you wanted to use a crate named `kitsune2_test_utils`, use `cargo add kitsune2_test_utils` to add it to your `Cargo.toml`
[INFO] [stdout] 
[INFO] [stdout] 
[INFO] [stdout] error[E0433]: cannot find module or crate `tokio` in this scope
[INFO] [stdout]    --> tests/integration.rs:212:5
[INFO] [stdout]     |
[INFO] [stdout] 212 |     tokio::task::block_in_place(|| {
[INFO] [stdout]     |     ^^^^^ use of unresolved module or unlinked crate `tokio`
[INFO] [stdout]     |
[INFO] [stdout]     = help: if you wanted to use a crate named `tokio`, use `cargo add tokio` to add it to your `Cargo.toml`
[INFO] [stdout] 
[INFO] [stdout] 
[INFO] [stdout] error[E0433]: cannot find module or crate `tokio` in this scope
[INFO] [stdout]    --> tests/integration.rs:242:9
[INFO] [stdout]     |
[INFO] [stdout] 242 |         tokio::task::block_in_place(move || BootstrapSrv::new(config).unwrap());
[INFO] [stdout]     |         ^^^^^ use of unresolved module or unlinked crate `tokio`
[INFO] [stdout]     |
[INFO] [stdout]     = help: if you wanted to use a crate named `tokio`, use `cargo add tokio` to add it to your `Cargo.toml`
[INFO] [stdout] 
[INFO] [stdout] 
[INFO] [stdout] error[E0433]: cannot find module or crate `kitsune2_test_utils` in this scope
[INFO] [stdout]    --> tests/integration.rs:250:9
[INFO] [stdout]     |
[INFO] [stdout] 250 |         kitsune2_test_utils::agent::AgentBuilder::default().build(local_agent);
[INFO] [stdout]     |         ^^^^^^^^^^^^^^^^^^^ use of unresolved module or unlinked crate `kitsune2_test_utils`
[INFO] [stdout]     |
[INFO] [stdout]     = help: if you wanted to use a crate named `kitsune2_test_utils`, use `cargo add kitsune2_test_utils` to add it to your `Cargo.toml`
[INFO] [stdout] 
[INFO] [stdout] 
[INFO] [stdout] error[E0433]: cannot find module or crate `tokio` in this scope
[INFO] [stdout]    --> tests/integration.rs:254:5
[INFO] [stdout]     |
[INFO] [stdout] 254 |     tokio::task::block_in_place(|| {
[INFO] [stdout]     |     ^^^^^ use of unresolved module or unlinked crate `tokio`
[INFO] [stdout]     |
[INFO] [stdout]     = help: if you wanted to use a crate named `tokio`, use `cargo add tokio` to add it to your `Cargo.toml`
[INFO] [stdout] 
[INFO] [stdout] 
[INFO] [stdout] error[E0433]: cannot find module or crate `tokio` in this scope
[INFO] [stdout]    --> tests/integration.rs:259:5
[INFO] [stdout]     |
[INFO] [stdout] 259 |     tokio::time::sleep(std::time::Duration::from_millis(300)).await;
[INFO] [stdout]     |     ^^^^^ use of unresolved module or unlinked crate `tokio`
[INFO] [stdout]     |
[INFO] [stdout]     = help: if you wanted to use a crate named `tokio`, use `cargo add tokio` to add it to your `Cargo.toml`
[INFO] [stdout] 
[INFO] [stdout] 
[INFO] [stdout] error[E0433]: cannot find module or crate `tokio` in this scope
[INFO] [stdout]    --> tests/integration.rs:262:5
[INFO] [stdout]     |
[INFO] [stdout] 262 |     tokio::task::block_in_place(|| {
[INFO] [stdout]     |     ^^^^^ use of unresolved module or unlinked crate `tokio`
[INFO] [stdout]     |
[INFO] [stdout]     = help: if you wanted to use a crate named `tokio`, use `cargo add tokio` to add it to your `Cargo.toml`
[INFO] [stdout] 
[INFO] [stdout] 
[INFO] [stdout] Some errors have detailed explanations: E0432, E0433.
[INFO] [stdout] 
[INFO] [stdout] For more information about an error, try `rustc --explain E0432`.
[INFO] [stdout] 
[INFO] [stderr] error: could not compile `kitsune2_bootstrap_client` (test "integration") due to 27 previous errors
[INFO] [stderr] warning: build failed, waiting for other jobs to finish...
[INFO] running `Command { std: "docker" "inspect" "709716eea77bc817cdda4910b004c33ed9f7e909e0a6512e88a42e440d10f814", kill_on_drop: false }`
[INFO] running `Command { std: "docker" "rm" "-f" "709716eea77bc817cdda4910b004c33ed9f7e909e0a6512e88a42e440d10f814", kill_on_drop: false }`
[INFO] [stdout] 709716eea77bc817cdda4910b004c33ed9f7e909e0a6512e88a42e440d10f814
