[INFO] fetching crate kithara-waveform 0.0.1-alpha5...
[INFO] testing kithara-waveform-0.0.1-alpha5 against 1.99.0-beta.8+cargoflags=--release for beta-release-1.100-2
[INFO] extracting crate kithara-waveform 0.0.1-alpha5 into /workspace/builds/worker-5-tc1/source
[INFO] started tweaking crates.io crate kithara-waveform 0.0.1-alpha5
[INFO] finished tweaking crates.io crate kithara-waveform 0.0.1-alpha5
[INFO] tweaked toml for crates.io crate kithara-waveform 0.0.1-alpha5 written to /workspace/builds/worker-5-tc1/source/Cargo.toml
[INFO] validating manifest of crates.io crate kithara-waveform 0.0.1-alpha5 on toolchain 1.99.0-beta.8
[INFO] running `Command { std: CARGO_HOME="/workspace/cargo-home" RUSTUP_HOME="/workspace/rustup-home" "/workspace/cargo-home/bin/cargo" "+1.99.0-beta.8" "metadata" "--manifest-path" "Cargo.toml" "--no-deps", kill_on_drop: false }`
[INFO] crate crates.io crate kithara-waveform 0.0.1-alpha5 already has a lockfile, it will not be regenerated
[INFO] running `Command { std: CARGO_HOME="/workspace/cargo-home" RUSTUP_HOME="/workspace/rustup-home" "/workspace/cargo-home/bin/cargo" "+1.99.0-beta.8" "fetch" "--manifest-path" "Cargo.toml", kill_on_drop: false }`
[INFO] [stderr]     Updating crates.io index
[INFO] [stderr]  Downloading crates ...
[INFO] [stderr]   Downloaded realfft v3.5.0
[INFO] [stderr]   Downloaded kithara-signal v0.0.1-alpha5
[INFO] [stderr]   Downloaded fast-interleave v0.1.3
[INFO] [stderr]   Downloaded tokio_with_wasm_proc v0.9.0
[INFO] [stderr]   Downloaded kithara-ring v0.0.1-alpha5
[INFO] [stderr]   Downloaded kithara-blob v0.0.1-alpha5
[INFO] [stderr]   Downloaded tokio_with_wasm v0.9.0
[INFO] [stderr]   Downloaded kithara-derive v0.0.1-alpha5
[INFO] [stderr]   Downloaded kithara-platform v0.0.1-alpha5
[INFO] [stderr]   Downloaded fieldwork-derive v0.5.2
[INFO] [stderr]   Downloaded kithara-bufpool v0.0.1-alpha5
[INFO] [stderr]   Downloaded ringbuf v0.5.2
[INFO] [stderr]   Downloaded fieldwork v0.5.2
[INFO] [stderr]   Downloaded kithara-test-macros v0.0.1-alpha5
[INFO] [stderr]   Downloaded continue v0.1.2
[INFO] [stderr]   Downloaded wasm_safe_thread v0.1.1
[INFO] running `Command { std: "docker" "create" "-v" "/var/lib/crater-agent-workspace/builds/worker-5-tc1/source:/opt/rustwide/workdir:ro,Z" "-v" "/var/lib/crater-agent-workspace/builds/worker-5-tc1/target:/opt/rustwide/target:rw,Z" "-v" "/var/lib/crater-agent-workspace/cargo-home:/opt/rustwide/cargo-home:ro,Z" "-v" "/var/lib/crater-agent-workspace/rustup-home:/opt/rustwide/rustup-home:ro,Z" "-m" "1610612736" "--network" "none" "ghcr.io/rust-lang/crates-build-env/linux@sha256:77db811e55d90add9212f6832c23229e3de5f1c1f9905e8cb07319ea15df73ac" "sleep" "infinity", kill_on_drop: false }`
[INFO] [stdout] dad6d14a91b4ce6b8d110c5929a13a8051d313ad27b2ecbdcf9a70c6242cc488
[INFO] running `Command { std: "docker" "start" "dad6d14a91b4ce6b8d110c5929a13a8051d313ad27b2ecbdcf9a70c6242cc488", kill_on_drop: false }`
[INFO] running `Command { std: "docker" "inspect" "dad6d14a91b4ce6b8d110c5929a13a8051d313ad27b2ecbdcf9a70c6242cc488", kill_on_drop: false }`
[INFO] running `Command { std: "docker" "exec" "-e" "SOURCE_DIR=/opt/rustwide/workdir" "-e" "CARGO_HOME=/opt/rustwide/cargo-home" "-e" "RUSTUP_HOME=/opt/rustwide/rustup-home" "-e" "CARGO_TARGET_DIR=/opt/rustwide/target" "-w" "/opt/rustwide/workdir" "--user" "0:0" "dad6d14a91b4ce6b8d110c5929a13a8051d313ad27b2ecbdcf9a70c6242cc488" "/opt/rustwide/cargo-home/bin/cargo" "+1.99.0-beta.8" "metadata" "--no-deps" "--format-version=1", kill_on_drop: false }`
[INFO] running `Command { std: "docker" "inspect" "dad6d14a91b4ce6b8d110c5929a13a8051d313ad27b2ecbdcf9a70c6242cc488", kill_on_drop: false }`
[INFO] running `Command { std: "docker" "exec" "-e" "SOURCE_DIR=/opt/rustwide/workdir" "-e" "CARGO_HOME=/opt/rustwide/cargo-home" "-e" "RUSTUP_HOME=/opt/rustwide/rustup-home" "-e" "CARGO_TARGET_DIR=/opt/rustwide/target" "-e" "CARGO_INCREMENTAL=0" "-e" "RUST_BACKTRACE=full" "-e" "RUSTFLAGS=--cap-lints=warn" "-e" "RUSTDOCFLAGS=--cap-lints=warn" "-w" "/opt/rustwide/workdir" "--user" "0:0" "dad6d14a91b4ce6b8d110c5929a13a8051d313ad27b2ecbdcf9a70c6242cc488" "/opt/rustwide/cargo-home/bin/cargo" "+1.99.0-beta.8" "build" "--frozen" "--message-format=json" "--release", kill_on_drop: false }`
[INFO] [stderr]    Compiling futures-core v0.3.32
[INFO] [stderr]    Compiling futures-sink v0.3.32
[INFO] [stderr]    Compiling web-time v1.1.0
[INFO] [stderr]    Compiling syn v2.0.118
[INFO] [stderr]    Compiling syn v3.0.3
[INFO] [stderr]    Compiling ringbuf v0.5.2
[INFO] [stderr]    Compiling arc-swap v1.9.1
[INFO] [stderr]    Compiling fast-interleave v0.1.3
[INFO] [stderr]    Compiling num-traits v0.2.19
[INFO] [stderr]    Compiling futures-channel v0.3.32
[INFO] [stderr]    Compiling kithara-ring v0.0.1-alpha5
[INFO] [stderr]    Compiling darling_core v0.23.0
[INFO] [stderr]    Compiling prettyplease v0.2.37
[INFO] [stderr]    Compiling derive-where v1.7.0
[INFO] [stderr]    Compiling kithara-derive v0.0.1-alpha5
[INFO] [stderr]    Compiling kithara-test-macros v0.0.1-alpha5
[INFO] [stderr]    Compiling futures-macro v0.3.32
[INFO] [stderr]    Compiling fieldwork-derive v0.5.2
[INFO] [stderr]    Compiling derive_more-impl v2.1.1
[INFO] [stderr]    Compiling tokio-macros v2.7.0
[INFO] [stderr]    Compiling tracing-attributes v0.1.31
[INFO] [stderr]    Compiling serde_derive v1.0.228
[INFO] [stderr]    Compiling delegate v0.13.5
[INFO] [stderr]    Compiling thiserror-impl v2.0.18
[INFO] [stderr]    Compiling tokio v1.52.3
[INFO] [stderr]    Compiling futures-util v0.3.32
[INFO] [stderr]    Compiling tracing v0.1.44
[INFO] [stderr]    Compiling thiserror v2.0.18
[INFO] [stderr]    Compiling fieldwork v0.5.2
[INFO] [stderr]    Compiling darling_macro v0.23.0
[INFO] [stderr]    Compiling darling v0.23.0
[INFO] [stderr]    Compiling bon-macros v3.9.1
[INFO] [stderr]    Compiling derive_more v2.1.1
[INFO] [stderr]    Compiling serde v1.0.228
[INFO] [stderr]    Compiling rangemap v1.7.1
[INFO] [stderr]    Compiling futures-executor v0.3.32
[INFO] [stderr]    Compiling futures v0.3.32
[INFO] [stderr]    Compiling kithara-platform v0.0.1-alpha5
[INFO] [stderr]    Compiling bon v3.9.1
[INFO] [stderr]    Compiling kithara-bufpool v0.0.1-alpha5
[INFO] [stderr]    Compiling kithara-blob v0.0.1-alpha5
[INFO] [stderr]    Compiling kithara-signal v0.0.1-alpha5
[INFO] [stderr]    Compiling kithara-waveform v0.0.1-alpha5 (/opt/rustwide/workdir)
[INFO] [stderr]     Finished `release` profile [optimized] target(s) in 23.65s
[INFO] running `Command { std: "docker" "inspect" "dad6d14a91b4ce6b8d110c5929a13a8051d313ad27b2ecbdcf9a70c6242cc488", kill_on_drop: false }`
[INFO] running `Command { std: "docker" "exec" "-e" "SOURCE_DIR=/opt/rustwide/workdir" "-e" "CARGO_HOME=/opt/rustwide/cargo-home" "-e" "RUSTUP_HOME=/opt/rustwide/rustup-home" "-e" "CARGO_TARGET_DIR=/opt/rustwide/target" "-e" "CARGO_INCREMENTAL=0" "-e" "RUST_BACKTRACE=full" "-e" "RUSTFLAGS=--cap-lints=warn" "-e" "RUSTDOCFLAGS=--cap-lints=warn" "-w" "/opt/rustwide/workdir" "--user" "0:0" "dad6d14a91b4ce6b8d110c5929a13a8051d313ad27b2ecbdcf9a70c6242cc488" "/opt/rustwide/cargo-home/bin/cargo" "+1.99.0-beta.8" "test" "--frozen" "--no-run" "--message-format=json" "--release", kill_on_drop: false }`
[INFO] [stderr]    Compiling kithara-waveform v0.0.1-alpha5 (/opt/rustwide/workdir)
[INFO] [stdout] error[E0432]: unresolved import `kithara_test_utils`
[INFO] [stdout]   --> src/lib.rs:23:16
[INFO] [stdout]    |
[INFO] [stdout] 23 | pub(crate) use kithara_test_utils::bufpool as test_pools;
[INFO] [stdout]    |                ^^^^^^^^^^^^^^^^^^ use of unresolved module or unlinked crate `kithara_test_utils`
[INFO] [stdout]    |
[INFO] [stdout]    = help: if you wanted to use a crate named `kithara_test_utils`, use `cargo add kithara_test_utils` to add it to your `Cargo.toml`
[INFO] [stdout] 
[INFO] [stdout] 
[INFO] [stdout] error[E0432]: unresolved import `kithara_test_utils`
[INFO] [stdout]    --> src/bucket.rs:178:9
[INFO] [stdout]     |
[INFO] [stdout] 178 |     use kithara_test_utils::kithara;
[INFO] [stdout]     |         ^^^^^^^^^^^^^^^^^^ use of unresolved module or unlinked crate `kithara_test_utils`
[INFO] [stdout]     |
[INFO] [stdout]     = help: if you wanted to use a crate named `kithara_test_utils`, use `cargo add kithara_test_utils` to add it to your `Cargo.toml`
[INFO] [stdout] 
[INFO] [stdout] 
[INFO] [stdout] error[E0432]: unresolved import `kithara_test_utils`
[INFO] [stdout]    --> src/bucket.rs:222:9
[INFO] [stdout]     |
[INFO] [stdout] 222 |     use kithara_test_utils::kithara;
[INFO] [stdout]     |         ^^^^^^^^^^^^^^^^^^ use of unresolved module or unlinked crate `kithara_test_utils`
[INFO] [stdout]     |
[INFO] [stdout]     = help: if you wanted to use a crate named `kithara_test_utils`, use `cargo add kithara_test_utils` to add it to your `Cargo.toml`
[INFO] [stdout] 
[INFO] [stdout] 
[INFO] [stdout] error: cannot find attribute `case` in this scope
[INFO] [stdout]    --> src/bucket.rs:183:7
[INFO] [stdout]     |
[INFO] [stdout] 183 |     #[case(f32::NAN)]
[INFO] [stdout]     |       ^^^^
[INFO] [stdout] 
[INFO] [stdout] 
[INFO] [stdout] error: cannot find attribute `case` in this scope
[INFO] [stdout]    --> src/bucket.rs:184:7
[INFO] [stdout]     |
[INFO] [stdout] 184 |     #[case(f32::INFINITY)]
[INFO] [stdout]     |       ^^^^
[INFO] [stdout] 
[INFO] [stdout] 
[INFO] [stdout] error: cannot find attribute `case` in this scope
[INFO] [stdout]    --> src/bucket.rs:185:7
[INFO] [stdout]     |
[INFO] [stdout] 185 |     #[case(-0.1)]
[INFO] [stdout]     |       ^^^^
[INFO] [stdout] 
[INFO] [stdout] 
[INFO] [stdout] error: cannot find attribute `case` in this scope
[INFO] [stdout]    --> src/bucket.rs:186:7
[INFO] [stdout]     |
[INFO] [stdout] 186 |     #[case(1.1)]
[INFO] [stdout]     |       ^^^^
[INFO] [stdout] 
[INFO] [stdout] 
[INFO] [stdout] error: cannot find attribute `case` in this scope
[INFO] [stdout]    --> src/bucket.rs:187:54
[INFO] [stdout]     |
[INFO] [stdout] 187 |     fn a_band_outside_the_painted_range_is_refused(#[case] height: f32) {
[INFO] [stdout]     |                                                      ^^^^
[INFO] [stdout] 
[INFO] [stdout] 
[INFO] [stdout] For more information about this error, try `rustc --explain E0432`.
[INFO] [stdout] 
[INFO] [stderr] error: could not compile `kithara-waveform` (lib test) due to 8 previous errors
[INFO] running `Command { std: "docker" "inspect" "dad6d14a91b4ce6b8d110c5929a13a8051d313ad27b2ecbdcf9a70c6242cc488", kill_on_drop: false }`
[INFO] running `Command { std: "docker" "rm" "-f" "dad6d14a91b4ce6b8d110c5929a13a8051d313ad27b2ecbdcf9a70c6242cc488", kill_on_drop: false }`
[INFO] [stdout] dad6d14a91b4ce6b8d110c5929a13a8051d313ad27b2ecbdcf9a70c6242cc488
