[INFO] fetching crate kithara-warp 0.0.1-alpha5...
[INFO] testing kithara-warp-0.0.1-alpha5 against 1.99.0-beta.8+cargoflags=--release for beta-release-1.100-2
[INFO] extracting crate kithara-warp 0.0.1-alpha5 into /workspace/builds/worker-5-tc1/source
[INFO] started tweaking crates.io crate kithara-warp 0.0.1-alpha5
[INFO] finished tweaking crates.io crate kithara-warp 0.0.1-alpha5
[INFO] tweaked toml for crates.io crate kithara-warp 0.0.1-alpha5 written to /workspace/builds/worker-5-tc1/source/Cargo.toml
[INFO] validating manifest of crates.io crate kithara-warp 0.0.1-alpha5 on toolchain 1.99.0-beta.8
[INFO] running `Command { std: CARGO_HOME="/workspace/cargo-home" RUSTUP_HOME="/workspace/rustup-home" "/workspace/cargo-home/bin/cargo" "+1.99.0-beta.8" "metadata" "--manifest-path" "Cargo.toml" "--no-deps", kill_on_drop: false }`
[INFO] crate crates.io crate kithara-warp 0.0.1-alpha5 already has a lockfile, it will not be regenerated
[INFO] running `Command { std: CARGO_HOME="/workspace/cargo-home" RUSTUP_HOME="/workspace/rustup-home" "/workspace/cargo-home/bin/cargo" "+1.99.0-beta.8" "fetch" "--manifest-path" "Cargo.toml", kill_on_drop: false }`
[INFO] [stderr]     Updating crates.io index
[INFO] [stderr]  Downloading crates ...
[INFO] [stderr]   Downloaded usdt-macro v0.6.0
[INFO] [stderr]   Downloaded kithara-test-utils v0.0.1-alpha5
[INFO] [stderr]   Downloaded usdt v0.6.0
[INFO] [stderr]   Downloaded dtrace-parser v0.3.0
[INFO] [stderr]   Downloaded usdt-impl v0.6.0
[INFO] [stderr]   Downloaded dof v0.4.0
[INFO] [stderr]   Downloaded tokio_with_wasm v0.9.0
[INFO] [stderr]   Downloaded tokio_with_wasm_proc v0.9.0
[INFO] [stderr]   Downloaded dasp_rms v0.11.0
[INFO] [stderr]   Downloaded scroll v0.13.0
[INFO] [stderr]   Downloaded dasp_ring_buffer v0.11.0
[INFO] [stderr]   Downloaded kithara-signal v0.0.1-alpha5
[INFO] [stderr]   Downloaded wasm-bindgen-macro v0.2.120
[INFO] [stderr]   Downloaded dasp_slice v0.11.0
[INFO] [stderr]   Downloaded pretty-hex v0.4.2
[INFO] [stderr]   Downloaded scroll_derive v0.13.1
[INFO] [stderr]   Downloaded dasp_peak v0.11.0
[INFO] [stderr]   Downloaded dirs-sys-next v0.1.2
[INFO] [stderr]   Downloaded dasp_envelope v0.11.0
[INFO] [stderr]   Downloaded hotpath-macros v0.19.1
[INFO] [stderr]   Downloaded rtsan-standalone-sys v0.3.0
[INFO] [stderr]   Downloaded wasm-bindgen-futures v0.4.70
[INFO] [stderr]   Downloaded usdt-attr-macro v0.6.0
[INFO] [stderr]   Downloaded dasp_window v0.11.1
[INFO] [stderr]   Downloaded dasp v0.11.0
[INFO] [stderr]   Downloaded wasm-bindgen-shared v0.2.120
[INFO] [stderr]   Downloaded dasp_interpolate v0.11.0
[INFO] [stderr]   Downloaded kithara-ring v0.0.1-alpha5
[INFO] [stderr]   Downloaded chunked_transfer v1.5.0
[INFO] [stderr]   Downloaded kithara-blob v0.0.1-alpha5
[INFO] [stderr]   Downloaded rtsan-standalone-macros v0.3.0
[INFO] [stderr]   Downloaded fast-interleave v0.1.3
[INFO] [stderr]   Downloaded dirs-next v2.0.0
[INFO] [stderr]   Downloaded cpp_common v0.5.11
[INFO] [stderr]   Downloaded firewheel-macros v0.14.0
[INFO] [stderr]   Downloaded libredox v0.1.17
[INFO] [stderr]   Downloaded cpp_macros v0.5.11
[INFO] [stderr]   Downloaded cpp v0.5.11
[INFO] [stderr]   Downloaded kithara-derive v0.0.1-alpha5
[INFO] [stderr]   Downloaded delegate v0.13.5
[INFO] [stderr]   Downloaded kithara-apple v0.0.1-alpha5
[INFO] [stderr]   Downloaded dasp_signal v0.11.0
[INFO] [stderr]   Downloaded serde_tokenstream v0.2.3
[INFO] [stderr]   Downloaded rtsan-standalone v0.3.0
[INFO] [stderr]   Downloaded wmidi v4.0.11
[INFO] [stderr]   Downloaded thunderdome v0.6.1
[INFO] [stderr]   Downloaded cpp_build v0.5.11
[INFO] [stderr]   Downloaded audioadapter v5.0.0
[INFO] [stderr]   Downloaded audioadapter-sample v5.2.0
[INFO] [stderr]   Downloaded kithara-bufpool v0.0.1-alpha5
[INFO] [stderr]   Downloaded ringbuf v0.5.2
[INFO] [stderr]   Downloaded quanta v0.12.6
[INFO] [stderr]   Downloaded term v0.7.0
[INFO] [stderr]   Downloaded kithara-test-macros v0.0.1-alpha5
[INFO] [stderr]   Downloaded prettytable-rs v0.10.0
[INFO] [stderr]   Downloaded fieldwork-derive v0.5.2
[INFO] [stderr]   Downloaded kithara-beat v0.0.1-alpha5
[INFO] [stderr]   Downloaded hybrid-array v0.4.12
[INFO] [stderr]   Downloaded audioadapter-buffers v5.2.0
[INFO] [stderr]   Downloaded kithara-stretch v0.0.1-alpha5
[INFO] [stderr]   Downloaded rangemap v1.7.1
[INFO] [stderr]   Downloaded kithara-resampler v0.0.1-alpha5
[INFO] [stderr]   Downloaded audio-codec-algorithms v0.8.1
[INFO] [stderr]   Downloaded wasm-bindgen v0.2.120
[INFO] [stderr]   Downloaded fieldwork v0.5.2
[INFO] [stderr]   Downloaded toml_edit v0.25.12+spec-1.1.0
[INFO] [stderr]   Downloaded firewheel-core v0.14.0
[INFO] [stderr]   Downloaded uuid v1.23.3
[INFO] [stderr]   Downloaded wasm-bindgen-macro-support v0.2.120
[INFO] [stderr]   Downloaded continue v0.1.2
[INFO] [stderr]   Downloaded cc v1.2.65
[INFO] [stderr]   Downloaded js-sys v0.3.97
[INFO] [stderr]   Downloaded zerocopy-derive v0.8.52
[INFO] [stderr]   Downloaded wasm_safe_thread v0.1.1
[INFO] [stderr]   Downloaded kithara-platform v0.0.1-alpha5
[INFO] [stderr]   Downloaded bindgen v0.70.1
[INFO] [stderr]   Downloaded hotpath v0.19.1
[INFO] [stderr]   Downloaded goblin v0.10.5
[INFO] [stderr]   Downloaded zerocopy v0.8.52
[INFO] [stderr]   Downloaded hdrhistogram v7.5.4
[INFO] [stderr]   Downloaded glam v0.29.3
[INFO] [stderr]   Downloaded signalsmith-stretch v0.1.3
[INFO] [stderr]   Downloaded web-sys v0.3.97
[INFO] [stderr]   Downloaded glam v0.30.10
[INFO] [stderr]   Downloaded glam v0.31.1
[INFO] [stderr]   Downloaded bungee-sys v0.1.1
[INFO] running `Command { std: "docker" "create" "-v" "/var/lib/crater-agent-workspace/builds/worker-5-tc1/source:/opt/rustwide/workdir:ro,Z" "-v" "/var/lib/crater-agent-workspace/builds/worker-5-tc1/target:/opt/rustwide/target:rw,Z" "-v" "/var/lib/crater-agent-workspace/cargo-home:/opt/rustwide/cargo-home:ro,Z" "-v" "/var/lib/crater-agent-workspace/rustup-home:/opt/rustwide/rustup-home:ro,Z" "-m" "1610612736" "--network" "none" "ghcr.io/rust-lang/crates-build-env/linux@sha256:77db811e55d90add9212f6832c23229e3de5f1c1f9905e8cb07319ea15df73ac" "sleep" "infinity", kill_on_drop: false }`
[INFO] [stdout] 8c2f1fd558ee060a6fdd69f82316251f0876e10ea67283494aab978ef589e8f8
[INFO] running `Command { std: "docker" "start" "8c2f1fd558ee060a6fdd69f82316251f0876e10ea67283494aab978ef589e8f8", kill_on_drop: false }`
[INFO] running `Command { std: "docker" "inspect" "8c2f1fd558ee060a6fdd69f82316251f0876e10ea67283494aab978ef589e8f8", kill_on_drop: false }`
[INFO] running `Command { std: "docker" "exec" "-e" "SOURCE_DIR=/opt/rustwide/workdir" "-e" "CARGO_HOME=/opt/rustwide/cargo-home" "-e" "RUSTUP_HOME=/opt/rustwide/rustup-home" "-e" "CARGO_TARGET_DIR=/opt/rustwide/target" "-w" "/opt/rustwide/workdir" "--user" "0:0" "8c2f1fd558ee060a6fdd69f82316251f0876e10ea67283494aab978ef589e8f8" "/opt/rustwide/cargo-home/bin/cargo" "+1.99.0-beta.8" "metadata" "--no-deps" "--format-version=1", kill_on_drop: false }`
[INFO] running `Command { std: "docker" "inspect" "8c2f1fd558ee060a6fdd69f82316251f0876e10ea67283494aab978ef589e8f8", kill_on_drop: false }`
[INFO] running `Command { std: "docker" "exec" "-e" "SOURCE_DIR=/opt/rustwide/workdir" "-e" "CARGO_HOME=/opt/rustwide/cargo-home" "-e" "RUSTUP_HOME=/opt/rustwide/rustup-home" "-e" "CARGO_TARGET_DIR=/opt/rustwide/target" "-e" "CARGO_INCREMENTAL=0" "-e" "RUST_BACKTRACE=full" "-e" "RUSTFLAGS=--cap-lints=warn" "-e" "RUSTDOCFLAGS=--cap-lints=warn" "-w" "/opt/rustwide/workdir" "--user" "0:0" "8c2f1fd558ee060a6fdd69f82316251f0876e10ea67283494aab978ef589e8f8" "/opt/rustwide/cargo-home/bin/cargo" "+1.99.0-beta.8" "build" "--frozen" "--message-format=json" "--release", kill_on_drop: false }`
[INFO] [stderr]    Compiling quote v1.0.46
[INFO] [stderr]    Compiling futures-sink v0.3.32
[INFO] [stderr]    Compiling crossbeam-utils v0.8.21
[INFO] [stderr]    Compiling libc v0.2.186
[INFO] [stderr]    Compiling futures-io v0.3.32
[INFO] [stderr]    Compiling unicode-segmentation v1.13.3
[INFO] [stderr]    Compiling typenum v1.20.1
[INFO] [stderr]    Compiling memchr v2.8.2
[INFO] [stderr]    Compiling smallvec v1.15.2
[INFO] [stderr]    Compiling unicode-xid v0.2.6
[INFO] [stderr]    Compiling arc-swap v1.9.1
[INFO] [stderr]    Compiling const-oid v0.10.2
[INFO] [stderr]    Compiling web-time v1.1.0
[INFO] [stderr]    Compiling cpufeatures v0.3.0
[INFO] [stderr]    Compiling num-traits v0.2.19
[INFO] [stderr]    Compiling hex v0.4.3
[INFO] [stderr]    Compiling portable-atomic v1.13.1
[INFO] [stderr]    Compiling fast-interleave v0.1.3
[INFO] [stderr]    Compiling futures-channel v0.3.32
[INFO] [stderr]    Compiling syn v2.0.118
[INFO] [stderr]    Compiling syn v3.0.3
[INFO] [stderr]    Compiling convert_case v0.10.0
[INFO] [stderr]    Compiling ringbuf v0.5.2
[INFO] [stderr]    Compiling crossbeam-queue v0.3.12
[INFO] [stderr]    Compiling hybrid-array v0.4.12
[INFO] [stderr]    Compiling kithara-ring v0.0.1-alpha5
[INFO] [stderr]    Compiling crypto-common v0.2.2
[INFO] [stderr]    Compiling block-buffer v0.12.0
[INFO] [stderr]    Compiling parking_lot_core v0.9.12
[INFO] [stderr]    Compiling digest v0.11.3
[INFO] [stderr]    Compiling parking_lot v0.12.5
[INFO] [stderr]    Compiling sha2 v0.11.0
[INFO] [stderr]    Compiling kithara-beat v0.0.1-alpha5
[INFO] [stderr]    Compiling derive-where v1.7.0
[INFO] [stderr]    Compiling kithara-test-macros v0.0.1-alpha5
[INFO] [stderr]    Compiling kithara-derive v0.0.1-alpha5
[INFO] [stderr]    Compiling darling_core v0.23.0
[INFO] [stderr]    Compiling prettyplease v0.2.37
[INFO] [stderr]    Compiling futures-macro v0.3.32
[INFO] [stderr]    Compiling serde_derive v1.0.228
[INFO] [stderr]    Compiling tracing-attributes v0.1.31
[INFO] [stderr]    Compiling tokio-macros v2.7.0
[INFO] [stderr]    Compiling derive_more-impl v2.1.1
[INFO] [stderr]    Compiling fieldwork-derive v0.5.2
[INFO] [stderr]    Compiling delegate v0.13.5
[INFO] [stderr]    Compiling thiserror-impl v2.0.18
[INFO] [stderr]    Compiling tokio v1.52.3
[INFO] [stderr]    Compiling futures-util v0.3.32
[INFO] [stderr]    Compiling thiserror v2.0.18
[INFO] [stderr]    Compiling fieldwork v0.5.2
[INFO] [stderr]    Compiling tracing v0.1.44
[INFO] [stderr]    Compiling darling_macro v0.23.0
[INFO] [stderr]    Compiling darling v0.23.0
[INFO] [stderr]    Compiling bon-macros v3.9.1
[INFO] [stderr]    Compiling derive_more v2.1.1
[INFO] [stderr]    Compiling serde v1.0.228
[INFO] [stderr]    Compiling rangemap v1.7.1
[INFO] [stderr]    Compiling futures-executor v0.3.32
[INFO] [stderr]    Compiling futures v0.3.32
[INFO] [stderr]    Compiling kithara-platform v0.0.1-alpha5
[INFO] [stderr]    Compiling bon v3.9.1
[INFO] [stderr]    Compiling kithara-bufpool v0.0.1-alpha5
[INFO] [stderr]    Compiling kithara-blob v0.0.1-alpha5
[INFO] [stderr]    Compiling kithara-signal v0.0.1-alpha5
[INFO] [stderr]    Compiling kithara-warp v0.0.1-alpha5 (/opt/rustwide/workdir)
[INFO] [stderr]     Finished `release` profile [optimized] target(s) in 29.69s
[INFO] running `Command { std: "docker" "inspect" "8c2f1fd558ee060a6fdd69f82316251f0876e10ea67283494aab978ef589e8f8", kill_on_drop: false }`
[INFO] running `Command { std: "docker" "exec" "-e" "SOURCE_DIR=/opt/rustwide/workdir" "-e" "CARGO_HOME=/opt/rustwide/cargo-home" "-e" "RUSTUP_HOME=/opt/rustwide/rustup-home" "-e" "CARGO_TARGET_DIR=/opt/rustwide/target" "-e" "CARGO_INCREMENTAL=0" "-e" "RUST_BACKTRACE=full" "-e" "RUSTFLAGS=--cap-lints=warn" "-e" "RUSTDOCFLAGS=--cap-lints=warn" "-w" "/opt/rustwide/workdir" "--user" "0:0" "8c2f1fd558ee060a6fdd69f82316251f0876e10ea67283494aab978ef589e8f8" "/opt/rustwide/cargo-home/bin/cargo" "+1.99.0-beta.8" "test" "--frozen" "--no-run" "--message-format=json" "--release", kill_on_drop: false }`
[INFO] [stderr]    Compiling num-traits v0.2.19
[INFO] [stderr]    Compiling strength_reduce v0.2.4
[INFO] [stderr]    Compiling serde_json v1.0.150
[INFO] [stderr]    Compiling num-integer v0.1.46
[INFO] [stderr]    Compiling num-complex v0.4.6
[INFO] [stderr]    Compiling kithara-beat v0.0.1-alpha5
[INFO] [stderr]    Compiling kithara-warp v0.0.1-alpha5 (/opt/rustwide/workdir)
[INFO] [stderr]    Compiling transpose v0.2.3
[INFO] [stderr]    Compiling primal-check v0.3.4
[INFO] [stderr]    Compiling rustfft v6.4.1
[INFO] [stderr]    Compiling realfft v3.5.0
[INFO] [stdout] error[E0432]: unresolved import `kithara_test_utils`
[INFO] [stdout]    --> src/anchor.rs:277:9
[INFO] [stdout]     |
[INFO] [stdout] 277 |     use kithara_test_utils::kithara;
[INFO] [stdout]     |         ^^^^^^^^^^^^^^^^^^ use of unresolved module or unlinked crate `kithara_test_utils`
[INFO] [stdout]     |
[INFO] [stdout] help: there is a crate or module with a similar name
[INFO] [stdout]     |
[INFO] [stdout] 277 -     use kithara_test_utils::kithara;
[INFO] [stdout] 277 +     use kithara_test_macros::kithara;
[INFO] [stdout]     |
[INFO] [stdout] 
[INFO] [stdout] 
[INFO] [stdout] error[E0432]: unresolved import `kithara_test_utils`
[INFO] [stdout]    --> src/beat_grid/model.rs:343:9
[INFO] [stdout]     |
[INFO] [stdout] 343 |     use kithara_test_utils::kithara;
[INFO] [stdout]     |         ^^^^^^^^^^^^^^^^^^ use of unresolved module or unlinked crate `kithara_test_utils`
[INFO] [stdout]     |
[INFO] [stdout] help: there is a crate or module with a similar name
[INFO] [stdout]     |
[INFO] [stdout] 343 -     use kithara_test_utils::kithara;
[INFO] [stdout] 343 +     use kithara_test_macros::kithara;
[INFO] [stdout]     |
[INFO] [stdout] 
[INFO] [stdout] 
[INFO] [stdout] error[E0432]: unresolved import `kithara_test_utils`
[INFO] [stdout]    --> src/beat_grid/projection.rs:272:9
[INFO] [stdout]     |
[INFO] [stdout] 272 |     use kithara_test_utils::kithara;
[INFO] [stdout]     |         ^^^^^^^^^^^^^^^^^^ use of unresolved module or unlinked crate `kithara_test_utils`
[INFO] [stdout]     |
[INFO] [stdout] help: there is a crate or module with a similar name
[INFO] [stdout]     |
[INFO] [stdout] 272 -     use kithara_test_utils::kithara;
[INFO] [stdout] 272 +     use kithara_test_macros::kithara;
[INFO] [stdout]     |
[INFO] [stdout] 
[INFO] [stdout] 
[INFO] [stdout] error[E0432]: unresolved import `kithara_test_utils`
[INFO] [stdout]    --> src/beat_grid/segment.rs:253:9
[INFO] [stdout]     |
[INFO] [stdout] 253 |     use kithara_test_utils::kithara;
[INFO] [stdout]     |         ^^^^^^^^^^^^^^^^^^ use of unresolved module or unlinked crate `kithara_test_utils`
[INFO] [stdout]     |
[INFO] [stdout] help: there is a crate or module with a similar name
[INFO] [stdout]     |
[INFO] [stdout] 253 -     use kithara_test_utils::kithara;
[INFO] [stdout] 253 +     use kithara_test_macros::kithara;
[INFO] [stdout]     |
[INFO] [stdout] 
[INFO] [stdout] 
[INFO] [stdout] error[E0432]: unresolved import `kithara_test_utils`
[INFO] [stdout]    --> src/beat_grid/session.rs:184:9
[INFO] [stdout]     |
[INFO] [stdout] 184 |     use kithara_test_utils::kithara;
[INFO] [stdout]     |         ^^^^^^^^^^^^^^^^^^ use of unresolved module or unlinked crate `kithara_test_utils`
[INFO] [stdout]     |
[INFO] [stdout] help: there is a crate or module with a similar name
[INFO] [stdout]     |
[INFO] [stdout] 184 -     use kithara_test_utils::kithara;
[INFO] [stdout] 184 +     use kithara_test_macros::kithara;
[INFO] [stdout]     |
[INFO] [stdout] 
[INFO] [stdout] 
[INFO] [stdout] error[E0432]: unresolved import `kithara_test_utils`
[INFO] [stdout]    --> src/beat_grid/snapshot.rs:261:9
[INFO] [stdout]     |
[INFO] [stdout] 261 |     use kithara_test_utils::kithara;
[INFO] [stdout]     |         ^^^^^^^^^^^^^^^^^^ use of unresolved module or unlinked crate `kithara_test_utils`
[INFO] [stdout]     |
[INFO] [stdout] help: there is a crate or module with a similar name
[INFO] [stdout]     |
[INFO] [stdout] 261 -     use kithara_test_utils::kithara;
[INFO] [stdout] 261 +     use kithara_test_macros::kithara;
[INFO] [stdout]     |
[INFO] [stdout] 
[INFO] [stdout] 
[INFO] [stdout] error[E0432]: unresolved import `kithara_test_utils`
[INFO] [stdout]    --> src/coordinate.rs:345:9
[INFO] [stdout]     |
[INFO] [stdout] 345 |     use kithara_test_utils::kithara;
[INFO] [stdout]     |         ^^^^^^^^^^^^^^^^^^ use of unresolved module or unlinked crate `kithara_test_utils`
[INFO] [stdout]     |
[INFO] [stdout] help: there is a crate or module with a similar name
[INFO] [stdout]     |
[INFO] [stdout] 345 -     use kithara_test_utils::kithara;
[INFO] [stdout] 345 +     use kithara_test_macros::kithara;
[INFO] [stdout]     |
[INFO] [stdout] 
[INFO] [stdout] 
[INFO] [stdout] error[E0432]: unresolved import `kithara_test_utils`
[INFO] [stdout]   --> src/temporal/context.rs:98:9
[INFO] [stdout]    |
[INFO] [stdout] 98 |     use kithara_test_utils::kithara;
[INFO] [stdout]    |         ^^^^^^^^^^^^^^^^^^ use of unresolved module or unlinked crate `kithara_test_utils`
[INFO] [stdout]    |
[INFO] [stdout] help: there is a crate or module with a similar name
[INFO] [stdout]    |
[INFO] [stdout] 98 -     use kithara_test_utils::kithara;
[INFO] [stdout] 98 +     use kithara_test_macros::kithara;
[INFO] [stdout]    |
[INFO] [stdout] 
[INFO] [stdout] 
[INFO] [stdout] error[E0432]: unresolved import `kithara_test_utils`
[INFO] [stdout]    --> src/temporal/controls.rs:159:9
[INFO] [stdout]     |
[INFO] [stdout] 159 |     use kithara_test_utils::kithara;
[INFO] [stdout]     |         ^^^^^^^^^^^^^^^^^^ use of unresolved module or unlinked crate `kithara_test_utils`
[INFO] [stdout]     |
[INFO] [stdout] help: there is a crate or module with a similar name
[INFO] [stdout]     |
[INFO] [stdout] 159 -     use kithara_test_utils::kithara;
[INFO] [stdout] 159 +     use kithara_test_macros::kithara;
[INFO] [stdout]     |
[INFO] [stdout] 
[INFO] [stdout] 
[INFO] [stdout] error[E0432]: unresolved import `kithara_test_utils`
[INFO] [stdout]    --> src/temporal/live.rs:344:9
[INFO] [stdout]     |
[INFO] [stdout] 344 |     use kithara_test_utils::kithara;
[INFO] [stdout]     |         ^^^^^^^^^^^^^^^^^^ use of unresolved module or unlinked crate `kithara_test_utils`
[INFO] [stdout]     |
[INFO] [stdout] help: there is a crate or module with a similar name
[INFO] [stdout]     |
[INFO] [stdout] 344 -     use kithara_test_utils::kithara;
[INFO] [stdout] 344 +     use kithara_test_macros::kithara;
[INFO] [stdout]     |
[INFO] [stdout] 
[INFO] [stdout] 
[INFO] [stdout] error[E0432]: unresolved import `kithara_test_utils`
[INFO] [stdout]    --> src/temporal/region.rs:133:9
[INFO] [stdout]     |
[INFO] [stdout] 133 |     use kithara_test_utils::kithara;
[INFO] [stdout]     |         ^^^^^^^^^^^^^^^^^^ use of unresolved module or unlinked crate `kithara_test_utils`
[INFO] [stdout]     |
[INFO] [stdout] help: there is a crate or module with a similar name
[INFO] [stdout]     |
[INFO] [stdout] 133 -     use kithara_test_utils::kithara;
[INFO] [stdout] 133 +     use kithara_test_macros::kithara;
[INFO] [stdout]     |
[INFO] [stdout] 
[INFO] [stdout] 
[INFO] [stdout] error[E0432]: unresolved import `kithara_test_utils`
[INFO] [stdout]   --> src/warp/actuator.rs:73:9
[INFO] [stdout]    |
[INFO] [stdout] 73 |     use kithara_test_utils::kithara;
[INFO] [stdout]    |         ^^^^^^^^^^^^^^^^^^ use of unresolved module or unlinked crate `kithara_test_utils`
[INFO] [stdout]    |
[INFO] [stdout] help: there is a crate or module with a similar name
[INFO] [stdout]    |
[INFO] [stdout] 73 -     use kithara_test_utils::kithara;
[INFO] [stdout] 73 +     use kithara_test_macros::kithara;
[INFO] [stdout]    |
[INFO] [stdout] 
[INFO] [stdout] 
[INFO] [stdout] error[E0432]: unresolved import `kithara_test_utils`
[INFO] [stdout]   --> src/warp/config.rs:70:9
[INFO] [stdout]    |
[INFO] [stdout] 70 |     use kithara_test_utils::kithara;
[INFO] [stdout]    |         ^^^^^^^^^^^^^^^^^^ use of unresolved module or unlinked crate `kithara_test_utils`
[INFO] [stdout]    |
[INFO] [stdout] help: there is a crate or module with a similar name
[INFO] [stdout]    |
[INFO] [stdout] 70 -     use kithara_test_utils::kithara;
[INFO] [stdout] 70 +     use kithara_test_macros::kithara;
[INFO] [stdout]    |
[INFO] [stdout] 
[INFO] [stdout] 
[INFO] [stdout] error[E0432]: unresolved import `kithara_test_utils`
[INFO] [stdout]    --> src/warp/map.rs:118:9
[INFO] [stdout]     |
[INFO] [stdout] 118 |     use kithara_test_utils::kithara;
[INFO] [stdout]     |         ^^^^^^^^^^^^^^^^^^ use of unresolved module or unlinked crate `kithara_test_utils`
[INFO] [stdout]     |
[INFO] [stdout] help: there is a crate or module with a similar name
[INFO] [stdout]     |
[INFO] [stdout] 118 -     use kithara_test_utils::kithara;
[INFO] [stdout] 118 +     use kithara_test_macros::kithara;
[INFO] [stdout]     |
[INFO] [stdout] 
[INFO] [stdout] 
[INFO] [stdout] error[E0433]: cannot find module or crate `case` in this scope
[INFO] [stdout]   --> src/warp/config.rs:75:7
[INFO] [stdout]    |
[INFO] [stdout] 75 |     #[case::default(None, None)]
[INFO] [stdout]    |       ^^^^ use of unresolved module or unlinked crate `case`
[INFO] [stdout] 
[INFO] [stdout] 
[INFO] [stdout] error[E0433]: cannot find module or crate `case` in this scope
[INFO] [stdout]   --> src/warp/config.rs:76:7
[INFO] [stdout]    |
[INFO] [stdout] 76 |     #[case::configured(Some(64), Some(64))]
[INFO] [stdout]    |       ^^^^ use of unresolved module or unlinked crate `case`
[INFO] [stdout] 
[INFO] [stdout] 
[INFO] [stdout] error: cannot find attribute `case` in this scope
[INFO] [stdout]    --> src/temporal/controls.rs:187:7
[INFO] [stdout]     |
[INFO] [stdout] 187 |     #[case(0.0)]
[INFO] [stdout]     |       ^^^^
[INFO] [stdout] 
[INFO] [stdout] 
[INFO] [stdout] error: cannot find attribute `case` in this scope
[INFO] [stdout]    --> src/temporal/controls.rs:188:7
[INFO] [stdout]     |
[INFO] [stdout] 188 |     #[case(-1.0)]
[INFO] [stdout]     |       ^^^^
[INFO] [stdout] 
[INFO] [stdout] 
[INFO] [stdout] error: cannot find attribute `case` in this scope
[INFO] [stdout]    --> src/temporal/controls.rs:189:7
[INFO] [stdout]     |
[INFO] [stdout] 189 |     #[case(f32::NAN)]
[INFO] [stdout]     |       ^^^^
[INFO] [stdout] 
[INFO] [stdout] 
[INFO] [stdout] error: cannot find attribute `case` in this scope
[INFO] [stdout]    --> src/temporal/controls.rs:190:61
[INFO] [stdout]     |
[INFO] [stdout] 190 |     fn speed_target_is_clamped_at_construction_and_update(#[case] input: f32) {
[INFO] [stdout]     |                                                             ^^^^
[INFO] [stdout] 
[INFO] [stdout] 
[INFO] [stdout] error: cannot find attribute `case` in this scope
[INFO] [stdout]   --> src/warp/config.rs:78:11
[INFO] [stdout]    |
[INFO] [stdout] 78 |         #[case] configured: Option<usize>,
[INFO] [stdout]    |           ^^^^
[INFO] [stdout] 
[INFO] [stdout] 
[INFO] [stdout] error: cannot find attribute `case` in this scope
[INFO] [stdout]   --> src/warp/config.rs:79:11
[INFO] [stdout]    |
[INFO] [stdout] 79 |         #[case] expected: Option<usize>,
[INFO] [stdout]    |           ^^^^
[INFO] [stdout] 
[INFO] [stdout] 
[INFO] [stdout] Some errors have detailed explanations: E0432, E0433.
[INFO] [stdout] 
[INFO] [stdout] For more information about an error, try `rustc --explain E0432`.
[INFO] [stdout] 
[INFO] [stderr] error: could not compile `kithara-warp` (lib test) due to 22 previous errors
[INFO] running `Command { std: "docker" "inspect" "8c2f1fd558ee060a6fdd69f82316251f0876e10ea67283494aab978ef589e8f8", kill_on_drop: false }`
[INFO] running `Command { std: "docker" "rm" "-f" "8c2f1fd558ee060a6fdd69f82316251f0876e10ea67283494aab978ef589e8f8", kill_on_drop: false }`
[INFO] [stdout] 8c2f1fd558ee060a6fdd69f82316251f0876e10ea67283494aab978ef589e8f8
