[INFO] fetching crate kithara-resampler 0.0.1-alpha5...
[INFO] testing kithara-resampler-0.0.1-alpha5 against 1.99.0-beta.8+cargoflags=--release for beta-release-1.100-2
[INFO] extracting crate kithara-resampler 0.0.1-alpha5 into /workspace/builds/worker-0-tc1/source
[INFO] started tweaking crates.io crate kithara-resampler 0.0.1-alpha5
[INFO] finished tweaking crates.io crate kithara-resampler 0.0.1-alpha5
[INFO] tweaked toml for crates.io crate kithara-resampler 0.0.1-alpha5 written to /workspace/builds/worker-0-tc1/source/Cargo.toml
[INFO] validating manifest of crates.io crate kithara-resampler 0.0.1-alpha5 on toolchain 1.99.0-beta.8
[INFO] running `Command { std: CARGO_HOME="/workspace/cargo-home" RUSTUP_HOME="/workspace/rustup-home" "/workspace/cargo-home/bin/cargo" "+1.99.0-beta.8" "metadata" "--manifest-path" "Cargo.toml" "--no-deps", kill_on_drop: false }`
[INFO] crate crates.io crate kithara-resampler 0.0.1-alpha5 already has a lockfile, it will not be regenerated
[INFO] running `Command { std: CARGO_HOME="/workspace/cargo-home" RUSTUP_HOME="/workspace/rustup-home" "/workspace/cargo-home/bin/cargo" "+1.99.0-beta.8" "fetch" "--manifest-path" "Cargo.toml", kill_on_drop: false }`
[INFO] [stderr]     Updating crates.io index
[INFO] [stderr]  Downloading crates ...
[INFO] [stderr]   Downloaded windowfunctions v0.1.1
[INFO] [stderr]   Downloaded audioadapter-sample v5.2.0
[INFO] [stderr]   Downloaded audio-codec-algorithms v0.8.1
[INFO] [stderr]   Downloaded rubato v5.0.0
[INFO] [stderr]   Downloaded tokio_with_wasm_proc v0.9.0
[INFO] [stderr]   Downloaded audioadapter-buffers v5.2.0
[INFO] [stderr]   Downloaded kithara-ring v0.0.1-alpha5
[INFO] [stderr]   Downloaded kithara-derive v0.0.1-alpha5
[INFO] [stderr]   Downloaded fieldwork-derive v0.5.2
[INFO] [stderr]   Downloaded kithara-apple v0.0.1-alpha5
[INFO] [stderr]   Downloaded audioadapter v5.0.0
[INFO] [stderr]   Downloaded kithara-test-macros v0.0.1-alpha5
[INFO] [stderr]   Downloaded ringbuf v0.5.2
[INFO] [stderr]   Downloaded tokio_with_wasm v0.9.0
[INFO] [stderr]   Downloaded kithara-bufpool v0.0.1-alpha5
[INFO] [stderr]   Downloaded derive-where v1.7.0
[INFO] [stderr]   Downloaded fieldwork v0.5.2
[INFO] [stderr]   Downloaded continue v0.1.2
[INFO] [stderr]   Downloaded kithara-platform v0.0.1-alpha5
[INFO] [stderr]   Downloaded wasm_safe_thread v0.1.1
[INFO] running `Command { std: "docker" "create" "-v" "/var/lib/crater-agent-workspace/builds/worker-0-tc1/source:/opt/rustwide/workdir:ro,Z" "-v" "/var/lib/crater-agent-workspace/builds/worker-0-tc1/target:/opt/rustwide/target:rw,Z" "-v" "/var/lib/crater-agent-workspace/cargo-home:/opt/rustwide/cargo-home:ro,Z" "-v" "/var/lib/crater-agent-workspace/rustup-home:/opt/rustwide/rustup-home:ro,Z" "-m" "1610612736" "--network" "none" "ghcr.io/rust-lang/crates-build-env/linux@sha256:77db811e55d90add9212f6832c23229e3de5f1c1f9905e8cb07319ea15df73ac" "sleep" "infinity", kill_on_drop: false }`
[INFO] [stdout] 11745e2e18f2d43a553936f3101943419df1ee883b2cecc0a8a498fbe92ee242
[INFO] running `Command { std: "docker" "start" "11745e2e18f2d43a553936f3101943419df1ee883b2cecc0a8a498fbe92ee242", kill_on_drop: false }`
[INFO] running `Command { std: "docker" "inspect" "11745e2e18f2d43a553936f3101943419df1ee883b2cecc0a8a498fbe92ee242", kill_on_drop: false }`
[INFO] running `Command { std: "docker" "exec" "-e" "SOURCE_DIR=/opt/rustwide/workdir" "-e" "CARGO_HOME=/opt/rustwide/cargo-home" "-e" "RUSTUP_HOME=/opt/rustwide/rustup-home" "-e" "CARGO_TARGET_DIR=/opt/rustwide/target" "-w" "/opt/rustwide/workdir" "--user" "0:0" "11745e2e18f2d43a553936f3101943419df1ee883b2cecc0a8a498fbe92ee242" "/opt/rustwide/cargo-home/bin/cargo" "+1.99.0-beta.8" "metadata" "--no-deps" "--format-version=1", kill_on_drop: false }`
[INFO] running `Command { std: "docker" "inspect" "11745e2e18f2d43a553936f3101943419df1ee883b2cecc0a8a498fbe92ee242", kill_on_drop: false }`
[INFO] running `Command { std: "docker" "exec" "-e" "SOURCE_DIR=/opt/rustwide/workdir" "-e" "CARGO_HOME=/opt/rustwide/cargo-home" "-e" "RUSTUP_HOME=/opt/rustwide/rustup-home" "-e" "CARGO_TARGET_DIR=/opt/rustwide/target" "-e" "CARGO_INCREMENTAL=0" "-e" "RUST_BACKTRACE=full" "-e" "RUSTFLAGS=--cap-lints=warn" "-e" "RUSTDOCFLAGS=--cap-lints=warn" "-w" "/opt/rustwide/workdir" "--user" "0:0" "11745e2e18f2d43a553936f3101943419df1ee883b2cecc0a8a498fbe92ee242" "/opt/rustwide/cargo-home/bin/cargo" "+1.99.0-beta.8" "build" "--frozen" "--message-format=json" "--release", kill_on_drop: false }`
[INFO] [stderr]    Compiling futures-sink v0.3.32
[INFO] [stderr]    Compiling syn v2.0.118
[INFO] [stderr]    Compiling syn v3.0.3
[INFO] [stderr]    Compiling parking_lot_core v0.9.12
[INFO] [stderr]    Compiling ringbuf v0.5.2
[INFO] [stderr]    Compiling arc-swap v1.9.1
[INFO] [stderr]    Compiling crossbeam-queue v0.3.12
[INFO] [stderr]    Compiling futures-channel v0.3.32
[INFO] [stderr]    Compiling parking_lot v0.12.5
[INFO] [stderr]    Compiling kithara-ring v0.0.1-alpha5
[INFO] [stderr]    Compiling derive-where v1.7.0
[INFO] [stderr]    Compiling kithara-test-macros v0.0.1-alpha5
[INFO] [stderr]    Compiling kithara-derive v0.0.1-alpha5
[INFO] [stderr]    Compiling darling_core v0.23.0
[INFO] [stderr]    Compiling prettyplease v0.2.37
[INFO] [stderr]    Compiling futures-macro v0.3.32
[INFO] [stderr]    Compiling fieldwork-derive v0.5.2
[INFO] [stderr]    Compiling tokio-macros v2.7.0
[INFO] [stderr]    Compiling tracing-attributes v0.1.31
[INFO] [stderr]    Compiling derive_more-impl v2.1.1
[INFO] [stderr]    Compiling thiserror-impl v2.0.18
[INFO] [stderr]    Compiling delegate v0.13.5
[INFO] [stderr]    Compiling serde_derive v1.0.228
[INFO] [stderr]    Compiling tokio v1.52.3
[INFO] [stderr]    Compiling futures-util v0.3.32
[INFO] [stderr]    Compiling tracing v0.1.44
[INFO] [stderr]    Compiling darling_macro v0.23.0
[INFO] [stderr]    Compiling fieldwork v0.5.2
[INFO] [stderr]    Compiling darling v0.23.0
[INFO] [stderr]    Compiling thiserror v2.0.18
[INFO] [stderr]    Compiling bon-macros v3.9.1
[INFO] [stderr]    Compiling derive_more v2.1.1
[INFO] [stderr]    Compiling serde v1.0.228
[INFO] [stderr]    Compiling futures-executor v0.3.32
[INFO] [stderr]    Compiling bon v3.9.1
[INFO] [stderr]    Compiling futures v0.3.32
[INFO] [stderr]    Compiling kithara-platform v0.0.1-alpha5
[INFO] [stderr]    Compiling kithara-bufpool v0.0.1-alpha5
[INFO] [stderr]    Compiling kithara-resampler v0.0.1-alpha5 (/opt/rustwide/workdir)
[INFO] [stderr]     Finished `release` profile [optimized] target(s) in 25.26s
[INFO] running `Command { std: "docker" "inspect" "11745e2e18f2d43a553936f3101943419df1ee883b2cecc0a8a498fbe92ee242", kill_on_drop: false }`
[INFO] running `Command { std: "docker" "exec" "-e" "SOURCE_DIR=/opt/rustwide/workdir" "-e" "CARGO_HOME=/opt/rustwide/cargo-home" "-e" "RUSTUP_HOME=/opt/rustwide/rustup-home" "-e" "CARGO_TARGET_DIR=/opt/rustwide/target" "-e" "CARGO_INCREMENTAL=0" "-e" "RUST_BACKTRACE=full" "-e" "RUSTFLAGS=--cap-lints=warn" "-e" "RUSTDOCFLAGS=--cap-lints=warn" "-w" "/opt/rustwide/workdir" "--user" "0:0" "11745e2e18f2d43a553936f3101943419df1ee883b2cecc0a8a498fbe92ee242" "/opt/rustwide/cargo-home/bin/cargo" "+1.99.0-beta.8" "test" "--frozen" "--no-run" "--message-format=json" "--release", kill_on_drop: false }`
[INFO] [stderr]    Compiling zerocopy v0.8.52
[INFO] [stderr]    Compiling zerocopy-derive v0.8.52
[INFO] [stderr]    Compiling serde v1.0.228
[INFO] [stderr]    Compiling cc v1.2.65
[INFO] [stderr]    Compiling crossbeam-epoch v0.9.20
[INFO] [stderr]    Compiling ringbuf v0.5.2
[INFO] [stderr]    Compiling serde_json v1.0.150
[INFO] [stderr]    Compiling clap_builder v4.6.0
[INFO] [stderr]    Compiling regex-automata v0.4.14
[INFO] [stderr]    Compiling crossbeam-queue v0.3.12
[INFO] [stderr]    Compiling page_size v0.6.0
[INFO] [stderr]    Compiling criterion-plot v0.8.2
[INFO] [stderr]    Compiling kithara-ring v0.0.1-alpha5
[INFO] [stderr]    Compiling crossbeam-deque v0.8.6
[INFO] [stderr]    Compiling rayon-core v1.13.0
[INFO] [stderr]    Compiling rayon v1.12.0
[INFO] [stderr]    Compiling kithara-bufpool v0.0.1-alpha5
[INFO] [stderr]    Compiling serde_yaml_ng v0.10.0
[INFO] [stderr]    Compiling alloca v0.4.0
[INFO] [stderr]    Compiling kithara-resampler v0.0.1-alpha5 (/opt/rustwide/workdir)
[INFO] [stderr]    Compiling tinytemplate v1.2.1
[INFO] [stderr]    Compiling regex v1.12.4
[INFO] [stderr]    Compiling clap v4.6.1
[INFO] [stderr]    Compiling half v2.7.1
[INFO] [stderr]    Compiling ciborium-ll v0.2.2
[INFO] [stderr]    Compiling ciborium v0.2.2
[INFO] [stderr]    Compiling criterion v0.8.2
[INFO] [stdout] error[E0432]: unresolved import `kithara_test_utils`
[INFO] [stdout]   --> src/lib.rs:19:16
[INFO] [stdout]    |
[INFO] [stdout] 19 | pub(crate) use kithara_test_utils::bufpool as test_pools;
[INFO] [stdout]    |                ^^^^^^^^^^^^^^^^^^ use of unresolved module or unlinked crate `kithara_test_utils`
[INFO] [stdout]    |
[INFO] [stdout]    = help: if you wanted to use a crate named `kithara_test_utils`, use `cargo add kithara_test_utils` to add it to your `Cargo.toml`
[INFO] [stdout] 
[INFO] [stdout] 
[INFO] [stdout] error[E0432]: unresolved import `kithara_test_utils`
[INFO] [stdout]    --> src/config.rs:205:9
[INFO] [stdout]     |
[INFO] [stdout] 205 |     use kithara_test_utils::kithara;
[INFO] [stdout]     |         ^^^^^^^^^^^^^^^^^^ use of unresolved module or unlinked crate `kithara_test_utils`
[INFO] [stdout]     |
[INFO] [stdout]     = help: if you wanted to use a crate named `kithara_test_utils`, use `cargo add kithara_test_utils` to add it to your `Cargo.toml`
[INFO] [stdout] 
[INFO] [stdout] 
[INFO] [stdout] error[E0432]: unresolved import `kithara_test_utils`
[INFO] [stdout]    --> src/config.rs:330:9
[INFO] [stdout]     |
[INFO] [stdout] 330 |     use kithara_test_utils::kithara;
[INFO] [stdout]     |         ^^^^^^^^^^^^^^^^^^ use of unresolved module or unlinked crate `kithara_test_utils`
[INFO] [stdout]     |
[INFO] [stdout]     = help: if you wanted to use a crate named `kithara_test_utils`, use `cargo add kithara_test_utils` to add it to your `Cargo.toml`
[INFO] [stdout] 
[INFO] [stdout] 
[INFO] [stdout] For more information about this error, try `rustc --explain E0432`.
[INFO] [stdout] 
[INFO] [stderr] error: could not compile `kithara-resampler` (lib test) due to 3 previous errors
[INFO] running `Command { std: "docker" "inspect" "11745e2e18f2d43a553936f3101943419df1ee883b2cecc0a8a498fbe92ee242", kill_on_drop: false }`
[INFO] running `Command { std: "docker" "rm" "-f" "11745e2e18f2d43a553936f3101943419df1ee883b2cecc0a8a498fbe92ee242", kill_on_drop: false }`
[INFO] [stdout] 11745e2e18f2d43a553936f3101943419df1ee883b2cecc0a8a498fbe92ee242
