[INFO] fetching crate kithara-hls 0.0.1-alpha5...
[INFO] testing kithara-hls-0.0.1-alpha5 against 1.99.0-beta.8+cargoflags=--release for beta-release-1.100-2
[INFO] extracting crate kithara-hls 0.0.1-alpha5 into /workspace/builds/worker-1-tc1/source
[INFO] started tweaking crates.io crate kithara-hls 0.0.1-alpha5
[INFO] finished tweaking crates.io crate kithara-hls 0.0.1-alpha5
[INFO] tweaked toml for crates.io crate kithara-hls 0.0.1-alpha5 written to /workspace/builds/worker-1-tc1/source/Cargo.toml
[INFO] validating manifest of crates.io crate kithara-hls 0.0.1-alpha5 on toolchain 1.99.0-beta.8
[INFO] running `Command { std: CARGO_HOME="/workspace/cargo-home" RUSTUP_HOME="/workspace/rustup-home" "/workspace/cargo-home/bin/cargo" "+1.99.0-beta.8" "metadata" "--manifest-path" "Cargo.toml" "--no-deps", kill_on_drop: false }`
[INFO] crate crates.io crate kithara-hls 0.0.1-alpha5 already has a lockfile, it will not be regenerated
[INFO] running `Command { std: CARGO_HOME="/workspace/cargo-home" RUSTUP_HOME="/workspace/rustup-home" "/workspace/cargo-home/bin/cargo" "+1.99.0-beta.8" "fetch" "--manifest-path" "Cargo.toml", kill_on_drop: false }`
[INFO] [stderr]     Updating crates.io index
[INFO] [stderr]      Locking 1 package to highest compatible version
[INFO] [stderr]       Adding btls-sys v0.5.6
[INFO] [stderr]  Downloading crates ...
[INFO] [stderr]   Downloaded wasm-bindgen-test-macro v0.3.70
[INFO] [stderr]   Downloaded wasm-bindgen-futures v0.4.70
[INFO] [stderr]   Downloaded wasm-bindgen-test v0.3.70
[INFO] [stderr]   Downloaded wasm-bindgen-test-shared v0.2.120
[INFO] [stderr]   Downloaded serial_test v3.5.0
[INFO] [stderr]   Downloaded wasm-bindgen v0.2.120
[INFO] [stderr]   Downloaded polonius-the-crab v0.5.0
[INFO] [stderr]   Downloaded thread-id v5.1.0
[INFO] [stderr]   Downloaded usdt-macro v0.6.0
[INFO] [stderr]   Downloaded usdt v0.6.0
[INFO] [stderr]   Downloaded dtrace-parser v0.3.0
[INFO] [stderr]   Downloaded never-say-never v6.6.666
[INFO] [stderr]   Downloaded macro_rules_attribute v0.2.2
[INFO] [stderr]   Downloaded rtsan-standalone-macros v0.3.0
[INFO] [stderr]   Downloaded wasm-bindgen-shared v0.2.120
[INFO] [stderr]   Downloaded wasm-bindgen-macro v0.2.120
[INFO] [stderr]   Downloaded macro_rules_attribute-proc_macro v0.2.2
[INFO] [stderr]   Downloaded pretty-hex v0.4.2
[INFO] [stderr]   Downloaded plain v0.2.3
[INFO] [stderr]   Downloaded tracing-wasm v0.2.1
[INFO] [stderr]   Downloaded serial_test_derive v3.5.0
[INFO] [stderr]   Downloaded scroll_derive v0.13.1
[INFO] [stderr]   Downloaded usdt-attr-macro v0.6.0
[INFO] [stderr]   Downloaded rtsan-standalone-sys v0.3.0
[INFO] [stderr]   Downloaded tokio_with_wasm_proc v0.9.0
[INFO] [stderr]   Downloaded kithara-ring v0.0.1-alpha5
[INFO] [stderr]   Downloaded pest_generator v2.8.6
[INFO] [stderr]   Downloaded dof v0.4.0
[INFO] [stderr]   Downloaded rtsan-standalone v0.3.0
[INFO] [stderr]   Downloaded tokio_with_wasm v0.9.0
[INFO] [stderr]   Downloaded compression-core v0.4.32
[INFO] [stderr]   Downloaded tokio-btls v0.5.6
[INFO] [stderr]   Downloaded foreign-types-shared v0.3.1
[INFO] [stderr]   Downloaded unimock_macros v0.6.8
[INFO] [stderr]   Downloaded scroll v0.13.0
[INFO] [stderr]   Downloaded serde_tokenstream v0.2.3
[INFO] [stderr]   Downloaded delegate v0.13.5
[INFO] [stderr]   Downloaded alloc-no-stdlib v2.0.4
[INFO] [stderr]   Downloaded foreign-types v0.5.0
[INFO] [stderr]   Downloaded foreign-types-macros v0.2.3
[INFO] [stderr]   Downloaded fslock v0.2.1
[INFO] [stderr]   Downloaded higher-kinded-types v0.2.1
[INFO] [stderr]   Downloaded usdt-impl v0.6.0
[INFO] [stderr]   Downloaded fieldwork-derive v0.5.2
[INFO] [stderr]   Downloaded kithara-derive v0.0.1-alpha5
[INFO] [stderr]   Downloaded memmap2 v0.7.1
[INFO] [stderr]   Downloaded zstd-safe v7.2.4
[INFO] [stderr]   Downloaded wreq-rt v0.2.2-rc.4
[INFO] [stderr]   Downloaded compression-codecs v0.4.38
[INFO] [stderr]   Downloaded wasm-bindgen-macro-support v0.2.120
[INFO] [stderr]   Downloaded minicov v0.3.8
[INFO] [stderr]   Downloaded kithara-test-utils v0.0.1-alpha5
[INFO] [stderr]   Downloaded pest_derive v2.8.6
[INFO] [stderr]   Downloaded pest_meta v2.8.6
[INFO] [stderr]   Downloaded kithara-test-macros v0.0.1-alpha5
[INFO] [stderr]   Downloaded derive-where v1.7.0
[INFO] [stderr]   Downloaded kithara-bufpool v0.0.1-alpha5
[INFO] [stderr]   Downloaded ringbuf v0.5.2
[INFO] [stderr]   Downloaded portable-atomic-util v0.2.7
[INFO] [stderr]   Downloaded kithara-stream v0.0.1-alpha5
[INFO] [stderr]   Downloaded kithara-storage v0.0.1-alpha5
[INFO] [stderr]   Downloaded rangemap v1.7.1
[INFO] [stderr]   Downloaded fs4 v1.1.0
[INFO] [stderr]   Downloaded wreq-util v3.0.0-rc.14
[INFO] [stderr]   Downloaded alloc-stdlib v0.2.4
[INFO] [stderr]   Downloaded lru v0.18.2
[INFO] [stderr]   Downloaded typed-builder v0.23.2
[INFO] [stderr]   Downloaded typed-builder-macro v0.23.2
[INFO] [stderr]   Downloaded js-sys v0.3.97
[INFO] [stderr]   Downloaded cc v1.2.65
[INFO] [stderr]   Downloaded unimock v0.6.8
[INFO] [stderr]   Downloaded serde_yaml_ng v0.10.0
[INFO] [stderr]   Downloaded pest v2.8.6
[INFO] [stderr]   Downloaded zerocopy-derive v0.8.52
[INFO] [stderr]   Downloaded fieldwork v0.5.2
[INFO] [stderr]   Downloaded bon v3.9.1
[INFO] [stderr]   Downloaded bon-macros v3.9.1
[INFO] [stderr]   Downloaded kithara-net v0.0.1-alpha5
[INFO] [stderr]   Downloaded wreq-proto v0.2.5
[INFO] [stderr]   Downloaded async-compression v0.4.42
[INFO] [stderr]   Downloaded kithara-platform v0.0.1-alpha5
[INFO] [stderr]   Downloaded wasm_safe_thread v0.1.1
[INFO] [stderr]   Downloaded continue v0.1.2
[INFO] [stderr]   Downloaded mmap-io v1.0.0
[INFO] [stderr]   Downloaded wreq v6.0.0-rc.29
[INFO] [stderr]   Downloaded http2 v0.5.20
[INFO] [stderr]   Downloaded webpki-root-certs v1.0.8
[INFO] [stderr]   Downloaded brotli-decompressor v5.0.3
[INFO] [stderr]   Downloaded psl-types v2.0.11
[INFO] [stderr]   Downloaded humantime-serde v1.1.1
[INFO] [stderr]   Downloaded zerocopy v0.8.52
[INFO] [stderr]   Downloaded goblin v0.10.5
[INFO] [stderr]   Downloaded btls v0.5.6
[INFO] [stderr]   Downloaded humantime v2.4.0
[INFO] [stderr]   Downloaded chunked_transfer v1.5.0
[INFO] [stderr]   Downloaded term v0.7.0
[INFO] [stderr]   Downloaded dirs-next v2.0.0
[INFO] [stderr]   Downloaded aws-lc-rs v1.18.1
[INFO] [stderr]   Downloaded publicsuffix v2.3.0
[INFO] [stderr]   Downloaded tiny_http v0.12.0
[INFO] [stderr]   Downloaded quanta v0.12.6
[INFO] [stderr]   Downloaded prettytable-rs v0.10.0
[INFO] [stderr]   Downloaded dirs-sys-next v0.1.2
[INFO] [stderr]   Downloaded hotpath v0.19.1
[INFO] [stderr]   Downloaded hotpath-macros v0.19.1
[INFO] [stderr]   Downloaded web-sys v0.3.97
[INFO] [stderr]   Downloaded zstd-sys v2.0.16+zstd.1.5.7
[INFO] [stderr]   Downloaded brotli v8.0.4
[INFO] [stderr]   Downloaded hdrhistogram v7.5.4
[INFO] [stderr]   Downloaded gloo-timers v0.4.0
[INFO] [stderr]   Downloaded kithara-abr v0.0.1-alpha5
[INFO] [stderr]   Downloaded kithara-events v0.0.1-alpha5
[INFO] [stderr]   Downloaded dashmap v6.2.1
[INFO] [stderr]   Downloaded kithara-drm v0.0.1-alpha5
[INFO] [stderr]   Downloaded cipher v0.5.2
[INFO] [stderr]   Downloaded inout v0.2.2
[INFO] [stderr]   Downloaded block-padding v0.4.2
[INFO] [stderr]   Downloaded cpubits v0.1.1
[INFO] [stderr]   Downloaded cbc v0.2.1
[INFO] [stderr]   Downloaded aes v0.9.1
[INFO] [stderr]   Downloaded btls-sys v0.5.6
[INFO] [stderr]   Downloaded thunderdome v0.6.1
[INFO] [stderr]   Downloaded kithara-download v0.0.1-alpha5
[INFO] [stderr]   Downloaded ptr_meta v0.3.1
[INFO] [stderr]   Downloaded ptr_meta_derive v0.3.1
[INFO] [stderr]   Downloaded bytecheck_derive v0.8.3
[INFO] [stderr]   Downloaded munge_macro v0.4.7
[INFO] [stderr]   Downloaded uuid v1.23.3
[INFO] [stderr]   Downloaded rkyv_derive v0.8.18
[INFO] [stderr]   Downloaded rend v0.5.3
[INFO] [stderr]   Downloaded bytecheck v0.8.3
[INFO] [stderr]   Downloaded rancor v0.1.1
[INFO] [stderr]   Downloaded serde_path_to_error v0.1.20
[INFO] [stderr]   Downloaded axum-core v0.5.6
[INFO] [stderr]   Downloaded munge v0.4.7
[INFO] [stderr]   Downloaded matchit v0.8.4
[INFO] [stderr]   Downloaded stable-vec v0.4.2
[INFO] [stderr]   Downloaded hls_m3u8 v0.7.0
[INFO] [stderr]   Downloaded kithara-assets v0.0.1-alpha5
[INFO] [stderr]   Downloaded axum v0.8.9
[INFO] [stderr]   Downloaded rkyv v0.8.18
[INFO] [stderr]   Downloaded aws-lc-sys v0.45.0
[INFO] running `Command { std: "docker" "create" "-v" "/var/lib/crater-agent-workspace/builds/worker-1-tc1/source:/opt/rustwide/workdir:ro,Z" "-v" "/var/lib/crater-agent-workspace/builds/worker-1-tc1/target:/opt/rustwide/target:rw,Z" "-v" "/var/lib/crater-agent-workspace/cargo-home:/opt/rustwide/cargo-home:ro,Z" "-v" "/var/lib/crater-agent-workspace/rustup-home:/opt/rustwide/rustup-home:ro,Z" "-m" "1610612736" "--network" "none" "ghcr.io/rust-lang/crates-build-env/linux@sha256:77db811e55d90add9212f6832c23229e3de5f1c1f9905e8cb07319ea15df73ac" "sleep" "infinity", kill_on_drop: false }`
[INFO] [stdout] 01e0a2a5c3f152600676ea22a4ac2197831e23d12579355774db6b53278cb0d2
[INFO] running `Command { std: "docker" "start" "01e0a2a5c3f152600676ea22a4ac2197831e23d12579355774db6b53278cb0d2", kill_on_drop: false }`
[INFO] running `Command { std: "docker" "inspect" "01e0a2a5c3f152600676ea22a4ac2197831e23d12579355774db6b53278cb0d2", kill_on_drop: false }`
[INFO] running `Command { std: "docker" "exec" "-e" "SOURCE_DIR=/opt/rustwide/workdir" "-e" "CARGO_HOME=/opt/rustwide/cargo-home" "-e" "RUSTUP_HOME=/opt/rustwide/rustup-home" "-e" "CARGO_TARGET_DIR=/opt/rustwide/target" "-w" "/opt/rustwide/workdir" "--user" "0:0" "01e0a2a5c3f152600676ea22a4ac2197831e23d12579355774db6b53278cb0d2" "/opt/rustwide/cargo-home/bin/cargo" "+1.99.0-beta.8" "metadata" "--no-deps" "--format-version=1", kill_on_drop: false }`
[INFO] running `Command { std: "docker" "inspect" "01e0a2a5c3f152600676ea22a4ac2197831e23d12579355774db6b53278cb0d2", kill_on_drop: false }`
[INFO] running `Command { std: "docker" "exec" "-e" "SOURCE_DIR=/opt/rustwide/workdir" "-e" "CARGO_HOME=/opt/rustwide/cargo-home" "-e" "RUSTUP_HOME=/opt/rustwide/rustup-home" "-e" "CARGO_TARGET_DIR=/opt/rustwide/target" "-e" "CARGO_INCREMENTAL=0" "-e" "RUST_BACKTRACE=full" "-e" "RUSTFLAGS=--cap-lints=warn" "-e" "RUSTDOCFLAGS=--cap-lints=warn" "-w" "/opt/rustwide/workdir" "--user" "0:0" "01e0a2a5c3f152600676ea22a4ac2197831e23d12579355774db6b53278cb0d2" "/opt/rustwide/cargo-home/bin/cargo" "+1.99.0-beta.8" "build" "--frozen" "--message-format=json" "--release", kill_on_drop: false }`
[INFO] [stderr]    Compiling libc v0.2.186
[INFO] [stderr]    Compiling pkg-config v0.3.33
[INFO] [stderr]    Compiling futures-channel v0.3.32
[INFO] [stderr]    Compiling slab v0.4.12
[INFO] [stderr]    Compiling tokio v1.52.3
[INFO] [stderr]    Compiling futures-macro v0.3.32
[INFO] [stderr]    Compiling syn v3.0.3
[INFO] [stderr]    Compiling tracing-attributes v0.1.31
[INFO] [stderr]    Compiling rustversion v1.0.22
[INFO] [stderr]    Compiling dunce v1.0.5
[INFO] [stderr]    Compiling fs_extra v1.3.0
[INFO] [stderr]    Compiling crossbeam-utils v0.8.21
[INFO] [stderr]    Compiling unicode-segmentation v1.13.3
[INFO] [stderr]    Compiling idna v1.1.0
[INFO] [stderr]    Compiling futures-util v0.3.32
[INFO] [stderr]    Compiling convert_case v0.10.0
[INFO] [stderr]    Compiling unicode-xid v0.2.6
[INFO] [stderr]    Compiling ident_case v1.0.1
[INFO] [stderr]    Compiling strsim v0.11.1
[INFO] [stderr]    Compiling derive_more-impl v2.1.1
[INFO] [stderr]    Compiling tracing v0.1.44
[INFO] [stderr]    Compiling jobserver v0.1.34
[INFO] [stderr]    Compiling darling_core v0.23.0
[INFO] [stderr]    Compiling form_urlencoded v1.2.2
[INFO] [stderr]    Compiling cc v1.2.65
[INFO] [stderr]    Compiling fieldwork-derive v0.5.2
[INFO] [stderr]    Compiling cmake v0.1.58
[INFO] [stderr]    Compiling typenum v1.20.1
[INFO] [stderr]    Compiling prettyplease v0.2.37
[INFO] [stderr]    Compiling aws-lc-rs v1.18.1
[INFO] [stderr]    Compiling aws-lc-sys v0.45.0
[INFO] [stderr]    Compiling zstd-sys v2.0.16+zstd.1.5.7
[INFO] [stderr]    Compiling hybrid-array v0.4.12
[INFO] [stderr]    Compiling futures-executor v0.3.32
[INFO] [stderr]    Compiling fieldwork v0.5.2
[INFO] [stderr]    Compiling url v2.5.8
[INFO] [stderr]    Compiling darling_macro v0.23.0
[INFO] [stderr]    Compiling futures v0.3.32
[INFO] [stderr]    Compiling arc-swap v1.9.1
[INFO] [stderr]    Compiling delegate v0.13.5
[INFO] [stderr]    Compiling derive_more v2.1.1
[INFO] [stderr]    Compiling thiserror v2.0.18
[INFO] [stderr]    Compiling web-time v1.1.0
[INFO] [stderr]    Compiling darling v0.23.0
[INFO] [stderr]    Compiling rustls-pki-types v1.14.1
[INFO] [stderr]    Compiling thiserror-impl v2.0.18
[INFO] [stderr]    Compiling zstd-safe v7.2.4
[INFO] [stderr]    Compiling crc32fast v1.5.0
[INFO] [stderr]    Compiling alloc-no-stdlib v2.0.4
[INFO] [stderr]    Compiling derive-where v1.7.0
[INFO] [stderr]    Compiling alloc-stdlib v0.2.4
[INFO] [stderr]    Compiling kithara-derive v0.0.1-alpha5
[INFO] [stderr]    Compiling bon-macros v3.9.1
[INFO] [stderr]    Compiling num-traits v0.2.19
[INFO] [stderr]    Compiling ringbuf v0.5.2
[INFO] [stderr]    Compiling crossbeam-queue v0.3.12
[INFO] [stderr]    Compiling regex-syntax v0.8.11
[INFO] [stderr]    Compiling adler2 v2.0.1
[INFO] [stderr]    Compiling rustls v0.23.45
[INFO] [stderr]    Compiling simd-adler32 v0.3.9
[INFO] [stderr]    Compiling kithara-platform v0.0.1-alpha5
[INFO] [stderr]    Compiling kithara-ring v0.0.1-alpha5
[INFO] [stderr]    Compiling miniz_oxide v0.8.9
[INFO] [stderr]    Compiling brotli-decompressor v5.0.3
[INFO] [stderr]    Compiling kithara-test-macros v0.0.1-alpha5
[INFO] [stderr]    Compiling regex-automata v0.4.14
[INFO] [stderr]    Compiling time-macros v0.2.31
[INFO] [stderr]    Compiling sharded-slab v0.1.7
[INFO] [stderr]    Compiling bon v3.9.1
[INFO] [stderr]    Compiling kithara-bufpool v0.0.1-alpha5
[INFO] [stderr]    Compiling cookie v0.18.1
[INFO] [stderr]    Compiling brotli v8.0.4
[INFO] [stderr]    Compiling flate2 v1.1.9
[INFO] [stderr]    Compiling matchers v0.2.0
[INFO] [stderr]    Compiling crypto-common v0.2.2
[INFO] [stderr]    Compiling serial_test_derive v3.5.0
[INFO] [stderr]    Compiling thread_local v1.1.9
[INFO] [stderr]    Compiling compression-core v0.4.32
[INFO] [stderr]    Compiling portable-atomic v1.13.1
[INFO] [stderr]    Compiling time v0.3.53
[INFO] [stderr]    Compiling hyper v1.10.1
[INFO] [stderr]    Compiling tracing-subscriber v0.3.23
[INFO] [stderr]    Compiling serial_test v3.5.0
[INFO] [stderr]    Compiling ptr_meta_derive v0.3.1
[INFO] [stderr]    Compiling openssl-probe v0.2.1
[INFO] [stderr]    Compiling anyhow v1.0.104
[INFO] [stderr]    Compiling psl-types v2.0.11
[INFO] [stderr]    Compiling litrs v1.0.0
[INFO] [stderr]    Compiling humantime v2.4.0
[INFO] [stderr]    Compiling getrandom v0.4.2
[INFO] [stderr]    Compiling hyper-util v0.1.20
[INFO] [stderr]    Compiling tower v0.5.3
[INFO] [stderr]    Compiling humantime-serde v1.1.1
[INFO] [stderr]    Compiling document-features v0.2.12
[INFO] [stderr]    Compiling kithara-test-utils v0.0.1-alpha5
[INFO] [stderr]    Compiling publicsuffix v2.3.0
[INFO] [stderr]    Compiling rustls-native-certs v0.8.4
[INFO] [stderr]    Compiling ptr_meta v0.3.1
[INFO] [stderr]    Compiling tokio-util v0.7.18
[INFO] [stderr]    Compiling block-padding v0.4.2
[INFO] [stderr]    Compiling hashbrown v0.14.5
[INFO] [stderr]    Compiling inout v0.2.2
[INFO] [stderr]    Compiling kithara-events v0.0.1-alpha5
[INFO] [stderr]    Compiling cookie_store v0.22.1
[INFO] [stderr]    Compiling rancor v0.1.1
[INFO] [stderr]    Compiling bytecheck_derive v0.8.3
[INFO] [stderr]    Compiling dashmap v6.2.1
[INFO] [stderr]    Compiling memmap2 v0.7.1
[INFO] [stderr]    Compiling simdutf8 v0.1.5
[INFO] [stderr]    Compiling cpufeatures v0.3.0
[INFO] [stderr]    Compiling allocator-api2 v0.2.21
[INFO] [stderr]    Compiling kithara-net v0.0.1-alpha5
[INFO] [stderr]    Compiling foldhash v0.2.0
[INFO] [stderr]    Compiling bytecheck v0.8.3
[INFO] [stderr]    Compiling tempfile v3.27.0
[INFO] [stderr]    Compiling mmap-io v1.0.0
[INFO] [stderr]    Compiling cipher v0.5.2
[INFO] [stderr]    Compiling hashbrown v0.17.1
[INFO] [stderr]    Compiling fs4 v1.1.0
[INFO] [stderr]    Compiling block-buffer v0.12.0
[INFO] [stderr]    Compiling rangemap v1.7.1
[INFO] [stderr]    Compiling munge_macro v0.4.7
[INFO] [stderr]    Compiling const-oid v0.10.2
[INFO] [stderr]    Compiling munge v0.4.7
[INFO] [stderr]    Compiling kithara-storage v0.0.1-alpha5
[INFO] [stderr]    Compiling digest v0.11.3
[INFO] [stderr]    Compiling rend v0.5.3
[INFO] [stderr]    Compiling kithara-abr v0.0.1-alpha5
[INFO] [stderr]    Compiling rkyv_derive v0.8.18
[INFO] [stderr]    Compiling cpubits v0.1.1
[INFO] [stderr]    Compiling aes v0.9.1
[INFO] [stderr]    Compiling lru v0.18.2
[INFO] [stderr]    Compiling sha2 v0.11.0
[INFO] [stderr]    Compiling cbc v0.2.1
[INFO] [stderr]    Compiling stable-vec v0.4.2
[INFO] [stderr]    Compiling hex v0.4.3
[INFO] [stderr]    Compiling thunderdome v0.6.1
[INFO] [stderr]    Compiling hls_m3u8 v0.7.0
[INFO] [stderr]    Compiling kithara-drm v0.0.1-alpha5
[INFO] [stderr]    Compiling rkyv v0.8.18
[INFO] [stderr]    Compiling kithara-assets v0.0.1-alpha5
[INFO] [stderr]    Compiling zstd v0.13.3
[INFO] [stderr]    Compiling compression-codecs v0.4.38
[INFO] [stderr]    Compiling async-compression v0.4.42
[INFO] [stderr]    Compiling tower-http v0.6.11
[INFO] [stderr]    Compiling rustls-webpki v0.103.15
[INFO] [stderr]    Compiling tokio-rustls v0.26.4
[INFO] [stderr]    Compiling rustls-platform-verifier v0.7.0
[INFO] [stderr]    Compiling hyper-rustls v0.27.9
[INFO] [stderr]    Compiling reqwest v0.13.4
[INFO] [stderr]    Compiling kithara-download v0.0.1-alpha5
[INFO] [stderr]    Compiling kithara-stream v0.0.1-alpha5
[INFO] [stderr]    Compiling kithara-hls v0.0.1-alpha5 (/opt/rustwide/workdir)
[INFO] [stderr]     Finished `release` profile [optimized] target(s) in 6m 26s
[INFO] running `Command { std: "docker" "inspect" "01e0a2a5c3f152600676ea22a4ac2197831e23d12579355774db6b53278cb0d2", kill_on_drop: false }`
[INFO] running `Command { std: "docker" "exec" "-e" "SOURCE_DIR=/opt/rustwide/workdir" "-e" "CARGO_HOME=/opt/rustwide/cargo-home" "-e" "RUSTUP_HOME=/opt/rustwide/rustup-home" "-e" "CARGO_TARGET_DIR=/opt/rustwide/target" "-e" "CARGO_INCREMENTAL=0" "-e" "RUST_BACKTRACE=full" "-e" "RUSTFLAGS=--cap-lints=warn" "-e" "RUSTDOCFLAGS=--cap-lints=warn" "-w" "/opt/rustwide/workdir" "--user" "0:0" "01e0a2a5c3f152600676ea22a4ac2197831e23d12579355774db6b53278cb0d2" "/opt/rustwide/cargo-home/bin/cargo" "+1.99.0-beta.8" "test" "--frozen" "--no-run" "--message-format=json" "--release", kill_on_drop: false }`
[INFO] [stderr]    Compiling serde_core v1.0.228
[INFO] [stderr]    Compiling tracing v0.1.44
[INFO] [stderr]    Compiling libm v0.2.16
[INFO] [stderr]    Compiling num-traits v0.2.19
[INFO] [stderr]    Compiling wasm-bindgen-shared v0.2.120
[INFO] [stderr]    Compiling serde_json v1.0.150
[INFO] [stderr]    Compiling hyper v1.10.1
[INFO] [stderr]    Compiling bumpalo v3.20.3
[INFO] [stderr]    Compiling paste v1.0.15
[INFO] [stderr]    Compiling wasm-bindgen v0.2.120
[INFO] [stderr]    Compiling kithara-platform v0.0.1-alpha5
[INFO] [stderr]    Compiling tower v0.5.3
[INFO] [stderr]    Compiling tracing-subscriber v0.3.23
[INFO] [stderr]    Compiling wasm-bindgen-macro-support v0.2.120
[INFO] [stderr]    Compiling unicode-ident v1.0.24
[INFO] [stderr]    Compiling kithara-events v0.0.1-alpha5
[INFO] [stderr]    Compiling macro_rules_attribute-proc_macro v0.2.2
[INFO] [stderr]    Compiling never-say-never v6.6.666
[INFO] [stderr]    Compiling yansi v1.0.1
[INFO] [stderr]    Compiling hyper-util v0.1.20
[INFO] [stderr]    Compiling macro_rules_attribute v0.2.2
[INFO] [stderr]    Compiling higher-kinded-types v0.2.1
[INFO] [stderr]    Compiling diff v0.1.13
[INFO] [stderr]    Compiling axum-core v0.5.6
[INFO] [stderr]    Compiling pretty_assertions v1.4.1
[INFO] [stderr]    Compiling polonius-the-crab v0.5.0
[INFO] [stderr]    Compiling indexmap v2.14.0
[INFO] [stderr]    Compiling wasm-bindgen-test-macro v0.3.70
[INFO] [stderr]    Compiling unimock_macros v0.6.8
[INFO] [stderr]    Compiling serde v1.0.228
[INFO] [stderr]    Compiling url v2.5.8
[INFO] [stderr]    Compiling kithara-bufpool v0.0.1-alpha5
[INFO] [stderr]    Compiling humantime-serde v1.1.1
[INFO] [stderr]    Compiling hyper-rustls v0.27.9
[INFO] [stderr]    Compiling wasm-bindgen-macro v0.2.120
[INFO] [stderr]    Compiling kithara-test-utils v0.0.1-alpha5
[INFO] [stderr]    Compiling tower-http v0.6.11
[INFO] [stderr]    Compiling rangemap v1.7.1
[INFO] [stderr]    Compiling cookie_store v0.22.1
[INFO] [stderr]    Compiling kithara-storage v0.0.1-alpha5
[INFO] [stderr]    Compiling kithara-abr v0.0.1-alpha5
[INFO] [stderr]    Compiling reqwest v0.13.4
[INFO] [stderr]    Compiling js-sys v0.3.97
[INFO] [stderr]    Compiling kithara-assets v0.0.1-alpha5
[INFO] [stderr]    Compiling kithara-drm v0.0.1-alpha5
[INFO] [stderr]    Compiling serde_urlencoded v0.7.1
[INFO] [stderr]    Compiling serde_path_to_error v0.1.20
[INFO] [stderr]    Compiling wasm-bindgen-test-shared v0.2.120
[INFO] [stderr]    Compiling nu-ansi-term v0.50.3
[INFO] [stderr]    Compiling oorandom v11.1.5
[INFO] [stderr]    Compiling cast v0.3.0
[INFO] [stderr]    Compiling matchit v0.8.4
[INFO] [stderr]    Compiling unsafe-libyaml v0.2.11
[INFO] [stderr]    Compiling axum v0.8.9
[INFO] [stderr]    Compiling kithara-net v0.0.1-alpha5
[INFO] [stderr]    Compiling serde_yaml_ng v0.10.0
[INFO] [stderr]    Compiling unimock v0.6.8
[INFO] [stderr]    Compiling kithara-download v0.0.1-alpha5
[INFO] [stderr]    Compiling kithara-stream v0.0.1-alpha5
[INFO] [stderr]    Compiling kithara-hls v0.0.1-alpha5 (/opt/rustwide/workdir)
[INFO] [stderr]    Compiling wasm-bindgen-futures v0.4.70
[INFO] [stderr]    Compiling wasm-bindgen-test v0.3.70
[INFO] [stdout] error[E0432]: unresolved import `kithara_platform::tokio::net`
[INFO] [stdout]    --> src/playlist/keys.rs:637:23
[INFO] [stdout]     |
[INFO] [stdout] 637 |         tokio::{join, net::TcpListener as TokioTcpListener, task::spawn as tokio_spawn},
[INFO] [stdout]     |                       ^^^ could not find `net` in `tokio`
[INFO] [stdout]     |
[INFO] [stdout] note: found an item that was configured out
[INFO] [stdout]    --> /opt/rustwide/cargo-home/registry/src/index.crates.io-1949cf8c6b5b557f/kithara-platform-0.0.1-alpha5/src/system/tokio/mod.rs:20:9
[INFO] [stdout]     |
[INFO] [stdout]  19 | #[cfg(feature = "tokio-net")]
[INFO] [stdout]     |       --------------------- the item is gated behind the `tokio-net` feature
[INFO] [stdout]  20 | pub mod net {
[INFO] [stdout]     |         ^^^
[INFO] [stdout] 
[INFO] [stdout] 
[INFO] [stdout] error[E0432]: unresolved import `kithara_platform::tokio::net`
[INFO] [stdout]   --> src/playlist/../../tests/support/playlist_cache.rs:17:9
[INFO] [stdout]    |
[INFO] [stdout] 17 |         net::TcpListener,
[INFO] [stdout]    |         ^^^ could not find `net` in `tokio`
[INFO] [stdout]    |
[INFO] [stdout] note: found an item that was configured out
[INFO] [stdout]   --> /opt/rustwide/cargo-home/registry/src/index.crates.io-1949cf8c6b5b557f/kithara-platform-0.0.1-alpha5/src/system/tokio/mod.rs:20:9
[INFO] [stdout]    |
[INFO] [stdout] 19 | #[cfg(feature = "tokio-net")]
[INFO] [stdout]    |       --------------------- the item is gated behind the `tokio-net` feature
[INFO] [stdout] 20 | pub mod net {
[INFO] [stdout]    |         ^^^
[INFO] [stdout] 
[INFO] [stdout] 
[INFO] [stdout] error[E0432]: unresolved import `kithara_abr::AbrMock`
[INFO] [stdout]    --> src/reader.rs:259:43
[INFO] [stdout]     |
[INFO] [stdout] 259 |     use kithara_abr::{Abr, AbrController, AbrMock, AbrSettings, AbrState};
[INFO] [stdout]     |                                           ^^^^^^^ no `AbrMock` in the root
[INFO] [stdout]     |
[INFO] [stdout] note: found an item that was configured out
[INFO] [stdout]    --> /opt/rustwide/cargo-home/registry/src/index.crates.io-1949cf8c6b5b557f/kithara-abr-0.0.1-alpha5/src/lib.rs:21:14
[INFO] [stdout]     |
[INFO] [stdout]  20 | #[cfg(any(test, feature = "mock"))]
[INFO] [stdout]     |          ------------------------ the item is gated here
[INFO] [stdout]  21 | pub use abr::AbrMock;
[INFO] [stdout]     |              ^^^^^^^
[INFO] [stdout] help: a similar name exists in the module
[INFO] [stdout]     |
[INFO] [stdout] 259 -     use kithara_abr::{Abr, AbrController, AbrMock, AbrSettings, AbrState};
[INFO] [stdout] 259 +     use kithara_abr::{Abr, AbrController, AbrMode, AbrSettings, AbrState};
[INFO] [stdout]     |
[INFO] [stdout] 
[INFO] [stdout] 
[INFO] [stdout] error[E0432]: unresolved import `kithara_abr::AbrMock`
[INFO] [stdout]    --> src/stream/coord.rs:592:29
[INFO] [stdout]     |
[INFO] [stdout] 592 |         Abr, AbrController, AbrMock, AbrMode, AbrReason, AbrSettings, AbrState, VariantIndex,
[INFO] [stdout]     |                             ^^^^^^^ no `AbrMock` in the root
[INFO] [stdout]     |
[INFO] [stdout] note: found an item that was configured out
[INFO] [stdout]    --> /opt/rustwide/cargo-home/registry/src/index.crates.io-1949cf8c6b5b557f/kithara-abr-0.0.1-alpha5/src/lib.rs:21:14
[INFO] [stdout]     |
[INFO] [stdout]  20 | #[cfg(any(test, feature = "mock"))]
[INFO] [stdout]     |          ------------------------ the item is gated here
[INFO] [stdout]  21 | pub use abr::AbrMock;
[INFO] [stdout]     |              ^^^^^^^
[INFO] [stdout] help: a similar name exists in the module
[INFO] [stdout]     |
[INFO] [stdout] 592 -         Abr, AbrController, AbrMock, AbrMode, AbrReason, AbrSettings, AbrState, VariantIndex,
[INFO] [stdout] 592 +         Abr, AbrController, AbrMode, AbrMode, AbrReason, AbrSettings, AbrState, VariantIndex,
[INFO] [stdout]     |
[INFO] [stdout] 
[INFO] [stdout] 
[INFO] [stdout] error[E0432]: unresolved import `kithara_abr::AbrMock`
[INFO] [stdout]    --> src/stream/source.rs:186:43
[INFO] [stdout]     |
[INFO] [stdout] 186 |     use kithara_abr::{Abr, AbrController, AbrMock, AbrMode, AbrSettings, AbrState, VariantIndex};
[INFO] [stdout]     |                                           ^^^^^^^ no `AbrMock` in the root
[INFO] [stdout]     |
[INFO] [stdout] note: found an item that was configured out
[INFO] [stdout]    --> /opt/rustwide/cargo-home/registry/src/index.crates.io-1949cf8c6b5b557f/kithara-abr-0.0.1-alpha5/src/lib.rs:21:14
[INFO] [stdout]     |
[INFO] [stdout]  20 | #[cfg(any(test, feature = "mock"))]
[INFO] [stdout]     |          ------------------------ the item is gated here
[INFO] [stdout]  21 | pub use abr::AbrMock;
[INFO] [stdout]     |              ^^^^^^^
[INFO] [stdout] help: a similar name exists in the module
[INFO] [stdout]     |
[INFO] [stdout] 186 -     use kithara_abr::{Abr, AbrController, AbrMock, AbrMode, AbrSettings, AbrState, VariantIndex};
[INFO] [stdout] 186 +     use kithara_abr::{Abr, AbrController, AbrMode, AbrMode, AbrSettings, AbrState, VariantIndex};
[INFO] [stdout]     |
[INFO] [stdout] 
[INFO] [stdout] 
[INFO] [stdout] error[E0277]: the trait bound `Unimock: kithara_abr::Abr` is not satisfied
[INFO] [stdout]    --> src/reader.rs:371:34
[INFO] [stdout]     |
[INFO] [stdout] 371 |           let peer: Arc<dyn Abr> = Arc::new(Unimock::new((
[INFO] [stdout]     |  __________________________________^
[INFO] [stdout] 372 | |             AbrMock::cancel
[INFO] [stdout] 373 | |                 .each_call(matching!())
[INFO] [stdout] 374 | |                 .returns(cancel.clone()),
[INFO] [stdout] 375 | |             AbrMock::state.each_call(matching!()).returns(Some(state)),
[INFO] [stdout] 376 | |         )));
[INFO] [stdout]     | |___________^ the trait `kithara_abr::Abr` is not implemented for `Unimock`
[INFO] [stdout]     |
[INFO] [stdout] help: the trait `kithara_abr::Abr` is implemented for `peer::HlsPeer<S>`
[INFO] [stdout]    --> src/peer.rs:329:1
[INFO] [stdout]     |
[INFO] [stdout] 329 | / impl<S> Abr for HlsPeer<S>
[INFO] [stdout] 330 | | where
[INFO] [stdout] 331 | |     S: HasPool<u8> + Send + Sync + 'static,
[INFO] [stdout]     | |___________________________________________^
[INFO] [stdout]     = note: required for the cast from `std::sync::Arc<Unimock>` to `std::sync::Arc<(dyn kithara_abr::Abr + 'static)>`
[INFO] [stdout] 
[INFO] [stdout] 
[INFO] [stdout] error[E0277]: the trait bound `Unimock: kithara_abr::Abr` is not satisfied
[INFO] [stdout]    --> src/stream/coord.rs:786:34
[INFO] [stdout]     |
[INFO] [stdout] 786 |           let peer: Arc<dyn Abr> = Arc::new(Unimock::new((
[INFO] [stdout]     |  __________________________________^
[INFO] [stdout] 787 | |             AbrMock::cancel
[INFO] [stdout] 788 | |                 .each_call(matching!())
[INFO] [stdout] 789 | |                 .returns(cancel.clone()),
[INFO] [stdout] ...   |
[INFO] [stdout] 792 | |                 .returns(Some(Arc::clone(&abr_state))),
[INFO] [stdout] 793 | |         )));
[INFO] [stdout]     | |___________^ the trait `kithara_abr::Abr` is not implemented for `Unimock`
[INFO] [stdout]     |
[INFO] [stdout] help: the trait `kithara_abr::Abr` is implemented for `peer::HlsPeer<S>`
[INFO] [stdout]    --> src/peer.rs:329:1
[INFO] [stdout]     |
[INFO] [stdout] 329 | / impl<S> Abr for HlsPeer<S>
[INFO] [stdout] 330 | | where
[INFO] [stdout] 331 | |     S: HasPool<u8> + Send + Sync + 'static,
[INFO] [stdout]     | |___________________________________________^
[INFO] [stdout]     = note: required for the cast from `std::sync::Arc<Unimock>` to `std::sync::Arc<(dyn kithara_abr::Abr + 'static)>`
[INFO] [stdout] 
[INFO] [stdout] 
[INFO] [stdout] error[E0277]: the trait bound `Unimock: kithara_abr::Abr` is not satisfied
[INFO] [stdout]    --> src/stream/source.rs:251:38
[INFO] [stdout]     |
[INFO] [stdout] 251 |               let peer: Arc<dyn Abr> = Arc::new(Unimock::new((
[INFO] [stdout]     |  ______________________________________^
[INFO] [stdout] 252 | |                 AbrMock::cancel
[INFO] [stdout] 253 | |                     .each_call(matching!())
[INFO] [stdout] 254 | |                     .returns(cancel.clone()),
[INFO] [stdout] 255 | |                 AbrMock::state.each_call(matching!()).returns(Some(state)),
[INFO] [stdout] 256 | |             )));
[INFO] [stdout]     | |_______________^ the trait `kithara_abr::Abr` is not implemented for `Unimock`
[INFO] [stdout]     |
[INFO] [stdout] help: the trait `kithara_abr::Abr` is implemented for `peer::HlsPeer<S>`
[INFO] [stdout]    --> src/peer.rs:329:1
[INFO] [stdout]     |
[INFO] [stdout] 329 | / impl<S> Abr for HlsPeer<S>
[INFO] [stdout] 330 | | where
[INFO] [stdout] 331 | |     S: HasPool<u8> + Send + Sync + 'static,
[INFO] [stdout]     | |___________________________________________^
[INFO] [stdout]     = note: required for the cast from `std::sync::Arc<Unimock>` to `std::sync::Arc<(dyn kithara_abr::Abr + 'static)>`
[INFO] [stdout] 
[INFO] [stdout] 
[INFO] [stdout] error[E0433]: cannot find module or crate `kithara_hls` in this scope
[INFO] [stdout]    --> src/playlist/../../tests/support/playlist_cache.rs:115:18
[INFO] [stdout]     |
[INFO] [stdout] 115 |         .scope::<kithara_hls::Hls<crate::test_pools::TestPools>>(&AssetSource::Remote {
[INFO] [stdout]     |                  ^^^^^^^^^^^ use of unresolved module or unlinked crate `kithara_hls`
[INFO] [stdout]     |
[INFO] [stdout] help: there is a crate or module with a similar name
[INFO] [stdout]     |
[INFO] [stdout] 115 -         .scope::<kithara_hls::Hls<crate::test_pools::TestPools>>(&AssetSource::Remote {
[INFO] [stdout] 115 +         .scope::<kithara_abr::Hls<crate::test_pools::TestPools>>(&AssetSource::Remote {
[INFO] [stdout]     |
[INFO] [stdout] 
[INFO] [stdout] 
[INFO] [stdout] Some errors have detailed explanations: E0277, E0432, E0433.
[INFO] [stdout] 
[INFO] [stdout] For more information about an error, try `rustc --explain E0277`.
[INFO] [stdout] 
[INFO] [stderr] error: could not compile `kithara-hls` (lib test) due to 9 previous errors
[INFO] running `Command { std: "docker" "inspect" "01e0a2a5c3f152600676ea22a4ac2197831e23d12579355774db6b53278cb0d2", kill_on_drop: false }`
[INFO] running `Command { std: "docker" "rm" "-f" "01e0a2a5c3f152600676ea22a4ac2197831e23d12579355774db6b53278cb0d2", kill_on_drop: false }`
[INFO] [stdout] 01e0a2a5c3f152600676ea22a4ac2197831e23d12579355774db6b53278cb0d2
