[INFO] fetching crate kithara-effects 0.0.1-alpha5...
[INFO] testing kithara-effects-0.0.1-alpha5 against 1.99.0-beta.8+cargoflags=--release for beta-release-1.100-2
[INFO] extracting crate kithara-effects 0.0.1-alpha5 into /workspace/builds/worker-1-tc1/source
[INFO] started tweaking crates.io crate kithara-effects 0.0.1-alpha5
[INFO] removed 0 missing tests
[INFO] finished tweaking crates.io crate kithara-effects 0.0.1-alpha5
[INFO] tweaked toml for crates.io crate kithara-effects 0.0.1-alpha5 written to /workspace/builds/worker-1-tc1/source/Cargo.toml
[INFO] validating manifest of crates.io crate kithara-effects 0.0.1-alpha5 on toolchain 1.99.0-beta.8
[INFO] running `Command { std: CARGO_HOME="/workspace/cargo-home" RUSTUP_HOME="/workspace/rustup-home" "/workspace/cargo-home/bin/cargo" "+1.99.0-beta.8" "metadata" "--manifest-path" "Cargo.toml" "--no-deps", kill_on_drop: false }`
[INFO] crate crates.io crate kithara-effects 0.0.1-alpha5 already has a lockfile, it will not be regenerated
[INFO] running `Command { std: CARGO_HOME="/workspace/cargo-home" RUSTUP_HOME="/workspace/rustup-home" "/workspace/cargo-home/bin/cargo" "+1.99.0-beta.8" "fetch" "--manifest-path" "Cargo.toml", kill_on_drop: false }`
[INFO] [stderr]     Updating crates.io index
[INFO] [stderr]  Downloading crates ...
[INFO] [stderr]   Downloaded unimock v0.6.8
[INFO] [stderr]   Downloaded polonius-the-crab v0.5.0
[INFO] [stderr]   Downloaded never-say-never v6.6.666
[INFO] [stderr]   Downloaded usdt-macro v0.6.0
[INFO] [stderr]   Downloaded pretty-hex v0.4.2
[INFO] [stderr]   Downloaded higher-kinded-types v0.2.1
[INFO] [stderr]   Downloaded scroll_derive v0.13.1
[INFO] [stderr]   Downloaded unimock_macros v0.6.8
[INFO] [stderr]   Downloaded dtrace-parser v0.3.0
[INFO] [stderr]   Downloaded dof v0.4.0
[INFO] [stderr]   Downloaded usdt v0.6.0
[INFO] [stderr]   Downloaded usdt-attr-macro v0.6.0
[INFO] [stderr]   Downloaded rtsan-standalone-sys v0.3.0
[INFO] [stderr]   Downloaded rtsan-standalone-macros v0.3.0
[INFO] [stderr]   Downloaded kithara-ring v0.0.1-alpha5
[INFO] [stderr]   Downloaded kithara-test-utils v0.0.1-alpha5
[INFO] [stderr]   Downloaded tokio_with_wasm_proc v0.9.0
[INFO] [stderr]   Downloaded usdt-impl v0.6.0
[INFO] [stderr]   Downloaded scroll v0.13.0
[INFO] [stderr]   Downloaded rtsan-standalone v0.3.0
[INFO] [stderr]   Downloaded tokio_with_wasm v0.9.0
[INFO] [stderr]   Downloaded fieldwork-derive v0.5.2
[INFO] [stderr]   Downloaded kithara-derive v0.0.1-alpha5
[INFO] [stderr]   Downloaded kithara-test-macros v0.0.1-alpha5
[INFO] [stderr]   Downloaded firewheel-macros v0.14.0
[INFO] [stderr]   Downloaded kithara-blob v0.0.1-alpha5
[INFO] [stderr]   Downloaded kithara-bufpool v0.0.1-alpha5
[INFO] [stderr]   Downloaded ringbuf v0.5.2
[INFO] [stderr]   Downloaded fast-interleave v0.1.3
[INFO] [stderr]   Downloaded wmidi v4.0.11
[INFO] [stderr]   Downloaded kithara-signal v0.0.1-alpha5
[INFO] [stderr]   Downloaded thunderdome v0.6.1
[INFO] [stderr]   Downloaded bevy_macro_utils v0.19.1
[INFO] [stderr]   Downloaded derive-where v1.7.0
[INFO] [stderr]   Downloaded fieldwork v0.5.2
[INFO] [stderr]   Downloaded firewheel-core v0.14.0
[INFO] [stderr]   Downloaded wasm_safe_thread v0.1.1
[INFO] [stderr]   Downloaded kithara-platform v0.0.1-alpha5
[INFO] [stderr]   Downloaded continue v0.1.2
[INFO] [stderr]   Downloaded bevy_reflect v0.19.1
[INFO] [stderr]   Downloaded bevy_utils v0.19.1
[INFO] [stderr]   Downloaded bevy_platform v0.19.1
[INFO] [stderr]   Downloaded bevy_ptr v0.19.1
[INFO] [stderr]   Downloaded web-task v1.1.3
[INFO] [stderr]   Downloaded audio-codec-algorithms v0.8.1
[INFO] [stderr]   Downloaded firewheel v0.14.0
[INFO] [stderr]   Downloaded goblin v0.10.5
[INFO] [stderr]   Downloaded bevy_reflect_derive v0.19.1
[INFO] [stderr]   Downloaded bevy_tasks v0.19.1
[INFO] [stderr]   Downloaded audioadapter-sample v5.2.0
[INFO] [stderr]   Downloaded bevy_ecs_macros v0.19.1
[INFO] [stderr]   Downloaded bevy_ecs_macro_logic v0.19.1
[INFO] [stderr]   Downloaded audioadapter-buffers v5.2.0
[INFO] [stderr]   Downloaded audioadapter v5.0.0
[INFO] [stderr]   Downloaded firewheel-symphonium v0.14.0
[INFO] [stderr]   Downloaded symphonium v0.13.0
[INFO] [stderr]   Downloaded rtaudio v0.8.0
[INFO] [stderr]   Downloaded firewheel-graph v0.14.0
[INFO] [stderr]   Downloaded firewheel-nodes v0.14.0
[INFO] [stderr]   Downloaded triple_buffer v9.0.0
[INFO] [stderr]   Downloaded firewheel-rtaudio v0.14.0
[INFO] [stderr]   Downloaded bevy_ecs v0.19.1
[INFO] [stderr]   Downloaded firewheel-cpal v0.14.0
[INFO] [stderr]   Downloaded fixed-resample v0.13.0
[INFO] [stderr]   Downloaded cpal v0.18.2
[INFO] [stderr]   Downloaded rtaudio-sys v0.3.6
[INFO] [stderr]   Downloaded biquad v0.6.0
[INFO] running `Command { std: "docker" "create" "-v" "/var/lib/crater-agent-workspace/builds/worker-1-tc1/source:/opt/rustwide/workdir:ro,Z" "-v" "/var/lib/crater-agent-workspace/builds/worker-1-tc1/target:/opt/rustwide/target:rw,Z" "-v" "/var/lib/crater-agent-workspace/cargo-home:/opt/rustwide/cargo-home:ro,Z" "-v" "/var/lib/crater-agent-workspace/rustup-home:/opt/rustwide/rustup-home:ro,Z" "-m" "1610612736" "--network" "none" "ghcr.io/rust-lang/crates-build-env/linux@sha256:77db811e55d90add9212f6832c23229e3de5f1c1f9905e8cb07319ea15df73ac" "sleep" "infinity", kill_on_drop: false }`
[INFO] [stdout] bafb19cca83c362c015efc33046a50ff10afe81a87841b56ac2fa6e128db1db0
[INFO] running `Command { std: "docker" "start" "bafb19cca83c362c015efc33046a50ff10afe81a87841b56ac2fa6e128db1db0", kill_on_drop: false }`
[INFO] running `Command { std: "docker" "inspect" "bafb19cca83c362c015efc33046a50ff10afe81a87841b56ac2fa6e128db1db0", kill_on_drop: false }`
[INFO] running `Command { std: "docker" "exec" "-e" "SOURCE_DIR=/opt/rustwide/workdir" "-e" "CARGO_HOME=/opt/rustwide/cargo-home" "-e" "RUSTUP_HOME=/opt/rustwide/rustup-home" "-e" "CARGO_TARGET_DIR=/opt/rustwide/target" "-w" "/opt/rustwide/workdir" "--user" "0:0" "bafb19cca83c362c015efc33046a50ff10afe81a87841b56ac2fa6e128db1db0" "/opt/rustwide/cargo-home/bin/cargo" "+1.99.0-beta.8" "metadata" "--no-deps" "--format-version=1", kill_on_drop: false }`
[INFO] running `Command { std: "docker" "inspect" "bafb19cca83c362c015efc33046a50ff10afe81a87841b56ac2fa6e128db1db0", kill_on_drop: false }`
[INFO] running `Command { std: "docker" "exec" "-e" "SOURCE_DIR=/opt/rustwide/workdir" "-e" "CARGO_HOME=/opt/rustwide/cargo-home" "-e" "RUSTUP_HOME=/opt/rustwide/rustup-home" "-e" "CARGO_TARGET_DIR=/opt/rustwide/target" "-e" "CARGO_INCREMENTAL=0" "-e" "RUST_BACKTRACE=full" "-e" "RUSTFLAGS=--cap-lints=warn" "-e" "RUSTDOCFLAGS=--cap-lints=warn" "-w" "/opt/rustwide/workdir" "--user" "0:0" "bafb19cca83c362c015efc33046a50ff10afe81a87841b56ac2fa6e128db1db0" "/opt/rustwide/cargo-home/bin/cargo" "+1.99.0-beta.8" "build" "--frozen" "--message-format=json" "--release", kill_on_drop: false }`
[INFO] [stderr]    Compiling portable-atomic v1.13.1
[INFO] [stderr]    Compiling portable-atomic-util v0.2.7
[INFO] [stderr]    Compiling num-traits v0.2.19
[INFO] [stderr]    Compiling futures-sink v0.3.32
[INFO] [stderr]    Compiling winnow v1.0.3
[INFO] [stderr]    Compiling syn v2.0.118
[INFO] [stderr]    Compiling memchr v2.8.2
[INFO] [stderr]    Compiling syn v3.0.3
[INFO] [stderr]    Compiling parking_lot_core v0.9.12
[INFO] [stderr]    Compiling audio-codec-algorithms v0.8.1
[INFO] [stderr]    Compiling winnow v0.7.15
[INFO] [stderr]    Compiling toml_datetime v0.7.5+spec-1.1.0
[INFO] [stderr]    Compiling hashbrown v0.16.1
[INFO] [stderr]    Compiling arc-swap v1.9.1
[INFO] [stderr]    Compiling spin v0.10.0
[INFO] [stderr]    Compiling audioadapter v5.0.0
[INFO] [stderr]    Compiling futures-channel v0.3.32
[INFO] [stderr]    Compiling foldhash v0.2.0
[INFO] [stderr]    Compiling web-time v1.1.0
[INFO] [stderr]    Compiling crossbeam-queue v0.3.12
[INFO] [stderr]    Compiling arrayvec v0.7.6
[INFO] [stderr]    Compiling regex-syntax v0.8.11
[INFO] [stderr]    Compiling thunderdome v0.6.1
[INFO] [stderr]    Compiling parking_lot v0.12.5
[INFO] [stderr]    Compiling percent-encoding v2.3.2
[INFO] [stderr]    Compiling triple_buffer v9.0.0
[INFO] [stderr]    Compiling fast-interleave v0.1.3
[INFO] [stderr]    Compiling form_urlencoded v1.2.2
[INFO] [stderr]    Compiling bevy_platform v0.19.1
[INFO] [stderr]    Compiling audioadapter-sample v5.2.0
[INFO] [stderr]    Compiling biquad v0.6.0
[INFO] [stderr]    Compiling audioadapter-buffers v5.2.0
[INFO] [stderr]    Compiling ringbuf v0.5.2
[INFO] [stderr]    Compiling toml_parser v1.1.2+spec-1.1.0
[INFO] [stderr]    Compiling kithara-ring v0.0.1-alpha5
[INFO] [stderr]    Compiling toml_edit v0.25.12+spec-1.1.0
[INFO] [stderr]    Compiling toml_edit v0.23.10+spec-1.0.0
[INFO] [stderr]    Compiling regex-automata v0.4.14
[INFO] [stderr]    Compiling derive-where v1.7.0
[INFO] [stderr]    Compiling kithara-derive v0.0.1-alpha5
[INFO] [stderr]    Compiling kithara-test-macros v0.0.1-alpha5
[INFO] [stderr]    Compiling synstructure v0.13.2
[INFO] [stderr]    Compiling darling_core v0.23.0
[INFO] [stderr]    Compiling prettyplease v0.2.37
[INFO] [stderr]    Compiling bevy_macro_utils v0.19.1
[INFO] [stderr]    Compiling matchers v0.2.0
[INFO] [stderr]    Compiling zerofrom-derive v0.1.7
[INFO] [stderr]    Compiling yoke-derive v0.8.2
[INFO] [stderr]    Compiling zerovec-derive v0.11.3
[INFO] [stderr]    Compiling serde_derive v1.0.228
[INFO] [stderr]    Compiling displaydoc v0.2.6
[INFO] [stderr]    Compiling tracing-attributes v0.1.31
[INFO] [stderr]    Compiling futures-macro v0.3.32
[INFO] [stderr]    Compiling thiserror-impl v2.0.18
[INFO] [stderr]    Compiling derive_more-impl v2.1.1
[INFO] [stderr]    Compiling tokio-macros v2.7.0
[INFO] [stderr]    Compiling fieldwork-derive v0.5.2
[INFO] [stderr]    Compiling delegate v0.13.5
[INFO] [stderr]    Compiling firewheel-macros v0.14.0
[INFO] [stderr]    Compiling serial_test_derive v3.5.0
[INFO] [stderr]    Compiling zerofrom v0.1.8
[INFO] [stderr]    Compiling futures-util v0.3.32
[INFO] [stderr]    Compiling tokio v1.52.3
[INFO] [stderr]    Compiling yoke v0.8.3
[INFO] [stderr]    Compiling zerotrie v0.2.4
[INFO] [stderr]    Compiling zerovec v0.11.6
[INFO] [stderr]    Compiling tracing v0.1.44
[INFO] [stderr]    Compiling thiserror v2.0.18
[INFO] [stderr]    Compiling fieldwork v0.5.2
[INFO] [stderr]    Compiling tracing-subscriber v0.3.23
[INFO] [stderr]    Compiling darling_macro v0.23.0
[INFO] [stderr]    Compiling darling v0.23.0
[INFO] [stderr]    Compiling bon-macros v3.9.1
[INFO] [stderr]    Compiling tinystr v0.8.3
[INFO] [stderr]    Compiling potential_utf v0.1.5
[INFO] [stderr]    Compiling icu_collections v2.2.0
[INFO] [stderr]    Compiling icu_locale_core v2.2.0
[INFO] [stderr]    Compiling serde v1.0.228
[INFO] [stderr]    Compiling derive_more v2.1.1
[INFO] [stderr]    Compiling icu_provider v2.2.0
[INFO] [stderr]    Compiling icu_normalizer v2.2.0
[INFO] [stderr]    Compiling icu_properties v2.2.0
[INFO] [stderr]    Compiling firewheel-core v0.14.0
[INFO] [stderr]    Compiling rangemap v1.7.1
[INFO] [stderr]    Compiling futures-executor v0.3.32
[INFO] [stderr]    Compiling futures v0.3.32
[INFO] [stderr]    Compiling serial_test v3.5.0
[INFO] [stderr]    Compiling kithara-platform v0.0.1-alpha5
[INFO] [stderr]    Compiling bon v3.9.1
[INFO] [stderr]    Compiling kithara-bufpool v0.0.1-alpha5
[INFO] [stderr]    Compiling kithara-blob v0.0.1-alpha5
[INFO] [stderr]    Compiling idna_adapter v1.2.2
[INFO] [stderr]    Compiling idna v1.1.0
[INFO] [stderr]    Compiling kithara-signal v0.0.1-alpha5
[INFO] [stderr]    Compiling firewheel-nodes v0.14.0
[INFO] [stderr]    Compiling firewheel-graph v0.14.0
[INFO] [stderr]    Compiling url v2.5.8
[INFO] [stderr]    Compiling firewheel v0.14.0
[INFO] [stderr]    Compiling kithara-test-utils v0.0.1-alpha5
[INFO] [stderr]    Compiling kithara-effects v0.0.1-alpha5 (/opt/rustwide/workdir)
[INFO] [stderr]     Finished `release` profile [optimized] target(s) in 1m 12s
[INFO] running `Command { std: "docker" "inspect" "bafb19cca83c362c015efc33046a50ff10afe81a87841b56ac2fa6e128db1db0", kill_on_drop: false }`
[INFO] running `Command { std: "docker" "exec" "-e" "SOURCE_DIR=/opt/rustwide/workdir" "-e" "CARGO_HOME=/opt/rustwide/cargo-home" "-e" "RUSTUP_HOME=/opt/rustwide/rustup-home" "-e" "CARGO_TARGET_DIR=/opt/rustwide/target" "-e" "CARGO_INCREMENTAL=0" "-e" "RUST_BACKTRACE=full" "-e" "RUSTFLAGS=--cap-lints=warn" "-e" "RUSTDOCFLAGS=--cap-lints=warn" "-w" "/opt/rustwide/workdir" "--user" "0:0" "bafb19cca83c362c015efc33046a50ff10afe81a87841b56ac2fa6e128db1db0" "/opt/rustwide/cargo-home/bin/cargo" "+1.99.0-beta.8" "test" "--frozen" "--no-run" "--message-format=json" "--release", kill_on_drop: false }`
[INFO] [stderr]    Compiling macro_rules_attribute-proc_macro v0.2.2
[INFO] [stderr]    Compiling never-say-never v6.6.666
[INFO] [stderr]    Compiling diff v0.1.13
[INFO] [stderr]    Compiling unimock_macros v0.6.8
[INFO] [stderr]    Compiling pretty_assertions v1.4.1
[INFO] [stderr]    Compiling macro_rules_attribute v0.2.2
[INFO] [stderr]    Compiling higher-kinded-types v0.2.1
[INFO] [stderr]    Compiling polonius-the-crab v0.5.0
[INFO] [stderr]    Compiling unimock v0.6.8
[INFO] [stderr]    Compiling kithara-effects v0.0.1-alpha5 (/opt/rustwide/workdir)
[INFO] [stdout] error[E0433]: cannot find module or crate `kithara_resampler` in this scope
[INFO] [stdout]   --> tests/dsp_properties.rs:16:5
[INFO] [stdout]    |
[INFO] [stdout] 16 | use kithara_resampler::{
[INFO] [stdout]    |     ^^^^^^^^^^^^^^^^^ use of unresolved module or unlinked crate `kithara_resampler`
[INFO] [stdout]    |
[INFO] [stdout]    = help: if you wanted to use a crate named `kithara_resampler`, use `cargo add kithara_resampler` to add it to your `Cargo.toml`
[INFO] [stdout] 
[INFO] [stdout] 
[INFO] [stdout] error[E0433]: cannot find module or crate `kithara_test_fixtures` in this scope
[INFO] [stdout]   --> tests/dsp_properties.rs:21:5
[INFO] [stdout]    |
[INFO] [stdout] 21 | use kithara_test_fixtures::integration_fixtures::{
[INFO] [stdout]    |     ^^^^^^^^^^^^^^^^^^^^^ use of unresolved module or unlinked crate `kithara_test_fixtures`
[INFO] [stdout]    |
[INFO] [stdout] help: there is a crate or module with a similar name
[INFO] [stdout]    |
[INFO] [stdout] 21 - use kithara_test_fixtures::integration_fixtures::{
[INFO] [stdout] 21 + use kithara_test_utils::integration_fixtures::{
[INFO] [stdout]    |
[INFO] [stdout] 
[INFO] [stdout] 
[INFO] [stdout] error[E0432]: unresolved import `kithara_resampler`
[INFO] [stdout]   --> tests/dsp_properties.rs:16:5
[INFO] [stdout]    |
[INFO] [stdout] 16 | use kithara_resampler::{
[INFO] [stdout]    |     ^^^^^^^^^^^^^^^^^ use of unresolved module or unlinked crate `kithara_resampler`
[INFO] [stdout]    |
[INFO] [stdout]    = help: if you wanted to use a crate named `kithara_resampler`, use `cargo add kithara_resampler` to add it to your `Cargo.toml`
[INFO] [stdout] 
[INFO] [stdout] 
[INFO] [stdout] Some errors have detailed explanations: E0432, E0433.
[INFO] [stdout] 
[INFO] [stdout] For more information about an error, try `rustc --explain E0432`.
[INFO] [stdout] 
[INFO] [stderr] error: could not compile `kithara-effects` (test "dsp_properties") due to 3 previous errors
[INFO] [stderr] warning: build failed, waiting for other jobs to finish...
[INFO] [stdout] error[E0433]: cannot find module or crate `kithara_test_fixtures` in this scope
[INFO] [stdout]    --> src/eq/effect.rs:111:9
[INFO] [stdout]     |
[INFO] [stdout] 111 |     use kithara_test_fixtures::unit_fixtures::{
[INFO] [stdout]     |         ^^^^^^^^^^^^^^^^^^^^^ use of unresolved module or unlinked crate `kithara_test_fixtures`
[INFO] [stdout]     |
[INFO] [stdout] help: there is a crate or module with a similar name
[INFO] [stdout]     |
[INFO] [stdout] 111 -     use kithara_test_fixtures::unit_fixtures::{
[INFO] [stdout] 111 +     use kithara_test_utils::unit_fixtures::{
[INFO] [stdout]     |
[INFO] [stdout] 
[INFO] [stdout] 
[INFO] [stdout] error[E0433]: cannot find module or crate `kithara_test_fixtures` in this scope
[INFO] [stdout]    --> src/eq/isolator.rs:145:9
[INFO] [stdout]     |
[INFO] [stdout] 145 |     use kithara_test_fixtures::unit_fixtures::eq_impulse;
[INFO] [stdout]     |         ^^^^^^^^^^^^^^^^^^^^^ use of unresolved module or unlinked crate `kithara_test_fixtures`
[INFO] [stdout]     |
[INFO] [stdout] help: there is a crate or module with a similar name
[INFO] [stdout]     |
[INFO] [stdout] 145 -     use kithara_test_fixtures::unit_fixtures::eq_impulse;
[INFO] [stdout] 145 +     use kithara_test_utils::unit_fixtures::eq_impulse;
[INFO] [stdout]     |
[INFO] [stdout] 
[INFO] [stdout] 
[INFO] [stdout] error[E0433]: cannot find module or crate `kithara_test_fixtures` in this scope
[INFO] [stdout]    --> src/limiter.rs:296:9
[INFO] [stdout]     |
[INFO] [stdout] 296 |     use kithara_test_fixtures::unit_fixtures::{
[INFO] [stdout]     |         ^^^^^^^^^^^^^^^^^^^^^ use of unresolved module or unlinked crate `kithara_test_fixtures`
[INFO] [stdout]     |
[INFO] [stdout] help: there is a crate or module with a similar name
[INFO] [stdout]     |
[INFO] [stdout] 296 -     use kithara_test_fixtures::unit_fixtures::{
[INFO] [stdout] 296 +     use kithara_test_utils::unit_fixtures::{
[INFO] [stdout]     |
[INFO] [stdout] 
[INFO] [stdout] 
[INFO] [stdout] For more information about this error, try `rustc --explain E0433`.
[INFO] [stdout] 
[INFO] [stderr] error: could not compile `kithara-effects` (lib test) due to 3 previous errors
[INFO] running `Command { std: "docker" "inspect" "bafb19cca83c362c015efc33046a50ff10afe81a87841b56ac2fa6e128db1db0", kill_on_drop: false }`
[INFO] running `Command { std: "docker" "rm" "-f" "bafb19cca83c362c015efc33046a50ff10afe81a87841b56ac2fa6e128db1db0", kill_on_drop: false }`
[INFO] [stdout] bafb19cca83c362c015efc33046a50ff10afe81a87841b56ac2fa6e128db1db0
