[INFO] fetching crate kigumi-mcp 0.2.0...
[INFO] testing kigumi-mcp-0.2.0 against 1.99.0-beta.8+cargoflags=--release for beta-release-1.100-2
[INFO] extracting crate kigumi-mcp 0.2.0 into /workspace/builds/worker-2-tc1/source
[INFO] started tweaking crates.io crate kigumi-mcp 0.2.0
[INFO] removed 0 missing tests
[INFO] finished tweaking crates.io crate kigumi-mcp 0.2.0
[INFO] tweaked toml for crates.io crate kigumi-mcp 0.2.0 written to /workspace/builds/worker-2-tc1/source/Cargo.toml
[INFO] validating manifest of crates.io crate kigumi-mcp 0.2.0 on toolchain 1.99.0-beta.8
[INFO] running `Command { std: CARGO_HOME="/workspace/cargo-home" RUSTUP_HOME="/workspace/rustup-home" "/workspace/cargo-home/bin/cargo" "+1.99.0-beta.8" "metadata" "--manifest-path" "Cargo.toml" "--no-deps", kill_on_drop: false }`
[INFO] crate crates.io crate kigumi-mcp 0.2.0 already has a lockfile, it will not be regenerated
[INFO] running `Command { std: CARGO_HOME="/workspace/cargo-home" RUSTUP_HOME="/workspace/rustup-home" "/workspace/cargo-home/bin/cargo" "+1.99.0-beta.8" "fetch" "--manifest-path" "Cargo.toml", kill_on_drop: false }`
[INFO] [stderr]     Updating crates.io index
[INFO] [stderr]  Downloading crates ...
[INFO] [stderr]   Downloaded rmcp-macros v2.1.0
[INFO] [stderr]   Downloaded kigumi-schema v0.2.0
[INFO] [stderr]   Downloaded kigumi-core v0.2.0
[INFO] [stderr]   Downloaded kigumi-db v0.2.0
[INFO] [stderr]   Downloaded kigumi-auth v0.2.0
[INFO] [stderr]   Downloaded rmcp v2.1.0
[INFO] [stderr]   Downloaded kigumi-macros v0.2.0
[INFO] [stderr]   Downloaded kigumi v0.2.0
[INFO] running `Command { std: "docker" "create" "-v" "/var/lib/crater-agent-workspace/builds/worker-2-tc1/source:/opt/rustwide/workdir:ro,Z" "-v" "/var/lib/crater-agent-workspace/builds/worker-2-tc1/target:/opt/rustwide/target:rw,Z" "-v" "/var/lib/crater-agent-workspace/cargo-home:/opt/rustwide/cargo-home:ro,Z" "-v" "/var/lib/crater-agent-workspace/rustup-home:/opt/rustwide/rustup-home:ro,Z" "-m" "1610612736" "--network" "none" "ghcr.io/rust-lang/crates-build-env/linux@sha256:77db811e55d90add9212f6832c23229e3de5f1c1f9905e8cb07319ea15df73ac" "sleep" "infinity", kill_on_drop: false }`
[INFO] [stdout] ac220f8c6252bd55217b2f4d52513717704fb3cfb7cfdd9275fa720ad9dddb02
[INFO] running `Command { std: "docker" "start" "ac220f8c6252bd55217b2f4d52513717704fb3cfb7cfdd9275fa720ad9dddb02", kill_on_drop: false }`
[INFO] running `Command { std: "docker" "inspect" "ac220f8c6252bd55217b2f4d52513717704fb3cfb7cfdd9275fa720ad9dddb02", kill_on_drop: false }`
[INFO] running `Command { std: "docker" "exec" "-e" "SOURCE_DIR=/opt/rustwide/workdir" "-e" "CARGO_HOME=/opt/rustwide/cargo-home" "-e" "RUSTUP_HOME=/opt/rustwide/rustup-home" "-e" "CARGO_TARGET_DIR=/opt/rustwide/target" "-w" "/opt/rustwide/workdir" "--user" "0:0" "ac220f8c6252bd55217b2f4d52513717704fb3cfb7cfdd9275fa720ad9dddb02" "/opt/rustwide/cargo-home/bin/cargo" "+1.99.0-beta.8" "metadata" "--no-deps" "--format-version=1", kill_on_drop: false }`
[INFO] running `Command { std: "docker" "inspect" "ac220f8c6252bd55217b2f4d52513717704fb3cfb7cfdd9275fa720ad9dddb02", kill_on_drop: false }`
[INFO] running `Command { std: "docker" "exec" "-e" "SOURCE_DIR=/opt/rustwide/workdir" "-e" "CARGO_HOME=/opt/rustwide/cargo-home" "-e" "RUSTUP_HOME=/opt/rustwide/rustup-home" "-e" "CARGO_TARGET_DIR=/opt/rustwide/target" "-e" "CARGO_INCREMENTAL=0" "-e" "RUST_BACKTRACE=full" "-e" "RUSTFLAGS=--cap-lints=warn" "-e" "RUSTDOCFLAGS=--cap-lints=warn" "-w" "/opt/rustwide/workdir" "--user" "0:0" "ac220f8c6252bd55217b2f4d52513717704fb3cfb7cfdd9275fa720ad9dddb02" "/opt/rustwide/cargo-home/bin/cargo" "+1.99.0-beta.8" "build" "--frozen" "--message-format=json" "--release", kill_on_drop: false }`
[INFO] [stderr]    Compiling phf_shared v0.11.3
[INFO] [stderr]    Compiling serde_json v1.0.150
[INFO] [stderr]    Compiling socket2 v0.6.4
[INFO] [stderr]    Compiling mio v1.2.1
[INFO] [stderr]    Compiling log v0.4.32
[INFO] [stderr]    Compiling displaydoc v0.2.6
[INFO] [stderr]    Compiling futures-util v0.3.32
[INFO] [stderr]    Compiling smallvec v1.15.2
[INFO] [stderr]    Compiling zerofrom v0.1.8
[INFO] [stderr]    Compiling rust_decimal v1.42.1
[INFO] [stderr]    Compiling http v1.4.2
[INFO] [stderr]    Compiling zerocopy v0.8.52
[INFO] [stderr]    Compiling precomputed-hash v0.1.1
[INFO] [stderr]    Compiling mac v0.1.1
[INFO] [stderr]    Compiling cc v1.2.64
[INFO] [stderr]    Compiling yoke v0.8.3
[INFO] [stderr]    Compiling futf v0.1.5
[INFO] [stderr]    Compiling hashbrown v0.15.5
[INFO] [stderr]    Compiling phf_generator v0.11.3
[INFO] [stderr]    Compiling concurrent-queue v2.5.0
[INFO] [stderr]    Compiling phf_codegen v0.11.3
[INFO] [stderr]    Compiling parking_lot_core v0.9.12
[INFO] [stderr]    Compiling zerovec v0.11.6
[INFO] [stderr]    Compiling phf_macros v0.11.3
[INFO] [stderr]    Compiling parking_lot v0.12.5
[INFO] [stderr]    Compiling string_cache_codegen v0.5.4
[INFO] [stderr]    Compiling zerotrie v0.2.4
[INFO] [stderr]    Compiling crc-catalog v2.5.0
[INFO] [stderr]    Compiling tracing v0.1.44
[INFO] [stderr]    Compiling tokio v1.52.3
[INFO] [stderr]    Compiling http-body v1.0.1
[INFO] [stderr]    Compiling string_cache v0.8.9
[INFO] [stderr]    Compiling tendril v0.4.3
[INFO] [stderr]    Compiling time-macros v0.2.29
[INFO] [stderr]    Compiling phf v0.11.3
[INFO] [stderr]    Compiling web_atoms v0.1.3
[INFO] [stderr]    Compiling http-body-util v0.1.3
[INFO] [stderr]    Compiling futures-intrusive v0.5.0
[INFO] [stderr]    Compiling crc v3.4.0
[INFO] [stderr]    Compiling tinystr v0.8.3
[INFO] [stderr]    Compiling potential_utf v0.1.5
[INFO] [stderr]    Compiling hashlink v0.10.0
[INFO] [stderr]    Compiling darling_core v0.23.0
[INFO] [stderr]    Compiling ring v0.17.14
[INFO] [stderr]    Compiling icu_collections v2.2.0
[INFO] [stderr]    Compiling event-listener v5.4.1
[INFO] [stderr]    Compiling icu_locale_core v2.2.0
[INFO] [stderr]    Compiling unicode-normalization v0.1.25
[INFO] [stderr]    Compiling sha2 v0.10.9
[INFO] [stderr]    Compiling hmac v0.12.1
[INFO] [stderr]    Compiling either v1.16.0
[INFO] [stderr]    Compiling num-integer v0.1.46
[INFO] [stderr]    Compiling unicode-properties v0.1.4
[INFO] [stderr]    Compiling inventory v0.3.24
[INFO] [stderr]    Compiling dtoa v1.0.11
[INFO] [stderr]    Compiling semver v1.0.28
[INFO] [stderr]    Compiling time v0.3.49
[INFO] [stderr]    Compiling stringprep v0.1.5
[INFO] [stderr]    Compiling dtoa-short v0.3.5
[INFO] [stderr]    Compiling markup5ever v0.35.0
[INFO] [stderr]    Compiling num-bigint v0.4.6
[INFO] [stderr]    Compiling hkdf v0.12.4
[INFO] [stderr]    Compiling getrandom v0.4.3
[INFO] [stderr]    Compiling kigumi-core v0.2.0
[INFO] [stderr]    Compiling md-5 v0.10.6
[INFO] [stderr]    Compiling icu_provider v2.2.0
[INFO] [stderr]    Compiling serde_derive_internals v0.29.1
[INFO] [stderr]    Compiling cssparser-macros v0.6.1
[INFO] [stderr]    Compiling atoi v2.0.0
[INFO] [stderr]    Compiling icu_properties v2.2.0
[INFO] [stderr]    Compiling icu_normalizer v2.2.0
[INFO] [stderr]    Compiling ref-cast-impl v1.0.25
[INFO] [stderr]    Compiling match_token v0.35.0
[INFO] [stderr]    Compiling async-trait v0.1.89
[INFO] [stderr]    Compiling whoami v1.6.1
[INFO] [stderr]    Compiling home v0.5.12
[INFO] [stderr]    Compiling darling_macro v0.23.0
[INFO] [stderr]    Compiling memchr v2.8.2
[INFO] [stderr]    Compiling password-hash v0.5.0
[INFO] [stderr]    Compiling darling v0.23.0
[INFO] [stderr]    Compiling simple_asn1 v0.6.4
[INFO] [stderr]    Compiling chacha20 v0.10.1
[INFO] [stderr]    Compiling html5ever v0.35.0
[INFO] [stderr]    Compiling schemars_derive v1.2.1
[INFO] [stderr]    Compiling ref-cast v1.0.25
[INFO] [stderr]    Compiling idna_adapter v1.2.2
[INFO] [stderr]    Compiling idna v1.1.0
[INFO] [stderr]    Compiling futures-executor v0.3.32
[INFO] [stderr]    Compiling cssparser v0.35.0
[INFO] [stderr]    Compiling url v2.5.8
[INFO] [stderr]    Compiling blake2 v0.10.6
[INFO] [stderr]    Compiling chrono v0.4.45
[INFO] [stderr]    Compiling dyn-clone v1.0.20
[INFO] [stderr]    Compiling rmcp v2.1.0
[INFO] [stderr]    Compiling maplit v1.0.2
[INFO] [stderr]    Compiling axum-core v0.4.5
[INFO] [stderr]    Compiling serde_urlencoded v0.7.1
[INFO] [stderr]    Compiling ammonia v4.1.2
[INFO] [stderr]    Compiling ppv-lite86 v0.2.21
[INFO] [stderr]    Compiling argon2 v0.5.3
[INFO] [stderr]    Compiling futures v0.3.32
[INFO] [stderr]    Compiling rand v0.10.2
[INFO] [stderr]    Compiling kigumi-schema v0.2.0
[INFO] [stderr]    Compiling rand_chacha v0.3.1
[INFO] [stderr]    Compiling rmcp-macros v2.1.0
[INFO] [stderr]    Compiling sse-stream v0.2.3
[INFO] [stderr]    Compiling uuid v1.23.3
[INFO] [stderr]    Compiling rand v0.8.6
[INFO] [stderr]    Compiling tokio-stream v0.1.18
[INFO] [stderr]    Compiling hyper v1.10.1
[INFO] [stderr]    Compiling tokio-util v0.7.18
[INFO] [stderr]    Compiling tower v0.5.3
[INFO] [stderr]    Compiling schemars v1.2.1
[INFO] [stderr]    Compiling sqlx-core v0.8.6
[INFO] [stderr]    Compiling serde_path_to_error v0.1.20
[INFO] [stderr]    Compiling pastey v0.2.3
[INFO] [stderr]    Compiling hyper-util v0.1.20
[INFO] [stderr]    Compiling axum v0.7.9
[INFO] [stderr]    Compiling sqlx-postgres v0.8.6
[INFO] [stderr]    Compiling jsonwebtoken v9.3.1
[INFO] [stderr]    Compiling kigumi-auth v0.2.0
[INFO] [stderr]    Compiling sqlx v0.8.6
[INFO] [stderr]    Compiling kigumi-db v0.2.0
[INFO] [stderr]    Compiling kigumi-mcp v0.2.0 (/opt/rustwide/workdir)
[INFO] [stderr]     Finished `release` profile [optimized] target(s) in 1m 52s
[INFO] running `Command { std: "docker" "inspect" "ac220f8c6252bd55217b2f4d52513717704fb3cfb7cfdd9275fa720ad9dddb02", kill_on_drop: false }`
[INFO] running `Command { std: "docker" "exec" "-e" "SOURCE_DIR=/opt/rustwide/workdir" "-e" "CARGO_HOME=/opt/rustwide/cargo-home" "-e" "RUSTUP_HOME=/opt/rustwide/rustup-home" "-e" "CARGO_TARGET_DIR=/opt/rustwide/target" "-e" "CARGO_INCREMENTAL=0" "-e" "RUST_BACKTRACE=full" "-e" "RUSTFLAGS=--cap-lints=warn" "-e" "RUSTDOCFLAGS=--cap-lints=warn" "-w" "/opt/rustwide/workdir" "--user" "0:0" "ac220f8c6252bd55217b2f4d52513717704fb3cfb7cfdd9275fa720ad9dddb02" "/opt/rustwide/cargo-home/bin/cargo" "+1.99.0-beta.8" "test" "--frozen" "--no-run" "--message-format=json" "--release", kill_on_drop: false }`
[INFO] [stderr]    Compiling tokio v1.52.3
[INFO] [stderr]    Compiling kigumi-macros v0.2.0
[INFO] [stderr]    Compiling tokio-stream v0.1.18
[INFO] [stderr]    Compiling hyper v1.10.1
[INFO] [stderr]    Compiling tokio-util v0.7.18
[INFO] [stderr]    Compiling tower v0.5.3
[INFO] [stderr]    Compiling sqlx-core v0.8.6
[INFO] [stderr]    Compiling rmcp v2.1.0
[INFO] [stderr]    Compiling hyper-util v0.1.20
[INFO] [stderr]    Compiling axum v0.7.9
[INFO] [stderr]    Compiling sqlx-postgres v0.8.6
[INFO] [stderr]    Compiling sqlx v0.8.6
[INFO] [stderr]    Compiling kigumi-db v0.2.0
[INFO] [stderr]    Compiling kigumi v0.2.0
[INFO] [stderr]    Compiling kigumi-mcp v0.2.0 (/opt/rustwide/workdir)
[INFO] [stdout] error[E0433]: cannot find module or crate `kigumi_test` in this scope
[INFO] [stdout]   --> tests/tools.rs:46:19
[INFO] [stdout]    |
[INFO] [stdout] 46 |     let Some(t) = kigumi_test::TestDb::new().await else { return };
[INFO] [stdout]    |                   ^^^^^^^^^^^ use of unresolved module or unlinked crate `kigumi_test`
[INFO] [stdout]    |
[INFO] [stdout]    = help: if you wanted to use a crate named `kigumi_test`, use `cargo add kigumi_test` to add it to your `Cargo.toml`
[INFO] [stdout] 
[INFO] [stdout] 
[INFO] [stdout] error[E0433]: cannot find module or crate `kigumi_test` in this scope
[INFO] [stdout]   --> tests/custom_fields.rs:35:19
[INFO] [stdout]    |
[INFO] [stdout] 35 |     let Some(t) = kigumi_test::TestDb::new().await else { return };
[INFO] [stdout]    |                   ^^^^^^^^^^^ use of unresolved module or unlinked crate `kigumi_test`
[INFO] [stdout]    |
[INFO] [stdout]    = help: if you wanted to use a crate named `kigumi_test`, use `cargo add kigumi_test` to add it to your `Cargo.toml`
[INFO] [stdout] 
[INFO] [stdout] 
[INFO] [stdout] error[E0433]: cannot find module or crate `kigumi_test` in this scope
[INFO] [stdout]   --> tests/http_auth.rs:32:19
[INFO] [stdout]    |
[INFO] [stdout] 32 |     let Some(t) = kigumi_test::TestDb::new().await else { return };
[INFO] [stdout]    |                   ^^^^^^^^^^^ use of unresolved module or unlinked crate `kigumi_test`
[INFO] [stdout]    |
[INFO] [stdout]    = help: if you wanted to use a crate named `kigumi_test`, use `cargo add kigumi_test` to add it to your `Cargo.toml`
[INFO] [stdout] 
[INFO] [stdout] 
[INFO] [stdout] For more information about this error, try `rustc --explain E0433`.
[INFO] [stdout] 
[INFO] [stderr] error: could not compile `kigumi-mcp` (test "tools") due to 1 previous error
[INFO] [stderr] warning: build failed, waiting for other jobs to finish...
[INFO] [stdout] error[E0433]: cannot find module or crate `kigumi_test` in this scope
[INFO] [stdout]   --> tests/custom_fields.rs:60:35
[INFO] [stdout]    |
[INFO] [stdout] 60 |         &srv.create_record_inner(&kigumi_test::su(), CreateParams {
[INFO] [stdout]    |                                   ^^^^^^^^^^^ use of unresolved module or unlinked crate `kigumi_test`
[INFO] [stdout]    |
[INFO] [stdout]    = help: if you wanted to use a crate named `kigumi_test`, use `cargo add kigumi_test` to add it to your `Cargo.toml`
[INFO] [stdout] 
[INFO] [stdout] 
[INFO] [stdout] error[E0433]: cannot find module or crate `kigumi_test` in this scope
[INFO] [stdout]   --> tests/custom_fields.rs:70:50
[INFO] [stdout]    |
[INFO] [stdout] 70 |     let (_, rec) = unpack(&srv.get_record_inner(&kigumi_test::su(), RecordParam { model: "cftest.doc".into(), id }).await.unwrap());
[INFO] [stdout]    |                                                  ^^^^^^^^^^^ use of unresolved module or unlinked crate `kigumi_test`
[INFO] [stdout]    |
[INFO] [stdout]    = help: if you wanted to use a crate named `kigumi_test`, use `cargo add kigumi_test` to add it to your `Cargo.toml`
[INFO] [stdout] 
[INFO] [stdout] 
[INFO] [stdout] error[E0433]: cannot find module or crate `kigumi_test` in this scope
[INFO] [stdout]   --> tests/http_auth.rs:39:5
[INFO] [stdout]    |
[INFO] [stdout] 39 |     kigumi_test::ins(db, &model, &kigumi_test::su(), json!({ "title": "seed" })).await;
[INFO] [stdout]    |     ^^^^^^^^^^^ use of unresolved module or unlinked crate `kigumi_test`
[INFO] [stdout]    |
[INFO] [stdout]    = help: if you wanted to use a crate named `kigumi_test`, use `cargo add kigumi_test` to add it to your `Cargo.toml`
[INFO] [stdout] 
[INFO] [stdout] 
[INFO] [stdout] error[E0433]: cannot find module or crate `kigumi_test` in this scope
[INFO] [stdout]   --> tests/http_auth.rs:39:35
[INFO] [stdout]    |
[INFO] [stdout] 39 |     kigumi_test::ins(db, &model, &kigumi_test::su(), json!({ "title": "seed" })).await;
[INFO] [stdout]    |                                   ^^^^^^^^^^^ use of unresolved module or unlinked crate `kigumi_test`
[INFO] [stdout]    |
[INFO] [stdout]    = help: if you wanted to use a crate named `kigumi_test`, use `cargo add kigumi_test` to add it to your `Cargo.toml`
[INFO] [stdout] 
[INFO] [stdout] 
[INFO] [stdout] For more information about this error, try `rustc --explain E0433`.
[INFO] [stdout] 
[INFO] [stderr] error: could not compile `kigumi-mcp` (test "custom_fields") due to 3 previous errors
[INFO] [stdout] For more information about this error, try `rustc --explain E0433`.
[INFO] [stdout] 
[INFO] [stderr] error: could not compile `kigumi-mcp` (test "http_auth") due to 3 previous errors
[INFO] running `Command { std: "docker" "inspect" "ac220f8c6252bd55217b2f4d52513717704fb3cfb7cfdd9275fa720ad9dddb02", kill_on_drop: false }`
[INFO] running `Command { std: "docker" "rm" "-f" "ac220f8c6252bd55217b2f4d52513717704fb3cfb7cfdd9275fa720ad9dddb02", kill_on_drop: false }`
[INFO] [stdout] ac220f8c6252bd55217b2f4d52513717704fb3cfb7cfdd9275fa720ad9dddb02
