[INFO] fetching crate keymapper 0.4.1...
[INFO] testing keymapper-0.4.1 against 1.100.0-beta.1+cargoflags=--release for beta-release-1.100-2
[INFO] extracting crate keymapper 0.4.1 into /workspace/builds/worker-2-tc2/source
[INFO] started tweaking crates.io crate keymapper 0.4.1
[INFO] removed 0 missing tests
[INFO] finished tweaking crates.io crate keymapper 0.4.1
[INFO] tweaked toml for crates.io crate keymapper 0.4.1 written to /workspace/builds/worker-2-tc2/source/Cargo.toml
[INFO] validating manifest of crates.io crate keymapper 0.4.1 on toolchain 1.100.0-beta.1
[INFO] running `Command { std: CARGO_HOME="/workspace/cargo-home" RUSTUP_HOME="/workspace/rustup-home" "/workspace/cargo-home/bin/cargo" "+1.100.0-beta.1" "metadata" "--manifest-path" "Cargo.toml" "--no-deps", kill_on_drop: false }`
[INFO] crate crates.io crate keymapper 0.4.1 already has a lockfile, it will not be regenerated
[INFO] running `Command { std: CARGO_HOME="/workspace/cargo-home" RUSTUP_HOME="/workspace/rustup-home" "/workspace/cargo-home/bin/cargo" "+1.100.0-beta.1" "fetch" "--manifest-path" "Cargo.toml", kill_on_drop: false }`
[INFO] [stderr] warning: `package.homepage` is redundant with `package.repository`
[INFO] [stderr]   --> Cargo.toml:76:12
[INFO] [stderr]    |
[INFO] [stderr] 76 | homepage = "https://github.com/mamrhein/keymapper.rs"
[INFO] [stderr]    |            ^^^^^^^^^^^^^^^^^^^^^^^^^^^^^^^^^^^^^^^^^^
[INFO] [stderr] ...
[INFO] [stderr] 81 | repository = "https://github.com/mamrhein/keymapper.rs"
[INFO] [stderr]    |              ------------------------------------------
[INFO] [stderr]    |
[INFO] [stderr]    = note: `cargo::redundant_homepage` is set to `warn` by default
[INFO] [stderr] help: consider removing `package.homepage`
[INFO] [stderr] warning: `keymapper` (manifest) generated 1 warning
[INFO] running `Command { std: "docker" "create" "-v" "/var/lib/crater-agent-workspace/builds/worker-2-tc2/source:/opt/rustwide/workdir:ro,Z" "-v" "/var/lib/crater-agent-workspace/builds/worker-2-tc2/target:/opt/rustwide/target:rw,Z" "-v" "/var/lib/crater-agent-workspace/cargo-home:/opt/rustwide/cargo-home:ro,Z" "-v" "/var/lib/crater-agent-workspace/rustup-home:/opt/rustwide/rustup-home:ro,Z" "-m" "1610612736" "--network" "none" "ghcr.io/rust-lang/crates-build-env/linux@sha256:77db811e55d90add9212f6832c23229e3de5f1c1f9905e8cb07319ea15df73ac" "sleep" "infinity", kill_on_drop: false }`
[INFO] [stdout] 71ee35cab1bec2abdc5dd1836b1cf594156d23ace2b6e728545e8a23b5aae7b5
[INFO] running `Command { std: "docker" "start" "71ee35cab1bec2abdc5dd1836b1cf594156d23ace2b6e728545e8a23b5aae7b5", kill_on_drop: false }`
[INFO] running `Command { std: "docker" "inspect" "71ee35cab1bec2abdc5dd1836b1cf594156d23ace2b6e728545e8a23b5aae7b5", kill_on_drop: false }`
[INFO] running `Command { std: "docker" "exec" "-e" "SOURCE_DIR=/opt/rustwide/workdir" "-e" "CARGO_HOME=/opt/rustwide/cargo-home" "-e" "RUSTUP_HOME=/opt/rustwide/rustup-home" "-e" "CARGO_TARGET_DIR=/opt/rustwide/target" "-w" "/opt/rustwide/workdir" "--user" "0:0" "71ee35cab1bec2abdc5dd1836b1cf594156d23ace2b6e728545e8a23b5aae7b5" "/opt/rustwide/cargo-home/bin/cargo" "+1.100.0-beta.1" "metadata" "--no-deps" "--format-version=1", kill_on_drop: false }`
[INFO] running `Command { std: "docker" "inspect" "71ee35cab1bec2abdc5dd1836b1cf594156d23ace2b6e728545e8a23b5aae7b5", kill_on_drop: false }`
[INFO] running `Command { std: "docker" "exec" "-e" "SOURCE_DIR=/opt/rustwide/workdir" "-e" "CARGO_HOME=/opt/rustwide/cargo-home" "-e" "RUSTUP_HOME=/opt/rustwide/rustup-home" "-e" "CARGO_TARGET_DIR=/opt/rustwide/target" "-e" "CARGO_INCREMENTAL=0" "-e" "RUST_BACKTRACE=full" "-e" "RUSTFLAGS=--cap-lints=warn" "-e" "RUSTDOCFLAGS=--cap-lints=warn" "-w" "/opt/rustwide/workdir" "--user" "0:0" "71ee35cab1bec2abdc5dd1836b1cf594156d23ace2b6e728545e8a23b5aae7b5" "/opt/rustwide/cargo-home/bin/cargo" "+1.100.0-beta.1" "build" "--frozen" "--message-format=json" "--release", kill_on_drop: false }`
[INFO] [stderr] warning: `package.homepage` is redundant with `package.repository`
[INFO] [stderr]   --> Cargo.toml:76:12
[INFO] [stderr]    |
[INFO] [stderr] 76 | homepage = "https://github.com/mamrhein/keymapper.rs"
[INFO] [stderr]    |            ^^^^^^^^^^^^^^^^^^^^^^^^^^^^^^^^^^^^^^^^^^
[INFO] [stderr] ...
[INFO] [stderr] 81 | repository = "https://github.com/mamrhein/keymapper.rs"
[INFO] [stderr]    |              ------------------------------------------
[INFO] [stderr]    |
[INFO] [stderr]    = note: `cargo::redundant_homepage` is set to `warn` by default
[INFO] [stderr] help: consider removing `package.homepage`
[INFO] [stderr] warning: `keymapper` (manifest) generated 1 warning
[INFO] [stderr]    Compiling proc-macro2 v1.0.107
[INFO] [stderr]    Compiling libc v0.2.189
[INFO] [stderr]    Compiling bitflags v2.13.1
[INFO] [stderr]    Compiling rustix v1.1.4
[INFO] [stderr]    Compiling linux-raw-sys v0.12.1
[INFO] [stderr]    Compiling parking v2.2.1
[INFO] [stderr]    Compiling pkg-config v0.3.34
[INFO] [stderr]    Compiling crossbeam-utils v0.8.22
[INFO] [stderr]    Compiling serde_core v1.0.229
[INFO] [stderr]    Compiling winnow v1.0.4
[INFO] [stderr]    Compiling equivalent v1.0.2
[INFO] [stderr]    Compiling indexmap v2.14.0
[INFO] [stderr]    Compiling smallvec v1.15.2
[INFO] [stderr]    Compiling quote v1.0.47
[INFO] [stderr]    Compiling toml_datetime v1.1.1+spec-1.1.0
[INFO] [stderr]    Compiling syn v3.0.3
[INFO] [stderr]    Compiling syn v2.0.119
[INFO] [stderr]    Compiling find-msvc-tools v0.1.11
[INFO] [stderr]    Compiling futures-io v0.3.34
[INFO] [stderr]    Compiling cc v1.4.3
[INFO] [stderr]    Compiling concurrent-queue v2.5.0
[INFO] [stderr]    Compiling wayland-sys v0.31.11
[INFO] [stderr]    Compiling toml_parser v1.1.3+spec-1.1.0
[INFO] [stderr]    Compiling event-listener v5.4.2
[INFO] [stderr]    Compiling cfg_aliases v0.2.2
[INFO] [stderr]    Compiling unicode-ident v1.0.24
[INFO] [stderr]    Compiling toml_edit v0.25.13+spec-1.1.0
[INFO] [stderr]    Compiling event-listener-strategy v0.5.4
[INFO] [stderr]    Compiling futures-lite v2.6.1
[INFO] [stderr]    Compiling wayland-backend v0.3.17
[INFO] [stderr]    Compiling proc-macro-crate v3.5.0
[INFO] [stderr]    Compiling quick-xml v0.41.0
[INFO] [stderr]    Compiling errno v0.3.14
[INFO] [stderr]    Compiling async-io v2.6.0
[INFO] [stderr]    Compiling downcast-rs v1.2.1
[INFO] [stderr]    Compiling wayland-client v0.31.15
[INFO] [stderr]    Compiling signal-hook-registry v1.4.8
[INFO] [stderr]    Compiling endi v1.1.1
[INFO] [stderr]    Compiling async-task v4.7.1
[INFO] [stderr]    Compiling inotify-sys v0.1.8
[INFO] [stderr]    Compiling anstyle-parse v1.0.0
[INFO] [stderr]    Compiling async-channel v2.5.0
[INFO] [stderr]    Compiling wayland-scanner v0.31.11
[INFO] [stderr]    Compiling nix v0.29.0
[INFO] [stderr]    Compiling libudev-sys v0.1.4
[INFO] [stderr]    Compiling is_terminal_polyfill v1.70.2
[INFO] [stderr]    Compiling anstyle-query v1.1.5
[INFO] [stderr]    Compiling atomic-waker v1.1.2
[INFO] [stderr]    Compiling log v0.4.33
[INFO] [stderr]    Compiling io-lifetimes v1.0.11
[INFO] [stderr]    Compiling colorchoice v1.0.5
[INFO] [stderr]    Compiling anstream v1.0.0
[INFO] [stderr]    Compiling encoding_rs v0.8.42
[INFO] [stderr]    Compiling piper v0.2.5
[INFO] [stderr]    Compiling async-lock v3.4.2
[INFO] [stderr]    Compiling nix v0.31.3
[INFO] [stderr]    Compiling fs-err v3.3.1
[INFO] [stderr]    Compiling clap_lex v1.1.0
[INFO] [stderr]    Compiling signal-hook v0.4.4
[INFO] [stderr]    Compiling deranged v0.5.8
[INFO] [stderr]    Compiling strsim v0.11.1
[INFO] [stderr]    Compiling enumflags2_derive v0.7.12
[INFO] [stderr]    Compiling tracing-attributes v0.1.31
[INFO] [stderr]    Compiling serde_derive v1.0.229
[INFO] [stderr]    Compiling typed-builder-macro v0.23.2
[INFO] [stderr]    Compiling polling v3.11.0
[INFO] [stderr]    Compiling num_threads v0.1.7
[INFO] [stderr]    Compiling arraydeque v0.5.1
[INFO] [stderr]    Compiling powerfmt v0.2.0
[INFO] [stderr]    Compiling async-signal v0.2.14
[INFO] [stderr]    Compiling time v0.3.55
[INFO] [stderr]    Compiling async-process v2.5.0
[INFO] [stderr]    Compiling typed-builder v0.23.2
[INFO] [stderr]    Compiling granit-parser v1.3.0
[INFO] [stderr]    Compiling serde v1.0.229
[INFO] [stderr]    Compiling zvariant_utils v4.1.0
[INFO] [stderr]    Compiling zcheapstr v1.1.0
[INFO] [stderr]    Compiling enumflags2 v0.7.12
[INFO] [stderr]    Compiling wayland-protocols v0.32.13
[INFO] [stderr]    Compiling clap_derive v4.6.4
[INFO] [stderr]    Compiling tracing v0.1.44
[INFO] [stderr]    Compiling gethostname v1.1.0
[INFO] [stderr]    Compiling zvariant_derive v5.14.0
[INFO] [stderr]    Compiling encoding_rs_io v0.1.8
[INFO] [stderr]    Compiling serde_repr v0.1.21
[INFO] [stderr]    Compiling thiserror-impl v2.0.20
[INFO] [stderr]    Compiling async-trait v0.1.92
[INFO] [stderr]    Compiling zvariant v5.14.0
[INFO] [stderr]    Compiling async-recursion v1.1.1
[INFO] [stderr]    Compiling clap_builder v4.6.6
[INFO] [stderr]    Compiling bitvec v1.1.1
[INFO] [stderr]    Compiling annotate-snippets v0.12.16
[INFO] [stderr]    Compiling zbus_names v4.3.4
[INFO] [stderr]    Compiling zbus_macros v5.19.0
[INFO] [stderr]    Compiling wayland-protocols-wlr v0.3.12
[INFO] [stderr]    Compiling dirs-sys v0.5.0
[INFO] [stderr]    Compiling inotify v0.11.5
[INFO] [stderr]    Compiling parking_lot_core v0.9.12
[INFO] [stderr]    Compiling blocking v1.6.2
[INFO] [stderr]    Compiling mio v1.2.2
[INFO] [stderr]    Compiling async-executor v1.14.0
[INFO] [stderr]    Compiling uuid v1.24.1
[INFO] [stderr]    Compiling async-broadcast v0.7.2
[INFO] [stderr]    Compiling arc-swap v1.9.2
[INFO] [stderr]    Compiling crossbeam-channel v0.5.16
[INFO] [stderr]    Compiling ordered-stream v0.2.0
[INFO] [stderr]    Compiling notify-types v2.1.0
[INFO] [stderr]    Compiling x11rb-protocol v0.14.0
[INFO] [stderr]    Compiling as-raw-xcb-connection v1.0.1
[INFO] [stderr]    Compiling nohash-hasher v0.2.0
[INFO] [stderr]    Compiling tz-rs v0.7.3
[INFO] [stderr]    Compiling base64 v0.23.1
[INFO] [stderr]    Compiling foldhash v0.2.0
[INFO] [stderr]    Compiling zbus v5.19.0
[INFO] [stderr]    Compiling ftlog v0.2.18
[INFO] [stderr]    Compiling serde-saphyr v1.3.0
[INFO] [stderr]    Compiling sysinfo v0.39.6
[INFO] [stderr]    Compiling notify v8.2.0
[INFO] [stderr]    Compiling evdev v0.13.2
[INFO] [stderr]    Compiling x11rb v0.14.0
[INFO] [stderr]    Compiling parking_lot v0.12.5
[INFO] [stderr]    Compiling cosmic-protocols v0.2.0
[INFO] [stderr]    Compiling udev v0.9.3
[INFO] [stderr]    Compiling dirs v6.0.0
[INFO] [stderr]    Compiling clap v4.6.6
[INFO] [stderr]    Compiling thiserror v2.0.20
[INFO] [stderr]    Compiling keymapper v0.4.1 (/opt/rustwide/workdir)
[INFO] [stderr] warning: unused dependency `nix`
[INFO] [stderr]   --> Cargo.toml:93:49
[INFO] [stderr]    |
[INFO] [stderr] 93 | [target.'cfg(target_os = "linux")'.dependencies.nix]
[INFO] [stderr]    |                                                 ^^^^
[INFO] [stderr]    |
[INFO] [stderr]    = note: `cargo::unused_dependencies` is set to `warn` by default
[INFO] [stderr] help: consider removing the dependency on `nix`
[INFO] [stderr] warning: `keymapper` (manifest) generated 1 warning
[INFO] [stderr]     Finished `release` profile [optimized] target(s) in 5m 32s
[INFO] running `Command { std: "docker" "inspect" "71ee35cab1bec2abdc5dd1836b1cf594156d23ace2b6e728545e8a23b5aae7b5", kill_on_drop: false }`
[INFO] running `Command { std: "docker" "exec" "-e" "SOURCE_DIR=/opt/rustwide/workdir" "-e" "CARGO_HOME=/opt/rustwide/cargo-home" "-e" "RUSTUP_HOME=/opt/rustwide/rustup-home" "-e" "CARGO_TARGET_DIR=/opt/rustwide/target" "-e" "CARGO_INCREMENTAL=0" "-e" "RUST_BACKTRACE=full" "-e" "RUSTFLAGS=--cap-lints=warn" "-e" "RUSTDOCFLAGS=--cap-lints=warn" "-w" "/opt/rustwide/workdir" "--user" "0:0" "71ee35cab1bec2abdc5dd1836b1cf594156d23ace2b6e728545e8a23b5aae7b5" "/opt/rustwide/cargo-home/bin/cargo" "+1.100.0-beta.1" "test" "--frozen" "--no-run" "--message-format=json" "--release", kill_on_drop: false }`
[INFO] [stderr] warning: `package.homepage` is redundant with `package.repository`
[INFO] [stderr]   --> Cargo.toml:76:12
[INFO] [stderr]    |
[INFO] [stderr] 76 | homepage = "https://github.com/mamrhein/keymapper.rs"
[INFO] [stderr]    |            ^^^^^^^^^^^^^^^^^^^^^^^^^^^^^^^^^^^^^^^^^^
[INFO] [stderr] ...
[INFO] [stderr] 81 | repository = "https://github.com/mamrhein/keymapper.rs"
[INFO] [stderr]    |              ------------------------------------------
[INFO] [stderr]    |
[INFO] [stderr]    = note: `cargo::redundant_homepage` is set to `warn` by default
[INFO] [stderr] help: consider removing `package.homepage`
[INFO] [stderr] warning: `keymapper` (manifest) generated 1 warning
[INFO] [stderr]    Compiling getrandom v0.4.3
[INFO] [stderr]    Compiling tempfile v3.27.0
[INFO] [stderr]    Compiling keymapper v0.4.1 (/opt/rustwide/workdir)
[INFO] [stdout] error[E0433]: cannot find module or crate `test_util` in this scope
[INFO] [stdout]   --> tests/e2e_tests.rs:84:5
[INFO] [stdout]    |
[INFO] [stdout] 84 | use test_util::key_injector::{InjectorError, KeyInjector, is_injectable};
[INFO] [stdout]    |     ^^^^^^^^^ use of unresolved module or unlinked crate `test_util`
[INFO] [stdout]    |
[INFO] [stdout]    = help: if you wanted to use a crate named `test_util`, use `cargo add test_util` to add it to your `Cargo.toml`
[INFO] [stdout] 
[INFO] [stdout] 
[INFO] [stdout] error[E0433]: cannot find module or crate `test_util` in this scope
[INFO] [stdout]    --> tests/e2e_tests.rs:882:13
[INFO] [stdout]     |
[INFO] [stdout] 882 |         use test_util::key_injector::LinuxInjector;
[INFO] [stdout]     |             ^^^^^^^^^ use of unresolved module or unlinked crate `test_util`
[INFO] [stdout]     |
[INFO] [stdout]     = help: if you wanted to use a crate named `test_util`, use `cargo add test_util` to add it to your `Cargo.toml`
[INFO] [stdout] 
[INFO] [stdout] 
[INFO] [stdout] error[E0432]: unresolved import `keymapper::keymap_core::logfmt::fmt_key_event`
[INFO] [stdout]    --> tests/e2e_tests.rs:77:5
[INFO] [stdout]     |
[INFO] [stdout]  77 |     keymap_core::logfmt::fmt_key_event,
[INFO] [stdout]     |     ^^^^^^^^^^^^^^^^^^^^^-------------
[INFO] [stdout]     |                          |
[INFO] [stdout]     |                          no `fmt_key_event` in `keymap_core::logfmt`
[INFO] [stdout]     |
[INFO] [stdout] note: found an item that was configured out
[INFO] [stdout]    --> src/keymap_core/logfmt.rs:242:8
[INFO] [stdout]     |
[INFO] [stdout] 241 | #[cfg(feature = "test-util")]
[INFO] [stdout]     |       --------------------- the item is gated behind the `test-util` feature
[INFO] [stdout] 242 | pub fn fmt_key_event(event: &KeyEvent) -> String {
[INFO] [stdout]     |        ^^^^^^^^^^^^^
[INFO] [stdout] 
[INFO] [stdout] 
[INFO] [stdout] Some errors have detailed explanations: E0432, E0433.
[INFO] [stdout] 
[INFO] [stdout] For more information about an error, try `rustc --explain E0432`.
[INFO] [stdout] 
[INFO] [stderr] error: could not compile `keymapper` (test "e2e_tests") due to 3 previous errors
[INFO] [stderr] warning: build failed, waiting for other jobs to finish...
[INFO] running `Command { std: "docker" "inspect" "71ee35cab1bec2abdc5dd1836b1cf594156d23ace2b6e728545e8a23b5aae7b5", kill_on_drop: false }`
[INFO] running `Command { std: "docker" "rm" "-f" "71ee35cab1bec2abdc5dd1836b1cf594156d23ace2b6e728545e8a23b5aae7b5", kill_on_drop: false }`
[INFO] [stdout] 71ee35cab1bec2abdc5dd1836b1cf594156d23ace2b6e728545e8a23b5aae7b5
