[INFO] fetching crate keygen-rs 0.13.0...
[INFO] testing keygen-rs-0.13.0 against 1.100.0-beta.1+cargoflags=--release for beta-release-1.100-2
[INFO] extracting crate keygen-rs 0.13.0 into /workspace/builds/worker-1-tc2/source
[INFO] started tweaking crates.io crate keygen-rs 0.13.0
[INFO] removed 0 missing examples
[INFO] removed 0 missing tests
[INFO] finished tweaking crates.io crate keygen-rs 0.13.0
[INFO] tweaked toml for crates.io crate keygen-rs 0.13.0 written to /workspace/builds/worker-1-tc2/source/Cargo.toml
[INFO] validating manifest of crates.io crate keygen-rs 0.13.0 on toolchain 1.100.0-beta.1
[INFO] running `Command { std: CARGO_HOME="/workspace/cargo-home" RUSTUP_HOME="/workspace/rustup-home" "/workspace/cargo-home/bin/cargo" "+1.100.0-beta.1" "metadata" "--manifest-path" "Cargo.toml" "--no-deps", kill_on_drop: false }`
[INFO] crate crates.io crate keygen-rs 0.13.0 already has a lockfile, it will not be regenerated
[INFO] running `Command { std: CARGO_HOME="/workspace/cargo-home" RUSTUP_HOME="/workspace/rustup-home" "/workspace/cargo-home/bin/cargo" "+1.100.0-beta.1" "fetch" "--manifest-path" "Cargo.toml", kill_on_drop: false }`
[INFO] running `Command { std: "docker" "create" "-v" "/var/lib/crater-agent-workspace/builds/worker-1-tc2/source:/opt/rustwide/workdir:ro,Z" "-v" "/var/lib/crater-agent-workspace/builds/worker-1-tc2/target:/opt/rustwide/target:rw,Z" "-v" "/var/lib/crater-agent-workspace/cargo-home:/opt/rustwide/cargo-home:ro,Z" "-v" "/var/lib/crater-agent-workspace/rustup-home:/opt/rustwide/rustup-home:ro,Z" "-m" "1610612736" "--network" "none" "ghcr.io/rust-lang/crates-build-env/linux@sha256:77db811e55d90add9212f6832c23229e3de5f1c1f9905e8cb07319ea15df73ac" "sleep" "infinity", kill_on_drop: false }`
[INFO] [stdout] d61c1219ffcb9d21807dfbb0f7c5bbbb0db3a9994f18d054aa01e006cda9596a
[INFO] running `Command { std: "docker" "start" "d61c1219ffcb9d21807dfbb0f7c5bbbb0db3a9994f18d054aa01e006cda9596a", kill_on_drop: false }`
[INFO] running `Command { std: "docker" "inspect" "d61c1219ffcb9d21807dfbb0f7c5bbbb0db3a9994f18d054aa01e006cda9596a", kill_on_drop: false }`
[INFO] running `Command { std: "docker" "exec" "-e" "SOURCE_DIR=/opt/rustwide/workdir" "-e" "CARGO_HOME=/opt/rustwide/cargo-home" "-e" "RUSTUP_HOME=/opt/rustwide/rustup-home" "-e" "CARGO_TARGET_DIR=/opt/rustwide/target" "-w" "/opt/rustwide/workdir" "--user" "0:0" "d61c1219ffcb9d21807dfbb0f7c5bbbb0db3a9994f18d054aa01e006cda9596a" "/opt/rustwide/cargo-home/bin/cargo" "+1.100.0-beta.1" "metadata" "--no-deps" "--format-version=1", kill_on_drop: false }`
[INFO] running `Command { std: "docker" "inspect" "d61c1219ffcb9d21807dfbb0f7c5bbbb0db3a9994f18d054aa01e006cda9596a", kill_on_drop: false }`
[INFO] running `Command { std: "docker" "exec" "-e" "SOURCE_DIR=/opt/rustwide/workdir" "-e" "CARGO_HOME=/opt/rustwide/cargo-home" "-e" "RUSTUP_HOME=/opt/rustwide/rustup-home" "-e" "CARGO_TARGET_DIR=/opt/rustwide/target" "-e" "CARGO_INCREMENTAL=0" "-e" "RUST_BACKTRACE=full" "-e" "RUSTFLAGS=--cap-lints=warn" "-e" "RUSTDOCFLAGS=--cap-lints=warn" "-w" "/opt/rustwide/workdir" "--user" "0:0" "d61c1219ffcb9d21807dfbb0f7c5bbbb0db3a9994f18d054aa01e006cda9596a" "/opt/rustwide/cargo-home/bin/cargo" "+1.100.0-beta.1" "build" "--frozen" "--message-format=json" "--release", kill_on_drop: false }`
[INFO] [stderr]    Compiling proc-macro2 v1.0.94
[INFO] [stderr]    Compiling libc v0.2.171
[INFO] [stderr]    Compiling typenum v1.18.0
[INFO] [stderr]    Compiling subtle v2.6.1
[INFO] [stderr]    Compiling const-oid v0.9.6
[INFO] [stderr]    Compiling smallvec v1.14.0
[INFO] [stderr]    Compiling fs_extra v1.3.0
[INFO] [stderr]    Compiling dunce v1.0.5
[INFO] [stderr]    Compiling generic-array v0.14.7
[INFO] [stderr]    Compiling base64ct v1.8.0
[INFO] [stderr]    Compiling futures-sink v0.3.31
[INFO] [stderr]    Compiling litemap v0.7.5
[INFO] [stderr]    Compiling aws-lc-rs v1.16.2
[INFO] [stderr]    Compiling once_cell v1.21.1
[INFO] [stderr]    Compiling http v1.3.1
[INFO] [stderr]    Compiling num-traits v0.2.19
[INFO] [stderr]    Compiling semver v1.0.26
[INFO] [stderr]    Compiling futures-channel v0.3.31
[INFO] [stderr]    Compiling serde_core v1.0.228
[INFO] [stderr]    Compiling zerocopy v0.8.23
[INFO] [stderr]    Compiling rustls v0.23.37
[INFO] [stderr]    Compiling base16ct v0.2.0
[INFO] [stderr]    Compiling tracing-core v0.1.33
[INFO] [stderr]    Compiling serde_json v1.0.140
[INFO] [stderr]    Compiling opaque-debug v0.3.1
[INFO] [stderr]    Compiling spin v0.9.9
[INFO] [stderr]    Compiling openssl-probe v0.2.1
[INFO] [stderr]    Compiling log v0.4.26
[INFO] [stderr]    Compiling lazy_static v1.5.0
[INFO] [stderr]    Compiling pem-rfc7468 v0.7.0
[INFO] [stderr]    Compiling iri-string v0.7.8
[INFO] [stderr]    Compiling bitflags v2.11.0
[INFO] [stderr]    Compiling rustc_version v0.4.1
[INFO] [stderr]    Compiling getrandom v0.2.15
[INFO] [stderr]    Compiling parking_lot_core v0.9.10
[INFO] [stderr]    Compiling mio v1.0.3
[INFO] [stderr]    Compiling signal-hook-registry v1.4.2
[INFO] [stderr]    Compiling quote v1.0.40
[INFO] [stderr]    Compiling parking_lot v0.12.3
[INFO] [stderr]    Compiling rand_core v0.6.4
[INFO] [stderr]    Compiling jobserver v0.1.34
[INFO] [stderr]    Compiling socket2 v0.5.10
[INFO] [stderr]    Compiling tracing v0.1.41
[INFO] [stderr]    Compiling syn v2.0.100
[INFO] [stderr]    Compiling cc v1.2.57
[INFO] [stderr]    Compiling ff v0.13.1
[INFO] [stderr]    Compiling curve25519-dalek v4.1.3
[INFO] [stderr]    Compiling group v0.13.0
[INFO] [stderr]    Compiling num_cpus v1.16.0
[INFO] [stderr]    Compiling hostname v0.4.0
[INFO] [stderr]    Compiling num-integer v0.1.46
[INFO] [stderr]    Compiling http-body v1.0.1
[INFO] [stderr]    Compiling num-iter v0.1.46
[INFO] [stderr]    Compiling http-body-util v0.1.3
[INFO] [stderr]    Compiling cmake v0.1.57
[INFO] [stderr]    Compiling aws-lc-sys v0.39.0
[INFO] [stderr]    Compiling ppv-lite86 v0.2.21
[INFO] [stderr]    Compiling rand_chacha v0.3.1
[INFO] [stderr]    Compiling rand v0.8.5
[INFO] [stderr]    Compiling synstructure v0.13.1
[INFO] [stderr]    Compiling zeroize_derive v1.4.3
[INFO] [stderr]    Compiling zerofrom-derive v0.1.6
[INFO] [stderr]    Compiling yoke-derive v0.7.5
[INFO] [stderr]    Compiling zerovec-derive v0.10.3
[INFO] [stderr]    Compiling displaydoc v0.2.5
[INFO] [stderr]    Compiling zeroize v1.8.1
[INFO] [stderr]    Compiling futures-macro v0.3.31
[INFO] [stderr]    Compiling der v0.7.10
[INFO] [stderr]    Compiling icu_provider_macros v1.5.0
[INFO] [stderr]    Compiling tokio-macros v2.5.0
[INFO] [stderr]    Compiling rustls-pki-types v1.14.0
[INFO] [stderr]    Compiling serde_derive v1.0.228
[INFO] [stderr]    Compiling zerofrom v0.1.6
[INFO] [stderr]    Compiling curve25519-dalek-derive v0.1.1
[INFO] [stderr]    Compiling num-bigint-dig v0.8.6
[INFO] [stderr]    Compiling tokio v1.44.1
[INFO] [stderr]    Compiling yoke v0.7.5
[INFO] [stderr]    Compiling thiserror-impl v1.0.69
[INFO] [stderr]    Compiling zerovec v0.10.4
[INFO] [stderr]    Compiling futures-util v0.3.31
[INFO] [stderr]    Compiling crypto-common v0.1.6
[INFO] [stderr]    Compiling block-buffer v0.10.4
[INFO] [stderr]    Compiling spki v0.7.3
[INFO] [stderr]    Compiling inout v0.1.4
[INFO] [stderr]    Compiling digest v0.10.7
[INFO] [stderr]    Compiling pkcs8 v0.10.2
[INFO] [stderr]    Compiling signature v2.2.0
[INFO] [stderr]    Compiling crypto-bigint v0.5.5
[INFO] [stderr]    Compiling hmac v0.12.1
[INFO] [stderr]    Compiling cipher v0.4.4
[INFO] [stderr]    Compiling sec1 v0.7.3
[INFO] [stderr]    Compiling universal-hash v0.5.1
[INFO] [stderr]    Compiling polyval v0.6.2
[INFO] [stderr]    Compiling rfc6979 v0.4.0
[INFO] [stderr]    Compiling sha2 v0.10.8
[INFO] [stderr]    Compiling rustls-native-certs v0.8.3
[INFO] [stderr]    Compiling ghash v0.5.1
[INFO] [stderr]    Compiling aes v0.8.4
[INFO] [stderr]    Compiling ctr v0.9.2
[INFO] [stderr]    Compiling tinystr v0.7.6
[INFO] [stderr]    Compiling icu_collections v1.5.0
[INFO] [stderr]    Compiling pkcs1 v0.7.5
[INFO] [stderr]    Compiling icu_locid v1.5.0
[INFO] [stderr]    Compiling ed25519 v2.2.3
[INFO] [stderr]    Compiling aead v0.5.2
[INFO] [stderr]    Compiling rsa v0.9.10
[INFO] [stderr]    Compiling elliptic-curve v0.13.8
[INFO] [stderr]    Compiling icu_provider v1.5.0
[INFO] [stderr]    Compiling aes-gcm v0.10.3
[INFO] [stderr]    Compiling thiserror v1.0.69
[INFO] [stderr]    Compiling icu_locid_transform v1.5.0
[INFO] [stderr]    Compiling ecdsa v0.16.9
[INFO] [stderr]    Compiling primeorder v0.13.6
[INFO] [stderr]    Compiling ed25519-dalek v2.2.0
[INFO] [stderr]    Compiling icu_properties v1.5.1
[INFO] [stderr]    Compiling p256 v0.13.2
[INFO] [stderr]    Compiling futures-executor v0.3.31
[INFO] [stderr]    Compiling serde v1.0.228
[INFO] [stderr]    Compiling futures v0.3.31
[INFO] [stderr]    Compiling chrono v0.4.40
[INFO] [stderr]    Compiling serde_urlencoded v0.7.1
[INFO] [stderr]    Compiling icu_normalizer v1.5.0
[INFO] [stderr]    Compiling hyper v1.6.0
[INFO] [stderr]    Compiling tower v0.5.2
[INFO] [stderr]    Compiling idna_adapter v1.2.0
[INFO] [stderr]    Compiling idna v1.0.3
[INFO] [stderr]    Compiling url v2.5.4
[INFO] [stderr]    Compiling tower-http v0.6.8
[INFO] [stderr]    Compiling hyper-util v0.1.16
[INFO] [stderr]    Compiling rustls-webpki v0.103.10
[INFO] [stderr]    Compiling tokio-rustls v0.26.4
[INFO] [stderr]    Compiling rustls-platform-verifier v0.6.2
[INFO] [stderr]    Compiling hyper-rustls v0.27.7
[INFO] [stderr]    Compiling reqwest v0.13.2
[INFO] [stderr]    Compiling keygen-rs v0.13.0 (/opt/rustwide/workdir)
[INFO] [stderr]     Finished `release` profile [optimized] target(s) in 2m 17s
[INFO] running `Command { std: "docker" "inspect" "d61c1219ffcb9d21807dfbb0f7c5bbbb0db3a9994f18d054aa01e006cda9596a", kill_on_drop: false }`
[INFO] running `Command { std: "docker" "exec" "-e" "SOURCE_DIR=/opt/rustwide/workdir" "-e" "CARGO_HOME=/opt/rustwide/cargo-home" "-e" "RUSTUP_HOME=/opt/rustwide/rustup-home" "-e" "CARGO_TARGET_DIR=/opt/rustwide/target" "-e" "CARGO_INCREMENTAL=0" "-e" "RUST_BACKTRACE=full" "-e" "RUSTFLAGS=--cap-lints=warn" "-e" "RUSTDOCFLAGS=--cap-lints=warn" "-w" "/opt/rustwide/workdir" "--user" "0:0" "d61c1219ffcb9d21807dfbb0f7c5bbbb0db3a9994f18d054aa01e006cda9596a" "/opt/rustwide/cargo-home/bin/cargo" "+1.100.0-beta.1" "test" "--frozen" "--no-run" "--message-format=json" "--release", kill_on_drop: false }`
[INFO] [stderr]    Compiling getrandom v0.3.2
[INFO] [stderr]    Compiling regex-automata v0.4.9
[INFO] [stderr]    Compiling assert-json-diff v2.0.2
[INFO] [stderr]    Compiling colored v2.2.0
[INFO] [stderr]    Compiling similar v2.7.0
[INFO] [stderr]    Compiling machine-uid v0.5.3
[INFO] [stderr]    Compiling dotenv v0.15.0
[INFO] [stderr]    Compiling uuid v1.16.0
[INFO] [stderr]    Compiling regex v1.11.1
[INFO] [stderr]    Compiling mockito v0.31.1
[INFO] [stderr]    Compiling keygen-rs v0.13.0 (/opt/rustwide/workdir)
[INFO] [stdout] error[E0432]: unresolved import `keygen_rs::product`
[INFO] [stdout]   --> examples/product/list_products.rs:4:5
[INFO] [stdout]    |
[INFO] [stdout]  4 |     product::Product,
[INFO] [stdout]    |     ^^^^^^^ could not find `product` in `keygen_rs`
[INFO] [stdout]    |
[INFO] [stdout] note: found an item that was configured out
[INFO] [stdout]   --> src/lib.rs:48:9
[INFO] [stdout]    |
[INFO] [stdout] 47 | #[cfg(feature = "token")]
[INFO] [stdout]    |       ----------------- the item is gated behind the `token` feature
[INFO] [stdout] 48 | pub mod product;
[INFO] [stdout]    |         ^^^^^^^
[INFO] [stdout] 
[INFO] [stdout] 
[INFO] [stdout] error[E0432]: unresolved import `keygen_rs::user`
[INFO] [stdout]   --> examples/user/get_user.rs:4:5
[INFO] [stdout]    |
[INFO] [stdout]  4 |     user::User,
[INFO] [stdout]    |     ^^^^ could not find `user` in `keygen_rs`
[INFO] [stdout]    |
[INFO] [stdout] note: found an item that was configured out
[INFO] [stdout]   --> src/lib.rs:56:9
[INFO] [stdout]    |
[INFO] [stdout] 55 | #[cfg(feature = "token")]
[INFO] [stdout]    |       ----------------- the item is gated behind the `token` feature
[INFO] [stdout] 56 | pub mod user;
[INFO] [stdout]    |         ^^^^
[INFO] [stdout] 
[INFO] [stdout] 
[INFO] [stdout] error[E0432]: unresolved import `keygen_rs::release`
[INFO] [stdout]   --> examples/release/get_release.rs:4:5
[INFO] [stdout]    |
[INFO] [stdout]  4 |     release::Release,
[INFO] [stdout]    |     ^^^^^^^ could not find `release` in `keygen_rs`
[INFO] [stdout]    |
[INFO] [stdout] note: found an item that was configured out
[INFO] [stdout]   --> src/lib.rs:52:9
[INFO] [stdout]    |
[INFO] [stdout] 51 | #[cfg(feature = "token")]
[INFO] [stdout]    |       ----------------- the item is gated behind the `token` feature
[INFO] [stdout] 52 | pub mod release;
[INFO] [stdout]    |         ^^^^^^^
[INFO] [stdout] 
[INFO] [stdout] 
[INFO] [stdout] error[E0432]: unresolved import `keygen_rs::policy`
[INFO] [stdout]   --> examples/policy/get_policy.rs:4:5
[INFO] [stdout]    |
[INFO] [stdout]  4 |     policy::Policy,
[INFO] [stdout]    |     ^^^^^^ could not find `policy` in `keygen_rs`
[INFO] [stdout]    |
[INFO] [stdout] note: found an item that was configured out
[INFO] [stdout]   --> src/lib.rs:46:9
[INFO] [stdout]    |
[INFO] [stdout] 45 | #[cfg(feature = "token")]
[INFO] [stdout]    |       ----------------- the item is gated behind the `token` feature
[INFO] [stdout] 46 | pub mod policy;
[INFO] [stdout]    |         ^^^^^^
[INFO] [stdout] 
[INFO] [stdout] 
[INFO] [stdout] error[E0432]: unresolved import `keygen_rs::platform`
[INFO] [stdout]   --> examples/platform/list_platforms.rs:4:5
[INFO] [stdout]    |
[INFO] [stdout]  4 |     platform::{ListPlatformsOptions, Platform},
[INFO] [stdout]    |     ^^^^^^^^ could not find `platform` in `keygen_rs`
[INFO] [stdout]    |
[INFO] [stdout] note: found an item that was configured out
[INFO] [stdout]   --> src/lib.rs:70:9
[INFO] [stdout]    |
[INFO] [stdout] 69 | #[cfg(feature = "token")]
[INFO] [stdout]    |       ----------------- the item is gated behind the `token` feature
[INFO] [stdout] 70 | pub mod platform;
[INFO] [stdout]    |         ^^^^^^^^
[INFO] [stdout] 
[INFO] [stdout] 
[INFO] [stdout] error[E0560]: struct `KeygenConfig` has no field named `token`
[INFO] [stdout]   --> examples/component/delete_component.rs:18:9
[INFO] [stdout]    |
[INFO] [stdout] 18 |         token: Some(env::var("KEYGEN_ADMIN_TOKEN").expect("KEYGEN_ADMIN_TOKEN must be set")),
[INFO] [stdout]    |         ^^^^^ `KeygenConfig` does not have this field
[INFO] [stdout]    |
[INFO] [stdout]    = note: available fields are: `api_version`, `api_prefix`, `environment`, `user_agent`, `product` ... and 6 others
[INFO] [stdout] 
[INFO] [stdout] 
[INFO] [stdout] error[E0560]: struct `KeygenConfig` has no field named `token`
[INFO] [stdout]   --> examples/product/list_products.rs:17:9
[INFO] [stdout]    |
[INFO] [stdout] 17 |         token: Some(env::var("KEYGEN_ADMIN_TOKEN").expect("KEYGEN_ADMIN_TOKEN must be set")),
[INFO] [stdout]    |         ^^^^^ `KeygenConfig` does not have this field
[INFO] [stdout]    |
[INFO] [stdout]    = note: available fields are: `api_version`, `api_prefix`, `environment`, `user_agent`, `product` ... and 6 others
[INFO] [stdout] 
[INFO] [stdout] 
[INFO] [stdout] error[E0560]: struct `KeygenConfig` has no field named `token`
[INFO] [stdout]   --> examples/policy/get_policy.rs:16:9
[INFO] [stdout]    |
[INFO] [stdout] 16 |         token: Some(env::var("KEYGEN_ADMIN_TOKEN").expect("KEYGEN_ADMIN_TOKEN must be set")),
[INFO] [stdout]    |         ^^^^^ `KeygenConfig` does not have this field
[INFO] [stdout]    |
[INFO] [stdout]    = note: available fields are: `api_version`, `api_prefix`, `environment`, `user_agent`, `product` ... and 6 others
[INFO] [stdout] 
[INFO] [stdout] 
[INFO] [stdout] error[E0560]: struct `KeygenConfig` has no field named `token`
[INFO] [stdout]   --> examples/release/get_release.rs:17:9
[INFO] [stdout]    |
[INFO] [stdout] 17 |         token: Some(env::var("KEYGEN_ADMIN_TOKEN").expect("KEYGEN_ADMIN_TOKEN must be set")),
[INFO] [stdout]    |         ^^^^^ `KeygenConfig` does not have this field
[INFO] [stdout]    |
[INFO] [stdout]    = note: available fields are: `api_version`, `api_prefix`, `environment`, `user_agent`, `product` ... and 6 others
[INFO] [stdout] 
[INFO] [stdout] 
[INFO] [stdout] error[E0560]: struct `KeygenConfig` has no field named `token`
[INFO] [stdout]   --> examples/user/get_user.rs:16:9
[INFO] [stdout]    |
[INFO] [stdout] 16 |         token: Some(env::var("KEYGEN_ADMIN_TOKEN").expect("KEYGEN_ADMIN_TOKEN must be set")),
[INFO] [stdout]    |         ^^^^^ `KeygenConfig` does not have this field
[INFO] [stdout]    |
[INFO] [stdout]    = note: available fields are: `api_version`, `api_prefix`, `environment`, `user_agent`, `product` ... and 6 others
[INFO] [stdout] 
[INFO] [stdout] 
[INFO] [stdout] error[E0433]: cannot find `webhook` in `keygen_rs`
[INFO] [stdout]   --> examples/webhook_event/get_webhook_event.rs:4:5
[INFO] [stdout]    |
[INFO] [stdout]  4 |     webhook::event::WebhookEventRecord,
[INFO] [stdout]    |     ^^^^^^^ could not find `webhook` in `keygen_rs`
[INFO] [stdout]    |
[INFO] [stdout] note: found an item that was configured out
[INFO] [stdout]   --> src/lib.rs:58:9
[INFO] [stdout]    |
[INFO] [stdout] 57 | #[cfg(feature = "token")]
[INFO] [stdout]    |       ----------------- the item is gated behind the `token` feature
[INFO] [stdout] 58 | pub mod webhook;
[INFO] [stdout]    |         ^^^^^^^
[INFO] [stdout] 
[INFO] [stdout] 
[INFO] [stdout] error[E0432]: unresolved import `keygen_rs::entitlement::UpdateEntitlementRequest`
[INFO] [stdout]   --> examples/entitlement/update_entitlement.rs:3:32
[INFO] [stdout]    |
[INFO] [stdout]  3 |     entitlement::{Entitlement, UpdateEntitlementRequest},
[INFO] [stdout]    |                                ^^^^^^^^^^^^^^^^^^^^^^^^ no `UpdateEntitlementRequest` in `entitlement`
[INFO] [stdout]    |
[INFO] [stdout] note: found an item that was configured out
[INFO] [stdout]   --> src/entitlement.rs:53:12
[INFO] [stdout]    |
[INFO] [stdout] 51 | #[cfg(feature = "token")]
[INFO] [stdout]    |       ----------------- the item is gated behind the `token` feature
[INFO] [stdout] 52 | #[derive(Debug, Clone, Serialize, Deserialize)]
[INFO] [stdout] 53 | pub struct UpdateEntitlementRequest {
[INFO] [stdout]    |            ^^^^^^^^^^^^^^^^^^^^^^^^
[INFO] [stdout] 
[INFO] [stdout] 
[INFO] [stdout] Some errors have detailed explanations: E0432, E0560.
[INFO] [stdout] 
[INFO] [stdout] For more information about an error, try `rustc --explain E0432`.
[INFO] [stdout] 
[INFO] [stdout] Some errors have detailed explanations: E0432, E0560.
[INFO] [stdout] 
[INFO] [stdout] For more information about an error, try `rustc --explain E0432`.
[INFO] [stdout] 
[INFO] [stdout] Some errors have detailed explanations: E0432, E0560.
[INFO] [stdout] 
[INFO] [stderr] error: could not compile `keygen-rs` (example "get_user") due to 2 previous errors
[INFO] [stdout] For more information about an error, try `rustc --explain E0432`.
[INFO] [stdout] 
[INFO] [stderr] warning: build failed, waiting for other jobs to finish...
[INFO] [stdout] Some errors have detailed explanations: E0432, E0560.
[INFO] [stdout] 
[INFO] [stdout] For more information about an error, try `rustc --explain E0432`.
[INFO] [stdout] 
[INFO] [stderr] error: could not compile `keygen-rs` (example "get_release") due to 2 previous errors
[INFO] [stdout] error[E0560]: struct `KeygenConfig` has no field named `token`
[INFO] [stdout]   --> examples/entitlement/update_entitlement.rs:17:9
[INFO] [stdout]    |
[INFO] [stdout] 17 |         token: Some(env::var("KEYGEN_ADMIN_TOKEN").expect("KEYGEN_ADMIN_TOKEN must be set")),
[INFO] [stdout]    |         ^^^^^ `KeygenConfig` does not have this field
[INFO] [stdout]    |
[INFO] [stdout]    = note: available fields are: `api_version`, `api_prefix`, `environment`, `user_agent`, `product` ... and 6 others
[INFO] [stdout] 
[INFO] [stdout] 
[INFO] [stderr] error: could not compile `keygen-rs` (example "list_products") due to 2 previous errors
[INFO] [stdout] error[E0560]: struct `KeygenConfig` has no field named `token`
[INFO] [stdout]   --> examples/platform/list_platforms.rs:15:9
[INFO] [stdout]    |
[INFO] [stdout] 15 |         token: Some(env::var("KEYGEN_ADMIN_TOKEN").expect("KEYGEN_ADMIN_TOKEN must be set")),
[INFO] [stdout]    |         ^^^^^ `KeygenConfig` does not have this field
[INFO] [stdout]    |
[INFO] [stdout]    = note: available fields are: `api_version`, `api_prefix`, `environment`, `user_agent`, `product` ... and 6 others
[INFO] [stdout] 
[INFO] [stdout] 
[INFO] [stdout] error[E0560]: struct `KeygenConfig` has no field named `token`
[INFO] [stdout]   --> examples/webhook_event/get_webhook_event.rs:17:9
[INFO] [stdout]    |
[INFO] [stdout] 17 |         token: Some(env::var("KEYGEN_ADMIN_TOKEN").expect("KEYGEN_ADMIN_TOKEN must be set")),
[INFO] [stdout]    |         ^^^^^ `KeygenConfig` does not have this field
[INFO] [stdout]    |
[INFO] [stdout]    = note: available fields are: `api_version`, `api_prefix`, `environment`, `user_agent`, `product` ... and 6 others
[INFO] [stdout] 
[INFO] [stdout] 
[INFO] [stderr] error: could not compile `keygen-rs` (example "get_policy") due to 2 previous errors
[INFO] [stdout] Some errors have detailed explanations: E0433, E0560.
[INFO] [stdout] 
[INFO] [stdout] For more information about an error, try `rustc --explain E0433`.
[INFO] [stdout] 
[INFO] [stderr] error: could not compile `keygen-rs` (example "get_webhook_event") due to 2 previous errors
[INFO] [stdout] Some errors have detailed explanations: E0432, E0560.
[INFO] [stdout] 
[INFO] [stdout] For more information about an error, try `rustc --explain E0432`.
[INFO] [stdout] 
[INFO] [stderr] error: could not compile `keygen-rs` (example "list_platforms") due to 2 previous errors
[INFO] [stdout] error[E0432]: unresolved import `keygen_rs::token`
[INFO] [stdout]   --> examples/token/list_tokens.rs:4:5
[INFO] [stdout]    |
[INFO] [stdout]  4 |     token::Token,
[INFO] [stdout]    |     ^^^^^ could not find `token` in `keygen_rs`
[INFO] [stdout]    |
[INFO] [stdout] note: found an item that was configured out
[INFO] [stdout]   --> src/lib.rs:54:9
[INFO] [stdout]    |
[INFO] [stdout] 53 | #[cfg(feature = "token")]
[INFO] [stdout]    |       ----------------- the item is gated behind the `token` feature
[INFO] [stdout] 54 | pub mod token;
[INFO] [stdout]    |         ^^^^^
[INFO] [stdout] 
[INFO] [stdout] 
[INFO] [stdout] error[E0560]: struct `KeygenConfig` has no field named `token`
[INFO] [stdout]   --> examples/token/list_tokens.rs:17:9
[INFO] [stdout]    |
[INFO] [stdout] 17 |         token: Some(env::var("KEYGEN_ADMIN_TOKEN").expect("KEYGEN_ADMIN_TOKEN must be set")),
[INFO] [stdout]    |         ^^^^^ `KeygenConfig` does not have this field
[INFO] [stdout]    |
[INFO] [stdout]    = note: available fields are: `api_version`, `api_prefix`, `environment`, `user_agent`, `product` ... and 6 others
[INFO] [stdout] 
[INFO] [stdout] 
[INFO] [stdout] error[E0432]: unresolved import `keygen_rs::environment`
[INFO] [stdout]   --> examples/environment/delete_environment.rs:3:5
[INFO] [stdout]    |
[INFO] [stdout]  3 |     environment::Environment,
[INFO] [stdout]    |     ^^^^^^^^^^^ could not find `environment` in `keygen_rs`
[INFO] [stdout]    |
[INFO] [stdout] note: found an item that was configured out
[INFO] [stdout]   --> src/lib.rs:44:9
[INFO] [stdout]    |
[INFO] [stdout] 43 | #[cfg(feature = "token")]
[INFO] [stdout]    |       ----------------- the item is gated behind the `token` feature
[INFO] [stdout] 44 | pub mod environment;
[INFO] [stdout]    |         ^^^^^^^^^^^
[INFO] [stdout] 
[INFO] [stdout] 
[INFO] [stdout] error[E0560]: struct `KeygenConfig` has no field named `token`
[INFO] [stdout]   --> examples/environment/delete_environment.rs:16:9
[INFO] [stdout]    |
[INFO] [stdout] 16 |         token: Some(env::var("KEYGEN_ADMIN_TOKEN").expect("KEYGEN_ADMIN_TOKEN must be set")),
[INFO] [stdout]    |         ^^^^^ `KeygenConfig` does not have this field
[INFO] [stdout]    |
[INFO] [stdout]    = note: available fields are: `api_version`, `api_prefix`, `environment`, `user_agent`, `product` ... and 6 others
[INFO] [stdout] 
[INFO] [stdout] 
[INFO] [stdout] error[E0432]: unresolved import `keygen_rs::user`
[INFO] [stdout]   --> examples/user/unban_user.rs:4:5
[INFO] [stdout]    |
[INFO] [stdout]  4 |     user::User,
[INFO] [stdout]    |     ^^^^ could not find `user` in `keygen_rs`
[INFO] [stdout]    |
[INFO] [stdout] note: found an item that was configured out
[INFO] [stdout]   --> src/lib.rs:56:9
[INFO] [stdout]    |
[INFO] [stdout] 55 | #[cfg(feature = "token")]
[INFO] [stdout]    |       ----------------- the item is gated behind the `token` feature
[INFO] [stdout] 56 | pub mod user;
[INFO] [stdout]    |         ^^^^
[INFO] [stdout] 
[INFO] [stdout] 
[INFO] [stdout] Some errors have detailed explanations: E0432, E0560.
[INFO] [stdout] 
[INFO] [stdout] For more information about an error, try `rustc --explain E0432`.
[INFO] [stdout] 
[INFO] [stderr] error: could not compile `keygen-rs` (example "delete_environment") due to 2 previous errors
[INFO] [stdout] error[E0560]: struct `KeygenConfig` has no field named `token`
[INFO] [stdout]   --> examples/user/unban_user.rs:16:9
[INFO] [stdout]    |
[INFO] [stdout] 16 |         token: Some(env::var("KEYGEN_ADMIN_TOKEN").expect("KEYGEN_ADMIN_TOKEN must be set")),
[INFO] [stdout]    |         ^^^^^ `KeygenConfig` does not have this field
[INFO] [stdout]    |
[INFO] [stdout]    = note: available fields are: `api_version`, `api_prefix`, `environment`, `user_agent`, `product` ... and 6 others
[INFO] [stdout] 
[INFO] [stdout] 
[INFO] [stdout] warning: method call on a diverging inference variable
[INFO] [stdout]   --> examples/user/unban_user.rs:27:16
[INFO] [stdout]    |
[INFO] [stdout] 27 |     match user.unban().await {
[INFO] [stdout]    |                ^^^^^
[INFO] [stdout]    |
[INFO] [stdout]    = help: consider providing a type annotation
[INFO] [stdout]    = warning: this was previously accepted by the compiler but is being phased out; it will become a hard error in a future release!
[INFO] [stdout]    = note: for more information, see issue #156047 <https://github.com/rust-lang/rust/issues/156047>
[INFO] [stdout]    = note: `#[warn(method_call_on_diverging_infer_var)]` (part of `#[warn(future_incompatible)]`) on by default
[INFO] [stdout] 
[INFO] [stdout] 
[INFO] [stdout] Some errors have detailed explanations: E0432, E0560.
[INFO] [stdout] 
[INFO] [stdout] For more information about an error, try `rustc --explain E0432`.
[INFO] [stdout] 
[INFO] [stderr] error: could not compile `keygen-rs` (example "list_tokens") due to 2 previous errors
[INFO] [stdout] error[E0599]: no associated function or constant named `get` found for struct `keygen_rs::component::Component` in the current scope
[INFO] [stdout]   --> examples/component/delete_component.rs:26:38
[INFO] [stdout]    |
[INFO] [stdout] 26 |     let component = match Component::get(&component_id).await {
[INFO] [stdout]    |                                      ^^^ associated function or constant not found in `keygen_rs::component::Component`
[INFO] [stdout] 
[INFO] [stdout] 
[INFO] [stdout] error[E0599]: no associated function or constant named `get` found for struct `Entitlement` in the current scope
[INFO] [stdout]   --> examples/entitlement/update_entitlement.rs:31:36
[INFO] [stdout]    |
[INFO] [stdout] 31 |     let entitlement = Entitlement::get(&entitlement_id).await?;
[INFO] [stdout]    |                                    ^^^ associated function or constant not found in `Entitlement`
[INFO] [stdout] 
[INFO] [stdout] 
[INFO] [stdout] warning: method call on a diverging inference variable
[INFO] [stdout]   --> examples/component/delete_component.rs:34:21
[INFO] [stdout]    |
[INFO] [stdout] 34 |     match component.delete().await {
[INFO] [stdout]    |                     ^^^^^^
[INFO] [stdout]    |
[INFO] [stdout]    = help: consider providing a type annotation
[INFO] [stdout]    = warning: this was previously accepted by the compiler but is being phased out; it will become a hard error in a future release!
[INFO] [stdout]    = note: for more information, see issue #156047 <https://github.com/rust-lang/rust/issues/156047>
[INFO] [stdout]    = note: `#[warn(method_call_on_diverging_infer_var)]` (part of `#[warn(future_incompatible)]`) on by default
[INFO] [stdout] 
[INFO] [stdout] 
[INFO] [stdout] warning: method call on a diverging inference variable
[INFO] [stdout]   --> examples/entitlement/update_entitlement.rs:49:23
[INFO] [stdout]    |
[INFO] [stdout] 49 |     match entitlement.update(update_request).await {
[INFO] [stdout]    |                       ^^^^^^
[INFO] [stdout]    |
[INFO] [stdout]    = help: consider providing a type annotation
[INFO] [stdout]    = warning: this was previously accepted by the compiler but is being phased out; it will become a hard error in a future release!
[INFO] [stdout]    = note: for more information, see issue #156047 <https://github.com/rust-lang/rust/issues/156047>
[INFO] [stdout]    = note: `#[warn(method_call_on_diverging_infer_var)]` (part of `#[warn(future_incompatible)]`) on by default
[INFO] [stdout] 
[INFO] [stdout] 
[INFO] [stdout] error[E0599]: no method named `unban` found for type `!` in the current scope
[INFO] [stdout]   --> examples/user/unban_user.rs:27:16
[INFO] [stdout]    |
[INFO] [stdout] 27 |     match user.unban().await {
[INFO] [stdout]    |                ^^^^^ method not found in `!`
[INFO] [stdout] 
[INFO] [stdout] 
[INFO] [stdout] Some errors have detailed explanations: E0432, E0560, E0599.
[INFO] [stdout] 
[INFO] [stdout] For more information about an error, try `rustc --explain E0432`.
[INFO] [stdout] 
[INFO] [stderr] error: could not compile `keygen-rs` (example "unban_user") due to 3 previous errors; 2 warnings emitted
[INFO] [stdout] error[E0599]: no method named `delete` found for type `!` in the current scope
[INFO] [stdout]   --> examples/component/delete_component.rs:34:21
[INFO] [stdout]    |
[INFO] [stdout] 34 |     match component.delete().await {
[INFO] [stdout]    |                     ^^^^^^ method not found in `!`
[INFO] [stdout] 
[INFO] [stdout] 
[INFO] [stdout] error[E0609]: no field `id` on type `!`
[INFO] [stdout]   --> examples/component/delete_component.rs:36:57
[INFO] [stdout]    |
[INFO] [stdout] 36 |             println!("Component deleted: {}", component.id);
[INFO] [stdout]    |                                                         ^^ unknown field
[INFO] [stdout] 
[INFO] [stdout] 
[INFO] [stdout] error[E0599]: no method named `update` found for type `!` in the current scope
[INFO] [stdout]   --> examples/entitlement/update_entitlement.rs:49:23
[INFO] [stdout]    |
[INFO] [stdout] 49 |     match entitlement.update(update_request).await {
[INFO] [stdout]    |                       ^^^^^^ method not found in `!`
[INFO] [stdout] 
[INFO] [stdout] 
[INFO] [stdout] Some errors have detailed explanations: E0560, E0599, E0609.
[INFO] [stdout] 
[INFO] [stderr] error: could not compile `keygen-rs` (example "delete_component") due to 4 previous errors; 2 warnings emitted
[INFO] [stdout] For more information about an error, try `rustc --explain E0560`.
[INFO] [stdout] 
[INFO] [stdout] Some errors have detailed explanations: E0432, E0560, E0599.
[INFO] [stdout] 
[INFO] [stdout] For more information about an error, try `rustc --explain E0432`.
[INFO] [stdout] 
[INFO] [stderr] error: could not compile `keygen-rs` (example "update_entitlement") due to 4 previous errors; 2 warnings emitted
[INFO] running `Command { std: "docker" "inspect" "d61c1219ffcb9d21807dfbb0f7c5bbbb0db3a9994f18d054aa01e006cda9596a", kill_on_drop: false }`
[INFO] running `Command { std: "docker" "rm" "-f" "d61c1219ffcb9d21807dfbb0f7c5bbbb0db3a9994f18d054aa01e006cda9596a", kill_on_drop: false }`
[INFO] [stdout] d61c1219ffcb9d21807dfbb0f7c5bbbb0db3a9994f18d054aa01e006cda9596a
