[INFO] fetching crate keycast 0.1.6...
[INFO] testing keycast-0.1.6 against 1.99.0-beta.8+cargoflags=--release for beta-release-1.100-2
[INFO] extracting crate keycast 0.1.6 into /workspace/builds/worker-3-tc1/source
[INFO] removed /workspace/builds/worker-3-tc1/source/.cargo/config.toml
[INFO] started tweaking crates.io crate keycast 0.1.6
[INFO] removed 0 missing examples
[INFO] finished tweaking crates.io crate keycast 0.1.6
[INFO] tweaked toml for crates.io crate keycast 0.1.6 written to /workspace/builds/worker-3-tc1/source/Cargo.toml
[INFO] validating manifest of crates.io crate keycast 0.1.6 on toolchain 1.99.0-beta.8
[INFO] running `Command { std: CARGO_HOME="/workspace/cargo-home" RUSTUP_HOME="/workspace/rustup-home" "/workspace/cargo-home/bin/cargo" "+1.99.0-beta.8" "metadata" "--manifest-path" "Cargo.toml" "--no-deps", kill_on_drop: false }`
[INFO] crate crates.io crate keycast 0.1.6 already has a lockfile, it will not be regenerated
[INFO] running `Command { std: CARGO_HOME="/workspace/cargo-home" RUSTUP_HOME="/workspace/rustup-home" "/workspace/cargo-home/bin/cargo" "+1.99.0-beta.8" "fetch" "--manifest-path" "Cargo.toml", kill_on_drop: false }`
[INFO] [stderr]     Updating crates.io index
[INFO] [stderr]  Downloading crates ...
[INFO] [stderr]   Downloaded x509-parser v0.18.0
[INFO] [stderr]   Downloaded time-core v0.1.6
[INFO] [stderr]   Downloaded time-macros v0.2.24
[INFO] [stderr]   Downloaded wasm-bindgen-macro v0.2.105
[INFO] [stderr]   Downloaded wasm-bindgen-shared v0.2.105
[INFO] [stderr]   Downloaded ubyte v0.10.4
[INFO] [stderr]   Downloaded generator v0.7.5
[INFO] [stderr]   Downloaded devise_codegen v0.4.2
[INFO] [stderr]   Downloaded devise v0.4.2
[INFO] [stderr]   Downloaded binascii v0.1.4
[INFO] [stderr]   Downloaded deranged v0.5.5
[INFO] [stderr]   Downloaded signal-hook-registry v1.4.6
[INFO] [stderr]   Downloaded find-msvc-tools v0.1.4
[INFO] [stderr]   Downloaded cmake v0.1.54
[INFO] [stderr]   Downloaded stable-pattern v0.1.0
[INFO] [stderr]   Downloaded quote v1.0.41
[INFO] [stderr]   Downloaded state v0.6.0
[INFO] [stderr]   Downloaded devise_core v0.4.2
[INFO] [stderr]   Downloaded atomic v0.5.3
[INFO] [stderr]   Downloaded wasm-bindgen-futures v0.4.55
[INFO] [stderr]   Downloaded socket-pktinfo v0.3.2
[INFO] [stderr]   Downloaded if-addrs v0.14.0
[INFO] [stderr]   Downloaded hostname v0.4.1
[INFO] [stderr]   Downloaded secrecy v0.8.0
[INFO] [stderr]   Downloaded wasm-bindgen v0.2.105
[INFO] [stderr]   Downloaded socket2 v0.6.1
[INFO] [stderr]   Downloaded unicode-ident v1.0.20
[INFO] [stderr]   Downloaded rustls-pki-types v1.13.0
[INFO] [stderr]   Downloaded wasm-bindgen-macro-support v0.2.105
[INFO] [stderr]   Downloaded loom v0.5.6
[INFO] [stderr]   Downloaded time v0.3.44
[INFO] [stderr]   Downloaded js-sys v0.3.82
[INFO] [stderr]   Downloaded rustls-webpki v0.103.8
[INFO] [stderr]   Downloaded cc v1.2.43
[INFO] [stderr]   Downloaded zerocopy-derive v0.8.27
[INFO] [stderr]   Downloaded rcgen v0.14.5
[INFO] [stderr]   Downloaded asn1-rs v0.7.1
[INFO] [stderr]   Downloaded rocket_http v0.5.1
[INFO] [stderr]   Downloaded indexmap v2.12.0
[INFO] [stderr]   Downloaded cryptoki v0.10.0
[INFO] [stderr]   Downloaded mio v1.1.0
[INFO] [stderr]   Downloaded hyper-util v0.1.17
[INFO] [stderr]   Downloaded rocket_codegen v0.5.1
[INFO] [stderr]   Downloaded mdns-sd v0.15.1
[INFO] [stderr]   Downloaded hashbrown v0.16.0
[INFO] [stderr]   Downloaded serde_json v1.0.145
[INFO] [stderr]   Downloaded reqwest v0.12.24
[INFO] [stderr]   Downloaded hyper v1.7.0
[INFO] [stderr]   Downloaded regex v1.12.2
[INFO] [stderr]   Downloaded aws-lc-rs v1.14.1
[INFO] [stderr]   Downloaded zerocopy v0.8.27
[INFO] [stderr]   Downloaded webpki-roots v1.0.3
[INFO] [stderr]   Downloaded syn v2.0.108
[INFO] [stderr]   Downloaded rocket v0.5.1
[INFO] [stderr]   Downloaded cryptoki-sys v0.4.0
[INFO] [stderr]   Downloaded regex-syntax v0.8.8
[INFO] [stderr]   Downloaded rustls v0.23.34
[INFO] [stderr]   Downloaded regex-automata v0.4.13
[INFO] [stderr]   Downloaded web-sys v0.3.82
[INFO] [stderr]   Downloaded tokio v1.48.0
[INFO] [stderr]   Downloaded aws-lc-sys v0.32.3
[INFO] running `Command { std: "docker" "create" "-v" "/var/lib/crater-agent-workspace/builds/worker-3-tc1/source:/opt/rustwide/workdir:ro,Z" "-v" "/var/lib/crater-agent-workspace/builds/worker-3-tc1/target:/opt/rustwide/target:rw,Z" "-v" "/var/lib/crater-agent-workspace/cargo-home:/opt/rustwide/cargo-home:ro,Z" "-v" "/var/lib/crater-agent-workspace/rustup-home:/opt/rustwide/rustup-home:ro,Z" "-m" "1610612736" "--network" "none" "ghcr.io/rust-lang/crates-build-env/linux@sha256:77db811e55d90add9212f6832c23229e3de5f1c1f9905e8cb07319ea15df73ac" "sleep" "infinity", kill_on_drop: false }`
[INFO] [stdout] b55df3c62c481d12a115e9505381abb7a70ec6b6c54df28672dd2c41dfb051c2
[INFO] running `Command { std: "docker" "start" "b55df3c62c481d12a115e9505381abb7a70ec6b6c54df28672dd2c41dfb051c2", kill_on_drop: false }`
[INFO] running `Command { std: "docker" "inspect" "b55df3c62c481d12a115e9505381abb7a70ec6b6c54df28672dd2c41dfb051c2", kill_on_drop: false }`
[INFO] running `Command { std: "docker" "exec" "-e" "SOURCE_DIR=/opt/rustwide/workdir" "-e" "CARGO_HOME=/opt/rustwide/cargo-home" "-e" "RUSTUP_HOME=/opt/rustwide/rustup-home" "-e" "CARGO_TARGET_DIR=/opt/rustwide/target" "-w" "/opt/rustwide/workdir" "--user" "0:0" "b55df3c62c481d12a115e9505381abb7a70ec6b6c54df28672dd2c41dfb051c2" "/opt/rustwide/cargo-home/bin/cargo" "+1.99.0-beta.8" "metadata" "--no-deps" "--format-version=1", kill_on_drop: false }`
[INFO] running `Command { std: "docker" "inspect" "b55df3c62c481d12a115e9505381abb7a70ec6b6c54df28672dd2c41dfb051c2", kill_on_drop: false }`
[INFO] running `Command { std: "docker" "exec" "-e" "SOURCE_DIR=/opt/rustwide/workdir" "-e" "CARGO_HOME=/opt/rustwide/cargo-home" "-e" "RUSTUP_HOME=/opt/rustwide/rustup-home" "-e" "CARGO_TARGET_DIR=/opt/rustwide/target" "-e" "CARGO_INCREMENTAL=0" "-e" "RUST_BACKTRACE=full" "-e" "RUSTFLAGS=--cap-lints=warn" "-e" "RUSTDOCFLAGS=--cap-lints=warn" "-w" "/opt/rustwide/workdir" "--user" "0:0" "b55df3c62c481d12a115e9505381abb7a70ec6b6c54df28672dd2c41dfb051c2" "/opt/rustwide/cargo-home/bin/cargo" "+1.99.0-beta.8" "build" "--frozen" "--message-format=json" "--release", kill_on_drop: false }`
[INFO] [stderr]    Compiling typenum v1.19.0
[INFO] [stderr]    Compiling generic-array v0.14.9
[INFO] [stderr]    Compiling unicode-ident v1.0.20
[INFO] [stderr]    Compiling quote v1.0.41
[INFO] [stderr]    Compiling getrandom v0.2.16
[INFO] [stderr]    Compiling base64ct v1.8.0
[INFO] [stderr]    Compiling zerocopy v0.8.27
[INFO] [stderr]    Compiling libm v0.2.15
[INFO] [stderr]    Compiling proc-macro2 v1.0.103
[INFO] [stderr]    Compiling pem-rfc7468 v0.7.0
[INFO] [stderr]    Compiling rand_core v0.6.4
[INFO] [stderr]    Compiling num-traits v0.2.19
[INFO] [stderr]    Compiling spin v0.9.8
[INFO] [stderr]    Compiling der v0.7.10
[INFO] [stderr]    Compiling find-msvc-tools v0.1.4
[INFO] [stderr]    Compiling semver v1.0.27
[INFO] [stderr]    Compiling cc v1.2.43
[INFO] [stderr]    Compiling syn v2.0.108
[INFO] [stderr]    Compiling rustc_version v0.4.1
[INFO] [stderr]    Compiling deranged v0.5.5
[INFO] [stderr]    Compiling curve25519-dalek v4.1.3
[INFO] [stderr]    Compiling socket2 v0.6.1
[INFO] [stderr]    Compiling crypto-common v0.1.6
[INFO] [stderr]    Compiling block-buffer v0.10.4
[INFO] [stderr]    Compiling digest v0.10.7
[INFO] [stderr]    Compiling spki v0.7.3
[INFO] [stderr]    Compiling pkcs8 v0.10.2
[INFO] [stderr]    Compiling ring v0.17.14
[INFO] [stderr]    Compiling signature v2.2.0
[INFO] [stderr]    Compiling num-conv v0.1.0
[INFO] [stderr]    Compiling num-bigint-dig v0.8.4
[INFO] [stderr]    Compiling ppv-lite86 v0.2.21
[INFO] [stderr]    Compiling time-core v0.1.6
[INFO] [stderr]    Compiling mio v1.1.0
[INFO] [stderr]    Compiling time v0.3.44
[INFO] [stderr]    Compiling parking_lot_core v0.9.12
[INFO] [stderr]    Compiling rand_chacha v0.3.1
[INFO] [stderr]    Compiling num-integer v0.1.46
[INFO] [stderr]    Compiling rand v0.8.5
[INFO] [stderr]    Compiling lazy_static v1.5.0
[INFO] [stderr]    Compiling rustls-pki-types v1.13.0
[INFO] [stderr]    Compiling num-iter v0.1.45
[INFO] [stderr]    Compiling futures-sink v0.3.31
[INFO] [stderr]    Compiling futures-core v0.3.31
[INFO] [stderr]    Compiling serde v1.0.228
[INFO] [stderr]    Compiling byteorder v1.5.0
[INFO] [stderr]    Compiling thiserror v2.0.17
[INFO] [stderr]    Compiling serde_json v1.0.145
[INFO] [stderr]    Compiling pem v3.0.6
[INFO] [stderr]    Compiling flume v0.11.1
[INFO] [stderr]    Compiling yasna v0.5.2
[INFO] [stderr]    Compiling parking_lot v0.12.5
[INFO] [stderr]    Compiling sha2 v0.10.9
[INFO] [stderr]    Compiling ed25519 v2.2.3
[INFO] [stderr]    Compiling pkcs1 v0.7.5
[INFO] [stderr]    Compiling socket-pktinfo v0.3.2
[INFO] [stderr]    Compiling signal-hook-registry v1.4.6
[INFO] [stderr]    Compiling if-addrs v0.14.0
[INFO] [stderr]    Compiling curve25519-dalek-derive v0.1.1
[INFO] [stderr]    Compiling tokio-macros v2.6.0
[INFO] [stderr]    Compiling thiserror-impl v2.0.17
[INFO] [stderr]    Compiling bytes v1.10.1
[INFO] [stderr]    Compiling itoa v1.0.15
[INFO] [stderr]    Compiling ryu v1.0.20
[INFO] [stderr]    Compiling memchr v2.7.6
[INFO] [stderr]    Compiling mdns-sd v0.15.1
[INFO] [stderr]    Compiling rsa v0.9.8
[INFO] [stderr]    Compiling tokio v1.48.0
[INFO] [stderr]    Compiling serde_derive v1.0.228
[INFO] [stderr]    Compiling ed25519-dalek v2.2.0
[INFO] [stderr]    Compiling rustls-pemfile v2.2.0
[INFO] [stderr]    Compiling hostname v0.4.1
[INFO] [stderr]    Compiling rcgen v0.14.5
[INFO] [stderr]    Compiling keycast v0.1.6 (/opt/rustwide/workdir)
[INFO] [stderr]     Finished `release` profile [optimized] target(s) in 1m 57s
[INFO] [stderr] warning: the following packages contain code that will be rejected by a future version of Rust: num-bigint-dig v0.8.4
[INFO] [stderr] note: to see what the problems were, use the option `--future-incompat-report`, or run `cargo report future-incompatibilities --id 1`
[INFO] running `Command { std: "docker" "inspect" "b55df3c62c481d12a115e9505381abb7a70ec6b6c54df28672dd2c41dfb051c2", kill_on_drop: false }`
[INFO] running `Command { std: "docker" "exec" "-e" "SOURCE_DIR=/opt/rustwide/workdir" "-e" "CARGO_HOME=/opt/rustwide/cargo-home" "-e" "RUSTUP_HOME=/opt/rustwide/rustup-home" "-e" "CARGO_TARGET_DIR=/opt/rustwide/target" "-e" "CARGO_INCREMENTAL=0" "-e" "RUST_BACKTRACE=full" "-e" "RUSTFLAGS=--cap-lints=warn" "-e" "RUSTDOCFLAGS=--cap-lints=warn" "-w" "/opt/rustwide/workdir" "--user" "0:0" "b55df3c62c481d12a115e9505381abb7a70ec6b6c54df28672dd2c41dfb051c2" "/opt/rustwide/cargo-home/bin/cargo" "+1.99.0-beta.8" "test" "--frozen" "--no-run" "--message-format=json" "--release", kill_on_drop: false }`
[INFO] [stderr]    Compiling serde_core v1.0.228
[INFO] [stderr]    Compiling smallvec v1.15.1
[INFO] [stderr]    Compiling log v0.4.28
[INFO] [stderr]    Compiling syn v2.0.108
[INFO] [stderr]    Compiling num-conv v0.1.0
[INFO] [stderr]    Compiling serde v1.0.228
[INFO] [stderr]    Compiling time-core v0.1.6
[INFO] [stderr]    Compiling memchr v2.7.6
[INFO] [stderr]    Compiling pin-project-lite v0.2.16
[INFO] [stderr]    Compiling time-macros v0.2.24
[INFO] [stderr]    Compiling parking_lot_core v0.9.12
[INFO] [stderr]    Compiling mio v1.1.0
[INFO] [stderr]    Compiling cookie v0.18.1
[INFO] [stderr]    Compiling hashbrown v0.16.0
[INFO] [stderr]    Compiling ref-cast v1.0.25
[INFO] [stderr]    Compiling itoa v1.0.15
[INFO] [stderr]    Compiling parking_lot v0.12.5
[INFO] [stderr]    Compiling futures-core v0.3.31
[INFO] [stderr]    Compiling futures-sink v0.3.31
[INFO] [stderr]    Compiling once_cell v1.21.3
[INFO] [stderr]    Compiling slab v0.4.11
[INFO] [stderr]    Compiling bytes v1.10.1
[INFO] [stderr]    Compiling futures-util v0.3.31
[INFO] [stderr]    Compiling powerfmt v0.2.0
[INFO] [stderr]    Compiling futures-task v0.3.31
[INFO] [stderr]    Compiling time v0.3.44
[INFO] [stderr]    Compiling pin-utils v0.1.0
[INFO] [stderr]    Compiling tracing-core v0.1.34
[INFO] [stderr]    Compiling deranged v0.5.5
[INFO] [stderr]    Compiling http v0.2.12
[INFO] [stderr]    Compiling futures-channel v0.3.31
[INFO] [stderr]    Compiling socket2 v0.6.1
[INFO] [stderr]    Compiling indexmap v2.12.0
[INFO] [stderr]    Compiling httparse v1.10.1
[INFO] [stderr]    Compiling is-terminal v0.4.17
[INFO] [stderr]    Compiling uncased v0.9.10
[INFO] [stderr]    Compiling try-lock v0.2.5
[INFO] [stderr]    Compiling bitflags v2.10.0
[INFO] [stderr]    Compiling rustls v0.21.12
[INFO] [stderr]    Compiling tokio v1.48.0
[INFO] [stderr]    Compiling want v0.3.1
[INFO] [stderr]    Compiling yansi v1.0.1
[INFO] [stderr]    Compiling proc-macro2-diagnostics v0.10.1
[INFO] [stderr]    Compiling devise_core v0.4.2
[INFO] [stderr]    Compiling http-body v0.4.6
[INFO] [stderr]    Compiling tracing v0.1.41
[INFO] [stderr]    Compiling socket2 v0.5.10
[INFO] [stderr]    Compiling sct v0.7.1
[INFO] [stderr]    Compiling rustls-webpki v0.101.7
[INFO] [stderr]    Compiling percent-encoding v2.3.2
[INFO] [stderr]    Compiling inlinable_string v0.1.15
[INFO] [stderr]    Compiling httpdate v1.0.3
[INFO] [stderr]    Compiling tower-service v0.3.3
[INFO] [stderr]    Compiling futures-io v0.3.31
[INFO] [stderr]    Compiling winnow v0.7.13
[INFO] [stderr]    Compiling futures v0.3.31
[INFO] [stderr]    Compiling serde_derive v1.0.228
[INFO] [stderr]    Compiling tokio-macros v2.6.0
[INFO] [stderr]    Compiling pear_codegen v0.2.9
[INFO] [stderr]    Compiling ref-cast-impl v1.0.25
[INFO] [stderr]    Compiling stable-pattern v0.1.0
[INFO] [stderr]    Compiling pear v0.2.9
[INFO] [stderr]    Compiling hyper v0.14.32
[INFO] [stderr]    Compiling devise_codegen v0.4.2
[INFO] [stderr]    Compiling curve25519-dalek-derive v0.1.1
[INFO] [stderr]    Compiling multer v3.1.0
[INFO] [stderr]    Compiling either v1.15.0
[INFO] [stderr]    Compiling state v0.6.0
[INFO] [stderr]    Compiling base64 v0.21.7
[INFO] [stderr]    Compiling num-bigint-dig v0.8.4
[INFO] [stderr]    Compiling rocket_http v0.5.1
[INFO] [stderr]    Compiling rustls-pemfile v1.0.4
[INFO] [stderr]    Compiling curve25519-dalek v4.1.3
[INFO] [stderr]    Compiling devise v0.4.2
[INFO] [stderr]    Compiling async-stream-impl v0.3.6
[INFO] [stderr]    Compiling thiserror-impl v2.0.17
[INFO] [stderr]    Compiling toml_datetime v0.6.11
[INFO] [stderr]    Compiling serde_spanned v0.6.9
[INFO] [stderr]    Compiling toml_edit v0.22.27
[INFO] [stderr]    Compiling yasna v0.5.2
[INFO] [stderr]    Compiling http v1.3.1
[INFO] [stderr]    Compiling flume v0.11.1
[INFO] [stderr]    Compiling encoding_rs v0.8.35
[INFO] [stderr]    Compiling tokio-util v0.7.16
[INFO] [stderr]    Compiling tokio-rustls v0.24.1
[INFO] [stderr]    Compiling rocket v0.5.1
[INFO] [stderr]    Compiling h2 v0.3.27
[INFO] [stderr]    Compiling toml v0.8.23
[INFO] [stderr]    Compiling glob v0.3.3
[INFO] [stderr]    Compiling unicode-xid v0.2.6
[INFO] [stderr]    Compiling rocket_codegen v0.5.1
[INFO] [stderr]    Compiling figment v0.10.19
[INFO] [stderr]    Compiling serde_json v1.0.145
[INFO] [stderr]    Compiling tokio-stream v0.1.17
[INFO] [stderr]    Compiling rcgen v0.14.5
[INFO] [stderr]    Compiling mdns-sd v0.15.1
[INFO] [stderr]    Compiling rsa v0.9.8
[INFO] [stderr]    Compiling ed25519-dalek v2.2.0
[INFO] [stderr]    Compiling tempfile v3.23.0
[INFO] [stderr]    Compiling thiserror v2.0.17
[INFO] [stderr]    Compiling ubyte v0.10.4
[INFO] [stderr]    Compiling async-stream v0.3.6
[INFO] [stderr]    Compiling async-trait v0.1.89
[INFO] [stderr]    Compiling num_cpus v1.17.0
[INFO] [stderr]    Compiling binascii v0.1.4
[INFO] [stderr]    Compiling atomic v0.5.3
[INFO] [stderr]    Compiling keycast v0.1.6 (/opt/rustwide/workdir)
[INFO] [stdout] error[E0432]: unresolved import `rustls_pki_types`
[INFO] [stdout]  --> examples/rocket.rs:7:5
[INFO] [stdout]   |
[INFO] [stdout] 7 | use rustls_pki_types::PrivateKeyDer;
[INFO] [stdout]   |     ^^^^^^^^^^^^^^^^ use of unresolved module or unlinked crate `rustls_pki_types`
[INFO] [stdout]   |
[INFO] [stdout]   = help: if you wanted to use a crate named `rustls_pki_types`, use `cargo add rustls_pki_types` to add it to your `Cargo.toml`
[INFO] [stdout] 
[INFO] [stdout] 
[INFO] [stdout] error[E0433]: cannot find module or crate `rustls_pki_types` in this scope
[INFO] [stdout]  --> examples/rocket.rs:9:5
[INFO] [stdout]   |
[INFO] [stdout] 9 | use rustls_pki_types::pem::SectionKind::PrivateKey;
[INFO] [stdout]   |     ^^^^^^^^^^^^^^^^ use of unresolved module or unlinked crate `rustls_pki_types`
[INFO] [stdout]   |
[INFO] [stdout]   = help: if you wanted to use a crate named `rustls_pki_types`, use `cargo add rustls_pki_types` to add it to your `Cargo.toml`
[INFO] [stdout] 
[INFO] [stdout] 
[INFO] [stdout] error[E0432]: unresolved import `rustls_pki_types`
[INFO] [stdout]  --> examples/rocket.rs:8:5
[INFO] [stdout]   |
[INFO] [stdout] 8 | use rustls_pki_types::PrivatePkcs8KeyDer;
[INFO] [stdout]   |     ^^^^^^^^^^^^^^^^ use of unresolved module or unlinked crate `rustls_pki_types`
[INFO] [stdout]   |
[INFO] [stdout]   = help: if you wanted to use a crate named `rustls_pki_types`, use `cargo add rustls_pki_types` to add it to your `Cargo.toml`
[INFO] [stdout] 
[INFO] [stdout] 
[INFO] [stdout] error[E0433]: cannot find module or crate `rustls` in this scope
[INFO] [stdout]  --> examples/reqwest.rs:8:5
[INFO] [stdout]   |
[INFO] [stdout] 8 |     rustls::crypto::ring::default_provider()
[INFO] [stdout]   |     ^^^^^^ use of unresolved module or unlinked crate `rustls`
[INFO] [stdout]   |
[INFO] [stdout]   = help: if you wanted to use a crate named `rustls`, use `cargo add rustls` to add it to your `Cargo.toml`
[INFO] [stdout] 
[INFO] [stdout] 
[INFO] [stdout] warning: unused imports: `Certificate as RcgenCert` and `CertificateParams`
[INFO] [stdout]  --> examples/rocket.rs:1:13
[INFO] [stdout]   |
[INFO] [stdout] 1 | use rcgen::{Certificate as RcgenCert, CertificateParams};
[INFO] [stdout]   |             ^^^^^^^^^^^^^^^^^^^^^^^^  ^^^^^^^^^^^^^^^^^
[INFO] [stdout]   |
[INFO] [stdout]   = note: `#[warn(unused_imports)]` (part of `#[warn(unused)]`) on by default
[INFO] [stdout] 
[INFO] [stdout] 
[INFO] [stdout] warning: unused import: `std::sync::Arc`
[INFO] [stdout]  --> examples/rocket.rs:4:5
[INFO] [stdout]   |
[INFO] [stdout] 4 | use std::sync::Arc;
[INFO] [stdout]   |     ^^^^^^^^^^^^^^
[INFO] [stdout] 
[INFO] [stdout] 
[INFO] [stdout] error[E0599]: no method named `reqwest_client` found for struct `Discovery` in the current scope
[INFO] [stdout]   --> examples/reqwest.rs:23:26
[INFO] [stdout]    |
[INFO] [stdout] 22 |                       let client = b
[INFO] [stdout]    |  __________________________________-
[INFO] [stdout] 23 | |                         .reqwest_client(hasher.clone())
[INFO] [stdout]    | |                         -^^^^^^^^^^^^^^ method not found in `Discovery`
[INFO] [stdout]    | |_________________________|
[INFO] [stdout]    |
[INFO] [stdout] 
[INFO] [stdout] 
[INFO] [stdout] Some errors have detailed explanations: E0433, E0599.
[INFO] [stdout] 
[INFO] [stdout] For more information about an error, try `rustc --explain E0433`.
[INFO] [stdout] 
[INFO] [stderr] error: could not compile `keycast` (example "reqwest") due to 2 previous errors
[INFO] [stderr] warning: build failed, waiting for other jobs to finish...
[INFO] [stdout] error[E0599]: no associated function or constant named `generate_cert` found for struct `KeyHash` in the current scope
[INFO] [stdout]    --> examples/rocket.rs:48:42
[INFO] [stdout]     |
[INFO] [stdout]  48 |     let (keyhash, pair, cert) = KeyHash::generate_cert(&sha256);
[INFO] [stdout]     |                                          ^^^^^^^^^^^^^ associated function or constant not found in `KeyHash`
[INFO] [stdout]     |
[INFO] [stdout] note: if you're trying to build a new `KeyHash`, consider using `KeyHash::from_pubkey` which returns `Result<KeyHash, BeaconError>`
[INFO] [stdout]    --> src/crypto/mod.rs:256:5
[INFO] [stdout]     |
[INFO] [stdout] 256 | /     pub fn from_pubkey<H: HashAlgorithm, K: ToPublicKeyDer>(
[INFO] [stdout] 257 | |         key: K,
[INFO] [stdout] 258 | |         hasher: &H,
[INFO] [stdout] 259 | |         encoding: Encoding,
[INFO] [stdout] 260 | |     ) -> Result<Self, BeaconError> {
[INFO] [stdout]     | |__________________________________^
[INFO] [stdout] 
[INFO] [stdout] 
[INFO] [stdout] Some errors have detailed explanations: E0432, E0433, E0599.
[INFO] [stdout] 
[INFO] [stdout] For more information about an error, try `rustc --explain E0432`.
[INFO] [stdout] 
[INFO] [stderr] error: could not compile `keycast` (example "rocket") due to 4 previous errors; 2 warnings emitted
[INFO] [stdout] error[E0308]: mismatched types
[INFO] [stdout]    --> src/discovery.rs:480:36
[INFO] [stdout]     |
[INFO] [stdout] 480 |         let b = Beacon::new(ident, &enc_pubkey).await;
[INFO] [stdout]     |                 -----------        ^^^^^^^^^^^ expected `KeyHash`, found `&String`
[INFO] [stdout]     |                 |
[INFO] [stdout]     |                 arguments to this function are incorrect
[INFO] [stdout]     |
[INFO] [stdout] note: associated function defined here
[INFO] [stdout]    --> src/discovery.rs:211:18
[INFO] [stdout]     |
[INFO] [stdout] 211 |     pub async fn new(ident: ServiceIdent, pem_pubkey: KeyHash) -> Self {
[INFO] [stdout]     |                  ^^^                      -------------------
[INFO] [stdout] 
[INFO] [stdout] 
[INFO] [stdout] error[E0609]: no field `enc_pubkey_hash` on type `discovery::Beacon`
[INFO] [stdout]    --> src/discovery.rs:489:22
[INFO] [stdout]     |
[INFO] [stdout] 489 |         assert_eq!(b.enc_pubkey_hash, parsed.enc_pubkey_hash);
[INFO] [stdout]     |                      ^^^^^^^^^^^^^^^ unknown field
[INFO] [stdout]     |
[INFO] [stdout]     = note: available fields are: `id`, `protocol`, `name`, `ip`, `port` ... and 4 others
[INFO] [stdout] 
[INFO] [stdout] 
[INFO] [stdout] error[E0609]: no field `enc_pubkey_hash` on type `discovery::Beacon`
[INFO] [stdout]    --> src/discovery.rs:489:46
[INFO] [stdout]     |
[INFO] [stdout] 489 |         assert_eq!(b.enc_pubkey_hash, parsed.enc_pubkey_hash);
[INFO] [stdout]     |                                              ^^^^^^^^^^^^^^^ unknown field
[INFO] [stdout]     |
[INFO] [stdout]     = note: available fields are: `id`, `protocol`, `name`, `ip`, `port` ... and 4 others
[INFO] [stdout] 
[INFO] [stdout] 
[INFO] [stdout] error[E0308]: mismatched types
[INFO] [stdout]    --> src/discovery.rs:500:36
[INFO] [stdout]     |
[INFO] [stdout] 500 |         let b = Beacon::new(ident, &enc_pubkey).await;
[INFO] [stdout]     |                 -----------        ^^^^^^^^^^^ expected `KeyHash`, found `&String`
[INFO] [stdout]     |                 |
[INFO] [stdout]     |                 arguments to this function are incorrect
[INFO] [stdout]     |
[INFO] [stdout] note: associated function defined here
[INFO] [stdout]    --> src/discovery.rs:211:18
[INFO] [stdout]     |
[INFO] [stdout] 211 |     pub async fn new(ident: ServiceIdent, pem_pubkey: KeyHash) -> Self {
[INFO] [stdout]     |                  ^^^                      -------------------
[INFO] [stdout] 
[INFO] [stdout] 
[INFO] [stdout] Some errors have detailed explanations: E0308, E0609.
[INFO] [stdout] 
[INFO] [stdout] For more information about an error, try `rustc --explain E0308`.
[INFO] [stdout] 
[INFO] [stderr] error: could not compile `keycast` (lib test) due to 4 previous errors
[INFO] running `Command { std: "docker" "inspect" "b55df3c62c481d12a115e9505381abb7a70ec6b6c54df28672dd2c41dfb051c2", kill_on_drop: false }`
[INFO] running `Command { std: "docker" "rm" "-f" "b55df3c62c481d12a115e9505381abb7a70ec6b6c54df28672dd2c41dfb051c2", kill_on_drop: false }`
[INFO] [stdout] b55df3c62c481d12a115e9505381abb7a70ec6b6c54df28672dd2c41dfb051c2
