[INFO] fetching crate kermit-algos 0.0.12...
[INFO] testing kermit-algos-0.0.12 against 1.99.0-beta.8+cargoflags=--release for beta-release-1.100-2
[INFO] extracting crate kermit-algos 0.0.12 into /workspace/builds/worker-3-tc1/source
[INFO] started tweaking crates.io crate kermit-algos 0.0.12
[INFO] finished tweaking crates.io crate kermit-algos 0.0.12
[INFO] tweaked toml for crates.io crate kermit-algos 0.0.12 written to /workspace/builds/worker-3-tc1/source/Cargo.toml
[INFO] validating manifest of crates.io crate kermit-algos 0.0.12 on toolchain 1.99.0-beta.8
[INFO] running `Command { std: CARGO_HOME="/workspace/cargo-home" RUSTUP_HOME="/workspace/rustup-home" "/workspace/cargo-home/bin/cargo" "+1.99.0-beta.8" "metadata" "--manifest-path" "Cargo.toml" "--no-deps", kill_on_drop: false }`
[INFO] crate crates.io crate kermit-algos 0.0.12 already has a lockfile, it will not be regenerated
[INFO] running `Command { std: CARGO_HOME="/workspace/cargo-home" RUSTUP_HOME="/workspace/rustup-home" "/workspace/cargo-home/bin/cargo" "+1.99.0-beta.8" "fetch" "--manifest-path" "Cargo.toml", kill_on_drop: false }`
[INFO] [stderr]     Updating crates.io index
[INFO] [stderr]     Blocking waiting for file lock on package cache
[INFO] [stderr]  Downloading crates ...
[INFO] [stderr]   Downloaded kermit-parser v0.0.3
[INFO] [stderr]   Downloaded kermit-derive v0.0.7
[INFO] [stderr]   Downloaded kermit-iters v0.0.10
[INFO] running `Command { std: "docker" "create" "-v" "/var/lib/crater-agent-workspace/builds/worker-3-tc1/source:/opt/rustwide/workdir:ro,Z" "-v" "/var/lib/crater-agent-workspace/builds/worker-3-tc1/target:/opt/rustwide/target:rw,Z" "-v" "/var/lib/crater-agent-workspace/cargo-home:/opt/rustwide/cargo-home:ro,Z" "-v" "/var/lib/crater-agent-workspace/rustup-home:/opt/rustwide/rustup-home:ro,Z" "-m" "1610612736" "--network" "none" "ghcr.io/rust-lang/crates-build-env/linux@sha256:77db811e55d90add9212f6832c23229e3de5f1c1f9905e8cb07319ea15df73ac" "sleep" "infinity", kill_on_drop: false }`
[INFO] [stdout] c6f9694404317bca1e1983878b6489f15fe31a7701c1ce1a432fd49074a3d321
[INFO] running `Command { std: "docker" "start" "c6f9694404317bca1e1983878b6489f15fe31a7701c1ce1a432fd49074a3d321", kill_on_drop: false }`
[INFO] running `Command { std: "docker" "inspect" "c6f9694404317bca1e1983878b6489f15fe31a7701c1ce1a432fd49074a3d321", kill_on_drop: false }`
[INFO] running `Command { std: "docker" "exec" "-e" "SOURCE_DIR=/opt/rustwide/workdir" "-e" "CARGO_HOME=/opt/rustwide/cargo-home" "-e" "RUSTUP_HOME=/opt/rustwide/rustup-home" "-e" "CARGO_TARGET_DIR=/opt/rustwide/target" "-w" "/opt/rustwide/workdir" "--user" "0:0" "c6f9694404317bca1e1983878b6489f15fe31a7701c1ce1a432fd49074a3d321" "/opt/rustwide/cargo-home/bin/cargo" "+1.99.0-beta.8" "metadata" "--no-deps" "--format-version=1", kill_on_drop: false }`
[INFO] running `Command { std: "docker" "inspect" "c6f9694404317bca1e1983878b6489f15fe31a7701c1ce1a432fd49074a3d321", kill_on_drop: false }`
[INFO] running `Command { std: "docker" "exec" "-e" "SOURCE_DIR=/opt/rustwide/workdir" "-e" "CARGO_HOME=/opt/rustwide/cargo-home" "-e" "RUSTUP_HOME=/opt/rustwide/rustup-home" "-e" "CARGO_TARGET_DIR=/opt/rustwide/target" "-e" "CARGO_INCREMENTAL=0" "-e" "RUST_BACKTRACE=full" "-e" "RUSTFLAGS=--cap-lints=warn" "-e" "RUSTDOCFLAGS=--cap-lints=warn" "-w" "/opt/rustwide/workdir" "--user" "0:0" "c6f9694404317bca1e1983878b6489f15fe31a7701c1ce1a432fd49074a3d321" "/opt/rustwide/cargo-home/bin/cargo" "+1.99.0-beta.8" "build" "--frozen" "--message-format=json" "--release", kill_on_drop: false }`
[INFO] [stderr]    Compiling rustc-hash v2.1.2
[INFO] [stderr]    Compiling winnow v0.7.15
[INFO] [stderr]    Compiling kermit-derive v0.0.7
[INFO] [stderr]    Compiling serde_json v1.0.150
[INFO] [stderr]    Compiling clap_derive v4.6.1
[INFO] [stderr]    Compiling kermit-iters v0.0.10
[INFO] [stderr]    Compiling clap v4.6.1
[INFO] [stderr]    Compiling kermit-parser v0.0.3
[INFO] [stderr]    Compiling kermit-algos v0.0.12 (/opt/rustwide/workdir)
[INFO] [stderr]     Finished `release` profile [optimized] target(s) in 5.73s
[INFO] running `Command { std: "docker" "inspect" "c6f9694404317bca1e1983878b6489f15fe31a7701c1ce1a432fd49074a3d321", kill_on_drop: false }`
[INFO] running `Command { std: "docker" "exec" "-e" "SOURCE_DIR=/opt/rustwide/workdir" "-e" "CARGO_HOME=/opt/rustwide/cargo-home" "-e" "RUSTUP_HOME=/opt/rustwide/rustup-home" "-e" "CARGO_TARGET_DIR=/opt/rustwide/target" "-e" "CARGO_INCREMENTAL=0" "-e" "RUST_BACKTRACE=full" "-e" "RUSTFLAGS=--cap-lints=warn" "-e" "RUSTDOCFLAGS=--cap-lints=warn" "-w" "/opt/rustwide/workdir" "--user" "0:0" "c6f9694404317bca1e1983878b6489f15fe31a7701c1ce1a432fd49074a3d321" "/opt/rustwide/cargo-home/bin/cargo" "+1.99.0-beta.8" "test" "--frozen" "--no-run" "--message-format=json" "--release", kill_on_drop: false }`
[INFO] [stderr]    Compiling zerocopy v0.8.52
[INFO] [stderr]    Compiling serde_json v1.0.150
[INFO] [stderr]    Compiling itertools v0.10.5
[INFO] [stderr]    Compiling regex-automata v0.4.14
[INFO] [stderr]    Compiling zerocopy-derive v0.8.52
[INFO] [stderr]    Compiling clap_derive v4.6.1
[INFO] [stderr]    Compiling test-case-core v3.3.1
[INFO] [stderr]    Compiling kermit-derive v0.0.7
[INFO] [stderr]    Compiling is-terminal v0.4.17
[INFO] [stderr]    Compiling serde v1.0.228
[INFO] [stderr]    Compiling rayon v1.12.0
[INFO] [stderr]    Compiling test-case-macros v3.3.1
[INFO] [stderr]    Compiling test-case v3.3.1
[INFO] [stderr]    Compiling kermit-iters v0.0.10
[INFO] [stderr]    Compiling tinytemplate v1.2.1
[INFO] [stderr]    Compiling criterion-plot v0.5.0
[INFO] [stderr]    Compiling clap v4.6.1
[INFO] [stderr]    Compiling kermit-algos v0.0.12 (/opt/rustwide/workdir)
[INFO] [stderr]    Compiling regex v1.12.4
[INFO] [stderr]    Compiling half v2.7.1
[INFO] [stderr]    Compiling ppv-lite86 v0.2.21
[INFO] [stderr]    Compiling ciborium-ll v0.2.2
[INFO] [stderr]    Compiling rand_chacha v0.9.0
[INFO] [stderr]    Compiling ciborium v0.2.2
[INFO] [stderr]    Compiling rand v0.9.4
[INFO] [stderr]    Compiling criterion v0.5.1
[INFO] [stdout] error[E0432]: unresolved import `kermit_ds`
[INFO] [stdout]    --> src/hash_trie_iter_kind.rs:112:9
[INFO] [stdout]     |
[INFO] [stdout] 112 |         kermit_ds::{HashTrie, Relation},
[INFO] [stdout]     |         ^^^^^^^^^ use of unresolved module or unlinked crate `kermit_ds`
[INFO] [stdout]     |
[INFO] [stdout]     = help: if you wanted to use a crate named `kermit_ds`, use `cargo add kermit_ds` to add it to your `Cargo.toml`
[INFO] [stdout] 
[INFO] [stdout] 
[INFO] [stdout] error[E0432]: unresolved import `kermit_ds`
[INFO] [stdout]    --> src/leapfrog_triejoin.rs:495:9
[INFO] [stdout]     |
[INFO] [stdout] 495 |         kermit_ds::{Relation, TreeTrie},
[INFO] [stdout]     |         ^^^^^^^^^ use of unresolved module or unlinked crate `kermit_ds`
[INFO] [stdout]     |
[INFO] [stdout]     = help: if you wanted to use a crate named `kermit_ds`, use `cargo add kermit_ds` to add it to your `Cargo.toml`
[INFO] [stdout] 
[INFO] [stdout] 
[INFO] [stdout] error[E0432]: unresolved import `kermit_ds`
[INFO] [stdout]    --> src/trie_iter_kind.rs:111:9
[INFO] [stdout]     |
[INFO] [stdout] 111 |         kermit_ds::{Relation, TreeTrie},
[INFO] [stdout]     |         ^^^^^^^^^ use of unresolved module or unlinked crate `kermit_ds`
[INFO] [stdout]     |
[INFO] [stdout]     = help: if you wanted to use a crate named `kermit_ds`, use `cargo add kermit_ds` to add it to your `Cargo.toml`
[INFO] [stdout] 
[INFO] [stdout] 
[INFO] [stdout] error[E0432]: unresolved import `kermit_ds`
[INFO] [stdout]    --> src/hash_triejoin.rs:340:13
[INFO] [stdout]     |
[INFO] [stdout] 340 |         use kermit_ds::{HashTrie, Relation};
[INFO] [stdout]     |             ^^^^^^^^^ use of unresolved module or unlinked crate `kermit_ds`
[INFO] [stdout]     |
[INFO] [stdout]     = help: if you wanted to use a crate named `kermit_ds`, use `cargo add kermit_ds` to add it to your `Cargo.toml`
[INFO] [stdout] 
[INFO] [stdout] 
[INFO] [stdout] error[E0432]: unresolved import `kermit_ds`
[INFO] [stdout]    --> src/hash_triejoin.rs:365:13
[INFO] [stdout]     |
[INFO] [stdout] 365 |         use kermit_ds::{HashTrie, Relation};
[INFO] [stdout]     |             ^^^^^^^^^ use of unresolved module or unlinked crate `kermit_ds`
[INFO] [stdout]     |
[INFO] [stdout]     = help: if you wanted to use a crate named `kermit_ds`, use `cargo add kermit_ds` to add it to your `Cargo.toml`
[INFO] [stdout] 
[INFO] [stdout] 
[INFO] [stdout] error[E0432]: unresolved import `kermit_ds`
[INFO] [stdout]    --> src/hash_triejoin.rs:379:13
[INFO] [stdout]     |
[INFO] [stdout] 379 |         use kermit_ds::{HashTrie, Relation};
[INFO] [stdout]     |             ^^^^^^^^^ use of unresolved module or unlinked crate `kermit_ds`
[INFO] [stdout]     |
[INFO] [stdout]     = help: if you wanted to use a crate named `kermit_ds`, use `cargo add kermit_ds` to add it to your `Cargo.toml`
[INFO] [stdout] 
[INFO] [stdout] 
[INFO] [stdout] error[E0432]: unresolved import `kermit_ds`
[INFO] [stdout]    --> src/leapfrog_triejoin.rs:745:13
[INFO] [stdout]     |
[INFO] [stdout] 745 |         use kermit_ds::ColumnTrie;
[INFO] [stdout]     |             ^^^^^^^^^ use of unresolved module or unlinked crate `kermit_ds`
[INFO] [stdout]     |
[INFO] [stdout]     = help: if you wanted to use a crate named `kermit_ds`, use `cargo add kermit_ds` to add it to your `Cargo.toml`
[INFO] [stdout] 
[INFO] [stdout] 
[INFO] [stdout] For more information about this error, try `rustc --explain E0432`.
[INFO] [stdout] 
[INFO] [stderr] error: could not compile `kermit-algos` (lib test) due to 7 previous errors
[INFO] running `Command { std: "docker" "inspect" "c6f9694404317bca1e1983878b6489f15fe31a7701c1ce1a432fd49074a3d321", kill_on_drop: false }`
[INFO] running `Command { std: "docker" "rm" "-f" "c6f9694404317bca1e1983878b6489f15fe31a7701c1ce1a432fd49074a3d321", kill_on_drop: false }`
[INFO] [stdout] c6f9694404317bca1e1983878b6489f15fe31a7701c1ce1a432fd49074a3d321
