[INFO] fetching crate keelson-sqlx 0.2.1...
[INFO] testing keelson-sqlx-0.2.1 against 1.100.0-beta.1+cargoflags=--release for beta-release-1.100-2
[INFO] extracting crate keelson-sqlx 0.2.1 into /workspace/builds/worker-2-tc2/source
[INFO] started tweaking crates.io crate keelson-sqlx 0.2.1
[INFO] removed 0 missing tests
[INFO] finished tweaking crates.io crate keelson-sqlx 0.2.1
[INFO] tweaked toml for crates.io crate keelson-sqlx 0.2.1 written to /workspace/builds/worker-2-tc2/source/Cargo.toml
[INFO] validating manifest of crates.io crate keelson-sqlx 0.2.1 on toolchain 1.100.0-beta.1
[INFO] running `Command { std: CARGO_HOME="/workspace/cargo-home" RUSTUP_HOME="/workspace/rustup-home" "/workspace/cargo-home/bin/cargo" "+1.100.0-beta.1" "metadata" "--manifest-path" "Cargo.toml" "--no-deps", kill_on_drop: false }`
[INFO] crate crates.io crate keelson-sqlx 0.2.1 already has a lockfile, it will not be regenerated
[INFO] running `Command { std: CARGO_HOME="/workspace/cargo-home" RUSTUP_HOME="/workspace/rustup-home" "/workspace/cargo-home/bin/cargo" "+1.100.0-beta.1" "fetch" "--manifest-path" "Cargo.toml", kill_on_drop: false }`
[INFO] running `Command { std: "docker" "create" "-v" "/var/lib/crater-agent-workspace/builds/worker-2-tc2/source:/opt/rustwide/workdir:ro,Z" "-v" "/var/lib/crater-agent-workspace/builds/worker-2-tc2/target:/opt/rustwide/target:rw,Z" "-v" "/var/lib/crater-agent-workspace/cargo-home:/opt/rustwide/cargo-home:ro,Z" "-v" "/var/lib/crater-agent-workspace/rustup-home:/opt/rustwide/rustup-home:ro,Z" "-m" "1610612736" "--network" "none" "ghcr.io/rust-lang/crates-build-env/linux@sha256:77db811e55d90add9212f6832c23229e3de5f1c1f9905e8cb07319ea15df73ac" "sleep" "infinity", kill_on_drop: false }`
[INFO] [stdout] 1040b1fb40445c64f7286817011f2f0477cda3f8983c6fd3d75d544c3394fca0
[INFO] running `Command { std: "docker" "start" "1040b1fb40445c64f7286817011f2f0477cda3f8983c6fd3d75d544c3394fca0", kill_on_drop: false }`
[INFO] running `Command { std: "docker" "inspect" "1040b1fb40445c64f7286817011f2f0477cda3f8983c6fd3d75d544c3394fca0", kill_on_drop: false }`
[INFO] running `Command { std: "docker" "exec" "-e" "SOURCE_DIR=/opt/rustwide/workdir" "-e" "CARGO_HOME=/opt/rustwide/cargo-home" "-e" "RUSTUP_HOME=/opt/rustwide/rustup-home" "-e" "CARGO_TARGET_DIR=/opt/rustwide/target" "-w" "/opt/rustwide/workdir" "--user" "0:0" "1040b1fb40445c64f7286817011f2f0477cda3f8983c6fd3d75d544c3394fca0" "/opt/rustwide/cargo-home/bin/cargo" "+1.100.0-beta.1" "metadata" "--no-deps" "--format-version=1", kill_on_drop: false }`
[INFO] running `Command { std: "docker" "inspect" "1040b1fb40445c64f7286817011f2f0477cda3f8983c6fd3d75d544c3394fca0", kill_on_drop: false }`
[INFO] running `Command { std: "docker" "exec" "-e" "SOURCE_DIR=/opt/rustwide/workdir" "-e" "CARGO_HOME=/opt/rustwide/cargo-home" "-e" "RUSTUP_HOME=/opt/rustwide/rustup-home" "-e" "CARGO_TARGET_DIR=/opt/rustwide/target" "-e" "CARGO_INCREMENTAL=0" "-e" "RUST_BACKTRACE=full" "-e" "RUSTFLAGS=--cap-lints=warn" "-e" "RUSTDOCFLAGS=--cap-lints=warn" "-w" "/opt/rustwide/workdir" "--user" "0:0" "1040b1fb40445c64f7286817011f2f0477cda3f8983c6fd3d75d544c3394fca0" "/opt/rustwide/cargo-home/bin/cargo" "+1.100.0-beta.1" "build" "--frozen" "--message-format=json" "--release", kill_on_drop: false }`
[INFO] [stderr]    Compiling smallvec v1.15.2
[INFO] [stderr]    Compiling zerovec-derive v0.11.3
[INFO] [stderr]    Compiling displaydoc v0.2.7
[INFO] [stderr]    Compiling tokio v1.53.1
[INFO] [stderr]    Compiling crc-catalog v2.5.0
[INFO] [stderr]    Compiling hashlink v0.10.0
[INFO] [stderr]    Compiling serde v1.0.229
[INFO] [stderr]    Compiling futures-util v0.3.34
[INFO] [stderr]    Compiling tracing v0.1.44
[INFO] [stderr]    Compiling crossbeam-queue v0.3.13
[INFO] [stderr]    Compiling sha2 v0.10.9
[INFO] [stderr]    Compiling parking_lot_core v0.9.12
[INFO] [stderr]    Compiling crc v3.4.0
[INFO] [stderr]    Compiling parking_lot v0.12.5
[INFO] [stderr]    Compiling futures-intrusive v0.5.0
[INFO] [stderr]    Compiling zerotrie v0.2.4
[INFO] [stderr]    Compiling zerovec v0.11.6
[INFO] [stderr]    Compiling either v1.17.0
[INFO] [stderr]    Compiling keelson-core v0.2.1
[INFO] [stderr]    Compiling tinystr v0.8.3
[INFO] [stderr]    Compiling potential_utf v0.1.5
[INFO] [stderr]    Compiling icu_collections v2.2.0
[INFO] [stderr]    Compiling icu_locale_core v2.2.0
[INFO] [stderr]    Compiling icu_provider v2.2.0
[INFO] [stderr]    Compiling icu_properties v2.2.0
[INFO] [stderr]    Compiling icu_normalizer v2.2.0
[INFO] [stderr]    Compiling idna_adapter v1.2.2
[INFO] [stderr]    Compiling idna v1.1.0
[INFO] [stderr]    Compiling url v2.5.8
[INFO] [stderr]    Compiling tokio-stream v0.1.19
[INFO] [stderr]    Compiling keelson-exec v0.2.1
[INFO] [stderr]    Compiling sqlx-core v0.8.6
[INFO] [stderr]    Compiling sqlx v0.8.6
[INFO] [stderr]    Compiling keelson-sqlx v0.2.1 (/opt/rustwide/workdir)
[INFO] [stderr] warning: unused dependency `keelson-exec`
[INFO] [stderr]   --> Cargo.toml:15:15
[INFO] [stderr]    |
[INFO] [stderr] 15 | [dependencies.keelson-exec]
[INFO] [stderr]    |               ^^^^^^^^^^^^^
[INFO] [stderr]    |
[INFO] [stderr]    = note: `cargo::unused_dependencies` is set to `warn` by default
[INFO] [stderr] help: consider removing the dependency on `keelson-exec`
[INFO] [stderr] warning: unused dependency `sqlx`
[INFO] [stderr]   --> Cargo.toml:28:15
[INFO] [stderr]    |
[INFO] [stderr] 28 | [dependencies.sqlx]
[INFO] [stderr]    |               ^^^^^
[INFO] [stderr]    |
[INFO] [stderr] help: consider removing the dependency on `sqlx`
[INFO] [stderr] warning: `keelson-sqlx` (manifest) generated 2 warnings
[INFO] [stderr]     Finished `release` profile [optimized] target(s) in 23.43s
[INFO] running `Command { std: "docker" "inspect" "1040b1fb40445c64f7286817011f2f0477cda3f8983c6fd3d75d544c3394fca0", kill_on_drop: false }`
[INFO] running `Command { std: "docker" "exec" "-e" "SOURCE_DIR=/opt/rustwide/workdir" "-e" "CARGO_HOME=/opt/rustwide/cargo-home" "-e" "RUSTUP_HOME=/opt/rustwide/rustup-home" "-e" "CARGO_TARGET_DIR=/opt/rustwide/target" "-e" "CARGO_INCREMENTAL=0" "-e" "RUST_BACKTRACE=full" "-e" "RUSTFLAGS=--cap-lints=warn" "-e" "RUSTDOCFLAGS=--cap-lints=warn" "-w" "/opt/rustwide/workdir" "--user" "0:0" "1040b1fb40445c64f7286817011f2f0477cda3f8983c6fd3d75d544c3394fca0" "/opt/rustwide/cargo-home/bin/cargo" "+1.100.0-beta.1" "test" "--frozen" "--no-run" "--message-format=json" "--release", kill_on_drop: false }`
[INFO] [stderr]    Compiling syn v3.0.3
[INFO] [stderr]    Compiling displaydoc v0.2.7
[INFO] [stderr]    Compiling serde_derive v1.0.229
[INFO] [stderr]    Compiling tokio-macros v2.7.2
[INFO] [stderr]    Compiling thiserror-impl v2.0.19
[INFO] [stderr]    Compiling tokio v1.53.1
[INFO] [stderr]    Compiling tinystr v0.8.3
[INFO] [stderr]    Compiling zerotrie v0.2.4
[INFO] [stderr]    Compiling icu_collections v2.2.0
[INFO] [stderr]    Compiling icu_locale_core v2.2.0
[INFO] [stderr]    Compiling thiserror v2.0.19
[INFO] [stderr]    Compiling icu_provider v2.2.0
[INFO] [stderr]    Compiling icu_normalizer v2.2.0
[INFO] [stderr]    Compiling icu_properties v2.2.0
[INFO] [stderr]    Compiling serde v1.0.229
[INFO] [stderr]    Compiling idna_adapter v1.2.2
[INFO] [stderr]    Compiling idna v1.1.0
[INFO] [stderr]    Compiling either v1.17.0
[INFO] [stderr]    Compiling keelson-core v0.2.1
[INFO] [stderr]    Compiling url v2.5.8
[INFO] [stderr]    Compiling tokio-stream v0.1.19
[INFO] [stderr]    Compiling keelson-exec v0.2.1
[INFO] [stderr]    Compiling sqlx-core v0.8.6
[INFO] [stderr]    Compiling sqlx v0.8.6
[INFO] [stderr]    Compiling keelson-sqlx v0.2.1 (/opt/rustwide/workdir)
[INFO] [stdout] error[E0432]: unresolved import `chrono`
[INFO] [stdout]   --> tests/roundtrip.rs:23:5
[INFO] [stdout]    |
[INFO] [stdout] 23 | use chrono::{NaiveDate, NaiveDateTime, NaiveTime, TimeZone as _, Utc};
[INFO] [stdout]    |     ^^^^^^ use of unresolved module or unlinked crate `chrono`
[INFO] [stdout]    |
[INFO] [stdout]    = help: if you wanted to use a crate named `chrono`, use `cargo add chrono` to add it to your `Cargo.toml`
[INFO] [stdout] 
[INFO] [stdout] 
[INFO] [stdout] error[E0432]: unresolved import `keelson_sqlcheck`
[INFO] [stdout]   --> tests/roundtrip.rs:26:5
[INFO] [stdout]    |
[INFO] [stdout] 26 | use keelson_sqlcheck::conformance;
[INFO] [stdout]    |     ^^^^^^^^^^^^^^^^ use of unresolved module or unlinked crate `keelson_sqlcheck`
[INFO] [stdout]    |
[INFO] [stdout] help: there is a crate or module with a similar name
[INFO] [stdout]    |
[INFO] [stdout] 26 - use keelson_sqlcheck::conformance;
[INFO] [stdout] 26 + use keelson_sqlx::conformance;
[INFO] [stdout]    |
[INFO] [stdout] 
[INFO] [stdout] 
[INFO] [stdout] error[E0432]: unresolved import `rust_decimal`
[INFO] [stdout]   --> tests/roundtrip.rs:27:5
[INFO] [stdout]    |
[INFO] [stdout] 27 | use rust_decimal::Decimal;
[INFO] [stdout]    |     ^^^^^^^^^^^^ use of unresolved module or unlinked crate `rust_decimal`
[INFO] [stdout]    |
[INFO] [stdout]    = help: if you wanted to use a crate named `rust_decimal`, use `cargo add rust_decimal` to add it to your `Cargo.toml`
[INFO] [stdout] 
[INFO] [stdout] 
[INFO] [stdout] error[E0432]: unresolved import `uuid`
[INFO] [stdout]   --> tests/roundtrip.rs:28:5
[INFO] [stdout]    |
[INFO] [stdout] 28 | use uuid::Uuid;
[INFO] [stdout]    |     ^^^^ use of unresolved module or unlinked crate `uuid`
[INFO] [stdout]    |
[INFO] [stdout]    = help: if you wanted to use a crate named `uuid`, use `cargo add uuid` to add it to your `Cargo.toml`
[INFO] [stdout] 
[INFO] [stdout] 
[INFO] [stdout] error[E0432]: unresolved import `keelson_sqlx::sqlite`
[INFO] [stdout]   --> tests/roundtrip.rs:83:23
[INFO] [stdout]    |
[INFO] [stdout] 83 |     use keelson_sqlx::sqlite::Pool;
[INFO] [stdout]    |                       ^^^^^^ could not find `sqlite` in `keelson_sqlx`
[INFO] [stdout]    |
[INFO] [stdout] note: found an item that was configured out
[INFO] [stdout]   --> src/lib.rs:38:9
[INFO] [stdout]    |
[INFO] [stdout] 37 | #[cfg(feature = "sqlite")]
[INFO] [stdout]    |       ------------------ the item is gated behind the `sqlite` feature
[INFO] [stdout] 38 | pub mod sqlite;
[INFO] [stdout]    |         ^^^^^^
[INFO] [stdout] 
[INFO] [stdout] 
[INFO] [stdout] warning: unused import: `FromValue`
[INFO] [stdout]   --> tests/roundtrip.rs:24:20
[INFO] [stdout]    |
[INFO] [stdout] 24 | use keelson_core::{FromValue, ToValue, Value};
[INFO] [stdout]    |                    ^^^^^^^^^
[INFO] [stdout]    |
[INFO] [stdout]    = note: `#[warn(unused_imports)]` (part of `#[warn(unused)]`) on by default
[INFO] [stdout] 
[INFO] [stdout] 
[INFO] [stdout] error[E0432]: unresolved import `keelson_sqlx::sqlite`
[INFO] [stdout]   --> tests/query_path.rs:9:19
[INFO] [stdout]    |
[INFO] [stdout]  9 | use keelson_sqlx::sqlite::Pool;
[INFO] [stdout]    |                   ^^^^^^ could not find `sqlite` in `keelson_sqlx`
[INFO] [stdout]    |
[INFO] [stdout] note: found an item that was configured out
[INFO] [stdout]   --> src/lib.rs:38:9
[INFO] [stdout]    |
[INFO] [stdout] 37 | #[cfg(feature = "sqlite")]
[INFO] [stdout]    |       ------------------ the item is gated behind the `sqlite` feature
[INFO] [stdout] 38 | pub mod sqlite;
[INFO] [stdout]    |         ^^^^^^
[INFO] [stdout] 
[INFO] [stdout] 
[INFO] [stdout] error[E0432]: unresolved import `keelson_sqlite`
[INFO] [stdout]  --> tests/query_path.rs:8:5
[INFO] [stdout]   |
[INFO] [stdout] 8 | use keelson_sqlite::{Chain as _, Query as _, arg, insert, quote, select};
[INFO] [stdout]   |     ^^^^^^^^^^^^^^ use of unresolved module or unlinked crate `keelson_sqlite`
[INFO] [stdout]   |
[INFO] [stdout] help: there is a crate or module with a similar name
[INFO] [stdout]   |
[INFO] [stdout] 8 - use keelson_sqlite::{Chain as _, Query as _, arg, insert, quote, select};
[INFO] [stdout] 8 + use keelson_sqlx::{Chain as _, Query as _, arg, insert, quote, select};
[INFO] [stdout]   |
[INFO] [stdout] 
[INFO] [stdout] 
[INFO] [stdout] error[E0432]: unresolved import `keelson_sqlite`
[INFO] [stdout]    --> tests/query_path.rs:253:9
[INFO] [stdout]     |
[INFO] [stdout] 253 |     use keelson_sqlite::sql;
[INFO] [stdout]     |         ^^^^^^^^^^^^^^ use of unresolved module or unlinked crate `keelson_sqlite`
[INFO] [stdout]     |
[INFO] [stdout] help: there is a crate or module with a similar name
[INFO] [stdout]     |
[INFO] [stdout] 253 -     use keelson_sqlite::sql;
[INFO] [stdout] 253 +     use keelson_sqlx::sql;
[INFO] [stdout]     |
[INFO] [stdout] 
[INFO] [stdout] 
[INFO] [stdout] error[E0433]: cannot find `sqlite` in `keelson_sqlx`
[INFO] [stdout]    --> tests/transactions.rs:257:41
[INFO] [stdout]     |
[INFO] [stdout] 257 | async fn sqlite_pool() -> keelson_sqlx::sqlite::Pool {
[INFO] [stdout]     |                                         ^^^^^^ could not find `sqlite` in `keelson_sqlx`
[INFO] [stdout]     |
[INFO] [stdout] note: found an item that was configured out
[INFO] [stdout]    --> src/lib.rs:38:9
[INFO] [stdout]     |
[INFO] [stdout]  37 | #[cfg(feature = "sqlite")]
[INFO] [stdout]     |       ------------------ the item is gated behind the `sqlite` feature
[INFO] [stdout]  38 | pub mod sqlite;
[INFO] [stdout]     |         ^^^^^^
[INFO] [stdout] 
[INFO] [stdout] 
[INFO] [stdout] error[E0433]: cannot find `sqlite` in `keelson_sqlx`
[INFO] [stdout]    --> tests/transactions.rs:263:30
[INFO] [stdout]     |
[INFO] [stdout] 263 |     let pool = keelson_sqlx::sqlite::Pool::connect(&format!("sqlite://{}", path.display()))
[INFO] [stdout]     |                              ^^^^^^ could not find `sqlite` in `keelson_sqlx`
[INFO] [stdout]     |
[INFO] [stdout] note: found an item that was configured out
[INFO] [stdout]    --> src/lib.rs:38:9
[INFO] [stdout]     |
[INFO] [stdout]  37 | #[cfg(feature = "sqlite")]
[INFO] [stdout]     |       ------------------ the item is gated behind the `sqlite` feature
[INFO] [stdout]  38 | pub mod sqlite;
[INFO] [stdout]     |         ^^^^^^
[INFO] [stdout] 
[INFO] [stdout] 
[INFO] [stdout] error[E0433]: cannot find `sqlite` in `keelson_sqlx`
[INFO] [stdout]    --> tests/transactions.rs:282:56
[INFO] [stdout]     |
[INFO] [stdout] 282 | async fn prime_short_busy_timeout(pool: &keelson_sqlx::sqlite::Pool) {
[INFO] [stdout]     |                                                        ^^^^^^ could not find `sqlite` in `keelson_sqlx`
[INFO] [stdout]     |
[INFO] [stdout] note: found an item that was configured out
[INFO] [stdout]    --> src/lib.rs:38:9
[INFO] [stdout]     |
[INFO] [stdout]  37 | #[cfg(feature = "sqlite")]
[INFO] [stdout]     |       ------------------ the item is gated behind the `sqlite` feature
[INFO] [stdout]  38 | pub mod sqlite;
[INFO] [stdout]     |         ^^^^^^
[INFO] [stdout] 
[INFO] [stdout] 
[INFO] [stdout] For more information about this error, try `rustc --explain E0432`.
[INFO] [stdout] 
[INFO] [stderr] error: could not compile `keelson-sqlx` (test "roundtrip") due to 5 previous errors; 1 warning emitted
[INFO] [stderr] warning: build failed, waiting for other jobs to finish...
[INFO] [stdout] error[E0433]: cannot find module or crate `keelson_sqlite` in this scope
[INFO] [stdout]    --> tests/query_path.rs:220:15
[INFO] [stdout]     |
[INFO] [stdout] 220 |         .kind(keelson_sqlite::QueryType::Update)
[INFO] [stdout]     |               ^^^^^^^^^^^^^^ use of unresolved module or unlinked crate `keelson_sqlite`
[INFO] [stdout]     |
[INFO] [stdout] help: there is a crate or module with a similar name
[INFO] [stdout]     |
[INFO] [stdout] 220 -         .kind(keelson_sqlite::QueryType::Update)
[INFO] [stdout] 220 +         .kind(keelson_sqlx::QueryType::Update)
[INFO] [stdout]     |
[INFO] [stdout] 
[INFO] [stdout] 
[INFO] [stderr] error: could not compile `keelson-sqlx` (test "transactions") due to 3 previous errors
[INFO] [stdout] For more information about this error, try `rustc --explain E0433`.
[INFO] [stdout] 
[INFO] [stdout] error[E0433]: cannot find module or crate `keelson_sqlite` in this scope
[INFO] [stdout]    --> tests/query_path.rs:281:13
[INFO] [stdout]     |
[INFO] [stdout] 281 |             keelson_sqlite::Value::I64(1),
[INFO] [stdout]     |             ^^^^^^^^^^^^^^ use of unresolved module or unlinked crate `keelson_sqlite`
[INFO] [stdout]     |
[INFO] [stdout] help: there is a crate or module with a similar name
[INFO] [stdout]     |
[INFO] [stdout] 281 -             keelson_sqlite::Value::I64(1),
[INFO] [stdout] 281 +             keelson_sqlx::Value::I64(1),
[INFO] [stdout]     |
[INFO] [stdout] 
[INFO] [stdout] 
[INFO] [stdout] error[E0433]: cannot find module or crate `keelson_sqlite` in this scope
[INFO] [stdout]    --> tests/query_path.rs:282:13
[INFO] [stdout]     |
[INFO] [stdout] 282 |             keelson_sqlite::Value::Text("nobody".to_owned())
[INFO] [stdout]     |             ^^^^^^^^^^^^^^ use of unresolved module or unlinked crate `keelson_sqlite`
[INFO] [stdout]     |
[INFO] [stdout] help: there is a crate or module with a similar name
[INFO] [stdout]     |
[INFO] [stdout] 282 -             keelson_sqlite::Value::Text("nobody".to_owned())
[INFO] [stdout] 282 +             keelson_sqlx::Value::Text("nobody".to_owned())
[INFO] [stdout]     |
[INFO] [stdout] 
[INFO] [stdout] 
[INFO] [stdout] error[E0433]: cannot find module or crate `keelson_sqlite` in this scope
[INFO] [stdout]   --> tests/query_path.rs:53:13
[INFO] [stdout]    |
[INFO] [stdout] 53 |     let q = keelson_sqlite::insert((
[INFO] [stdout]    |             ^^^^^^^^^^^^^^ use of unresolved module or unlinked crate `keelson_sqlite`
[INFO] [stdout]    |
[INFO] [stdout] help: there is a crate or module with a similar name
[INFO] [stdout]    |
[INFO] [stdout] 53 -     let q = keelson_sqlite::insert((
[INFO] [stdout] 53 +     let q = keelson_sqlx::insert((
[INFO] [stdout]    |
[INFO] [stdout] 
[INFO] [stdout] 
[INFO] [stdout] error[E0433]: cannot find module or crate `keelson_sqlite` in this scope
[INFO] [stdout]   --> tests/query_path.rs:61:13
[INFO] [stdout]    |
[INFO] [stdout] 61 |     let q = keelson_sqlite::insert((
[INFO] [stdout]    |             ^^^^^^^^^^^^^^ use of unresolved module or unlinked crate `keelson_sqlite`
[INFO] [stdout]    |
[INFO] [stdout] help: there is a crate or module with a similar name
[INFO] [stdout]    |
[INFO] [stdout] 61 -     let q = keelson_sqlite::insert((
[INFO] [stdout] 61 +     let q = keelson_sqlx::insert((
[INFO] [stdout]    |
[INFO] [stdout] 
[INFO] [stdout] 
[INFO] [stdout] error[E0433]: cannot find module or crate `keelson_sqlite` in this scope
[INFO] [stdout]   --> tests/query_path.rs:70:13
[INFO] [stdout]    |
[INFO] [stdout] 70 |     let q = keelson_sqlite::select((
[INFO] [stdout]    |             ^^^^^^^^^^^^^^ use of unresolved module or unlinked crate `keelson_sqlite`
[INFO] [stdout]    |
[INFO] [stdout] help: there is a crate or module with a similar name
[INFO] [stdout]    |
[INFO] [stdout] 70 -     let q = keelson_sqlite::select((
[INFO] [stdout] 70 +     let q = keelson_sqlx::select((
[INFO] [stdout]    |
[INFO] [stdout] 
[INFO] [stdout] 
[INFO] [stdout] error[E0433]: cannot find module or crate `keelson_sqlite` in this scope
[INFO] [stdout]   --> tests/query_path.rs:93:15
[INFO] [stdout]    |
[INFO] [stdout] 93 |     let one = keelson_sqlite::select((
[INFO] [stdout]    |               ^^^^^^^^^^^^^^ use of unresolved module or unlinked crate `keelson_sqlite`
[INFO] [stdout]    |
[INFO] [stdout] help: there is a crate or module with a similar name
[INFO] [stdout]    |
[INFO] [stdout] 93 -     let one = keelson_sqlite::select((
[INFO] [stdout] 93 +     let one = keelson_sqlx::select((
[INFO] [stdout]    |
[INFO] [stdout] 
[INFO] [stdout] 
[INFO] [stdout] error[E0433]: cannot find module or crate `keelson_sqlite` in this scope
[INFO] [stdout]    --> tests/query_path.rs:101:19
[INFO] [stdout]     |
[INFO] [stdout] 101 |     let missing = keelson_sqlite::select((
[INFO] [stdout]     |                   ^^^^^^^^^^^^^^ use of unresolved module or unlinked crate `keelson_sqlite`
[INFO] [stdout]     |
[INFO] [stdout] help: there is a crate or module with a similar name
[INFO] [stdout]     |
[INFO] [stdout] 101 -     let missing = keelson_sqlite::select((
[INFO] [stdout] 101 +     let missing = keelson_sqlx::select((
[INFO] [stdout]     |
[INFO] [stdout] 
[INFO] [stdout] 
[INFO] [stdout] error[E0433]: cannot find module or crate `keelson_sqlite` in this scope
[INFO] [stdout]    --> tests/query_path.rs:115:15
[INFO] [stdout]     |
[INFO] [stdout] 115 |     let all = keelson_sqlite::select((select::columns(quote("id")), select::from(quote("people"))));
[INFO] [stdout]     |               ^^^^^^^^^^^^^^ use of unresolved module or unlinked crate `keelson_sqlite`
[INFO] [stdout]     |
[INFO] [stdout] help: there is a crate or module with a similar name
[INFO] [stdout]     |
[INFO] [stdout] 115 -     let all = keelson_sqlite::select((select::columns(quote("id")), select::from(quote("people"))));
[INFO] [stdout] 115 +     let all = keelson_sqlx::select((select::columns(quote("id")), select::from(quote("people"))));
[INFO] [stdout]     |
[INFO] [stdout] 
[INFO] [stdout] 
[INFO] [stdout] error[E0433]: cannot find module or crate `keelson_sqlite` in this scope
[INFO] [stdout]    --> tests/query_path.rs:124:13
[INFO] [stdout]     |
[INFO] [stdout] 124 |     let q = keelson_sqlite::select((
[INFO] [stdout]     |             ^^^^^^^^^^^^^^ use of unresolved module or unlinked crate `keelson_sqlite`
[INFO] [stdout]     |
[INFO] [stdout] help: there is a crate or module with a similar name
[INFO] [stdout]     |
[INFO] [stdout] 124 -     let q = keelson_sqlite::select((
[INFO] [stdout] 124 +     let q = keelson_sqlx::select((
[INFO] [stdout]     |
[INFO] [stdout] 
[INFO] [stdout] 
[INFO] [stdout] error[E0433]: cannot find module or crate `keelson_sqlite` in this scope
[INFO] [stdout]    --> tests/query_path.rs:140:9
[INFO] [stdout]     |
[INFO] [stdout] 140 |         keelson_sqlite::insert((
[INFO] [stdout]     |         ^^^^^^^^^^^^^^ use of unresolved module or unlinked crate `keelson_sqlite`
[INFO] [stdout]     |
[INFO] [stdout] help: there is a crate or module with a similar name
[INFO] [stdout]     |
[INFO] [stdout] 140 -         keelson_sqlite::insert((
[INFO] [stdout] 140 +         keelson_sqlx::insert((
[INFO] [stdout]     |
[INFO] [stdout] 
[INFO] [stdout] 
[INFO] [stdout] error[E0433]: cannot find module or crate `keelson_sqlite` in this scope
[INFO] [stdout]    --> tests/query_path.rs:149:23
[INFO] [stdout]     |
[INFO] [stdout] 149 |     let (sql, args) = keelson_sqlite::select((
[INFO] [stdout]     |                       ^^^^^^^^^^^^^^ use of unresolved module or unlinked crate `keelson_sqlite`
[INFO] [stdout]     |
[INFO] [stdout] help: there is a crate or module with a similar name
[INFO] [stdout]     |
[INFO] [stdout] 149 -     let (sql, args) = keelson_sqlite::select((
[INFO] [stdout] 149 +     let (sql, args) = keelson_sqlx::select((
[INFO] [stdout]     |
[INFO] [stdout] 
[INFO] [stdout] 
[INFO] [stdout] error[E0433]: cannot find module or crate `keelson_sqlite` in this scope
[INFO] [stdout]    --> tests/query_path.rs:186:5
[INFO] [stdout]     |
[INFO] [stdout] 186 |     keelson_sqlite::insert((
[INFO] [stdout]     |     ^^^^^^^^^^^^^^ use of unresolved module or unlinked crate `keelson_sqlite`
[INFO] [stdout]     |
[INFO] [stdout] help: there is a crate or module with a similar name
[INFO] [stdout]     |
[INFO] [stdout] 186 -     keelson_sqlite::insert((
[INFO] [stdout] 186 +     keelson_sqlx::insert((
[INFO] [stdout]     |
[INFO] [stdout] 
[INFO] [stdout] 
[INFO] [stdout] error[E0433]: cannot find module or crate `keelson_sqlite` in this scope
[INFO] [stdout]    --> tests/query_path.rs:189:50
[INFO] [stdout]     |
[INFO] [stdout] 189 |         insert::values((arg(2i64), arg("grace"), keelson_sqlite::raw("NULL"))),
[INFO] [stdout]     |                                                  ^^^^^^^^^^^^^^ use of unresolved module or unlinked crate `keelson_sqlite`
[INFO] [stdout]     |
[INFO] [stdout] help: there is a crate or module with a similar name
[INFO] [stdout]     |
[INFO] [stdout] 189 -         insert::values((arg(2i64), arg("grace"), keelson_sqlite::raw("NULL"))),
[INFO] [stdout] 189 +         insert::values((arg(2i64), arg("grace"), keelson_sqlx::raw("NULL"))),
[INFO] [stdout]     |
[INFO] [stdout] 
[INFO] [stdout] 
[INFO] [stdout] error[E0433]: cannot find module or crate `keelson_sqlite` in this scope
[INFO] [stdout]    --> tests/query_path.rs:196:13
[INFO] [stdout]     |
[INFO] [stdout] 196 |     let q = keelson_sqlite::raw_query(
[INFO] [stdout]     |             ^^^^^^^^^^^^^^ use of unresolved module or unlinked crate `keelson_sqlite`
[INFO] [stdout]     |
[INFO] [stdout] help: there is a crate or module with a similar name
[INFO] [stdout]     |
[INFO] [stdout] 196 -     let q = keelson_sqlite::raw_query(
[INFO] [stdout] 196 +     let q = keelson_sqlx::raw_query(
[INFO] [stdout]     |
[INFO] [stdout] 
[INFO] [stdout] 
[INFO] [stdout] error[E0433]: cannot find module or crate `keelson_sqlite` in this scope
[INFO] [stdout]    --> tests/query_path.rs:210:24
[INFO] [stdout]     |
[INFO] [stdout] 210 |     let name: String = keelson_sqlite::raw_query("SELECT name FROM people WHERE id = ?")
[INFO] [stdout]     |                        ^^^^^^^^^^^^^^ use of unresolved module or unlinked crate `keelson_sqlite`
[INFO] [stdout]     |
[INFO] [stdout] help: there is a crate or module with a similar name
[INFO] [stdout]     |
[INFO] [stdout] 210 -     let name: String = keelson_sqlite::raw_query("SELECT name FROM people WHERE id = ?")
[INFO] [stdout] 210 +     let name: String = keelson_sqlx::raw_query("SELECT name FROM people WHERE id = ?")
[INFO] [stdout]     |
[INFO] [stdout] 
[INFO] [stdout] 
[INFO] [stdout] error[E0433]: cannot find module or crate `keelson_sqlite` in this scope
[INFO] [stdout]    --> tests/query_path.rs:217:16
[INFO] [stdout]     |
[INFO] [stdout] 217 |     let done = keelson_sqlite::raw_query("UPDATE people SET nickname = ? WHERE id = ?")
[INFO] [stdout]     |                ^^^^^^^^^^^^^^ use of unresolved module or unlinked crate `keelson_sqlite`
[INFO] [stdout]     |
[INFO] [stdout] help: there is a crate or module with a similar name
[INFO] [stdout]     |
[INFO] [stdout] 217 -     let done = keelson_sqlite::raw_query("UPDATE people SET nickname = ? WHERE id = ?")
[INFO] [stdout] 217 +     let done = keelson_sqlx::raw_query("UPDATE people SET nickname = ? WHERE id = ?")
[INFO] [stdout]     |
[INFO] [stdout] 
[INFO] [stdout] 
[INFO] [stdout] error[E0433]: cannot find module or crate `keelson_sqlite` in this scope
[INFO] [stdout]    --> tests/query_path.rs:228:17
[INFO] [stdout]     |
[INFO] [stdout] 228 |     let built = keelson_sqlite::select((
[INFO] [stdout]     |                 ^^^^^^^^^^^^^^ use of unresolved module or unlinked crate `keelson_sqlite`
[INFO] [stdout]     |
[INFO] [stdout] help: there is a crate or module with a similar name
[INFO] [stdout]     |
[INFO] [stdout] 228 -     let built = keelson_sqlite::select((
[INFO] [stdout] 228 +     let built = keelson_sqlx::select((
[INFO] [stdout]     |
[INFO] [stdout] 
[INFO] [stdout] 
[INFO] [stdout] error[E0433]: cannot find module or crate `keelson_sqlite` in this scope
[INFO] [stdout]    --> tests/query_path.rs:231:40
[INFO] [stdout]     |
[INFO] [stdout] 231 |         select::where_(quote("id").in_(keelson_sqlite::query(
[INFO] [stdout]     |                                        ^^^^^^^^^^^^^^ use of unresolved module or unlinked crate `keelson_sqlite`
[INFO] [stdout]     |
[INFO] [stdout] help: there is a crate or module with a similar name
[INFO] [stdout]     |
[INFO] [stdout] 231 -         select::where_(quote("id").in_(keelson_sqlite::query(
[INFO] [stdout] 231 +         select::where_(quote("id").in_(keelson_sqlx::query(
[INFO] [stdout]     |
[INFO] [stdout] 
[INFO] [stdout] 
[INFO] [stdout] error[E0433]: cannot find module or crate `keelson_sqlite` in this scope
[INFO] [stdout]    --> tests/query_path.rs:232:13
[INFO] [stdout]     |
[INFO] [stdout] 232 |             keelson_sqlite::raw_query("SELECT id FROM people WHERE nickname = ?").bind("amazing"),
[INFO] [stdout]     |             ^^^^^^^^^^^^^^ use of unresolved module or unlinked crate `keelson_sqlite`
[INFO] [stdout]     |
[INFO] [stdout] help: there is a crate or module with a similar name
[INFO] [stdout]     |
[INFO] [stdout] 232 -             keelson_sqlite::raw_query("SELECT id FROM people WHERE nickname = ?").bind("amazing"),
[INFO] [stdout] 232 +             keelson_sqlx::raw_query("SELECT id FROM people WHERE nickname = ?").bind("amazing"),
[INFO] [stdout]     |
[INFO] [stdout] 
[INFO] [stdout] 
[INFO] [stdout] error[E0433]: cannot find module or crate `keelson_sqlite` in this scope
[INFO] [stdout]    --> tests/query_path.rs:256:5
[INFO] [stdout]     |
[INFO] [stdout] 256 |     keelson_sqlite::insert((
[INFO] [stdout]     |     ^^^^^^^^^^^^^^ use of unresolved module or unlinked crate `keelson_sqlite`
[INFO] [stdout]     |
[INFO] [stdout] help: there is a crate or module with a similar name
[INFO] [stdout]     |
[INFO] [stdout] 256 -     keelson_sqlite::insert((
[INFO] [stdout] 256 +     keelson_sqlx::insert((
[INFO] [stdout]     |
[INFO] [stdout] 
[INFO] [stdout] 
[INFO] [stdout] error[E0433]: cannot find module or crate `keelson_sqlite` in this scope
[INFO] [stdout]    --> tests/query_path.rs:298:15
[INFO] [stdout]     |
[INFO] [stdout] 298 |     let ids = keelson_sqlite::args([1i64, 2]);
[INFO] [stdout]     |               ^^^^^^^^^^^^^^ use of unresolved module or unlinked crate `keelson_sqlite`
[INFO] [stdout]     |
[INFO] [stdout] help: there is a crate or module with a similar name
[INFO] [stdout]     |
[INFO] [stdout] 298 -     let ids = keelson_sqlite::args([1i64, 2]);
[INFO] [stdout] 298 +     let ids = keelson_sqlx::args([1i64, 2]);
[INFO] [stdout]     |
[INFO] [stdout] 
[INFO] [stdout] 
[INFO] [stdout] Some errors have detailed explanations: E0432, E0433.
[INFO] [stdout] 
[INFO] [stdout] For more information about an error, try `rustc --explain E0432`.
[INFO] [stdout] 
[INFO] [stderr] error: could not compile `keelson-sqlx` (test "query_path") due to 25 previous errors
[INFO] [stderr] warning: unused dependency `keelson-exec`
[INFO] [stderr]   --> Cargo.toml:15:15
[INFO] [stderr]    |
[INFO] [stderr] 15 | [dependencies.keelson-exec]
[INFO] [stderr]    |               ^^^^^^^^^^^^^
[INFO] [stderr]    |
[INFO] [stderr]    = note: `cargo::unused_dependencies` is set to `warn` by default
[INFO] [stderr] help: consider removing the dependency on `keelson-exec`
[INFO] [stderr] help: to still use for development builds, move to `dev-dependencies`
[INFO] [stderr] warning: unused dependency `sqlx`
[INFO] [stderr]   --> Cargo.toml:28:15
[INFO] [stderr]    |
[INFO] [stderr] 28 | [dependencies.sqlx]
[INFO] [stderr]    |               ^^^^^
[INFO] [stderr]    |
[INFO] [stderr] help: consider removing the dependency on `sqlx`
[INFO] [stderr] warning: `keelson-sqlx` (manifest) generated 2 warnings
[INFO] running `Command { std: "docker" "inspect" "1040b1fb40445c64f7286817011f2f0477cda3f8983c6fd3d75d544c3394fca0", kill_on_drop: false }`
[INFO] running `Command { std: "docker" "rm" "-f" "1040b1fb40445c64f7286817011f2f0477cda3f8983c6fd3d75d544c3394fca0", kill_on_drop: false }`
[INFO] [stdout] 1040b1fb40445c64f7286817011f2f0477cda3f8983c6fd3d75d544c3394fca0
