[INFO] fetching crate keelson-sqlite 0.2.1...
[INFO] testing keelson-sqlite-0.2.1 against 1.100.0-beta.1+cargoflags=--release for beta-release-1.100-2
[INFO] extracting crate keelson-sqlite 0.2.1 into /workspace/builds/worker-0-tc2/source
[INFO] started tweaking crates.io crate keelson-sqlite 0.2.1
[INFO] removed 0 missing tests
[INFO] finished tweaking crates.io crate keelson-sqlite 0.2.1
[INFO] tweaked toml for crates.io crate keelson-sqlite 0.2.1 written to /workspace/builds/worker-0-tc2/source/Cargo.toml
[INFO] validating manifest of crates.io crate keelson-sqlite 0.2.1 on toolchain 1.100.0-beta.1
[INFO] running `Command { std: CARGO_HOME="/workspace/cargo-home" RUSTUP_HOME="/workspace/rustup-home" "/workspace/cargo-home/bin/cargo" "+1.100.0-beta.1" "metadata" "--manifest-path" "Cargo.toml" "--no-deps", kill_on_drop: false }`
[INFO] crate crates.io crate keelson-sqlite 0.2.1 already has a lockfile, it will not be regenerated
[INFO] running `Command { std: CARGO_HOME="/workspace/cargo-home" RUSTUP_HOME="/workspace/rustup-home" "/workspace/cargo-home/bin/cargo" "+1.100.0-beta.1" "fetch" "--manifest-path" "Cargo.toml", kill_on_drop: false }`
[INFO] running `Command { std: "docker" "create" "-v" "/var/lib/crater-agent-workspace/builds/worker-0-tc2/source:/opt/rustwide/workdir:ro,Z" "-v" "/var/lib/crater-agent-workspace/builds/worker-0-tc2/target:/opt/rustwide/target:rw,Z" "-v" "/var/lib/crater-agent-workspace/cargo-home:/opt/rustwide/cargo-home:ro,Z" "-v" "/var/lib/crater-agent-workspace/rustup-home:/opt/rustwide/rustup-home:ro,Z" "-m" "1610612736" "--network" "none" "ghcr.io/rust-lang/crates-build-env/linux@sha256:77db811e55d90add9212f6832c23229e3de5f1c1f9905e8cb07319ea15df73ac" "sleep" "infinity", kill_on_drop: false }`
[INFO] [stdout] bccefdb2ad189034b2d2dda5b14802f60a18c9f3961aed4626459e3ccea846e2
[INFO] running `Command { std: "docker" "start" "bccefdb2ad189034b2d2dda5b14802f60a18c9f3961aed4626459e3ccea846e2", kill_on_drop: false }`
[INFO] running `Command { std: "docker" "inspect" "bccefdb2ad189034b2d2dda5b14802f60a18c9f3961aed4626459e3ccea846e2", kill_on_drop: false }`
[INFO] running `Command { std: "docker" "exec" "-e" "SOURCE_DIR=/opt/rustwide/workdir" "-e" "CARGO_HOME=/opt/rustwide/cargo-home" "-e" "RUSTUP_HOME=/opt/rustwide/rustup-home" "-e" "CARGO_TARGET_DIR=/opt/rustwide/target" "-w" "/opt/rustwide/workdir" "--user" "0:0" "bccefdb2ad189034b2d2dda5b14802f60a18c9f3961aed4626459e3ccea846e2" "/opt/rustwide/cargo-home/bin/cargo" "+1.100.0-beta.1" "metadata" "--no-deps" "--format-version=1", kill_on_drop: false }`
[INFO] running `Command { std: "docker" "inspect" "bccefdb2ad189034b2d2dda5b14802f60a18c9f3961aed4626459e3ccea846e2", kill_on_drop: false }`
[INFO] running `Command { std: "docker" "exec" "-e" "SOURCE_DIR=/opt/rustwide/workdir" "-e" "CARGO_HOME=/opt/rustwide/cargo-home" "-e" "RUSTUP_HOME=/opt/rustwide/rustup-home" "-e" "CARGO_TARGET_DIR=/opt/rustwide/target" "-e" "CARGO_INCREMENTAL=0" "-e" "RUST_BACKTRACE=full" "-e" "RUSTFLAGS=--cap-lints=warn" "-e" "RUSTDOCFLAGS=--cap-lints=warn" "-w" "/opt/rustwide/workdir" "--user" "0:0" "bccefdb2ad189034b2d2dda5b14802f60a18c9f3961aed4626459e3ccea846e2" "/opt/rustwide/cargo-home/bin/cargo" "+1.100.0-beta.1" "build" "--frozen" "--message-format=json" "--release", kill_on_drop: false }`
[INFO] [stderr]    Compiling keelson-core v0.2.1
[INFO] [stderr]    Compiling keelson-sqlite v0.2.1 (/opt/rustwide/workdir)
[INFO] [stderr]     Finished `release` profile [optimized] target(s) in 2.35s
[INFO] running `Command { std: "docker" "inspect" "bccefdb2ad189034b2d2dda5b14802f60a18c9f3961aed4626459e3ccea846e2", kill_on_drop: false }`
[INFO] running `Command { std: "docker" "exec" "-e" "SOURCE_DIR=/opt/rustwide/workdir" "-e" "CARGO_HOME=/opt/rustwide/cargo-home" "-e" "RUSTUP_HOME=/opt/rustwide/rustup-home" "-e" "CARGO_TARGET_DIR=/opt/rustwide/target" "-e" "CARGO_INCREMENTAL=0" "-e" "RUST_BACKTRACE=full" "-e" "RUSTFLAGS=--cap-lints=warn" "-e" "RUSTDOCFLAGS=--cap-lints=warn" "-w" "/opt/rustwide/workdir" "--user" "0:0" "bccefdb2ad189034b2d2dda5b14802f60a18c9f3961aed4626459e3ccea846e2" "/opt/rustwide/cargo-home/bin/cargo" "+1.100.0-beta.1" "test" "--frozen" "--no-run" "--message-format=json" "--release", kill_on_drop: false }`
[INFO] [stderr]    Compiling zerocopy v0.8.55
[INFO] [stderr]    Compiling ppv-lite86 v0.2.21
[INFO] [stderr]    Compiling rand_chacha v0.9.0
[INFO] [stderr]    Compiling proptest v1.11.0
[INFO] [stderr]    Compiling keelson-sqlite v0.2.1 (/opt/rustwide/workdir)
[INFO] [stdout] error[E0432]: unresolved import `keelson_sqlcheck`
[INFO] [stdout]   --> tests/combinatorial.rs:43:5
[INFO] [stdout]    |
[INFO] [stdout] 43 | use keelson_sqlcheck::{Dialect, live, normalize};
[INFO] [stdout]    |     ^^^^^^^^^^^^^^^^ use of unresolved module or unlinked crate `keelson_sqlcheck`
[INFO] [stdout]    |
[INFO] [stdout] help: there is a crate or module with a similar name
[INFO] [stdout]    |
[INFO] [stdout] 43 - use keelson_sqlcheck::{Dialect, live, normalize};
[INFO] [stdout] 43 + use keelson_sqlite::{Dialect, live, normalize};
[INFO] [stdout]    |
[INFO] [stdout] 
[INFO] [stdout] 
[INFO] [stdout] error[E0432]: unresolved import `keelson_sqlcheck`
[INFO] [stdout]   --> tests/grammar_delete.rs:15:5
[INFO] [stdout]    |
[INFO] [stdout] 15 | use keelson_sqlcheck::{Dialect, assert_sql};
[INFO] [stdout]    |     ^^^^^^^^^^^^^^^^ use of unresolved module or unlinked crate `keelson_sqlcheck`
[INFO] [stdout]    |
[INFO] [stdout] help: there is a crate or module with a similar name
[INFO] [stdout]    |
[INFO] [stdout] 15 - use keelson_sqlcheck::{Dialect, assert_sql};
[INFO] [stdout] 15 + use keelson_sqlite::{Dialect, assert_sql};
[INFO] [stdout]    |
[INFO] [stdout] 
[INFO] [stdout] 
[INFO] [stdout] error[E0433]: cannot find module or crate `keelson_sqlcheck` in this scope
[INFO] [stdout]   --> tests/property.rs:50:5
[INFO] [stdout]    |
[INFO] [stdout] 50 | use keelson_sqlcheck::property::{
[INFO] [stdout]    |     ^^^^^^^^^^^^^^^^ use of unresolved module or unlinked crate `keelson_sqlcheck`
[INFO] [stdout]    |
[INFO] [stdout] help: there is a crate or module with a similar name
[INFO] [stdout]    |
[INFO] [stdout] 50 - use keelson_sqlcheck::property::{
[INFO] [stdout] 50 + use keelson_sqlite::property::{
[INFO] [stdout]    |
[INFO] [stdout] 
[INFO] [stdout] 
[INFO] [stdout] error[E0432]: unresolved import `keelson_sqlcheck`
[INFO] [stdout]   --> tests/grammar_insert.rs:19:5
[INFO] [stdout]    |
[INFO] [stdout] 19 | use keelson_sqlcheck::{Dialect, assert_sql};
[INFO] [stdout]    |     ^^^^^^^^^^^^^^^^ use of unresolved module or unlinked crate `keelson_sqlcheck`
[INFO] [stdout]    |
[INFO] [stdout] help: there is a crate or module with a similar name
[INFO] [stdout]    |
[INFO] [stdout] 19 - use keelson_sqlcheck::{Dialect, assert_sql};
[INFO] [stdout] 19 + use keelson_sqlite::{Dialect, assert_sql};
[INFO] [stdout]    |
[INFO] [stdout] 
[INFO] [stdout] 
[INFO] [stdout] error[E0432]: unresolved import `keelson_sqlcheck`
[INFO] [stdout]   --> tests/property.rs:54:5
[INFO] [stdout]    |
[INFO] [stdout] 54 | use keelson_sqlcheck::{Dialect, live};
[INFO] [stdout]    |     ^^^^^^^^^^^^^^^^ use of unresolved module or unlinked crate `keelson_sqlcheck`
[INFO] [stdout]    |
[INFO] [stdout] help: there is a crate or module with a similar name
[INFO] [stdout]    |
[INFO] [stdout] 54 - use keelson_sqlcheck::{Dialect, live};
[INFO] [stdout] 54 + use keelson_sqlite::{Dialect, live};
[INFO] [stdout]    |
[INFO] [stdout] 
[INFO] [stdout] 
[INFO] [stdout] error[E0432]: unresolved import `keelson_sqlcheck`
[INFO] [stdout]   --> tests/grammar_update.rs:15:5
[INFO] [stdout]    |
[INFO] [stdout] 15 | use keelson_sqlcheck::{Dialect, assert_sql};
[INFO] [stdout]    |     ^^^^^^^^^^^^^^^^ use of unresolved module or unlinked crate `keelson_sqlcheck`
[INFO] [stdout]    |
[INFO] [stdout] help: there is a crate or module with a similar name
[INFO] [stdout]    |
[INFO] [stdout] 15 - use keelson_sqlcheck::{Dialect, assert_sql};
[INFO] [stdout] 15 + use keelson_sqlite::{Dialect, assert_sql};
[INFO] [stdout]    |
[INFO] [stdout] 
[INFO] [stdout] 
[INFO] [stdout] error[E0432]: unresolved import `keelson_sqlcheck`
[INFO] [stdout]   --> tests/grammar_select.rs:21:5
[INFO] [stdout]    |
[INFO] [stdout] 21 | use keelson_sqlcheck::{Dialect, assert_sql};
[INFO] [stdout]    |     ^^^^^^^^^^^^^^^^ use of unresolved module or unlinked crate `keelson_sqlcheck`
[INFO] [stdout]    |
[INFO] [stdout] help: there is a crate or module with a similar name
[INFO] [stdout]    |
[INFO] [stdout] 21 - use keelson_sqlcheck::{Dialect, assert_sql};
[INFO] [stdout] 21 + use keelson_sqlite::{Dialect, assert_sql};
[INFO] [stdout]    |
[INFO] [stdout] 
[INFO] [stdout] 
[INFO] [stdout] error[E0432]: unresolved import `keelson_sqlcheck`
[INFO] [stdout]     --> tests/grammar_select.rs:1362:9
[INFO] [stdout]      |
[INFO] [stdout] 1362 |     use keelson_sqlcheck::normalize;
[INFO] [stdout]      |         ^^^^^^^^^^^^^^^^ use of unresolved module or unlinked crate `keelson_sqlcheck`
[INFO] [stdout]      |
[INFO] [stdout] help: there is a crate or module with a similar name
[INFO] [stdout]      |
[INFO] [stdout] 1362 -     use keelson_sqlcheck::normalize;
[INFO] [stdout] 1362 +     use keelson_sqlite::normalize;
[INFO] [stdout]      |
[INFO] [stdout] 
[INFO] [stdout] 
[INFO] [stdout] error[E0433]: cannot find module or crate `keelson_sqlcheck` in this scope
[INFO] [stdout]    --> tests/combinatorial.rs:214:25
[INFO] [stdout]     |
[INFO] [stdout] 214 |         if let Err(e) = keelson_sqlcheck::check(Dialect::Sqlite, &sql) {
[INFO] [stdout]     |                         ^^^^^^^^^^^^^^^^ use of unresolved module or unlinked crate `keelson_sqlcheck`
[INFO] [stdout]     |
[INFO] [stdout] help: there is a crate or module with a similar name
[INFO] [stdout]     |
[INFO] [stdout] 214 -         if let Err(e) = keelson_sqlcheck::check(Dialect::Sqlite, &sql) {
[INFO] [stdout] 214 +         if let Err(e) = keelson_sqlite::check(Dialect::Sqlite, &sql) {
[INFO] [stdout]     |
[INFO] [stdout] 
[INFO] [stdout] 
[INFO] [stdout] For more information about this error, try `rustc --explain E0432`.
[INFO] [stdout] 
[INFO] [stdout] error[E0433]: cannot find module or crate `keelson_sqlcheck` in this scope
[INFO] [stdout]     --> tests/grammar_select.rs:1380:12
[INFO] [stdout]      |
[INFO] [stdout] 1380 |         if keelson_sqlcheck::live::available().contains(&Dialect::Sqlite) {
[INFO] [stdout]      |            ^^^^^^^^^^^^^^^^ use of unresolved module or unlinked crate `keelson_sqlcheck`
[INFO] [stdout]      |
[INFO] [stdout] help: there is a crate or module with a similar name
[INFO] [stdout]      |
[INFO] [stdout] 1380 -         if keelson_sqlcheck::live::available().contains(&Dialect::Sqlite) {
[INFO] [stdout] 1380 +         if keelson_sqlite::live::available().contains(&Dialect::Sqlite) {
[INFO] [stdout]      |
[INFO] [stdout] 
[INFO] [stdout] 
[INFO] [stderr] error: could not compile `keelson-sqlite` (test "grammar_delete") due to 1 previous error
[INFO] [stdout] For more information about this error, try `rustc --explain E0432`.
[INFO] [stdout] 
[INFO] [stderr] warning: build failed, waiting for other jobs to finish...
[INFO] [stdout] error[E0433]: cannot find module or crate `keelson_sqlcheck` in this scope
[INFO] [stdout]     --> tests/grammar_select.rs:1382:17
[INFO] [stdout]      |
[INFO] [stdout] 1382 |                 keelson_sqlcheck::live::check(Dialect::Sqlite, &sql).is_err(),
[INFO] [stdout]      |                 ^^^^^^^^^^^^^^^^ use of unresolved module or unlinked crate `keelson_sqlcheck`
[INFO] [stdout]      |
[INFO] [stdout] help: there is a crate or module with a similar name
[INFO] [stdout]      |
[INFO] [stdout] 1382 -                 keelson_sqlcheck::live::check(Dialect::Sqlite, &sql).is_err(),
[INFO] [stdout] 1382 +                 keelson_sqlite::live::check(Dialect::Sqlite, &sql).is_err(),
[INFO] [stdout]      |
[INFO] [stdout] 
[INFO] [stdout] 
[INFO] [stderr] error: could not compile `keelson-sqlite` (test "grammar_update") due to 1 previous error
[INFO] [stdout] For more information about this error, try `rustc --explain E0432`.
[INFO] [stdout] 
[INFO] [stderr] error: could not compile `keelson-sqlite` (test "grammar_insert") due to 1 previous error
[INFO] [stdout] error[E0433]: cannot find module or crate `keelson_sqlcheck` in this scope
[INFO] [stdout]    --> tests/property.rs:343:21
[INFO] [stdout]     |
[INFO] [stdout] 343 |     if let Err(e) = keelson_sqlcheck::check(Dialect::Sqlite, &sql) {
[INFO] [stdout]     |                     ^^^^^^^^^^^^^^^^ use of unresolved module or unlinked crate `keelson_sqlcheck`
[INFO] [stdout]     |
[INFO] [stdout] help: there is a crate or module with a similar name
[INFO] [stdout]     |
[INFO] [stdout] 343 -     if let Err(e) = keelson_sqlcheck::check(Dialect::Sqlite, &sql) {
[INFO] [stdout] 343 +     if let Err(e) = keelson_sqlite::check(Dialect::Sqlite, &sql) {
[INFO] [stdout]     |
[INFO] [stdout] 
[INFO] [stdout] 
[INFO] [stdout] Some errors have detailed explanations: E0432, E0433.
[INFO] [stdout] 
[INFO] [stdout] For more information about an error, try `rustc --explain E0432`.
[INFO] [stdout] 
[INFO] [stderr] error: could not compile `keelson-sqlite` (test "property") due to 3 previous errors
[INFO] [stdout] Some errors have detailed explanations: E0432, E0433.
[INFO] [stdout] 
[INFO] [stdout] For more information about an error, try `rustc --explain E0432`.
[INFO] [stdout] 
[INFO] [stderr] error: could not compile `keelson-sqlite` (test "combinatorial") due to 2 previous errors
[INFO] [stdout] error[E0433]: cannot find module or crate `keelson_sqlcheck` in this scope
[INFO] [stdout]     --> tests/grammar_select.rs:1379:9
[INFO] [stdout]      |
[INFO] [stdout] 1379 |         keelson_sqlcheck::assert_valid(Dialect::Sqlite, &sql);
[INFO] [stdout]      |         ^^^^^^^^^^^^^^^^ use of unresolved module or unlinked crate `keelson_sqlcheck`
[INFO] [stdout]      |
[INFO] [stdout] help: there is a crate or module with a similar name
[INFO] [stdout]      |
[INFO] [stdout] 1379 -         keelson_sqlcheck::assert_valid(Dialect::Sqlite, &sql);
[INFO] [stdout] 1379 +         keelson_sqlite::assert_valid(Dialect::Sqlite, &sql);
[INFO] [stdout]      |
[INFO] [stdout] 
[INFO] [stdout] 
[INFO] [stdout] Some errors have detailed explanations: E0432, E0433.
[INFO] [stdout] 
[INFO] [stdout] For more information about an error, try `rustc --explain E0432`.
[INFO] [stdout] 
[INFO] [stderr] error: could not compile `keelson-sqlite` (test "grammar_select") due to 5 previous errors
[INFO] running `Command { std: "docker" "inspect" "bccefdb2ad189034b2d2dda5b14802f60a18c9f3961aed4626459e3ccea846e2", kill_on_drop: false }`
[INFO] running `Command { std: "docker" "rm" "-f" "bccefdb2ad189034b2d2dda5b14802f60a18c9f3961aed4626459e3ccea846e2", kill_on_drop: false }`
[INFO] [stdout] bccefdb2ad189034b2d2dda5b14802f60a18c9f3961aed4626459e3ccea846e2
