[INFO] fetching crate keelson-psql 0.2.1...
[INFO] testing keelson-psql-0.2.1 against 1.100.0-beta.1+cargoflags=--release for beta-release-1.100-2
[INFO] extracting crate keelson-psql 0.2.1 into /workspace/builds/worker-0-tc2/source
[INFO] started tweaking crates.io crate keelson-psql 0.2.1
[INFO] removed 0 missing tests
[INFO] finished tweaking crates.io crate keelson-psql 0.2.1
[INFO] tweaked toml for crates.io crate keelson-psql 0.2.1 written to /workspace/builds/worker-0-tc2/source/Cargo.toml
[INFO] validating manifest of crates.io crate keelson-psql 0.2.1 on toolchain 1.100.0-beta.1
[INFO] running `Command { std: CARGO_HOME="/workspace/cargo-home" RUSTUP_HOME="/workspace/rustup-home" "/workspace/cargo-home/bin/cargo" "+1.100.0-beta.1" "metadata" "--manifest-path" "Cargo.toml" "--no-deps", kill_on_drop: false }`
[INFO] crate crates.io crate keelson-psql 0.2.1 already has a lockfile, it will not be regenerated
[INFO] running `Command { std: CARGO_HOME="/workspace/cargo-home" RUSTUP_HOME="/workspace/rustup-home" "/workspace/cargo-home/bin/cargo" "+1.100.0-beta.1" "fetch" "--manifest-path" "Cargo.toml", kill_on_drop: false }`
[INFO] running `Command { std: "docker" "create" "-v" "/var/lib/crater-agent-workspace/builds/worker-0-tc2/source:/opt/rustwide/workdir:ro,Z" "-v" "/var/lib/crater-agent-workspace/builds/worker-0-tc2/target:/opt/rustwide/target:rw,Z" "-v" "/var/lib/crater-agent-workspace/cargo-home:/opt/rustwide/cargo-home:ro,Z" "-v" "/var/lib/crater-agent-workspace/rustup-home:/opt/rustwide/rustup-home:ro,Z" "-m" "1610612736" "--network" "none" "ghcr.io/rust-lang/crates-build-env/linux@sha256:77db811e55d90add9212f6832c23229e3de5f1c1f9905e8cb07319ea15df73ac" "sleep" "infinity", kill_on_drop: false }`
[INFO] [stdout] 40f5f094dbefb0f0c6a8acc82e2ac98bd55433cde31ed9c96fc117dd8171c3da
[INFO] running `Command { std: "docker" "start" "40f5f094dbefb0f0c6a8acc82e2ac98bd55433cde31ed9c96fc117dd8171c3da", kill_on_drop: false }`
[INFO] running `Command { std: "docker" "inspect" "40f5f094dbefb0f0c6a8acc82e2ac98bd55433cde31ed9c96fc117dd8171c3da", kill_on_drop: false }`
[INFO] running `Command { std: "docker" "exec" "-e" "SOURCE_DIR=/opt/rustwide/workdir" "-e" "CARGO_HOME=/opt/rustwide/cargo-home" "-e" "RUSTUP_HOME=/opt/rustwide/rustup-home" "-e" "CARGO_TARGET_DIR=/opt/rustwide/target" "-w" "/opt/rustwide/workdir" "--user" "0:0" "40f5f094dbefb0f0c6a8acc82e2ac98bd55433cde31ed9c96fc117dd8171c3da" "/opt/rustwide/cargo-home/bin/cargo" "+1.100.0-beta.1" "metadata" "--no-deps" "--format-version=1", kill_on_drop: false }`
[INFO] running `Command { std: "docker" "inspect" "40f5f094dbefb0f0c6a8acc82e2ac98bd55433cde31ed9c96fc117dd8171c3da", kill_on_drop: false }`
[INFO] running `Command { std: "docker" "exec" "-e" "SOURCE_DIR=/opt/rustwide/workdir" "-e" "CARGO_HOME=/opt/rustwide/cargo-home" "-e" "RUSTUP_HOME=/opt/rustwide/rustup-home" "-e" "CARGO_TARGET_DIR=/opt/rustwide/target" "-e" "CARGO_INCREMENTAL=0" "-e" "RUST_BACKTRACE=full" "-e" "RUSTFLAGS=--cap-lints=warn" "-e" "RUSTDOCFLAGS=--cap-lints=warn" "-w" "/opt/rustwide/workdir" "--user" "0:0" "40f5f094dbefb0f0c6a8acc82e2ac98bd55433cde31ed9c96fc117dd8171c3da" "/opt/rustwide/cargo-home/bin/cargo" "+1.100.0-beta.1" "build" "--frozen" "--message-format=json" "--release", kill_on_drop: false }`
[INFO] [stderr]    Compiling proc-macro2 v1.0.107
[INFO] [stderr]    Compiling quote v1.0.47
[INFO] [stderr]    Compiling syn v3.0.3
[INFO] [stderr]    Compiling serde_derive v1.0.229
[INFO] [stderr]    Compiling serde v1.0.229
[INFO] [stderr]    Compiling keelson-core v0.2.1
[INFO] [stderr]    Compiling keelson-psql v0.2.1 (/opt/rustwide/workdir)
[INFO] [stderr]     Finished `release` profile [optimized] target(s) in 9.21s
[INFO] running `Command { std: "docker" "inspect" "40f5f094dbefb0f0c6a8acc82e2ac98bd55433cde31ed9c96fc117dd8171c3da", kill_on_drop: false }`
[INFO] running `Command { std: "docker" "exec" "-e" "SOURCE_DIR=/opt/rustwide/workdir" "-e" "CARGO_HOME=/opt/rustwide/cargo-home" "-e" "RUSTUP_HOME=/opt/rustwide/rustup-home" "-e" "CARGO_TARGET_DIR=/opt/rustwide/target" "-e" "CARGO_INCREMENTAL=0" "-e" "RUST_BACKTRACE=full" "-e" "RUSTFLAGS=--cap-lints=warn" "-e" "RUSTDOCFLAGS=--cap-lints=warn" "-w" "/opt/rustwide/workdir" "--user" "0:0" "40f5f094dbefb0f0c6a8acc82e2ac98bd55433cde31ed9c96fc117dd8171c3da" "/opt/rustwide/cargo-home/bin/cargo" "+1.100.0-beta.1" "test" "--frozen" "--no-run" "--message-format=json" "--release", kill_on_drop: false }`
[INFO] [stderr]    Compiling either v1.17.0
[INFO] [stderr]    Compiling glob v0.3.4
[INFO] [stderr]    Compiling regex-syntax v0.8.11
[INFO] [stderr]    Compiling anyhow v1.0.104
[INFO] [stderr]    Compiling libc v0.2.189
[INFO] [stderr]    Compiling getrandom v0.4.3
[INFO] [stderr]    Compiling rustix v1.1.4
[INFO] [stderr]    Compiling rustix v0.38.44
[INFO] [stderr]    Compiling bytes v1.12.1
[INFO] [stderr]    Compiling syn v2.0.119
[INFO] [stderr]    Compiling linux-raw-sys v0.4.15
[INFO] [stderr]    Compiling nom v7.1.3
[INFO] [stderr]    Compiling getrandom v0.3.4
[INFO] [stderr]    Compiling syn v3.0.3
[INFO] [stderr]    Compiling home v0.5.12
[INFO] [stderr]    Compiling fixedbitset v0.5.7
[INFO] [stderr]    Compiling zerocopy v0.8.55
[INFO] [stderr]    Compiling bindgen v0.66.1
[INFO] [stderr]    Compiling fastrand v2.5.0
[INFO] [stderr]    Compiling itertools v0.14.0
[INFO] [stderr]    Compiling peeking_take_while v0.1.2
[INFO] [stderr]    Compiling rand_core v0.9.5
[INFO] [stderr]    Compiling clang-sys v1.9.1
[INFO] [stderr]    Compiling lazycell v1.3.0
[INFO] [stderr]    Compiling lazy_static v1.5.0
[INFO] [stderr]    Compiling rustc-hash v1.1.0
[INFO] [stderr]    Compiling multimap v0.10.1
[INFO] [stderr]    Compiling cc v1.4.0
[INFO] [stderr]    Compiling petgraph v0.7.1
[INFO] [stderr]    Compiling num-traits v0.2.19
[INFO] [stderr]    Compiling wait-timeout v0.2.1
[INFO] [stderr]    Compiling itertools v0.10.5
[INFO] [stderr]    Compiling rand_xorshift v0.4.0
[INFO] [stderr]    Compiling rand v0.9.5
[INFO] [stderr]    Compiling cexpr v0.6.0
[INFO] [stderr]    Compiling serde_derive v1.0.229
[INFO] [stderr]    Compiling which v4.4.2
[INFO] [stderr]    Compiling tempfile v3.27.0
[INFO] [stderr]    Compiling regex-automata v0.4.16
[INFO] [stderr]    Compiling rusty-fork v0.3.1
[INFO] [stderr]    Compiling regex v1.13.1
[INFO] [stderr]    Compiling prettyplease v0.2.37
[INFO] [stderr]    Compiling prost-derive v0.13.5
[INFO] [stderr]    Compiling thiserror-impl v1.0.69
[INFO] [stderr]    Compiling serde v1.0.229
[INFO] [stderr]    Compiling keelson-core v0.2.1
[INFO] [stderr]    Compiling prost v0.13.5
[INFO] [stderr]    Compiling thiserror v1.0.69
[INFO] [stderr]    Compiling prost-types v0.13.5
[INFO] [stderr]    Compiling keelson-psql v0.2.1 (/opt/rustwide/workdir)
[INFO] [stderr]    Compiling ppv-lite86 v0.2.21
[INFO] [stderr]    Compiling rand_chacha v0.9.0
[INFO] [stderr]    Compiling proptest v1.11.0
[INFO] [stderr]    Compiling prost-build v0.13.5
[INFO] [stderr]    Compiling pg_query v6.2.1
[INFO] [stdout] error[E0433]: cannot find module or crate `keelson_sqlcheck` in this scope
[INFO] [stdout]   --> tests/property.rs:53:5
[INFO] [stdout]    |
[INFO] [stdout] 53 | use keelson_sqlcheck::property::{
[INFO] [stdout]    |     ^^^^^^^^^^^^^^^^ use of unresolved module or unlinked crate `keelson_sqlcheck`
[INFO] [stdout]    |
[INFO] [stdout]    = help: if you wanted to use a crate named `keelson_sqlcheck`, use `cargo add keelson_sqlcheck` to add it to your `Cargo.toml`
[INFO] [stdout] 
[INFO] [stdout] 
[INFO] [stdout] error[E0432]: unresolved import `keelson_sqlcheck`
[INFO] [stdout]   --> tests/grammar_values.rs:30:5
[INFO] [stdout]    |
[INFO] [stdout] 30 | use keelson_sqlcheck::{Dialect, assert_sql};
[INFO] [stdout]    |     ^^^^^^^^^^^^^^^^ use of unresolved module or unlinked crate `keelson_sqlcheck`
[INFO] [stdout]    |
[INFO] [stdout]    = help: if you wanted to use a crate named `keelson_sqlcheck`, use `cargo add keelson_sqlcheck` to add it to your `Cargo.toml`
[INFO] [stdout] 
[INFO] [stdout] 
[INFO] [stdout] error[E0432]: unresolved import `keelson_sqlcheck`
[INFO] [stdout]   --> tests/property.rs:57:5
[INFO] [stdout]    |
[INFO] [stdout] 57 | use keelson_sqlcheck::{Dialect, live};
[INFO] [stdout]    |     ^^^^^^^^^^^^^^^^ use of unresolved module or unlinked crate `keelson_sqlcheck`
[INFO] [stdout]    |
[INFO] [stdout]    = help: if you wanted to use a crate named `keelson_sqlcheck`, use `cargo add keelson_sqlcheck` to add it to your `Cargo.toml`
[INFO] [stdout] 
[INFO] [stdout] 
[INFO] [stdout] error[E0432]: unresolved import `keelson_sqlcheck`
[INFO] [stdout]   --> tests/grammar_dml.rs:38:5
[INFO] [stdout]    |
[INFO] [stdout] 38 | use keelson_sqlcheck::{Dialect, assert_sql};
[INFO] [stdout]    |     ^^^^^^^^^^^^^^^^ use of unresolved module or unlinked crate `keelson_sqlcheck`
[INFO] [stdout]    |
[INFO] [stdout]    = help: if you wanted to use a crate named `keelson_sqlcheck`, use `cargo add keelson_sqlcheck` to add it to your `Cargo.toml`
[INFO] [stdout] 
[INFO] [stdout] 
[INFO] [stdout] error[E0432]: unresolved import `keelson_sqlcheck`
[INFO] [stdout]   --> tests/grammar_select.rs:45:5
[INFO] [stdout]    |
[INFO] [stdout] 45 | use keelson_sqlcheck::{Dialect, assert_sql};
[INFO] [stdout]    |     ^^^^^^^^^^^^^^^^ use of unresolved module or unlinked crate `keelson_sqlcheck`
[INFO] [stdout]    |
[INFO] [stdout]    = help: if you wanted to use a crate named `keelson_sqlcheck`, use `cargo add keelson_sqlcheck` to add it to your `Cargo.toml`
[INFO] [stdout] 
[INFO] [stdout] 
[INFO] [stdout] error[E0432]: unresolved import `keelson_sqlcheck`
[INFO] [stdout]   --> tests/grammar_merge.rs:49:5
[INFO] [stdout]    |
[INFO] [stdout] 49 | use keelson_sqlcheck::{Dialect, assert_sql};
[INFO] [stdout]    |     ^^^^^^^^^^^^^^^^ use of unresolved module or unlinked crate `keelson_sqlcheck`
[INFO] [stdout]    |
[INFO] [stdout]    = help: if you wanted to use a crate named `keelson_sqlcheck`, use `cargo add keelson_sqlcheck` to add it to your `Cargo.toml`
[INFO] [stdout] 
[INFO] [stdout] 
[INFO] [stdout] error[E0432]: unresolved import `keelson_sqlcheck`
[INFO] [stdout]   --> tests/smoke.rs:24:5
[INFO] [stdout]    |
[INFO] [stdout] 24 | use keelson_sqlcheck::{Dialect, assert_sql};
[INFO] [stdout]    |     ^^^^^^^^^^^^^^^^ use of unresolved module or unlinked crate `keelson_sqlcheck`
[INFO] [stdout]    |
[INFO] [stdout]    = help: if you wanted to use a crate named `keelson_sqlcheck`, use `cargo add keelson_sqlcheck` to add it to your `Cargo.toml`
[INFO] [stdout] 
[INFO] [stdout] 
[INFO] [stdout] For more information about this error, try `rustc --explain E0432`.
[INFO] [stdout] 
[INFO] [stderr] error: could not compile `keelson-psql` (test "grammar_values") due to 1 previous error
[INFO] [stderr] warning: build failed, waiting for other jobs to finish...
[INFO] [stdout] error[E0433]: cannot find module or crate `keelson_sqlcheck` in this scope
[INFO] [stdout]     --> tests/grammar_select.rs:1585:12
[INFO] [stdout]      |
[INFO] [stdout] 1585 |         if keelson_sqlcheck::live::available().contains(&Dialect::Psql) {
[INFO] [stdout]      |            ^^^^^^^^^^^^^^^^ use of unresolved module or unlinked crate `keelson_sqlcheck`
[INFO] [stdout]      |
[INFO] [stdout]      = help: if you wanted to use a crate named `keelson_sqlcheck`, use `cargo add keelson_sqlcheck` to add it to your `Cargo.toml`
[INFO] [stdout] 
[INFO] [stdout] 
[INFO] [stdout] error[E0433]: cannot find module or crate `keelson_sqlcheck` in this scope
[INFO] [stdout]    --> tests/property.rs:352:21
[INFO] [stdout]     |
[INFO] [stdout] 352 |     if let Err(e) = keelson_sqlcheck::check(Dialect::Psql, &sql) {
[INFO] [stdout]     |                     ^^^^^^^^^^^^^^^^ use of unresolved module or unlinked crate `keelson_sqlcheck`
[INFO] [stdout]     |
[INFO] [stdout]     = help: if you wanted to use a crate named `keelson_sqlcheck`, use `cargo add keelson_sqlcheck` to add it to your `Cargo.toml`
[INFO] [stdout] 
[INFO] [stdout] 
[INFO] [stdout] error[E0433]: cannot find module or crate `keelson_sqlcheck` in this scope
[INFO] [stdout]     --> tests/grammar_select.rs:1587:17
[INFO] [stdout]      |
[INFO] [stdout] 1587 |                 keelson_sqlcheck::live::check(Dialect::Psql, &sql).is_err(),
[INFO] [stdout]      |                 ^^^^^^^^^^^^^^^^ use of unresolved module or unlinked crate `keelson_sqlcheck`
[INFO] [stdout]      |
[INFO] [stdout]      = help: if you wanted to use a crate named `keelson_sqlcheck`, use `cargo add keelson_sqlcheck` to add it to your `Cargo.toml`
[INFO] [stdout] 
[INFO] [stdout] 
[INFO] [stdout] error[E0433]: cannot find module or crate `keelson_sqlcheck` in this scope
[INFO] [stdout]     --> tests/grammar_select.rs:1822:8
[INFO] [stdout]      |
[INFO] [stdout] 1822 |     if keelson_sqlcheck::live::available().contains(&Dialect::Psql) {
[INFO] [stdout]      |        ^^^^^^^^^^^^^^^^ use of unresolved module or unlinked crate `keelson_sqlcheck`
[INFO] [stdout]      |
[INFO] [stdout]      = help: if you wanted to use a crate named `keelson_sqlcheck`, use `cargo add keelson_sqlcheck` to add it to your `Cargo.toml`
[INFO] [stdout] 
[INFO] [stdout] 
[INFO] [stdout] Some errors have detailed explanations: E0432, E0433.
[INFO] [stdout] 
[INFO] [stdout] For more information about an error, try `rustc --explain E0432`.
[INFO] [stdout] 
[INFO] [stdout] error[E0433]: cannot find module or crate `keelson_sqlcheck` in this scope
[INFO] [stdout]     --> tests/grammar_select.rs:1824:13
[INFO] [stdout]      |
[INFO] [stdout] 1824 |             keelson_sqlcheck::live::check(Dialect::Psql, &sql).is_err(),
[INFO] [stdout]      |             ^^^^^^^^^^^^^^^^ use of unresolved module or unlinked crate `keelson_sqlcheck`
[INFO] [stdout]      |
[INFO] [stdout]      = help: if you wanted to use a crate named `keelson_sqlcheck`, use `cargo add keelson_sqlcheck` to add it to your `Cargo.toml`
[INFO] [stdout] 
[INFO] [stdout] 
[INFO] [stderr] error: could not compile `keelson-psql` (test "property") due to 3 previous errors
[INFO] [stdout] For more information about this error, try `rustc --explain E0432`.
[INFO] [stdout] 
[INFO] [stdout] error[E0433]: cannot find module or crate `keelson_sqlcheck` in this scope
[INFO] [stdout]    --> tests/combinatorial.rs:136:30
[INFO] [stdout]     |
[INFO] [stdout] 136 |     keelson_sqlcheck::record(keelson_sqlcheck::Dialect::Psql, sql);
[INFO] [stdout]     |                              ^^^^^^^^^^^^^^^^ use of unresolved module or unlinked crate `keelson_sqlcheck`
[INFO] [stdout]     |
[INFO] [stdout]     = help: if you wanted to use a crate named `keelson_sqlcheck`, use `cargo add keelson_sqlcheck` to add it to your `Cargo.toml`
[INFO] [stdout] 
[INFO] [stdout] 
[INFO] [stderr] error: could not compile `keelson-psql` (test "grammar_merge") due to 1 previous error
[INFO] [stdout] error[E0433]: cannot find module or crate `keelson_sqlcheck` in this scope
[INFO] [stdout]     --> tests/grammar_select.rs:3002:8
[INFO] [stdout]      |
[INFO] [stdout] 3002 |     if keelson_sqlcheck::live::available().contains(&Dialect::Psql) {
[INFO] [stdout]      |        ^^^^^^^^^^^^^^^^ use of unresolved module or unlinked crate `keelson_sqlcheck`
[INFO] [stdout]      |
[INFO] [stdout]      = help: if you wanted to use a crate named `keelson_sqlcheck`, use `cargo add keelson_sqlcheck` to add it to your `Cargo.toml`
[INFO] [stdout] 
[INFO] [stdout] 
[INFO] [stdout] error[E0433]: cannot find module or crate `keelson_sqlcheck` in this scope
[INFO] [stdout]    --> tests/combinatorial.rs:136:5
[INFO] [stdout]     |
[INFO] [stdout] 136 |     keelson_sqlcheck::record(keelson_sqlcheck::Dialect::Psql, sql);
[INFO] [stdout]     |     ^^^^^^^^^^^^^^^^ use of unresolved module or unlinked crate `keelson_sqlcheck`
[INFO] [stdout]     |
[INFO] [stdout]     = help: if you wanted to use a crate named `keelson_sqlcheck`, use `cargo add keelson_sqlcheck` to add it to your `Cargo.toml`
[INFO] [stdout] 
[INFO] [stdout] 
[INFO] [stdout] error[E0433]: cannot find module or crate `keelson_sqlcheck` in this scope
[INFO] [stdout]     --> tests/grammar_select.rs:3004:13
[INFO] [stdout]      |
[INFO] [stdout] 3004 |             keelson_sqlcheck::live::check(Dialect::Psql, &sql).is_err(),
[INFO] [stdout]      |             ^^^^^^^^^^^^^^^^ use of unresolved module or unlinked crate `keelson_sqlcheck`
[INFO] [stdout]      |
[INFO] [stdout]      = help: if you wanted to use a crate named `keelson_sqlcheck`, use `cargo add keelson_sqlcheck` to add it to your `Cargo.toml`
[INFO] [stdout] 
[INFO] [stdout] 
[INFO] [stdout] error[E0433]: cannot find module or crate `keelson_sqlcheck` in this scope
[INFO] [stdout]    --> tests/smoke.rs:906:9
[INFO] [stdout]     |
[INFO] [stdout] 906 |         keelson_sqlcheck::check_psql(&sql).is_err(),
[INFO] [stdout]     |         ^^^^^^^^^^^^^^^^ use of unresolved module or unlinked crate `keelson_sqlcheck`
[INFO] [stdout]     |
[INFO] [stdout]     = help: if you wanted to use a crate named `keelson_sqlcheck`, use `cargo add keelson_sqlcheck` to add it to your `Cargo.toml`
[INFO] [stdout] 
[INFO] [stdout] 
[INFO] [stdout] error[E0433]: cannot find module or crate `keelson_sqlcheck` in this scope
[INFO] [stdout]     --> tests/grammar_dml.rs:1798:9
[INFO] [stdout]      |
[INFO] [stdout] 1798 |         keelson_sqlcheck::check_psql(&sql).is_err(),
[INFO] [stdout]      |         ^^^^^^^^^^^^^^^^ use of unresolved module or unlinked crate `keelson_sqlcheck`
[INFO] [stdout]      |
[INFO] [stdout]      = help: if you wanted to use a crate named `keelson_sqlcheck`, use `cargo add keelson_sqlcheck` to add it to your `Cargo.toml`
[INFO] [stdout] 
[INFO] [stdout] 
[INFO] [stdout] error[E0433]: cannot find module or crate `keelson_sqlcheck` in this scope
[INFO] [stdout]     --> tests/grammar_dml.rs:1809:9
[INFO] [stdout]      |
[INFO] [stdout] 1809 |         keelson_sqlcheck::check_psql(&sql).is_err(),
[INFO] [stdout]      |         ^^^^^^^^^^^^^^^^ use of unresolved module or unlinked crate `keelson_sqlcheck`
[INFO] [stdout]      |
[INFO] [stdout]      = help: if you wanted to use a crate named `keelson_sqlcheck`, use `cargo add keelson_sqlcheck` to add it to your `Cargo.toml`
[INFO] [stdout] 
[INFO] [stdout] 
[INFO] [stdout] error[E0433]: cannot find module or crate `keelson_sqlcheck` in this scope
[INFO] [stdout]     --> tests/grammar_dml.rs:1837:9
[INFO] [stdout]      |
[INFO] [stdout] 1837 |         keelson_sqlcheck::check_psql(&sql).is_ok(),
[INFO] [stdout]      |         ^^^^^^^^^^^^^^^^ use of unresolved module or unlinked crate `keelson_sqlcheck`
[INFO] [stdout]      |
[INFO] [stdout]      = help: if you wanted to use a crate named `keelson_sqlcheck`, use `cargo add keelson_sqlcheck` to add it to your `Cargo.toml`
[INFO] [stdout] 
[INFO] [stdout] 
[INFO] [stdout] error[E0433]: cannot find module or crate `keelson_sqlcheck` in this scope
[INFO] [stdout]     --> tests/grammar_dml.rs:1975:9
[INFO] [stdout]      |
[INFO] [stdout] 1975 |         keelson_sqlcheck::check_psql(&sql).is_err(),
[INFO] [stdout]      |         ^^^^^^^^^^^^^^^^ use of unresolved module or unlinked crate `keelson_sqlcheck`
[INFO] [stdout]      |
[INFO] [stdout]      = help: if you wanted to use a crate named `keelson_sqlcheck`, use `cargo add keelson_sqlcheck` to add it to your `Cargo.toml`
[INFO] [stdout] 
[INFO] [stdout] 
[INFO] [stdout] error[E0433]: cannot find module or crate `keelson_sqlcheck` in this scope
[INFO] [stdout]     --> tests/grammar_select.rs:1578:13
[INFO] [stdout]      |
[INFO] [stdout] 1578 |             keelson_sqlcheck::normalize(&sql),
[INFO] [stdout]      |             ^^^^^^^^^^^^^^^^ use of unresolved module or unlinked crate `keelson_sqlcheck`
[INFO] [stdout]      |
[INFO] [stdout]      = help: if you wanted to use a crate named `keelson_sqlcheck`, use `cargo add keelson_sqlcheck` to add it to your `Cargo.toml`
[INFO] [stdout] 
[INFO] [stdout] 
[INFO] [stdout] error[E0433]: cannot find module or crate `keelson_sqlcheck` in this scope
[INFO] [stdout]     --> tests/grammar_select.rs:1579:13
[INFO] [stdout]      |
[INFO] [stdout] 1579 |             keelson_sqlcheck::normalize(expected)
[INFO] [stdout]      |             ^^^^^^^^^^^^^^^^ use of unresolved module or unlinked crate `keelson_sqlcheck`
[INFO] [stdout]      |
[INFO] [stdout]      = help: if you wanted to use a crate named `keelson_sqlcheck`, use `cargo add keelson_sqlcheck` to add it to your `Cargo.toml`
[INFO] [stdout] 
[INFO] [stdout] 
[INFO] [stdout] error[E0433]: cannot find module or crate `keelson_sqlcheck` in this scope
[INFO] [stdout]     --> tests/grammar_select.rs:1582:13
[INFO] [stdout]      |
[INFO] [stdout] 1582 |             keelson_sqlcheck::check_psql(&sql).is_err(),
[INFO] [stdout]      |             ^^^^^^^^^^^^^^^^ use of unresolved module or unlinked crate `keelson_sqlcheck`
[INFO] [stdout]      |
[INFO] [stdout]      = help: if you wanted to use a crate named `keelson_sqlcheck`, use `cargo add keelson_sqlcheck` to add it to your `Cargo.toml`
[INFO] [stdout] 
[INFO] [stdout] 
[INFO] [stdout] Some errors have detailed explanations: E0432, E0433.
[INFO] [stdout] 
[INFO] [stdout] Some errors have detailed explanations: E0432, E0433.
[INFO] [stdout] 
[INFO] [stdout] For more information about an error, try `rustc --explain E0432`.
[INFO] [stdout] 
[INFO] [stdout] For more information about an error, try `rustc --explain E0432`.
[INFO] [stdout] 
[INFO] [stdout] error[E0433]: cannot find module or crate `keelson_sqlcheck` in this scope
[INFO] [stdout]     --> tests/grammar_select.rs:1816:9
[INFO] [stdout]      |
[INFO] [stdout] 1816 |         keelson_sqlcheck::normalize(&sql),
[INFO] [stdout]      |         ^^^^^^^^^^^^^^^^ use of unresolved module or unlinked crate `keelson_sqlcheck`
[INFO] [stdout]      |
[INFO] [stdout]      = help: if you wanted to use a crate named `keelson_sqlcheck`, use `cargo add keelson_sqlcheck` to add it to your `Cargo.toml`
[INFO] [stdout] 
[INFO] [stdout] 
[INFO] [stdout] error[E0433]: cannot find module or crate `keelson_sqlcheck` in this scope
[INFO] [stdout]     --> tests/grammar_select.rs:1821:5
[INFO] [stdout]      |
[INFO] [stdout] 1821 |     keelson_sqlcheck::assert_valid(Dialect::Psql, &sql);
[INFO] [stdout]      |     ^^^^^^^^^^^^^^^^ use of unresolved module or unlinked crate `keelson_sqlcheck`
[INFO] [stdout]      |
[INFO] [stdout]      = help: if you wanted to use a crate named `keelson_sqlcheck`, use `cargo add keelson_sqlcheck` to add it to your `Cargo.toml`
[INFO] [stdout] 
[INFO] [stdout] 
[INFO] [stderr] error: could not compile `keelson-psql` (test "grammar_dml") due to 5 previous errors
[INFO] [stderr] error: could not compile `keelson-psql` (test "smoke") due to 2 previous errors
[INFO] [stdout] error[E0433]: cannot find module or crate `keelson_sqlcheck` in this scope
[INFO] [stdout]     --> tests/grammar_select.rs:2998:9
[INFO] [stdout]      |
[INFO] [stdout] 2998 |         keelson_sqlcheck::normalize(&sql),
[INFO] [stdout]      |         ^^^^^^^^^^^^^^^^ use of unresolved module or unlinked crate `keelson_sqlcheck`
[INFO] [stdout]      |
[INFO] [stdout]      = help: if you wanted to use a crate named `keelson_sqlcheck`, use `cargo add keelson_sqlcheck` to add it to your `Cargo.toml`
[INFO] [stdout] 
[INFO] [stdout] 
[INFO] [stdout] error[E0433]: cannot find module or crate `keelson_sqlcheck` in this scope
[INFO] [stdout]     --> tests/grammar_select.rs:3001:5
[INFO] [stdout]      |
[INFO] [stdout] 3001 |     keelson_sqlcheck::assert_valid(Dialect::Psql, &sql);
[INFO] [stdout]      |     ^^^^^^^^^^^^^^^^ use of unresolved module or unlinked crate `keelson_sqlcheck`
[INFO] [stdout]      |
[INFO] [stdout]      = help: if you wanted to use a crate named `keelson_sqlcheck`, use `cargo add keelson_sqlcheck` to add it to your `Cargo.toml`
[INFO] [stdout] 
[INFO] [stdout] 
[INFO] [stdout] error[E0433]: cannot find module or crate `keelson_sqlcheck` in this scope
[INFO] [stdout]     --> tests/grammar_select.rs:3176:19
[INFO] [stdout]      |
[INFO] [stdout] 3176 |         let err = keelson_sqlcheck::check_psql(&sql)
[INFO] [stdout]      |                   ^^^^^^^^^^^^^^^^ use of unresolved module or unlinked crate `keelson_sqlcheck`
[INFO] [stdout]      |
[INFO] [stdout]      = help: if you wanted to use a crate named `keelson_sqlcheck`, use `cargo add keelson_sqlcheck` to add it to your `Cargo.toml`
[INFO] [stdout] 
[INFO] [stdout] 
[INFO] [stdout] Some errors have detailed explanations: E0432, E0433.
[INFO] [stdout] 
[INFO] [stdout] For more information about an error, try `rustc --explain E0432`.
[INFO] [stdout] 
[INFO] [stderr] error: could not compile `keelson-psql` (test "grammar_select") due to 15 previous errors
[INFO] [stdout] For more information about this error, try `rustc --explain E0433`.
[INFO] [stdout] 
[INFO] [stderr] error: could not compile `keelson-psql` (test "combinatorial") due to 2 previous errors
[INFO] running `Command { std: "docker" "inspect" "40f5f094dbefb0f0c6a8acc82e2ac98bd55433cde31ed9c96fc117dd8171c3da", kill_on_drop: false }`
[INFO] running `Command { std: "docker" "rm" "-f" "40f5f094dbefb0f0c6a8acc82e2ac98bd55433cde31ed9c96fc117dd8171c3da", kill_on_drop: false }`
[INFO] [stdout] 40f5f094dbefb0f0c6a8acc82e2ac98bd55433cde31ed9c96fc117dd8171c3da
