[INFO] fetching crate keelson-mysql 0.2.1...
[INFO] testing keelson-mysql-0.2.1 against 1.99.0-beta.8+cargoflags=--release for beta-release-1.100-2
[INFO] extracting crate keelson-mysql 0.2.1 into /workspace/builds/worker-5-tc1/source
[INFO] started tweaking crates.io crate keelson-mysql 0.2.1
[INFO] removed 0 missing tests
[INFO] finished tweaking crates.io crate keelson-mysql 0.2.1
[INFO] tweaked toml for crates.io crate keelson-mysql 0.2.1 written to /workspace/builds/worker-5-tc1/source/Cargo.toml
[INFO] validating manifest of crates.io crate keelson-mysql 0.2.1 on toolchain 1.99.0-beta.8
[INFO] running `Command { std: CARGO_HOME="/workspace/cargo-home" RUSTUP_HOME="/workspace/rustup-home" "/workspace/cargo-home/bin/cargo" "+1.99.0-beta.8" "metadata" "--manifest-path" "Cargo.toml" "--no-deps", kill_on_drop: false }`
[INFO] crate crates.io crate keelson-mysql 0.2.1 already has a lockfile, it will not be regenerated
[INFO] running `Command { std: CARGO_HOME="/workspace/cargo-home" RUSTUP_HOME="/workspace/rustup-home" "/workspace/cargo-home/bin/cargo" "+1.99.0-beta.8" "fetch" "--manifest-path" "Cargo.toml", kill_on_drop: false }`
[INFO] [stderr]     Updating crates.io index
[INFO] [stderr]  Downloading crates ...
[INFO] [stderr]   Downloaded keelson-core v0.2.1
[INFO] [stderr]   Downloaded keelson-macros v0.2.1
[INFO] running `Command { std: "docker" "create" "-v" "/var/lib/crater-agent-workspace/builds/worker-5-tc1/source:/opt/rustwide/workdir:ro,Z" "-v" "/var/lib/crater-agent-workspace/builds/worker-5-tc1/target:/opt/rustwide/target:rw,Z" "-v" "/var/lib/crater-agent-workspace/cargo-home:/opt/rustwide/cargo-home:ro,Z" "-v" "/var/lib/crater-agent-workspace/rustup-home:/opt/rustwide/rustup-home:ro,Z" "-m" "1610612736" "--network" "none" "ghcr.io/rust-lang/crates-build-env/linux@sha256:77db811e55d90add9212f6832c23229e3de5f1c1f9905e8cb07319ea15df73ac" "sleep" "infinity", kill_on_drop: false }`
[INFO] [stdout] 590776bf249c46b2ebb40d0f8ecd313c7d44229d17b4339b84071b4eb8451dbf
[INFO] running `Command { std: "docker" "start" "590776bf249c46b2ebb40d0f8ecd313c7d44229d17b4339b84071b4eb8451dbf", kill_on_drop: false }`
[INFO] running `Command { std: "docker" "inspect" "590776bf249c46b2ebb40d0f8ecd313c7d44229d17b4339b84071b4eb8451dbf", kill_on_drop: false }`
[INFO] running `Command { std: "docker" "exec" "-e" "SOURCE_DIR=/opt/rustwide/workdir" "-e" "CARGO_HOME=/opt/rustwide/cargo-home" "-e" "RUSTUP_HOME=/opt/rustwide/rustup-home" "-e" "CARGO_TARGET_DIR=/opt/rustwide/target" "-w" "/opt/rustwide/workdir" "--user" "0:0" "590776bf249c46b2ebb40d0f8ecd313c7d44229d17b4339b84071b4eb8451dbf" "/opt/rustwide/cargo-home/bin/cargo" "+1.99.0-beta.8" "metadata" "--no-deps" "--format-version=1", kill_on_drop: false }`
[INFO] running `Command { std: "docker" "inspect" "590776bf249c46b2ebb40d0f8ecd313c7d44229d17b4339b84071b4eb8451dbf", kill_on_drop: false }`
[INFO] running `Command { std: "docker" "exec" "-e" "SOURCE_DIR=/opt/rustwide/workdir" "-e" "CARGO_HOME=/opt/rustwide/cargo-home" "-e" "RUSTUP_HOME=/opt/rustwide/rustup-home" "-e" "CARGO_TARGET_DIR=/opt/rustwide/target" "-e" "CARGO_INCREMENTAL=0" "-e" "RUST_BACKTRACE=full" "-e" "RUSTFLAGS=--cap-lints=warn" "-e" "RUSTDOCFLAGS=--cap-lints=warn" "-w" "/opt/rustwide/workdir" "--user" "0:0" "590776bf249c46b2ebb40d0f8ecd313c7d44229d17b4339b84071b4eb8451dbf" "/opt/rustwide/cargo-home/bin/cargo" "+1.99.0-beta.8" "build" "--frozen" "--message-format=json" "--release", kill_on_drop: false }`
[INFO] [stderr]    Compiling keelson-core v0.2.1
[INFO] [stderr]    Compiling keelson-mysql v0.2.1 (/opt/rustwide/workdir)
[INFO] [stderr]     Finished `release` profile [optimized] target(s) in 2.46s
[INFO] running `Command { std: "docker" "inspect" "590776bf249c46b2ebb40d0f8ecd313c7d44229d17b4339b84071b4eb8451dbf", kill_on_drop: false }`
[INFO] running `Command { std: "docker" "exec" "-e" "SOURCE_DIR=/opt/rustwide/workdir" "-e" "CARGO_HOME=/opt/rustwide/cargo-home" "-e" "RUSTUP_HOME=/opt/rustwide/rustup-home" "-e" "CARGO_TARGET_DIR=/opt/rustwide/target" "-e" "CARGO_INCREMENTAL=0" "-e" "RUST_BACKTRACE=full" "-e" "RUSTFLAGS=--cap-lints=warn" "-e" "RUSTDOCFLAGS=--cap-lints=warn" "-w" "/opt/rustwide/workdir" "--user" "0:0" "590776bf249c46b2ebb40d0f8ecd313c7d44229d17b4339b84071b4eb8451dbf" "/opt/rustwide/cargo-home/bin/cargo" "+1.99.0-beta.8" "test" "--frozen" "--no-run" "--message-format=json" "--release", kill_on_drop: false }`
[INFO] [stderr]    Compiling zerocopy v0.8.55
[INFO] [stderr]    Compiling wait-timeout v0.2.1
[INFO] [stderr]    Compiling getrandom v0.4.3
[INFO] [stderr]    Compiling rustix v1.1.4
[INFO] [stderr]    Compiling rand_xorshift v0.4.0
[INFO] [stderr]    Compiling rand v0.9.5
[INFO] [stderr]    Compiling tempfile v3.27.0
[INFO] [stderr]    Compiling rusty-fork v0.3.1
[INFO] [stderr]    Compiling ppv-lite86 v0.2.21
[INFO] [stderr]    Compiling rand_chacha v0.9.0
[INFO] [stderr]    Compiling proptest v1.11.0
[INFO] [stderr]    Compiling keelson-mysql v0.2.1 (/opt/rustwide/workdir)
[INFO] [stdout] error[E0432]: unresolved import `keelson_sqlcheck`
[INFO] [stdout]   --> tests/common/mod.rs:52:5
[INFO] [stdout]    |
[INFO] [stdout] 52 | use keelson_sqlcheck::{Dialect, assert_sql, assert_valid, live, normalize};
[INFO] [stdout]    |     ^^^^^^^^^^^^^^^^ use of unresolved module or unlinked crate `keelson_sqlcheck`
[INFO] [stdout]    |
[INFO] [stdout]    = help: if you wanted to use a crate named `keelson_sqlcheck`, use `cargo add keelson_sqlcheck` to add it to your `Cargo.toml`
[INFO] [stdout] 
[INFO] [stdout] 
[INFO] [stdout] error[E0433]: cannot find module or crate `keelson_sqlcheck` in this scope
[INFO] [stdout]   --> tests/common/mod.rs:99:9
[INFO] [stdout]    |
[INFO] [stdout] 99 |         keelson_sqlcheck::check_mysql(&sql).is_err(),
[INFO] [stdout]    |         ^^^^^^^^^^^^^^^^ use of unresolved module or unlinked crate `keelson_sqlcheck`
[INFO] [stdout]    |
[INFO] [stdout]    = help: if you wanted to use a crate named `keelson_sqlcheck`, use `cargo add keelson_sqlcheck` to add it to your `Cargo.toml`
[INFO] [stdout] 
[INFO] [stdout] 
[INFO] [stdout] error[E0433]: cannot find module or crate `keelson_sqlcheck` in this scope
[INFO] [stdout]    --> tests/common/mod.rs:106:5
[INFO] [stdout]     |
[INFO] [stdout] 106 |     keelson_sqlcheck::record(Dialect::Mysql, &sql);
[INFO] [stdout]     |     ^^^^^^^^^^^^^^^^ use of unresolved module or unlinked crate `keelson_sqlcheck`
[INFO] [stdout]     |
[INFO] [stdout]     = help: if you wanted to use a crate named `keelson_sqlcheck`, use `cargo add keelson_sqlcheck` to add it to your `Cargo.toml`
[INFO] [stdout] 
[INFO] [stdout] 
[INFO] [stdout] error[E0433]: cannot find module or crate `keelson_sqlcheck` in this scope
[INFO] [stdout]    --> tests/common/mod.rs:160:9
[INFO] [stdout]     |
[INFO] [stdout] 160 |         keelson_sqlcheck::check_mysql(&sql).is_err(),
[INFO] [stdout]     |         ^^^^^^^^^^^^^^^^ use of unresolved module or unlinked crate `keelson_sqlcheck`
[INFO] [stdout]     |
[INFO] [stdout]     = help: if you wanted to use a crate named `keelson_sqlcheck`, use `cargo add keelson_sqlcheck` to add it to your `Cargo.toml`
[INFO] [stdout] 
[INFO] [stdout] 
[INFO] [stdout] error[E0433]: cannot find module or crate `keelson_sqlcheck` in this scope
[INFO] [stdout]    --> tests/common/mod.rs:165:5
[INFO] [stdout]     |
[INFO] [stdout] 165 |     keelson_sqlcheck::record(Dialect::Mysql, &sql);
[INFO] [stdout]     |     ^^^^^^^^^^^^^^^^ use of unresolved module or unlinked crate `keelson_sqlcheck`
[INFO] [stdout]     |
[INFO] [stdout]     = help: if you wanted to use a crate named `keelson_sqlcheck`, use `cargo add keelson_sqlcheck` to add it to your `Cargo.toml`
[INFO] [stdout] 
[INFO] [stdout] 
[INFO] [stdout] error[E0432]: unresolved import `keelson_sqlcheck`
[INFO] [stdout]   --> tests/common/mod.rs:52:5
[INFO] [stdout]    |
[INFO] [stdout] 52 | use keelson_sqlcheck::{Dialect, assert_sql, assert_valid, live, normalize};
[INFO] [stdout]    |     ^^^^^^^^^^^^^^^^ use of unresolved module or unlinked crate `keelson_sqlcheck`
[INFO] [stdout]    |
[INFO] [stdout]    = help: if you wanted to use a crate named `keelson_sqlcheck`, use `cargo add keelson_sqlcheck` to add it to your `Cargo.toml`
[INFO] [stdout] 
[INFO] [stdout] 
[INFO] [stdout] error[E0432]: unresolved import `keelson_sqlcheck`
[INFO] [stdout]   --> tests/common/mod.rs:52:5
[INFO] [stdout]    |
[INFO] [stdout] 52 | use keelson_sqlcheck::{Dialect, assert_sql, assert_valid, live, normalize};
[INFO] [stdout]    |     ^^^^^^^^^^^^^^^^ use of unresolved module or unlinked crate `keelson_sqlcheck`
[INFO] [stdout]    |
[INFO] [stdout]    = help: if you wanted to use a crate named `keelson_sqlcheck`, use `cargo add keelson_sqlcheck` to add it to your `Cargo.toml`
[INFO] [stdout] 
[INFO] [stdout] 
[INFO] [stdout] error[E0432]: unresolved import `keelson_sqlcheck`
[INFO] [stdout]   --> tests/common/mod.rs:52:5
[INFO] [stdout]    |
[INFO] [stdout] 52 | use keelson_sqlcheck::{Dialect, assert_sql, assert_valid, live, normalize};
[INFO] [stdout]    |     ^^^^^^^^^^^^^^^^ use of unresolved module or unlinked crate `keelson_sqlcheck`
[INFO] [stdout]    |
[INFO] [stdout]    = help: if you wanted to use a crate named `keelson_sqlcheck`, use `cargo add keelson_sqlcheck` to add it to your `Cargo.toml`
[INFO] [stdout] 
[INFO] [stdout] 
[INFO] [stdout] Some errors have detailed explanations: E0432, E0433.
[INFO] [stdout] 
[INFO] [stdout] For more information about an error, try `rustc --explain E0432`.
[INFO] [stdout] 
[INFO] [stderr] error: could not compile `keelson-mysql` (test "grammar_values") due to 5 previous errors
[INFO] [stderr] warning: build failed, waiting for other jobs to finish...
[INFO] [stdout] error[E0433]: cannot find module or crate `keelson_sqlcheck` in this scope
[INFO] [stdout]   --> tests/common/mod.rs:99:9
[INFO] [stdout]    |
[INFO] [stdout] 99 |         keelson_sqlcheck::check_mysql(&sql).is_err(),
[INFO] [stdout]    |         ^^^^^^^^^^^^^^^^ use of unresolved module or unlinked crate `keelson_sqlcheck`
[INFO] [stdout]    |
[INFO] [stdout]    = help: if you wanted to use a crate named `keelson_sqlcheck`, use `cargo add keelson_sqlcheck` to add it to your `Cargo.toml`
[INFO] [stdout] 
[INFO] [stdout] 
[INFO] [stdout] error[E0433]: cannot find module or crate `keelson_sqlcheck` in this scope
[INFO] [stdout]    --> tests/common/mod.rs:106:5
[INFO] [stdout]     |
[INFO] [stdout] 106 |     keelson_sqlcheck::record(Dialect::Mysql, &sql);
[INFO] [stdout]     |     ^^^^^^^^^^^^^^^^ use of unresolved module or unlinked crate `keelson_sqlcheck`
[INFO] [stdout]     |
[INFO] [stdout]     = help: if you wanted to use a crate named `keelson_sqlcheck`, use `cargo add keelson_sqlcheck` to add it to your `Cargo.toml`
[INFO] [stdout] 
[INFO] [stdout] 
[INFO] [stdout] error[E0433]: cannot find module or crate `keelson_sqlcheck` in this scope
[INFO] [stdout]    --> tests/common/mod.rs:160:9
[INFO] [stdout]     |
[INFO] [stdout] 160 |         keelson_sqlcheck::check_mysql(&sql).is_err(),
[INFO] [stdout]     |         ^^^^^^^^^^^^^^^^ use of unresolved module or unlinked crate `keelson_sqlcheck`
[INFO] [stdout]     |
[INFO] [stdout]     = help: if you wanted to use a crate named `keelson_sqlcheck`, use `cargo add keelson_sqlcheck` to add it to your `Cargo.toml`
[INFO] [stdout] 
[INFO] [stdout] 
[INFO] [stdout] error[E0433]: cannot find module or crate `keelson_sqlcheck` in this scope
[INFO] [stdout]    --> tests/common/mod.rs:165:5
[INFO] [stdout]     |
[INFO] [stdout] 165 |     keelson_sqlcheck::record(Dialect::Mysql, &sql);
[INFO] [stdout]     |     ^^^^^^^^^^^^^^^^ use of unresolved module or unlinked crate `keelson_sqlcheck`
[INFO] [stdout]     |
[INFO] [stdout]     = help: if you wanted to use a crate named `keelson_sqlcheck`, use `cargo add keelson_sqlcheck` to add it to your `Cargo.toml`
[INFO] [stdout] 
[INFO] [stdout] 
[INFO] [stdout] error[E0432]: unresolved import `keelson_sqlcheck`
[INFO] [stdout]   --> tests/combinatorial.rs:53:5
[INFO] [stdout]    |
[INFO] [stdout] 53 | use keelson_sqlcheck::{Dialect, live, normalize};
[INFO] [stdout]    |     ^^^^^^^^^^^^^^^^ use of unresolved module or unlinked crate `keelson_sqlcheck`
[INFO] [stdout]    |
[INFO] [stdout]    = help: if you wanted to use a crate named `keelson_sqlcheck`, use `cargo add keelson_sqlcheck` to add it to your `Cargo.toml`
[INFO] [stdout] 
[INFO] [stdout] 
[INFO] [stdout] error[E0432]: unresolved import `keelson_sqlcheck`
[INFO] [stdout]   --> tests/common/mod.rs:52:5
[INFO] [stdout]    |
[INFO] [stdout] 52 | use keelson_sqlcheck::{Dialect, assert_sql, assert_valid, live, normalize};
[INFO] [stdout]    |     ^^^^^^^^^^^^^^^^ use of unresolved module or unlinked crate `keelson_sqlcheck`
[INFO] [stdout]    |
[INFO] [stdout]    = help: if you wanted to use a crate named `keelson_sqlcheck`, use `cargo add keelson_sqlcheck` to add it to your `Cargo.toml`
[INFO] [stdout] 
[INFO] [stdout] 
[INFO] [stdout] error[E0433]: cannot find module or crate `keelson_sqlcheck` in this scope
[INFO] [stdout]   --> tests/common/mod.rs:99:9
[INFO] [stdout]    |
[INFO] [stdout] 99 |         keelson_sqlcheck::check_mysql(&sql).is_err(),
[INFO] [stdout]    |         ^^^^^^^^^^^^^^^^ use of unresolved module or unlinked crate `keelson_sqlcheck`
[INFO] [stdout]    |
[INFO] [stdout]    = help: if you wanted to use a crate named `keelson_sqlcheck`, use `cargo add keelson_sqlcheck` to add it to your `Cargo.toml`
[INFO] [stdout] 
[INFO] [stdout] 
[INFO] [stdout] error[E0433]: cannot find module or crate `keelson_sqlcheck` in this scope
[INFO] [stdout]    --> tests/common/mod.rs:106:5
[INFO] [stdout]     |
[INFO] [stdout] 106 |     keelson_sqlcheck::record(Dialect::Mysql, &sql);
[INFO] [stdout]     |     ^^^^^^^^^^^^^^^^ use of unresolved module or unlinked crate `keelson_sqlcheck`
[INFO] [stdout]     |
[INFO] [stdout]     = help: if you wanted to use a crate named `keelson_sqlcheck`, use `cargo add keelson_sqlcheck` to add it to your `Cargo.toml`
[INFO] [stdout] 
[INFO] [stdout] 
[INFO] [stdout] error[E0433]: cannot find module or crate `keelson_sqlcheck` in this scope
[INFO] [stdout]    --> tests/common/mod.rs:160:9
[INFO] [stdout]     |
[INFO] [stdout] 160 |         keelson_sqlcheck::check_mysql(&sql).is_err(),
[INFO] [stdout]     |         ^^^^^^^^^^^^^^^^ use of unresolved module or unlinked crate `keelson_sqlcheck`
[INFO] [stdout]     |
[INFO] [stdout]     = help: if you wanted to use a crate named `keelson_sqlcheck`, use `cargo add keelson_sqlcheck` to add it to your `Cargo.toml`
[INFO] [stdout] 
[INFO] [stdout] 
[INFO] [stdout] error[E0433]: cannot find module or crate `keelson_sqlcheck` in this scope
[INFO] [stdout]    --> tests/common/mod.rs:165:5
[INFO] [stdout]     |
[INFO] [stdout] 165 |     keelson_sqlcheck::record(Dialect::Mysql, &sql);
[INFO] [stdout]     |     ^^^^^^^^^^^^^^^^ use of unresolved module or unlinked crate `keelson_sqlcheck`
[INFO] [stdout]     |
[INFO] [stdout]     = help: if you wanted to use a crate named `keelson_sqlcheck`, use `cargo add keelson_sqlcheck` to add it to your `Cargo.toml`
[INFO] [stdout] 
[INFO] [stdout] 
[INFO] [stdout] error[E0433]: cannot find module or crate `keelson_sqlcheck` in this scope
[INFO] [stdout]   --> tests/common/mod.rs:99:9
[INFO] [stdout]    |
[INFO] [stdout] 99 |         keelson_sqlcheck::check_mysql(&sql).is_err(),
[INFO] [stdout]    |         ^^^^^^^^^^^^^^^^ use of unresolved module or unlinked crate `keelson_sqlcheck`
[INFO] [stdout]    |
[INFO] [stdout]    = help: if you wanted to use a crate named `keelson_sqlcheck`, use `cargo add keelson_sqlcheck` to add it to your `Cargo.toml`
[INFO] [stdout] 
[INFO] [stdout] 
[INFO] [stdout] error[E0433]: cannot find module or crate `keelson_sqlcheck` in this scope
[INFO] [stdout]    --> tests/common/mod.rs:106:5
[INFO] [stdout]     |
[INFO] [stdout] 106 |     keelson_sqlcheck::record(Dialect::Mysql, &sql);
[INFO] [stdout]     |     ^^^^^^^^^^^^^^^^ use of unresolved module or unlinked crate `keelson_sqlcheck`
[INFO] [stdout]     |
[INFO] [stdout]     = help: if you wanted to use a crate named `keelson_sqlcheck`, use `cargo add keelson_sqlcheck` to add it to your `Cargo.toml`
[INFO] [stdout] 
[INFO] [stdout] 
[INFO] [stdout] Some errors have detailed explanations: E0432, E0433.
[INFO] [stdout] 
[INFO] [stdout] For more information about an error, try `rustc --explain E0432`.
[INFO] [stdout] 
[INFO] [stderr] error: could not compile `keelson-mysql` (test "grammar_select") due to 5 previous errors
[INFO] [stdout] error[E0433]: cannot find module or crate `keelson_sqlcheck` in this scope
[INFO] [stdout]    --> tests/common/mod.rs:160:9
[INFO] [stdout]     |
[INFO] [stdout] 160 |         keelson_sqlcheck::check_mysql(&sql).is_err(),
[INFO] [stdout]     |         ^^^^^^^^^^^^^^^^ use of unresolved module or unlinked crate `keelson_sqlcheck`
[INFO] [stdout]     |
[INFO] [stdout]     = help: if you wanted to use a crate named `keelson_sqlcheck`, use `cargo add keelson_sqlcheck` to add it to your `Cargo.toml`
[INFO] [stdout] 
[INFO] [stdout] 
[INFO] [stdout] error[E0433]: cannot find module or crate `keelson_sqlcheck` in this scope
[INFO] [stdout]    --> tests/common/mod.rs:165:5
[INFO] [stdout]     |
[INFO] [stdout] 165 |     keelson_sqlcheck::record(Dialect::Mysql, &sql);
[INFO] [stdout]     |     ^^^^^^^^^^^^^^^^ use of unresolved module or unlinked crate `keelson_sqlcheck`
[INFO] [stdout]     |
[INFO] [stdout]     = help: if you wanted to use a crate named `keelson_sqlcheck`, use `cargo add keelson_sqlcheck` to add it to your `Cargo.toml`
[INFO] [stdout] 
[INFO] [stdout] 
[INFO] [stderr] error: could not compile `keelson-mysql` (test "grammar_delete") due to 5 previous errors
[INFO] [stdout] Some errors have detailed explanations: E0432, E0433.
[INFO] [stdout] 
[INFO] [stdout] For more information about an error, try `rustc --explain E0432`.
[INFO] [stdout] 
[INFO] [stdout] Some errors have detailed explanations: E0432, E0433.
[INFO] [stdout] 
[INFO] [stdout] For more information about an error, try `rustc --explain E0432`.
[INFO] [stdout] 
[INFO] [stderr] error: could not compile `keelson-mysql` (test "grammar_update") due to 5 previous errors
[INFO] [stdout] error[E0433]: cannot find module or crate `keelson_sqlcheck` in this scope
[INFO] [stdout]   --> tests/property.rs:58:5
[INFO] [stdout]    |
[INFO] [stdout] 58 | use keelson_sqlcheck::property::{
[INFO] [stdout]    |     ^^^^^^^^^^^^^^^^ use of unresolved module or unlinked crate `keelson_sqlcheck`
[INFO] [stdout]    |
[INFO] [stdout]    = help: if you wanted to use a crate named `keelson_sqlcheck`, use `cargo add keelson_sqlcheck` to add it to your `Cargo.toml`
[INFO] [stdout] 
[INFO] [stdout] 
[INFO] [stdout] error[E0432]: unresolved import `keelson_sqlcheck`
[INFO] [stdout]   --> tests/property.rs:62:5
[INFO] [stdout]    |
[INFO] [stdout] 62 | use keelson_sqlcheck::{Dialect, live};
[INFO] [stdout]    |     ^^^^^^^^^^^^^^^^ use of unresolved module or unlinked crate `keelson_sqlcheck`
[INFO] [stdout]    |
[INFO] [stdout]    = help: if you wanted to use a crate named `keelson_sqlcheck`, use `cargo add keelson_sqlcheck` to add it to your `Cargo.toml`
[INFO] [stdout] 
[INFO] [stdout] 
[INFO] [stdout] error[E0433]: cannot find module or crate `keelson_sqlcheck` in this scope
[INFO] [stdout]    --> tests/combinatorial.rs:233:13
[INFO] [stdout]     |
[INFO] [stdout] 233 |             keelson_sqlcheck::record(Dialect::Mysql, &sql);
[INFO] [stdout]     |             ^^^^^^^^^^^^^^^^ use of unresolved module or unlinked crate `keelson_sqlcheck`
[INFO] [stdout]     |
[INFO] [stdout]     = help: if you wanted to use a crate named `keelson_sqlcheck`, use `cargo add keelson_sqlcheck` to add it to your `Cargo.toml`
[INFO] [stdout] 
[INFO] [stdout] 
[INFO] [stdout] error[E0433]: cannot find module or crate `keelson_sqlcheck` in this scope
[INFO] [stdout]    --> tests/combinatorial.rs:235:37
[INFO] [stdout]     |
[INFO] [stdout] 235 |         if !has_gap && let Err(e) = keelson_sqlcheck::check_mysql(&sql) {
[INFO] [stdout]     |                                     ^^^^^^^^^^^^^^^^ use of unresolved module or unlinked crate `keelson_sqlcheck`
[INFO] [stdout]     |
[INFO] [stdout]     = help: if you wanted to use a crate named `keelson_sqlcheck`, use `cargo add keelson_sqlcheck` to add it to your `Cargo.toml`
[INFO] [stdout] 
[INFO] [stdout] 
[INFO] [stdout] error[E0433]: cannot find module or crate `keelson_sqlcheck` in this scope
[INFO] [stdout]    --> tests/combinatorial.rs:329:13
[INFO] [stdout]     |
[INFO] [stdout] 329 |             keelson_sqlcheck::check_mysql(sql).is_err(),
[INFO] [stdout]     |             ^^^^^^^^^^^^^^^^ use of unresolved module or unlinked crate `keelson_sqlcheck`
[INFO] [stdout]     |
[INFO] [stdout]     = help: if you wanted to use a crate named `keelson_sqlcheck`, use `cargo add keelson_sqlcheck` to add it to your `Cargo.toml`
[INFO] [stdout] 
[INFO] [stdout] 
[INFO] [stdout] error[E0433]: cannot find module or crate `keelson_sqlcheck` in this scope
[INFO] [stdout]   --> tests/common/mod.rs:99:9
[INFO] [stdout]    |
[INFO] [stdout] 99 |         keelson_sqlcheck::check_mysql(&sql).is_err(),
[INFO] [stdout]    |         ^^^^^^^^^^^^^^^^ use of unresolved module or unlinked crate `keelson_sqlcheck`
[INFO] [stdout]    |
[INFO] [stdout]    = help: if you wanted to use a crate named `keelson_sqlcheck`, use `cargo add keelson_sqlcheck` to add it to your `Cargo.toml`
[INFO] [stdout] 
[INFO] [stdout] 
[INFO] [stdout] error[E0433]: cannot find module or crate `keelson_sqlcheck` in this scope
[INFO] [stdout]    --> tests/common/mod.rs:106:5
[INFO] [stdout]     |
[INFO] [stdout] 106 |     keelson_sqlcheck::record(Dialect::Mysql, &sql);
[INFO] [stdout]     |     ^^^^^^^^^^^^^^^^ use of unresolved module or unlinked crate `keelson_sqlcheck`
[INFO] [stdout]     |
[INFO] [stdout]     = help: if you wanted to use a crate named `keelson_sqlcheck`, use `cargo add keelson_sqlcheck` to add it to your `Cargo.toml`
[INFO] [stdout] 
[INFO] [stdout] 
[INFO] [stdout] error[E0433]: cannot find module or crate `keelson_sqlcheck` in this scope
[INFO] [stdout]    --> tests/common/mod.rs:160:9
[INFO] [stdout]     |
[INFO] [stdout] 160 |         keelson_sqlcheck::check_mysql(&sql).is_err(),
[INFO] [stdout]     |         ^^^^^^^^^^^^^^^^ use of unresolved module or unlinked crate `keelson_sqlcheck`
[INFO] [stdout]     |
[INFO] [stdout]     = help: if you wanted to use a crate named `keelson_sqlcheck`, use `cargo add keelson_sqlcheck` to add it to your `Cargo.toml`
[INFO] [stdout] 
[INFO] [stdout] 
[INFO] [stdout] error[E0433]: cannot find module or crate `keelson_sqlcheck` in this scope
[INFO] [stdout]    --> tests/common/mod.rs:165:5
[INFO] [stdout]     |
[INFO] [stdout] 165 |     keelson_sqlcheck::record(Dialect::Mysql, &sql);
[INFO] [stdout]     |     ^^^^^^^^^^^^^^^^ use of unresolved module or unlinked crate `keelson_sqlcheck`
[INFO] [stdout]     |
[INFO] [stdout]     = help: if you wanted to use a crate named `keelson_sqlcheck`, use `cargo add keelson_sqlcheck` to add it to your `Cargo.toml`
[INFO] [stdout] 
[INFO] [stdout] 
[INFO] [stdout] error[E0433]: cannot find module or crate `keelson_sqlcheck` in this scope
[INFO] [stdout]    --> tests/property.rs:346:11
[INFO] [stdout]     |
[INFO] [stdout] 346 |     match keelson_sqlcheck::check(Dialect::Mysql, &sql) {
[INFO] [stdout]     |           ^^^^^^^^^^^^^^^^ use of unresolved module or unlinked crate `keelson_sqlcheck`
[INFO] [stdout]     |
[INFO] [stdout]     = help: if you wanted to use a crate named `keelson_sqlcheck`, use `cargo add keelson_sqlcheck` to add it to your `Cargo.toml`
[INFO] [stdout] 
[INFO] [stdout] 
[INFO] [stdout] error[E0433]: cannot find module or crate `keelson_sqlcheck` in this scope
[INFO] [stdout]    --> tests/property.rs:348:19
[INFO] [stdout]     |
[INFO] [stdout] 348 |         Err(_) => keelson_sqlcheck::record(Dialect::Mysql, &sql),
[INFO] [stdout]     |                   ^^^^^^^^^^^^^^^^ use of unresolved module or unlinked crate `keelson_sqlcheck`
[INFO] [stdout]     |
[INFO] [stdout]     = help: if you wanted to use a crate named `keelson_sqlcheck`, use `cargo add keelson_sqlcheck` to add it to your `Cargo.toml`
[INFO] [stdout] 
[INFO] [stdout] 
[INFO] [stdout] Some errors have detailed explanations: E0432, E0433.
[INFO] [stdout] 
[INFO] [stdout] For more information about an error, try `rustc --explain E0432`.
[INFO] [stdout] 
[INFO] [stderr] error: could not compile `keelson-mysql` (test "grammar_insert") due to 5 previous errors
[INFO] [stdout] Some errors have detailed explanations: E0432, E0433.
[INFO] [stdout] 
[INFO] [stdout] For more information about an error, try `rustc --explain E0432`.
[INFO] [stdout] 
[INFO] [stderr] error: could not compile `keelson-mysql` (test "property") due to 4 previous errors
[INFO] [stdout] Some errors have detailed explanations: E0432, E0433.
[INFO] [stdout] 
[INFO] [stdout] For more information about an error, try `rustc --explain E0432`.
[INFO] [stdout] 
[INFO] [stderr] error: could not compile `keelson-mysql` (test "combinatorial") due to 4 previous errors
[INFO] running `Command { std: "docker" "inspect" "590776bf249c46b2ebb40d0f8ecd313c7d44229d17b4339b84071b4eb8451dbf", kill_on_drop: false }`
[INFO] running `Command { std: "docker" "rm" "-f" "590776bf249c46b2ebb40d0f8ecd313c7d44229d17b4339b84071b4eb8451dbf", kill_on_drop: false }`
[INFO] [stdout] 590776bf249c46b2ebb40d0f8ecd313c7d44229d17b4339b84071b4eb8451dbf
