[INFO] fetching crate keelson-models 0.2.1...
[INFO] testing keelson-models-0.2.1 against 1.100.0-beta.1+cargoflags=--release for beta-release-1.100-2
[INFO] extracting crate keelson-models 0.2.1 into /workspace/builds/worker-1-tc2/source
[INFO] started tweaking crates.io crate keelson-models 0.2.1
[INFO] removed 0 missing tests
[INFO] finished tweaking crates.io crate keelson-models 0.2.1
[INFO] tweaked toml for crates.io crate keelson-models 0.2.1 written to /workspace/builds/worker-1-tc2/source/Cargo.toml
[INFO] validating manifest of crates.io crate keelson-models 0.2.1 on toolchain 1.100.0-beta.1
[INFO] running `Command { std: CARGO_HOME="/workspace/cargo-home" RUSTUP_HOME="/workspace/rustup-home" "/workspace/cargo-home/bin/cargo" "+1.100.0-beta.1" "metadata" "--manifest-path" "Cargo.toml" "--no-deps", kill_on_drop: false }`
[INFO] crate crates.io crate keelson-models 0.2.1 already has a lockfile, it will not be regenerated
[INFO] running `Command { std: CARGO_HOME="/workspace/cargo-home" RUSTUP_HOME="/workspace/rustup-home" "/workspace/cargo-home/bin/cargo" "+1.100.0-beta.1" "fetch" "--manifest-path" "Cargo.toml", kill_on_drop: false }`
[INFO] running `Command { std: "docker" "create" "-v" "/var/lib/crater-agent-workspace/builds/worker-1-tc2/source:/opt/rustwide/workdir:ro,Z" "-v" "/var/lib/crater-agent-workspace/builds/worker-1-tc2/target:/opt/rustwide/target:rw,Z" "-v" "/var/lib/crater-agent-workspace/cargo-home:/opt/rustwide/cargo-home:ro,Z" "-v" "/var/lib/crater-agent-workspace/rustup-home:/opt/rustwide/rustup-home:ro,Z" "-m" "1610612736" "--network" "none" "ghcr.io/rust-lang/crates-build-env/linux@sha256:77db811e55d90add9212f6832c23229e3de5f1c1f9905e8cb07319ea15df73ac" "sleep" "infinity", kill_on_drop: false }`
[INFO] [stdout] 7080924565b3668146ede7766fe38dac2c7d9ee74e1d661735c04f2b132963db
[INFO] running `Command { std: "docker" "start" "7080924565b3668146ede7766fe38dac2c7d9ee74e1d661735c04f2b132963db", kill_on_drop: false }`
[INFO] running `Command { std: "docker" "inspect" "7080924565b3668146ede7766fe38dac2c7d9ee74e1d661735c04f2b132963db", kill_on_drop: false }`
[INFO] running `Command { std: "docker" "exec" "-e" "SOURCE_DIR=/opt/rustwide/workdir" "-e" "CARGO_HOME=/opt/rustwide/cargo-home" "-e" "RUSTUP_HOME=/opt/rustwide/rustup-home" "-e" "CARGO_TARGET_DIR=/opt/rustwide/target" "-w" "/opt/rustwide/workdir" "--user" "0:0" "7080924565b3668146ede7766fe38dac2c7d9ee74e1d661735c04f2b132963db" "/opt/rustwide/cargo-home/bin/cargo" "+1.100.0-beta.1" "metadata" "--no-deps" "--format-version=1", kill_on_drop: false }`
[INFO] running `Command { std: "docker" "inspect" "7080924565b3668146ede7766fe38dac2c7d9ee74e1d661735c04f2b132963db", kill_on_drop: false }`
[INFO] running `Command { std: "docker" "exec" "-e" "SOURCE_DIR=/opt/rustwide/workdir" "-e" "CARGO_HOME=/opt/rustwide/cargo-home" "-e" "RUSTUP_HOME=/opt/rustwide/rustup-home" "-e" "CARGO_TARGET_DIR=/opt/rustwide/target" "-e" "CARGO_INCREMENTAL=0" "-e" "RUST_BACKTRACE=full" "-e" "RUSTFLAGS=--cap-lints=warn" "-e" "RUSTDOCFLAGS=--cap-lints=warn" "-w" "/opt/rustwide/workdir" "--user" "0:0" "7080924565b3668146ede7766fe38dac2c7d9ee74e1d661735c04f2b132963db" "/opt/rustwide/cargo-home/bin/cargo" "+1.100.0-beta.1" "build" "--frozen" "--message-format=json" "--release", kill_on_drop: false }`
[INFO] [stderr]    Compiling proc-macro2 v1.0.107
[INFO] [stderr]    Compiling quote v1.0.47
[INFO] [stderr]    Compiling tokio v1.53.1
[INFO] [stderr]    Compiling syn v3.0.3
[INFO] [stderr]    Compiling serde_derive v1.0.229
[INFO] [stderr]    Compiling serde v1.0.229
[INFO] [stderr]    Compiling keelson-core v0.2.1
[INFO] [stderr]    Compiling keelson-exec v0.2.1
[INFO] [stderr]    Compiling keelson-models v0.2.1 (/opt/rustwide/workdir)
[INFO] [stderr]     Finished `release` profile [optimized] target(s) in 9.50s
[INFO] running `Command { std: "docker" "inspect" "7080924565b3668146ede7766fe38dac2c7d9ee74e1d661735c04f2b132963db", kill_on_drop: false }`
[INFO] running `Command { std: "docker" "exec" "-e" "SOURCE_DIR=/opt/rustwide/workdir" "-e" "CARGO_HOME=/opt/rustwide/cargo-home" "-e" "RUSTUP_HOME=/opt/rustwide/rustup-home" "-e" "CARGO_TARGET_DIR=/opt/rustwide/target" "-e" "CARGO_INCREMENTAL=0" "-e" "RUST_BACKTRACE=full" "-e" "RUSTFLAGS=--cap-lints=warn" "-e" "RUSTDOCFLAGS=--cap-lints=warn" "-w" "/opt/rustwide/workdir" "--user" "0:0" "7080924565b3668146ede7766fe38dac2c7d9ee74e1d661735c04f2b132963db" "/opt/rustwide/cargo-home/bin/cargo" "+1.100.0-beta.1" "test" "--frozen" "--no-run" "--message-format=json" "--release", kill_on_drop: false }`
[INFO] [stderr]    Compiling syn v3.0.3
[INFO] [stderr]    Compiling chrono v0.4.45
[INFO] [stderr]    Compiling serde_derive v1.0.229
[INFO] [stderr]    Compiling tokio-macros v2.7.2
[INFO] [stderr]    Compiling tokio v1.53.1
[INFO] [stderr]    Compiling serde v1.0.229
[INFO] [stderr]    Compiling keelson-core v0.2.1
[INFO] [stderr]    Compiling keelson-exec v0.2.1
[INFO] [stderr]    Compiling keelson-models v0.2.1 (/opt/rustwide/workdir)
[INFO] [stdout] error[E0433]: cannot find module or crate `keelson_sqlcheck` in this scope
[INFO] [stdout]    --> src/column.rs:235:9
[INFO] [stdout]     |
[INFO] [stdout] 235 |     use keelson_sqlcheck::testing::{assert_frag, render};
[INFO] [stdout]     |         ^^^^^^^^^^^^^^^^ use of unresolved module or unlinked crate `keelson_sqlcheck`
[INFO] [stdout]     |
[INFO] [stdout]     = help: if you wanted to use a crate named `keelson_sqlcheck`, use `cargo add keelson_sqlcheck` to add it to your `Cargo.toml`
[INFO] [stdout] 
[INFO] [stdout] 
[INFO] [stdout] error[E0433]: cannot find module or crate `keelson_sqlx` in this scope
[INFO] [stdout]   --> tests/spec_sqlite.rs:21:5
[INFO] [stdout]    |
[INFO] [stdout] 21 | use keelson_sqlx::sqlite::Pool;
[INFO] [stdout]    |     ^^^^^^^^^^^^ use of unresolved module or unlinked crate `keelson_sqlx`
[INFO] [stdout]    |
[INFO] [stdout] help: there is a crate or module with a similar name
[INFO] [stdout]    |
[INFO] [stdout] 21 - use keelson_sqlx::sqlite::Pool;
[INFO] [stdout] 21 + use keelson_core::sqlite::Pool;
[INFO] [stdout]    |
[INFO] [stdout] 
[INFO] [stdout] 
[INFO] [stdout] error[E0432]: unresolved import `keelson_sqlite`
[INFO] [stdout]   --> tests/spec_sqlite.rs:20:5
[INFO] [stdout]    |
[INFO] [stdout] 20 | use keelson_sqlite::{quote, select};
[INFO] [stdout]    |     ^^^^^^^^^^^^^^ use of unresolved module or unlinked crate `keelson_sqlite`
[INFO] [stdout]    |
[INFO] [stdout]    = help: if you wanted to use a crate named `keelson_sqlite`, use `cargo add keelson_sqlite` to add it to your `Cargo.toml`
[INFO] [stdout] 
[INFO] [stdout] 
[INFO] [stdout] error[E0432]: unresolved import `keelson_sqlite`
[INFO] [stdout]   --> tests/spec_sqlite.rs:37:13
[INFO] [stdout]    |
[INFO] [stdout] 37 |         use keelson_sqlite::{Mod, arg, delete, insert, quote, select, update};
[INFO] [stdout]    |             ^^^^^^^^^^^^^^ use of unresolved module or unlinked crate `keelson_sqlite`
[INFO] [stdout]    |
[INFO] [stdout]    = help: if you wanted to use a crate named `keelson_sqlite`, use `cargo add keelson_sqlite` to add it to your `Cargo.toml`
[INFO] [stdout] 
[INFO] [stdout] 
[INFO] [stdout] error[E0432]: unresolved import `keelson_sqlite`
[INFO] [stdout]    --> tests/spec_sqlite.rs:257:13
[INFO] [stdout]     |
[INFO] [stdout] 257 |         use keelson_sqlite::{Chain as _, Mod, delete, insert, quote, select, update};
[INFO] [stdout]     |             ^^^^^^^^^^^^^^ use of unresolved module or unlinked crate `keelson_sqlite`
[INFO] [stdout]     |
[INFO] [stdout]     = help: if you wanted to use a crate named `keelson_sqlite`, use `cargo add keelson_sqlite` to add it to your `Cargo.toml`
[INFO] [stdout] 
[INFO] [stdout] 
[INFO] [stdout] error[E0432]: unresolved import `keelson_sqlite`
[INFO] [stdout]    --> tests/spec_sqlite.rs:566:9
[INFO] [stdout]     |
[INFO] [stdout] 566 |     use keelson_sqlite::{Chain as _, arg};
[INFO] [stdout]     |         ^^^^^^^^^^^^^^ use of unresolved module or unlinked crate `keelson_sqlite`
[INFO] [stdout]     |
[INFO] [stdout]     = help: if you wanted to use a crate named `keelson_sqlite`, use `cargo add keelson_sqlite` to add it to your `Cargo.toml`
[INFO] [stdout] 
[INFO] [stdout] 
[INFO] [stdout] error[E0432]: unresolved import `keelson_sqlite`
[INFO] [stdout]    --> tests/spec_sqlite.rs:702:9
[INFO] [stdout]     |
[INFO] [stdout] 702 |     use keelson_sqlite::{arg, insert};
[INFO] [stdout]     |         ^^^^^^^^^^^^^^ use of unresolved module or unlinked crate `keelson_sqlite`
[INFO] [stdout]     |
[INFO] [stdout]     = help: if you wanted to use a crate named `keelson_sqlite`, use `cargo add keelson_sqlite` to add it to your `Cargo.toml`
[INFO] [stdout] 
[INFO] [stdout] 
[INFO] [stdout] error[E0432]: unresolved import `keelson_sqlite`
[INFO] [stdout]     --> tests/spec_sqlite.rs:1030:9
[INFO] [stdout]      |
[INFO] [stdout] 1030 |     use keelson_sqlite::Mod as _;
[INFO] [stdout]      |         ^^^^^^^^^^^^^^ use of unresolved module or unlinked crate `keelson_sqlite`
[INFO] [stdout]      |
[INFO] [stdout]      = help: if you wanted to use a crate named `keelson_sqlite`, use `cargo add keelson_sqlite` to add it to your `Cargo.toml`
[INFO] [stdout] 
[INFO] [stdout] 
[INFO] [stdout] error[E0432]: unresolved import `keelson_sqlite`
[INFO] [stdout]     --> tests/spec_sqlite.rs:1205:9
[INFO] [stdout]      |
[INFO] [stdout] 1205 |     use keelson_sqlite::insert;
[INFO] [stdout]      |         ^^^^^^^^^^^^^^ use of unresolved module or unlinked crate `keelson_sqlite`
[INFO] [stdout]      |
[INFO] [stdout]      = help: if you wanted to use a crate named `keelson_sqlite`, use `cargo add keelson_sqlite` to add it to your `Cargo.toml`
[INFO] [stdout] 
[INFO] [stdout] 
[INFO] [stdout] error[E0432]: unresolved import `keelson_mysql`
[INFO] [stdout]   --> tests/spec_mysql.rs:44:5
[INFO] [stdout]    |
[INFO] [stdout] 44 | use keelson_mysql::select;
[INFO] [stdout]    |     ^^^^^^^^^^^^^ use of unresolved module or unlinked crate `keelson_mysql`
[INFO] [stdout]    |
[INFO] [stdout] help: there is a crate or module with a similar name
[INFO] [stdout]    |
[INFO] [stdout] 44 - use keelson_mysql::select;
[INFO] [stdout] 44 + use keelson_models::select;
[INFO] [stdout]    |
[INFO] [stdout] 
[INFO] [stdout] 
[INFO] [stdout] error[E0432]: unresolved import `keelson_sqlcheck`
[INFO] [stdout]   --> tests/spec_mysql.rs:45:5
[INFO] [stdout]    |
[INFO] [stdout] 45 | use keelson_sqlcheck::Dialect;
[INFO] [stdout]    |     ^^^^^^^^^^^^^^^^ use of unresolved module or unlinked crate `keelson_sqlcheck`
[INFO] [stdout]    |
[INFO] [stdout]    = help: if you wanted to use a crate named `keelson_sqlcheck`, use `cargo add keelson_sqlcheck` to add it to your `Cargo.toml`
[INFO] [stdout] 
[INFO] [stdout] 
[INFO] [stdout] error[E0432]: unresolved import `keelson_mysql`
[INFO] [stdout]   --> tests/spec_mysql.rs:69:13
[INFO] [stdout]    |
[INFO] [stdout] 69 |         use keelson_mysql::{Mod, arg, delete, insert, quote, select, update};
[INFO] [stdout]    |             ^^^^^^^^^^^^^ use of unresolved module or unlinked crate `keelson_mysql`
[INFO] [stdout]    |
[INFO] [stdout] help: there is a crate or module with a similar name
[INFO] [stdout]    |
[INFO] [stdout] 69 -         use keelson_mysql::{Mod, arg, delete, insert, quote, select, update};
[INFO] [stdout] 69 +         use keelson_models::{Mod, arg, delete, insert, quote, select, update};
[INFO] [stdout]    |
[INFO] [stdout] 
[INFO] [stdout] 
[INFO] [stdout] error[E0432]: unresolved import `keelson_mysql`
[INFO] [stdout]    --> tests/spec_mysql.rs:460:13
[INFO] [stdout]     |
[INFO] [stdout] 460 |         use keelson_mysql::{Chain as _, Mod, delete, insert, quote, select, update};
[INFO] [stdout]     |             ^^^^^^^^^^^^^ use of unresolved module or unlinked crate `keelson_mysql`
[INFO] [stdout]     |
[INFO] [stdout] help: there is a crate or module with a similar name
[INFO] [stdout]     |
[INFO] [stdout] 460 -         use keelson_mysql::{Chain as _, Mod, delete, insert, quote, select, update};
[INFO] [stdout] 460 +         use keelson_models::{Chain as _, Mod, delete, insert, quote, select, update};
[INFO] [stdout]     |
[INFO] [stdout] 
[INFO] [stdout] 
[INFO] [stdout] error[E0432]: unresolved import `keelson_mysql`
[INFO] [stdout]    --> tests/spec_mysql.rs:835:13
[INFO] [stdout]     |
[INFO] [stdout] 835 |         use keelson_mysql::{quote, select};
[INFO] [stdout]     |             ^^^^^^^^^^^^^ use of unresolved module or unlinked crate `keelson_mysql`
[INFO] [stdout]     |
[INFO] [stdout] help: there is a crate or module with a similar name
[INFO] [stdout]     |
[INFO] [stdout] 835 -         use keelson_mysql::{quote, select};
[INFO] [stdout] 835 +         use keelson_models::{quote, select};
[INFO] [stdout]     |
[INFO] [stdout] 
[INFO] [stdout] 
[INFO] [stdout] error[E0432]: unresolved import `keelson_mysql`
[INFO] [stdout]    --> tests/spec_mysql.rs:969:9
[INFO] [stdout]     |
[INFO] [stdout] 969 |     use keelson_mysql::Mod as _;
[INFO] [stdout]     |         ^^^^^^^^^^^^^ use of unresolved module or unlinked crate `keelson_mysql`
[INFO] [stdout]     |
[INFO] [stdout] help: there is a crate or module with a similar name
[INFO] [stdout]     |
[INFO] [stdout] 969 -     use keelson_mysql::Mod as _;
[INFO] [stdout] 969 +     use keelson_models::Mod as _;
[INFO] [stdout]     |
[INFO] [stdout] 
[INFO] [stdout] 
[INFO] [stdout] error[E0432]: unresolved import `keelson_mysql`
[INFO] [stdout]    --> tests/spec_mysql.rs:990:9
[INFO] [stdout]     |
[INFO] [stdout] 990 |     use keelson_mysql::Mod as _;
[INFO] [stdout]     |         ^^^^^^^^^^^^^ use of unresolved module or unlinked crate `keelson_mysql`
[INFO] [stdout]     |
[INFO] [stdout] help: there is a crate or module with a similar name
[INFO] [stdout]     |
[INFO] [stdout] 990 -     use keelson_mysql::Mod as _;
[INFO] [stdout] 990 +     use keelson_models::Mod as _;
[INFO] [stdout]     |
[INFO] [stdout] 
[INFO] [stdout] 
[INFO] [stdout] error[E0432]: unresolved import `keelson_mysql`
[INFO] [stdout]     --> tests/spec_mysql.rs:1038:9
[INFO] [stdout]      |
[INFO] [stdout] 1038 |     use keelson_mysql::quote;
[INFO] [stdout]      |         ^^^^^^^^^^^^^ use of unresolved module or unlinked crate `keelson_mysql`
[INFO] [stdout]      |
[INFO] [stdout] help: there is a crate or module with a similar name
[INFO] [stdout]      |
[INFO] [stdout] 1038 -     use keelson_mysql::quote;
[INFO] [stdout] 1038 +     use keelson_models::quote;
[INFO] [stdout]      |
[INFO] [stdout] 
[INFO] [stdout] 
[INFO] [stdout] error[E0432]: unresolved import `keelson_mysql`
[INFO] [stdout]     --> tests/spec_mysql.rs:1065:9
[INFO] [stdout]      |
[INFO] [stdout] 1065 |     use keelson_mysql::{Mod as _, insert};
[INFO] [stdout]      |         ^^^^^^^^^^^^^ use of unresolved module or unlinked crate `keelson_mysql`
[INFO] [stdout]      |
[INFO] [stdout] help: there is a crate or module with a similar name
[INFO] [stdout]      |
[INFO] [stdout] 1065 -     use keelson_mysql::{Mod as _, insert};
[INFO] [stdout] 1065 +     use keelson_models::{Mod as _, insert};
[INFO] [stdout]      |
[INFO] [stdout] 
[INFO] [stdout] 
[INFO] [stdout] error[E0432]: unresolved import `keelson_psql`
[INFO] [stdout]   --> tests/spec_psql.rs:15:5
[INFO] [stdout]    |
[INFO] [stdout] 15 | use keelson_psql::select;
[INFO] [stdout]    |     ^^^^^^^^^^^^ use of unresolved module or unlinked crate `keelson_psql`
[INFO] [stdout]    |
[INFO] [stdout] help: there is a crate or module with a similar name
[INFO] [stdout]    |
[INFO] [stdout] 15 - use keelson_psql::select;
[INFO] [stdout] 15 + use keelson_core::select;
[INFO] [stdout]    |
[INFO] [stdout] 
[INFO] [stdout] 
[INFO] [stdout] error[E0432]: unresolved import `keelson_sqlcheck`
[INFO] [stdout]   --> tests/spec_psql.rs:16:5
[INFO] [stdout]    |
[INFO] [stdout] 16 | use keelson_sqlcheck::Dialect;
[INFO] [stdout]    |     ^^^^^^^^^^^^^^^^ use of unresolved module or unlinked crate `keelson_sqlcheck`
[INFO] [stdout]    |
[INFO] [stdout]    = help: if you wanted to use a crate named `keelson_sqlcheck`, use `cargo add keelson_sqlcheck` to add it to your `Cargo.toml`
[INFO] [stdout] 
[INFO] [stdout] 
[INFO] [stdout] error[E0432]: unresolved import `keelson_psql`
[INFO] [stdout]   --> tests/spec_psql.rs:33:13
[INFO] [stdout]    |
[INFO] [stdout] 33 |         use keelson_psql::{Mod, arg, delete, insert, quote, select, update};
[INFO] [stdout]    |             ^^^^^^^^^^^^ use of unresolved module or unlinked crate `keelson_psql`
[INFO] [stdout]    |
[INFO] [stdout] help: there is a crate or module with a similar name
[INFO] [stdout]    |
[INFO] [stdout] 33 -         use keelson_psql::{Mod, arg, delete, insert, quote, select, update};
[INFO] [stdout] 33 +         use keelson_core::{Mod, arg, delete, insert, quote, select, update};
[INFO] [stdout]    |
[INFO] [stdout] 
[INFO] [stdout] 
[INFO] [stdout] error[E0432]: unresolved import `keelson_psql`
[INFO] [stdout]    --> tests/spec_psql.rs:264:13
[INFO] [stdout]     |
[INFO] [stdout] 264 |         use keelson_psql::{Chain as _, Mod, delete, insert, quote, select, update};
[INFO] [stdout]     |             ^^^^^^^^^^^^ use of unresolved module or unlinked crate `keelson_psql`
[INFO] [stdout]     |
[INFO] [stdout] help: there is a crate or module with a similar name
[INFO] [stdout]     |
[INFO] [stdout] 264 -         use keelson_psql::{Chain as _, Mod, delete, insert, quote, select, update};
[INFO] [stdout] 264 +         use keelson_core::{Chain as _, Mod, delete, insert, quote, select, update};
[INFO] [stdout]     |
[INFO] [stdout] 
[INFO] [stdout] 
[INFO] [stdout] error[E0432]: unresolved import `keelson_psql`
[INFO] [stdout]    --> tests/spec_psql.rs:504:13
[INFO] [stdout]     |
[INFO] [stdout] 504 |         use keelson_psql::{quote, select};
[INFO] [stdout]     |             ^^^^^^^^^^^^ use of unresolved module or unlinked crate `keelson_psql`
[INFO] [stdout]     |
[INFO] [stdout] help: there is a crate or module with a similar name
[INFO] [stdout]     |
[INFO] [stdout] 504 -         use keelson_psql::{quote, select};
[INFO] [stdout] 504 +         use keelson_core::{quote, select};
[INFO] [stdout]     |
[INFO] [stdout] 
[INFO] [stdout] 
[INFO] [stdout] error[E0432]: unresolved import `keelson_psql`
[INFO] [stdout]    --> tests/spec_psql.rs:636:9
[INFO] [stdout]     |
[INFO] [stdout] 636 |     use keelson_psql::Mod as _;
[INFO] [stdout]     |         ^^^^^^^^^^^^ use of unresolved module or unlinked crate `keelson_psql`
[INFO] [stdout]     |
[INFO] [stdout] help: there is a crate or module with a similar name
[INFO] [stdout]     |
[INFO] [stdout] 636 -     use keelson_psql::Mod as _;
[INFO] [stdout] 636 +     use keelson_core::Mod as _;
[INFO] [stdout]     |
[INFO] [stdout] 
[INFO] [stdout] 
[INFO] [stdout] error[E0432]: unresolved import `keelson_psql`
[INFO] [stdout]    --> tests/spec_psql.rs:657:9
[INFO] [stdout]     |
[INFO] [stdout] 657 |     use keelson_psql::Mod as _;
[INFO] [stdout]     |         ^^^^^^^^^^^^ use of unresolved module or unlinked crate `keelson_psql`
[INFO] [stdout]     |
[INFO] [stdout] help: there is a crate or module with a similar name
[INFO] [stdout]     |
[INFO] [stdout] 657 -     use keelson_psql::Mod as _;
[INFO] [stdout] 657 +     use keelson_core::Mod as _;
[INFO] [stdout]     |
[INFO] [stdout] 
[INFO] [stdout] 
[INFO] [stdout] error[E0432]: unresolved import `keelson_psql`
[INFO] [stdout]    --> tests/spec_psql.rs:710:9
[INFO] [stdout]     |
[INFO] [stdout] 710 |     use keelson_psql::quote;
[INFO] [stdout]     |         ^^^^^^^^^^^^ use of unresolved module or unlinked crate `keelson_psql`
[INFO] [stdout]     |
[INFO] [stdout] help: there is a crate or module with a similar name
[INFO] [stdout]     |
[INFO] [stdout] 710 -     use keelson_psql::quote;
[INFO] [stdout] 710 +     use keelson_core::quote;
[INFO] [stdout]     |
[INFO] [stdout] 
[INFO] [stdout] 
[INFO] [stdout] error[E0433]: cannot find module or crate `keelson_psql` in this scope
[INFO] [stdout]    --> tests/spec_psql.rs:464:63
[INFO] [stdout]     |
[INFO] [stdout] 464 |                 if matches!(row.value("user.id"), None | Some(keelson_psql::Value::Null)) {
[INFO] [stdout]     |                                                               ^^^^^^^^^^^^ use of unresolved module or unlinked crate `keelson_psql`
[INFO] [stdout]     |
[INFO] [stdout] help: there is a crate or module with a similar name
[INFO] [stdout]     |
[INFO] [stdout] 464 -                 if matches!(row.value("user.id"), None | Some(keelson_psql::Value::Null)) {
[INFO] [stdout] 464 +                 if matches!(row.value("user.id"), None | Some(keelson_core::Value::Null)) {
[INFO] [stdout]     |
[INFO] [stdout] 
[INFO] [stdout] 
[INFO] [stdout] error[E0433]: cannot find module or crate `keelson_psql` in this scope
[INFO] [stdout]    --> tests/spec_psql.rs:127:27
[INFO] [stdout]     |
[INFO] [stdout] 127 |             type Select = keelson_psql::SelectQuery;
[INFO] [stdout]     |                           ^^^^^^^^^^^^ use of unresolved module or unlinked crate `keelson_psql`
[INFO] [stdout]     |
[INFO] [stdout] help: there is a crate or module with a similar name
[INFO] [stdout]     |
[INFO] [stdout] 127 -             type Select = keelson_psql::SelectQuery;
[INFO] [stdout] 127 +             type Select = keelson_core::SelectQuery;
[INFO] [stdout]     |
[INFO] [stdout] 
[INFO] [stdout] 
[INFO] [stdout] error[E0433]: cannot find module or crate `keelson_psql` in this scope
[INFO] [stdout]    --> tests/spec_psql.rs:130:17
[INFO] [stdout]     |
[INFO] [stdout] 130 |                 keelson_psql::select((select::columns(all_columns()), select::from(quote("users"))))
[INFO] [stdout]     |                 ^^^^^^^^^^^^ use of unresolved module or unlinked crate `keelson_psql`
[INFO] [stdout]     |
[INFO] [stdout] help: there is a crate or module with a similar name
[INFO] [stdout]     |
[INFO] [stdout] 130 -                 keelson_psql::select((select::columns(all_columns()), select::from(quote("users"))))
[INFO] [stdout] 130 +                 keelson_core::select((select::columns(all_columns()), select::from(quote("users"))))
[INFO] [stdout]     |
[INFO] [stdout] 
[INFO] [stdout] 
[INFO] [stdout] error[E0433]: cannot find module or crate `keelson_psql` in this scope
[INFO] [stdout]    --> tests/spec_psql.rs:137:27
[INFO] [stdout]     |
[INFO] [stdout] 137 |             type Insert = keelson_psql::InsertQuery;
[INFO] [stdout]     |                           ^^^^^^^^^^^^ use of unresolved module or unlinked crate `keelson_psql`
[INFO] [stdout]     |
[INFO] [stdout] help: there is a crate or module with a similar name
[INFO] [stdout]     |
[INFO] [stdout] 137 -             type Insert = keelson_psql::InsertQuery;
[INFO] [stdout] 137 +             type Insert = keelson_core::InsertQuery;
[INFO] [stdout]     |
[INFO] [stdout] 
[INFO] [stdout] 
[INFO] [stdout] error[E0433]: cannot find module or crate `keelson_psql` in this scope
[INFO] [stdout]    --> tests/spec_psql.rs:138:27
[INFO] [stdout]     |
[INFO] [stdout] 138 |             type Update = keelson_psql::UpdateQuery;
[INFO] [stdout]     |                           ^^^^^^^^^^^^ use of unresolved module or unlinked crate `keelson_psql`
[INFO] [stdout]     |
[INFO] [stdout] help: there is a crate or module with a similar name
[INFO] [stdout]     |
[INFO] [stdout] 138 -             type Update = keelson_psql::UpdateQuery;
[INFO] [stdout] 138 +             type Update = keelson_core::UpdateQuery;
[INFO] [stdout]     |
[INFO] [stdout] 
[INFO] [stdout] 
[INFO] [stdout] error[E0433]: cannot find module or crate `keelson_psql` in this scope
[INFO] [stdout]    --> tests/spec_psql.rs:139:27
[INFO] [stdout]     |
[INFO] [stdout] 139 |             type Delete = keelson_psql::DeleteQuery;
[INFO] [stdout]     |                           ^^^^^^^^^^^^ use of unresolved module or unlinked crate `keelson_psql`
[INFO] [stdout]     |
[INFO] [stdout] help: there is a crate or module with a similar name
[INFO] [stdout]     |
[INFO] [stdout] 139 -             type Delete = keelson_psql::DeleteQuery;
[INFO] [stdout] 139 +             type Delete = keelson_core::DeleteQuery;
[INFO] [stdout]     |
[INFO] [stdout] 
[INFO] [stdout] 
[INFO] [stdout] error[E0433]: cannot find module or crate `keelson_psql` in this scope
[INFO] [stdout]    --> tests/spec_psql.rs:150:29
[INFO] [stdout]     |
[INFO] [stdout] 150 |                 let mut q = keelson_psql::insert((
[INFO] [stdout]     |                             ^^^^^^^^^^^^ use of unresolved module or unlinked crate `keelson_psql`
[INFO] [stdout]     |
[INFO] [stdout] help: there is a crate or module with a similar name
[INFO] [stdout]     |
[INFO] [stdout] 150 -                 let mut q = keelson_psql::insert((
[INFO] [stdout] 150 +                 let mut q = keelson_core::insert((
[INFO] [stdout]     |
[INFO] [stdout] 
[INFO] [stdout] 
[INFO] [stdout] error[E0433]: cannot find module or crate `keelson_psql` in this scope
[INFO] [stdout]    --> tests/spec_psql.rs:163:17
[INFO] [stdout]     |
[INFO] [stdout] 163 |                 keelson_psql::update(update::table(quote("users")))
[INFO] [stdout]     |                 ^^^^^^^^^^^^ use of unresolved module or unlinked crate `keelson_psql`
[INFO] [stdout]     |
[INFO] [stdout] help: there is a crate or module with a similar name
[INFO] [stdout]     |
[INFO] [stdout] 163 -                 keelson_psql::update(update::table(quote("users")))
[INFO] [stdout] 163 +                 keelson_core::update(update::table(quote("users")))
[INFO] [stdout]     |
[INFO] [stdout] 
[INFO] [stdout] 
[INFO] [stdout] error[E0433]: cannot find module or crate `keelson_psql` in this scope
[INFO] [stdout]    --> tests/spec_psql.rs:188:17
[INFO] [stdout]     |
[INFO] [stdout] 188 |                 keelson_psql::delete(delete::from(quote("users")))
[INFO] [stdout]     |                 ^^^^^^^^^^^^ use of unresolved module or unlinked crate `keelson_psql`
[INFO] [stdout]     |
[INFO] [stdout] help: there is a crate or module with a similar name
[INFO] [stdout]     |
[INFO] [stdout] 188 -                 keelson_psql::delete(delete::from(quote("users")))
[INFO] [stdout] 188 +                 keelson_core::delete(delete::from(quote("users")))
[INFO] [stdout]     |
[INFO] [stdout] 
[INFO] [stdout] 
[INFO] [stdout] error[E0433]: cannot find module or crate `keelson_psql` in this scope
[INFO] [stdout]    --> tests/spec_psql.rs:220:25
[INFO] [stdout]     |
[INFO] [stdout] 220 |                         keelson_psql::insert((
[INFO] [stdout]     |                         ^^^^^^^^^^^^ use of unresolved module or unlinked crate `keelson_psql`
[INFO] [stdout]     |
[INFO] [stdout] help: there is a crate or module with a similar name
[INFO] [stdout]     |
[INFO] [stdout] 220 -                         keelson_psql::insert((
[INFO] [stdout] 220 +                         keelson_core::insert((
[INFO] [stdout]     |
[INFO] [stdout] 
[INFO] [stdout] 
[INFO] [stdout] error[E0433]: cannot find module or crate `keelson_psql` in this scope
[INFO] [stdout]    --> tests/spec_psql.rs:359:27
[INFO] [stdout]     |
[INFO] [stdout] 359 |             type Select = keelson_psql::SelectQuery;
[INFO] [stdout]     |                           ^^^^^^^^^^^^ use of unresolved module or unlinked crate `keelson_psql`
[INFO] [stdout]     |
[INFO] [stdout] help: there is a crate or module with a similar name
[INFO] [stdout]     |
[INFO] [stdout] 359 -             type Select = keelson_psql::SelectQuery;
[INFO] [stdout] 359 +             type Select = keelson_core::SelectQuery;
[INFO] [stdout]     |
[INFO] [stdout] 
[INFO] [stdout] 
[INFO] [stdout] error[E0433]: cannot find module or crate `keelson_psql` in this scope
[INFO] [stdout]    --> tests/spec_psql.rs:362:17
[INFO] [stdout]     |
[INFO] [stdout] 362 |                 keelson_psql::select((select::columns(all_columns()), select::from(quote("posts"))))
[INFO] [stdout]     |                 ^^^^^^^^^^^^ use of unresolved module or unlinked crate `keelson_psql`
[INFO] [stdout]     |
[INFO] [stdout] help: there is a crate or module with a similar name
[INFO] [stdout]     |
[INFO] [stdout] 362 -                 keelson_psql::select((select::columns(all_columns()), select::from(quote("posts"))))
[INFO] [stdout] 362 +                 keelson_core::select((select::columns(all_columns()), select::from(quote("posts"))))
[INFO] [stdout]     |
[INFO] [stdout] 
[INFO] [stdout] 
[INFO] [stdout] error[E0433]: cannot find module or crate `keelson_psql` in this scope
[INFO] [stdout]    --> tests/spec_psql.rs:369:27
[INFO] [stdout]     |
[INFO] [stdout] 369 |             type Insert = keelson_psql::InsertQuery;
[INFO] [stdout]     |                           ^^^^^^^^^^^^ use of unresolved module or unlinked crate `keelson_psql`
[INFO] [stdout]     |
[INFO] [stdout] help: there is a crate or module with a similar name
[INFO] [stdout]     |
[INFO] [stdout] 369 -             type Insert = keelson_psql::InsertQuery;
[INFO] [stdout] 369 +             type Insert = keelson_core::InsertQuery;
[INFO] [stdout]     |
[INFO] [stdout] 
[INFO] [stdout] 
[INFO] [stdout] error[E0433]: cannot find module or crate `keelson_psql` in this scope
[INFO] [stdout]    --> tests/spec_psql.rs:370:27
[INFO] [stdout]     |
[INFO] [stdout] 370 |             type Update = keelson_psql::UpdateQuery;
[INFO] [stdout]     |                           ^^^^^^^^^^^^ use of unresolved module or unlinked crate `keelson_psql`
[INFO] [stdout]     |
[INFO] [stdout] help: there is a crate or module with a similar name
[INFO] [stdout]     |
[INFO] [stdout] 370 -             type Update = keelson_psql::UpdateQuery;
[INFO] [stdout] 370 +             type Update = keelson_core::UpdateQuery;
[INFO] [stdout]     |
[INFO] [stdout] 
[INFO] [stdout] 
[INFO] [stdout] error[E0433]: cannot find module or crate `keelson_psql` in this scope
[INFO] [stdout]    --> tests/spec_psql.rs:371:27
[INFO] [stdout]     |
[INFO] [stdout] 371 |             type Delete = keelson_psql::DeleteQuery;
[INFO] [stdout]     |                           ^^^^^^^^^^^^ use of unresolved module or unlinked crate `keelson_psql`
[INFO] [stdout]     |
[INFO] [stdout] help: there is a crate or module with a similar name
[INFO] [stdout]     |
[INFO] [stdout] 371 -             type Delete = keelson_psql::DeleteQuery;
[INFO] [stdout] 371 +             type Delete = keelson_core::DeleteQuery;
[INFO] [stdout]     |
[INFO] [stdout] 
[INFO] [stdout] 
[INFO] [stdout] error[E0433]: cannot find module or crate `keelson_psql` in this scope
[INFO] [stdout]    --> tests/spec_psql.rs:383:29
[INFO] [stdout]     |
[INFO] [stdout] 383 |                 let mut q = keelson_psql::insert((
[INFO] [stdout]     |                             ^^^^^^^^^^^^ use of unresolved module or unlinked crate `keelson_psql`
[INFO] [stdout]     |
[INFO] [stdout] help: there is a crate or module with a similar name
[INFO] [stdout]     |
[INFO] [stdout] 383 -                 let mut q = keelson_psql::insert((
[INFO] [stdout] 383 +                 let mut q = keelson_core::insert((
[INFO] [stdout]     |
[INFO] [stdout] 
[INFO] [stdout] 
[INFO] [stdout] error[E0433]: cannot find module or crate `keelson_psql` in this scope
[INFO] [stdout]    --> tests/spec_psql.rs:394:17
[INFO] [stdout]     |
[INFO] [stdout] 394 |                 keelson_psql::update(update::table(quote("posts")))
[INFO] [stdout]     |                 ^^^^^^^^^^^^ use of unresolved module or unlinked crate `keelson_psql`
[INFO] [stdout]     |
[INFO] [stdout] help: there is a crate or module with a similar name
[INFO] [stdout]     |
[INFO] [stdout] 394 -                 keelson_psql::update(update::table(quote("posts")))
[INFO] [stdout] 394 +                 keelson_core::update(update::table(quote("posts")))
[INFO] [stdout]     |
[INFO] [stdout] 
[INFO] [stdout] 
[INFO] [stdout] error[E0433]: cannot find module or crate `keelson_psql` in this scope
[INFO] [stdout]    --> tests/spec_psql.rs:419:17
[INFO] [stdout]     |
[INFO] [stdout] 419 |                 keelson_psql::delete(delete::from(quote("posts")))
[INFO] [stdout]     |                 ^^^^^^^^^^^^ use of unresolved module or unlinked crate `keelson_psql`
[INFO] [stdout]     |
[INFO] [stdout] help: there is a crate or module with a similar name
[INFO] [stdout]     |
[INFO] [stdout] 419 -                 keelson_psql::delete(delete::from(quote("posts")))
[INFO] [stdout] 419 +                 keelson_core::delete(delete::from(quote("posts")))
[INFO] [stdout]     |
[INFO] [stdout] 
[INFO] [stdout] 
[INFO] [stdout] error[E0433]: cannot find module or crate `keelson_psql` in this scope
[INFO] [stdout]    --> tests/spec_psql.rs:540:27
[INFO] [stdout]     |
[INFO] [stdout] 540 |             type Select = keelson_psql::SelectQuery;
[INFO] [stdout]     |                           ^^^^^^^^^^^^ use of unresolved module or unlinked crate `keelson_psql`
[INFO] [stdout]     |
[INFO] [stdout] help: there is a crate or module with a similar name
[INFO] [stdout]     |
[INFO] [stdout] 540 -             type Select = keelson_psql::SelectQuery;
[INFO] [stdout] 540 +             type Select = keelson_core::SelectQuery;
[INFO] [stdout]     |
[INFO] [stdout] 
[INFO] [stdout] 
[INFO] [stdout] error[E0433]: cannot find module or crate `keelson_psql` in this scope
[INFO] [stdout]    --> tests/spec_psql.rs:543:17
[INFO] [stdout]     |
[INFO] [stdout] 543 |                 keelson_psql::select((
[INFO] [stdout]     |                 ^^^^^^^^^^^^ use of unresolved module or unlinked crate `keelson_psql`
[INFO] [stdout]     |
[INFO] [stdout] help: there is a crate or module with a similar name
[INFO] [stdout]     |
[INFO] [stdout] 543 -                 keelson_psql::select((
[INFO] [stdout] 543 +                 keelson_core::select((
[INFO] [stdout]     |
[INFO] [stdout] 
[INFO] [stdout] 
[INFO] [stdout] error[E0433]: cannot find module or crate `keelson_sqlcheck` in this scope
[INFO] [stdout]    --> tests/spec_psql.rs:557:5
[INFO] [stdout]     |
[INFO] [stdout] 557 |     keelson_sqlcheck::assert_sql(Dialect::Psql, &sql, expected);
[INFO] [stdout]     |     ^^^^^^^^^^^^^^^^ use of unresolved module or unlinked crate `keelson_sqlcheck`
[INFO] [stdout]     |
[INFO] [stdout]     = help: if you wanted to use a crate named `keelson_sqlcheck`, use `cargo add keelson_sqlcheck` to add it to your `Cargo.toml`
[INFO] [stdout] 
[INFO] [stdout] 
[INFO] [stdout] error[E0433]: cannot find module or crate `keelson_psql` in this scope
[INFO] [stdout]    --> tests/spec_psql.rs:713:13
[INFO] [stdout]     |
[INFO] [stdout] 713 |     let q = keelson_psql::select((
[INFO] [stdout]     |             ^^^^^^^^^^^^ use of unresolved module or unlinked crate `keelson_psql`
[INFO] [stdout]     |
[INFO] [stdout] help: there is a crate or module with a similar name
[INFO] [stdout]     |
[INFO] [stdout] 713 -     let q = keelson_psql::select((
[INFO] [stdout] 713 +     let q = keelson_core::select((
[INFO] [stdout]     |
[INFO] [stdout] 
[INFO] [stdout] 
[INFO] [stdout] Some errors have detailed explanations: E0432, E0433.
[INFO] [stdout] 
[INFO] [stdout] For more information about an error, try `rustc --explain E0432`.
[INFO] [stdout] 
[INFO] [stderr] error: could not compile `keelson-models` (test "spec_psql") due to 30 previous errors
[INFO] [stderr] warning: build failed, waiting for other jobs to finish...
[INFO] [stdout] error[E0433]: cannot find module or crate `keelson_sqlite` in this scope
[INFO] [stdout]    --> tests/spec_sqlite.rs:457:33
[INFO] [stdout]     |
[INFO] [stdout] 457 |                     None | Some(keelson_sqlite::Value::Null)
[INFO] [stdout]     |                                 ^^^^^^^^^^^^^^ use of unresolved module or unlinked crate `keelson_sqlite`
[INFO] [stdout]     |
[INFO] [stdout]     = help: if you wanted to use a crate named `keelson_sqlite`, use `cargo add keelson_sqlite` to add it to your `Cargo.toml`
[INFO] [stdout] 
[INFO] [stdout] 
[INFO] [stdout] For more information about this error, try `rustc --explain E0433`.
[INFO] [stdout] 
[INFO] [stderr] error: could not compile `keelson-models` (lib test) due to 1 previous error
[INFO] [stdout] error[E0433]: cannot find module or crate `keelson_sqlcheck` in this scope
[INFO] [stdout]    --> tests/spec_sqlite.rs:500:9
[INFO] [stdout]     |
[INFO] [stdout] 500 |         keelson_sqlcheck::Dialect::Sqlite,
[INFO] [stdout]     |         ^^^^^^^^^^^^^^^^ use of unresolved module or unlinked crate `keelson_sqlcheck`
[INFO] [stdout]     |
[INFO] [stdout]     = help: if you wanted to use a crate named `keelson_sqlcheck`, use `cargo add keelson_sqlcheck` to add it to your `Cargo.toml`
[INFO] [stdout] 
[INFO] [stdout] 
[INFO] [stdout] error[E0433]: cannot find module or crate `keelson_mysql` in this scope
[INFO] [stdout]    --> tests/spec_mysql.rs:793:33
[INFO] [stdout]     |
[INFO] [stdout] 793 |                     None | Some(keelson_mysql::Value::Null)
[INFO] [stdout]     |                                 ^^^^^^^^^^^^^ use of unresolved module or unlinked crate `keelson_mysql`
[INFO] [stdout]     |
[INFO] [stdout] help: there is a crate or module with a similar name
[INFO] [stdout]     |
[INFO] [stdout] 793 -                     None | Some(keelson_mysql::Value::Null)
[INFO] [stdout] 793 +                     None | Some(keelson_models::Value::Null)
[INFO] [stdout]     |
[INFO] [stdout] 
[INFO] [stdout] 
[INFO] [stdout] error[E0433]: cannot find module or crate `keelson_sqlcheck` in this scope
[INFO] [stdout]    --> tests/spec_sqlite.rs:846:34
[INFO] [stdout]     |
[INFO] [stdout] 846 |     keelson_sqlcheck::assert_sql(keelson_sqlcheck::Dialect::Sqlite, sql, expected);
[INFO] [stdout]     |                                  ^^^^^^^^^^^^^^^^ use of unresolved module or unlinked crate `keelson_sqlcheck`
[INFO] [stdout]     |
[INFO] [stdout]     = help: if you wanted to use a crate named `keelson_sqlcheck`, use `cargo add keelson_sqlcheck` to add it to your `Cargo.toml`
[INFO] [stdout] 
[INFO] [stdout] 
[INFO] [stdout] error[E0433]: cannot find module or crate `keelson_sqlite` in this scope
[INFO] [stdout]    --> tests/spec_sqlite.rs:126:27
[INFO] [stdout]     |
[INFO] [stdout] 126 |             type Select = keelson_sqlite::SelectQuery;
[INFO] [stdout]     |                           ^^^^^^^^^^^^^^ use of unresolved module or unlinked crate `keelson_sqlite`
[INFO] [stdout]     |
[INFO] [stdout]     = help: if you wanted to use a crate named `keelson_sqlite`, use `cargo add keelson_sqlite` to add it to your `Cargo.toml`
[INFO] [stdout] 
[INFO] [stdout] 
[INFO] [stdout] error[E0433]: cannot find module or crate `keelson_sqlite` in this scope
[INFO] [stdout]    --> tests/spec_sqlite.rs:129:17
[INFO] [stdout]     |
[INFO] [stdout] 129 |                 keelson_sqlite::select((
[INFO] [stdout]     |                 ^^^^^^^^^^^^^^ use of unresolved module or unlinked crate `keelson_sqlite`
[INFO] [stdout]     |
[INFO] [stdout]     = help: if you wanted to use a crate named `keelson_sqlite`, use `cargo add keelson_sqlite` to add it to your `Cargo.toml`
[INFO] [stdout] 
[INFO] [stdout] 
[INFO] [stdout] error[E0433]: cannot find module or crate `keelson_sqlite` in this scope
[INFO] [stdout]    --> tests/spec_sqlite.rs:139:27
[INFO] [stdout]     |
[INFO] [stdout] 139 |             type Insert = keelson_sqlite::InsertQuery;
[INFO] [stdout]     |                           ^^^^^^^^^^^^^^ use of unresolved module or unlinked crate `keelson_sqlite`
[INFO] [stdout]     |
[INFO] [stdout]     = help: if you wanted to use a crate named `keelson_sqlite`, use `cargo add keelson_sqlite` to add it to your `Cargo.toml`
[INFO] [stdout] 
[INFO] [stdout] 
[INFO] [stdout] error[E0433]: cannot find module or crate `keelson_sqlite` in this scope
[INFO] [stdout]    --> tests/spec_sqlite.rs:140:27
[INFO] [stdout]     |
[INFO] [stdout] 140 |             type Update = keelson_sqlite::UpdateQuery;
[INFO] [stdout]     |                           ^^^^^^^^^^^^^^ use of unresolved module or unlinked crate `keelson_sqlite`
[INFO] [stdout]     |
[INFO] [stdout]     = help: if you wanted to use a crate named `keelson_sqlite`, use `cargo add keelson_sqlite` to add it to your `Cargo.toml`
[INFO] [stdout] 
[INFO] [stdout] 
[INFO] [stdout] error[E0433]: cannot find module or crate `keelson_sqlite` in this scope
[INFO] [stdout]    --> tests/spec_sqlite.rs:141:27
[INFO] [stdout]     |
[INFO] [stdout] 141 |             type Delete = keelson_sqlite::DeleteQuery;
[INFO] [stdout]     |                           ^^^^^^^^^^^^^^ use of unresolved module or unlinked crate `keelson_sqlite`
[INFO] [stdout]     |
[INFO] [stdout]     = help: if you wanted to use a crate named `keelson_sqlite`, use `cargo add keelson_sqlite` to add it to your `Cargo.toml`
[INFO] [stdout] 
[INFO] [stdout] 
[INFO] [stdout] error[E0433]: cannot find module or crate `keelson_sqlite` in this scope
[INFO] [stdout]    --> tests/spec_sqlite.rs:152:29
[INFO] [stdout]     |
[INFO] [stdout] 152 |                 let mut q = keelson_sqlite::insert((
[INFO] [stdout]     |                             ^^^^^^^^^^^^^^ use of unresolved module or unlinked crate `keelson_sqlite`
[INFO] [stdout]     |
[INFO] [stdout]     = help: if you wanted to use a crate named `keelson_sqlite`, use `cargo add keelson_sqlite` to add it to your `Cargo.toml`
[INFO] [stdout] 
[INFO] [stdout] 
[INFO] [stdout] error[E0433]: cannot find module or crate `keelson_sqlite` in this scope
[INFO] [stdout]    --> tests/spec_sqlite.rs:163:17
[INFO] [stdout]     |
[INFO] [stdout] 163 |                 keelson_sqlite::update(update::table(quote("users")))
[INFO] [stdout]     |                 ^^^^^^^^^^^^^^ use of unresolved module or unlinked crate `keelson_sqlite`
[INFO] [stdout]     |
[INFO] [stdout]     = help: if you wanted to use a crate named `keelson_sqlite`, use `cargo add keelson_sqlite` to add it to your `Cargo.toml`
[INFO] [stdout] 
[INFO] [stdout] 
[INFO] [stdout] error[E0433]: cannot find module or crate `keelson_sqlite` in this scope
[INFO] [stdout]    --> tests/spec_sqlite.rs:188:17
[INFO] [stdout]     |
[INFO] [stdout] 188 |                 keelson_sqlite::delete(delete::from(quote("users")))
[INFO] [stdout]     |                 ^^^^^^^^^^^^^^ use of unresolved module or unlinked crate `keelson_sqlite`
[INFO] [stdout]     |
[INFO] [stdout]     = help: if you wanted to use a crate named `keelson_sqlite`, use `cargo add keelson_sqlite` to add it to your `Cargo.toml`
[INFO] [stdout] 
[INFO] [stdout] 
[INFO] [stdout] error[E0433]: cannot find module or crate `keelson_sqlite` in this scope
[INFO] [stdout]    --> tests/spec_sqlite.rs:216:25
[INFO] [stdout]     |
[INFO] [stdout] 216 |                         keelson_sqlite::insert((
[INFO] [stdout]     |                         ^^^^^^^^^^^^^^ use of unresolved module or unlinked crate `keelson_sqlite`
[INFO] [stdout]     |
[INFO] [stdout]     = help: if you wanted to use a crate named `keelson_sqlite`, use `cargo add keelson_sqlite` to add it to your `Cargo.toml`
[INFO] [stdout] 
[INFO] [stdout] 
[INFO] [stdout] error[E0433]: cannot find module or crate `keelson_sqlite` in this scope
[INFO] [stdout]    --> tests/spec_sqlite.rs:352:27
[INFO] [stdout]     |
[INFO] [stdout] 352 |             type Select = keelson_sqlite::SelectQuery;
[INFO] [stdout]     |                           ^^^^^^^^^^^^^^ use of unresolved module or unlinked crate `keelson_sqlite`
[INFO] [stdout]     |
[INFO] [stdout]     = help: if you wanted to use a crate named `keelson_sqlite`, use `cargo add keelson_sqlite` to add it to your `Cargo.toml`
[INFO] [stdout] 
[INFO] [stdout] 
[INFO] [stdout] error[E0433]: cannot find module or crate `keelson_sqlite` in this scope
[INFO] [stdout]    --> tests/spec_sqlite.rs:355:17
[INFO] [stdout]     |
[INFO] [stdout] 355 |                 keelson_sqlite::select((
[INFO] [stdout]     |                 ^^^^^^^^^^^^^^ use of unresolved module or unlinked crate `keelson_sqlite`
[INFO] [stdout]     |
[INFO] [stdout]     = help: if you wanted to use a crate named `keelson_sqlite`, use `cargo add keelson_sqlite` to add it to your `Cargo.toml`
[INFO] [stdout] 
[INFO] [stdout] 
[INFO] [stdout] error[E0433]: cannot find module or crate `keelson_sqlite` in this scope
[INFO] [stdout]    --> tests/spec_sqlite.rs:365:27
[INFO] [stdout]     |
[INFO] [stdout] 365 |             type Insert = keelson_sqlite::InsertQuery;
[INFO] [stdout]     |                           ^^^^^^^^^^^^^^ use of unresolved module or unlinked crate `keelson_sqlite`
[INFO] [stdout]     |
[INFO] [stdout]     = help: if you wanted to use a crate named `keelson_sqlite`, use `cargo add keelson_sqlite` to add it to your `Cargo.toml`
[INFO] [stdout] 
[INFO] [stdout] 
[INFO] [stdout] error[E0433]: cannot find module or crate `keelson_sqlite` in this scope
[INFO] [stdout]    --> tests/spec_sqlite.rs:366:27
[INFO] [stdout]     |
[INFO] [stdout] 366 |             type Update = keelson_sqlite::UpdateQuery;
[INFO] [stdout]     |                           ^^^^^^^^^^^^^^ use of unresolved module or unlinked crate `keelson_sqlite`
[INFO] [stdout]     |
[INFO] [stdout]     = help: if you wanted to use a crate named `keelson_sqlite`, use `cargo add keelson_sqlite` to add it to your `Cargo.toml`
[INFO] [stdout] 
[INFO] [stdout] 
[INFO] [stdout] error[E0433]: cannot find module or crate `keelson_sqlite` in this scope
[INFO] [stdout]    --> tests/spec_sqlite.rs:367:27
[INFO] [stdout]     |
[INFO] [stdout] 367 |             type Delete = keelson_sqlite::DeleteQuery;
[INFO] [stdout]     |                           ^^^^^^^^^^^^^^ use of unresolved module or unlinked crate `keelson_sqlite`
[INFO] [stdout]     |
[INFO] [stdout]     = help: if you wanted to use a crate named `keelson_sqlite`, use `cargo add keelson_sqlite` to add it to your `Cargo.toml`
[INFO] [stdout] 
[INFO] [stdout] 
[INFO] [stdout] error[E0433]: cannot find module or crate `keelson_sqlite` in this scope
[INFO] [stdout]    --> tests/spec_sqlite.rs:379:29
[INFO] [stdout]     |
[INFO] [stdout] 379 |                 let mut q = keelson_sqlite::insert((
[INFO] [stdout]     |                             ^^^^^^^^^^^^^^ use of unresolved module or unlinked crate `keelson_sqlite`
[INFO] [stdout]     |
[INFO] [stdout]     = help: if you wanted to use a crate named `keelson_sqlite`, use `cargo add keelson_sqlite` to add it to your `Cargo.toml`
[INFO] [stdout] 
[INFO] [stdout] 
[INFO] [stdout] error[E0433]: cannot find module or crate `keelson_sqlite` in this scope
[INFO] [stdout]    --> tests/spec_sqlite.rs:390:17
[INFO] [stdout]     |
[INFO] [stdout] 390 |                 keelson_sqlite::update(update::table(quote("posts")))
[INFO] [stdout]     |                 ^^^^^^^^^^^^^^ use of unresolved module or unlinked crate `keelson_sqlite`
[INFO] [stdout]     |
[INFO] [stdout]     = help: if you wanted to use a crate named `keelson_sqlite`, use `cargo add keelson_sqlite` to add it to your `Cargo.toml`
[INFO] [stdout] 
[INFO] [stdout] 
[INFO] [stdout] error[E0433]: cannot find module or crate `keelson_sqlite` in this scope
[INFO] [stdout]    --> tests/spec_sqlite.rs:415:17
[INFO] [stdout]     |
[INFO] [stdout] 415 |                 keelson_sqlite::delete(delete::from(quote("posts")))
[INFO] [stdout]     |                 ^^^^^^^^^^^^^^ use of unresolved module or unlinked crate `keelson_sqlite`
[INFO] [stdout]     |
[INFO] [stdout]     = help: if you wanted to use a crate named `keelson_sqlite`, use `cargo add keelson_sqlite` to add it to your `Cargo.toml`
[INFO] [stdout] 
[INFO] [stdout] 
[INFO] [stdout] error[E0433]: cannot find module or crate `keelson_sqlcheck` in this scope
[INFO] [stdout]    --> tests/spec_sqlite.rs:499:5
[INFO] [stdout]     |
[INFO] [stdout] 499 |     keelson_sqlcheck::assert_sql(
[INFO] [stdout]     |     ^^^^^^^^^^^^^^^^ use of unresolved module or unlinked crate `keelson_sqlcheck`
[INFO] [stdout]     |
[INFO] [stdout]     = help: if you wanted to use a crate named `keelson_sqlcheck`, use `cargo add keelson_sqlcheck` to add it to your `Cargo.toml`
[INFO] [stdout] 
[INFO] [stdout] 
[INFO] [stdout] error[E0433]: cannot find module or crate `keelson_sqlite` in this scope
[INFO] [stdout]    --> tests/spec_sqlite.rs:567:5
[INFO] [stdout]     |
[INFO] [stdout] 567 |     keelson_sqlite::select((
[INFO] [stdout]     |     ^^^^^^^^^^^^^^ use of unresolved module or unlinked crate `keelson_sqlite`
[INFO] [stdout]     |
[INFO] [stdout]     = help: if you wanted to use a crate named `keelson_sqlite`, use `cargo add keelson_sqlite` to add it to your `Cargo.toml`
[INFO] [stdout] 
[INFO] [stdout] 
[INFO] [stdout] error[E0433]: cannot find module or crate `keelson_sqlite` in this scope
[INFO] [stdout]    --> tests/spec_sqlite.rs:708:13
[INFO] [stdout]     |
[INFO] [stdout] 708 |             keelson_sqlite::insert((
[INFO] [stdout]     |             ^^^^^^^^^^^^^^ use of unresolved module or unlinked crate `keelson_sqlite`
[INFO] [stdout]     |
[INFO] [stdout]     = help: if you wanted to use a crate named `keelson_sqlite`, use `cargo add keelson_sqlite` to add it to your `Cargo.toml`
[INFO] [stdout] 
[INFO] [stdout] 
[INFO] [stdout] error[E0433]: cannot find module or crate `keelson_sqlcheck` in this scope
[INFO] [stdout]    --> tests/spec_sqlite.rs:846:5
[INFO] [stdout]     |
[INFO] [stdout] 846 |     keelson_sqlcheck::assert_sql(keelson_sqlcheck::Dialect::Sqlite, sql, expected);
[INFO] [stdout]     |     ^^^^^^^^^^^^^^^^ use of unresolved module or unlinked crate `keelson_sqlcheck`
[INFO] [stdout]     |
[INFO] [stdout]     = help: if you wanted to use a crate named `keelson_sqlcheck`, use `cargo add keelson_sqlcheck` to add it to your `Cargo.toml`
[INFO] [stdout] 
[INFO] [stdout] 
[INFO] [stdout] Some errors have detailed explanations: E0432, E0433.
[INFO] [stdout] 
[INFO] [stdout] For more information about an error, try `rustc --explain E0432`.
[INFO] [stdout] 
[INFO] [stderr] error: could not compile `keelson-models` (test "spec_sqlite") due to 32 previous errors
[INFO] [stdout] error[E0433]: cannot find module or crate `keelson_mysql` in this scope
[INFO] [stdout]    --> tests/spec_mysql.rs:167:43
[INFO] [stdout]     |
[INFO] [stdout] 167 |             mods: Vec<Box<dyn FnOnce(&mut keelson_mysql::InsertQuery) + Send>>,
[INFO] [stdout]     |                                           ^^^^^^^^^^^^^ use of unresolved module or unlinked crate `keelson_mysql`
[INFO] [stdout]     |
[INFO] [stdout] help: there is a crate or module with a similar name
[INFO] [stdout]     |
[INFO] [stdout] 167 -             mods: Vec<Box<dyn FnOnce(&mut keelson_mysql::InsertQuery) + Send>>,
[INFO] [stdout] 167 +             mods: Vec<Box<dyn FnOnce(&mut keelson_models::InsertQuery) + Send>>,
[INFO] [stdout]     |
[INFO] [stdout] 
[INFO] [stdout] 
[INFO] [stdout] error[E0433]: cannot find module or crate `keelson_mysql` in this scope
[INFO] [stdout]    --> tests/spec_mysql.rs:185:32
[INFO] [stdout]     |
[INFO] [stdout] 185 |                 mods: impl Mod<keelson_mysql::InsertQuery> + Send + 'static,
[INFO] [stdout]     |                                ^^^^^^^^^^^^^ use of unresolved module or unlinked crate `keelson_mysql`
[INFO] [stdout]     |
[INFO] [stdout] help: there is a crate or module with a similar name
[INFO] [stdout]     |
[INFO] [stdout] 185 -                 mods: impl Mod<keelson_mysql::InsertQuery> + Send + 'static,
[INFO] [stdout] 185 +                 mods: impl Mod<keelson_models::InsertQuery> + Send + 'static,
[INFO] [stdout]     |
[INFO] [stdout] 
[INFO] [stdout] 
[INFO] [stdout] error[E0433]: cannot find module or crate `keelson_mysql` in this scope
[INFO] [stdout]    --> tests/spec_mysql.rs:191:54
[INFO] [stdout]     |
[INFO] [stdout] 191 |             fn build(self, key: &mut Option<i32>) -> keelson_mysql::InsertQuery {
[INFO] [stdout]     |                                                      ^^^^^^^^^^^^^ use of unresolved module or unlinked crate `keelson_mysql`
[INFO] [stdout]     |
[INFO] [stdout] help: there is a crate or module with a similar name
[INFO] [stdout]     |
[INFO] [stdout] 191 -             fn build(self, key: &mut Option<i32>) -> keelson_mysql::InsertQuery {
[INFO] [stdout] 191 +             fn build(self, key: &mut Option<i32>) -> keelson_models::InsertQuery {
[INFO] [stdout]     |
[INFO] [stdout] 
[INFO] [stdout] 
[INFO] [stdout] error[E0433]: cannot find module or crate `keelson_mysql` in this scope
[INFO] [stdout]    --> tests/spec_mysql.rs:244:35
[INFO] [stdout]     |
[INFO] [stdout] 244 |         pub fn by_pk(key: i32) -> keelson_mysql::SelectQuery {
[INFO] [stdout]     |                                   ^^^^^^^^^^^^^ use of unresolved module or unlinked crate `keelson_mysql`
[INFO] [stdout]     |
[INFO] [stdout] help: there is a crate or module with a similar name
[INFO] [stdout]     |
[INFO] [stdout] 244 -         pub fn by_pk(key: i32) -> keelson_mysql::SelectQuery {
[INFO] [stdout] 244 +         pub fn by_pk(key: i32) -> keelson_models::SelectQuery {
[INFO] [stdout]     |
[INFO] [stdout] 
[INFO] [stdout] 
[INFO] [stdout] error[E0433]: cannot find module or crate `keelson_mysql` in this scope
[INFO] [stdout]    --> tests/spec_mysql.rs:245:13
[INFO] [stdout]     |
[INFO] [stdout] 245 |             keelson_mysql::select((
[INFO] [stdout]     |             ^^^^^^^^^^^^^ use of unresolved module or unlinked crate `keelson_mysql`
[INFO] [stdout]     |
[INFO] [stdout] help: there is a crate or module with a similar name
[INFO] [stdout]     |
[INFO] [stdout] 245 -             keelson_mysql::select((
[INFO] [stdout] 245 +             keelson_models::select((
[INFO] [stdout]     |
[INFO] [stdout] 
[INFO] [stdout] 
[INFO] [stdout] error[E0433]: cannot find module or crate `keelson_mysql` in this scope
[INFO] [stdout]    --> tests/spec_mysql.rs:259:52
[INFO] [stdout]     |
[INFO] [stdout] 259 |             pub fn apply(&mut self, mods: impl Mod<keelson_mysql::UpdateQuery>) {
[INFO] [stdout]     |                                                    ^^^^^^^^^^^^^ use of unresolved module or unlinked crate `keelson_mysql`
[INFO] [stdout]     |
[INFO] [stdout] help: there is a crate or module with a similar name
[INFO] [stdout]     |
[INFO] [stdout] 259 -             pub fn apply(&mut self, mods: impl Mod<keelson_mysql::UpdateQuery>) {
[INFO] [stdout] 259 +             pub fn apply(&mut self, mods: impl Mod<keelson_models::UpdateQuery>) {
[INFO] [stdout]     |
[INFO] [stdout] 
[INFO] [stdout] 
[INFO] [stdout] error[E0433]: cannot find module or crate `keelson_mysql` in this scope
[INFO] [stdout]    --> tests/spec_mysql.rs:276:52
[INFO] [stdout]     |
[INFO] [stdout] 276 |             pub fn apply(&mut self, mods: impl Mod<keelson_mysql::DeleteQuery>) {
[INFO] [stdout]     |                                                    ^^^^^^^^^^^^^ use of unresolved module or unlinked crate `keelson_mysql`
[INFO] [stdout]     |
[INFO] [stdout] help: there is a crate or module with a similar name
[INFO] [stdout]     |
[INFO] [stdout] 276 -             pub fn apply(&mut self, mods: impl Mod<keelson_mysql::DeleteQuery>) {
[INFO] [stdout] 276 +             pub fn apply(&mut self, mods: impl Mod<keelson_models::DeleteQuery>) {
[INFO] [stdout]     |
[INFO] [stdout] 
[INFO] [stdout] 
[INFO] [stdout] error[E0433]: cannot find module or crate `keelson_mysql` in this scope
[INFO] [stdout]    --> tests/spec_mysql.rs:323:27
[INFO] [stdout]     |
[INFO] [stdout] 323 |             type Select = keelson_mysql::SelectQuery;
[INFO] [stdout]     |                           ^^^^^^^^^^^^^ use of unresolved module or unlinked crate `keelson_mysql`
[INFO] [stdout]     |
[INFO] [stdout] help: there is a crate or module with a similar name
[INFO] [stdout]     |
[INFO] [stdout] 323 -             type Select = keelson_mysql::SelectQuery;
[INFO] [stdout] 323 +             type Select = keelson_models::SelectQuery;
[INFO] [stdout]     |
[INFO] [stdout] 
[INFO] [stdout] 
[INFO] [stdout] error[E0433]: cannot find module or crate `keelson_mysql` in this scope
[INFO] [stdout]    --> tests/spec_mysql.rs:326:17
[INFO] [stdout]     |
[INFO] [stdout] 326 |                 keelson_mysql::select((
[INFO] [stdout]     |                 ^^^^^^^^^^^^^ use of unresolved module or unlinked crate `keelson_mysql`
[INFO] [stdout]     |
[INFO] [stdout] help: there is a crate or module with a similar name
[INFO] [stdout]     |
[INFO] [stdout] 326 -                 keelson_mysql::select((
[INFO] [stdout] 326 +                 keelson_models::select((
[INFO] [stdout]     |
[INFO] [stdout] 
[INFO] [stdout] 
[INFO] [stdout] error[E0433]: cannot find module or crate `keelson_mysql` in this scope
[INFO] [stdout]    --> tests/spec_mysql.rs:336:27
[INFO] [stdout]     |
[INFO] [stdout] 336 |             type Insert = keelson_mysql::InsertQuery;
[INFO] [stdout]     |                           ^^^^^^^^^^^^^ use of unresolved module or unlinked crate `keelson_mysql`
[INFO] [stdout]     |
[INFO] [stdout] help: there is a crate or module with a similar name
[INFO] [stdout]     |
[INFO] [stdout] 336 -             type Insert = keelson_mysql::InsertQuery;
[INFO] [stdout] 336 +             type Insert = keelson_models::InsertQuery;
[INFO] [stdout]     |
[INFO] [stdout] 
[INFO] [stdout] 
[INFO] [stdout] error[E0433]: cannot find module or crate `keelson_mysql` in this scope
[INFO] [stdout]    --> tests/spec_mysql.rs:337:27
[INFO] [stdout]     |
[INFO] [stdout] 337 |             type Update = keelson_mysql::UpdateQuery;
[INFO] [stdout]     |                           ^^^^^^^^^^^^^ use of unresolved module or unlinked crate `keelson_mysql`
[INFO] [stdout]     |
[INFO] [stdout] help: there is a crate or module with a similar name
[INFO] [stdout]     |
[INFO] [stdout] 337 -             type Update = keelson_mysql::UpdateQuery;
[INFO] [stdout] 337 +             type Update = keelson_models::UpdateQuery;
[INFO] [stdout]     |
[INFO] [stdout] 
[INFO] [stdout] 
[INFO] [stdout] error[E0433]: cannot find module or crate `keelson_mysql` in this scope
[INFO] [stdout]    --> tests/spec_mysql.rs:338:27
[INFO] [stdout]     |
[INFO] [stdout] 338 |             type Delete = keelson_mysql::DeleteQuery;
[INFO] [stdout]     |                           ^^^^^^^^^^^^^ use of unresolved module or unlinked crate `keelson_mysql`
[INFO] [stdout]     |
[INFO] [stdout] help: there is a crate or module with a similar name
[INFO] [stdout]     |
[INFO] [stdout] 338 -             type Delete = keelson_mysql::DeleteQuery;
[INFO] [stdout] 338 +             type Delete = keelson_models::DeleteQuery;
[INFO] [stdout]     |
[INFO] [stdout] 
[INFO] [stdout] 
[INFO] [stdout] error[E0433]: cannot find module or crate `keelson_mysql` in this scope
[INFO] [stdout]    --> tests/spec_mysql.rs:352:29
[INFO] [stdout]     |
[INFO] [stdout] 352 |                 let mut q = keelson_mysql::insert(insert::into(quote("users")).columns(cols));
[INFO] [stdout]     |                             ^^^^^^^^^^^^^ use of unresolved module or unlinked crate `keelson_mysql`
[INFO] [stdout]     |
[INFO] [stdout] help: there is a crate or module with a similar name
[INFO] [stdout]     |
[INFO] [stdout] 352 -                 let mut q = keelson_mysql::insert(insert::into(quote("users")).columns(cols));
[INFO] [stdout] 352 +                 let mut q = keelson_models::insert(insert::into(quote("users")).columns(cols));
[INFO] [stdout]     |
[INFO] [stdout] 
[INFO] [stdout] 
[INFO] [stdout] error[E0433]: cannot find module or crate `keelson_mysql` in this scope
[INFO] [stdout]    --> tests/spec_mysql.rs:360:17
[INFO] [stdout]     |
[INFO] [stdout] 360 |                 keelson_mysql::update(update::table(quote("users")))
[INFO] [stdout]     |                 ^^^^^^^^^^^^^ use of unresolved module or unlinked crate `keelson_mysql`
[INFO] [stdout]     |
[INFO] [stdout] help: there is a crate or module with a similar name
[INFO] [stdout]     |
[INFO] [stdout] 360 -                 keelson_mysql::update(update::table(quote("users")))
[INFO] [stdout] 360 +                 keelson_models::update(update::table(quote("users")))
[INFO] [stdout]     |
[INFO] [stdout] 
[INFO] [stdout] 
[INFO] [stdout] error[E0433]: cannot find module or crate `keelson_mysql` in this scope
[INFO] [stdout]    --> tests/spec_mysql.rs:385:17
[INFO] [stdout]     |
[INFO] [stdout] 385 |                 keelson_mysql::delete(delete::from(quote("users")))
[INFO] [stdout]     |                 ^^^^^^^^^^^^^ use of unresolved module or unlinked crate `keelson_mysql`
[INFO] [stdout]     |
[INFO] [stdout] help: there is a crate or module with a similar name
[INFO] [stdout]     |
[INFO] [stdout] 385 -                 keelson_mysql::delete(delete::from(quote("users")))
[INFO] [stdout] 385 +                 keelson_models::delete(delete::from(quote("users")))
[INFO] [stdout]     |
[INFO] [stdout] 
[INFO] [stdout] 
[INFO] [stdout] error[E0433]: cannot find module or crate `keelson_mysql` in this scope
[INFO] [stdout]    --> tests/spec_mysql.rs:416:25
[INFO] [stdout]     |
[INFO] [stdout] 416 |                         keelson_mysql::insert((
[INFO] [stdout]     |                         ^^^^^^^^^^^^^ use of unresolved module or unlinked crate `keelson_mysql`
[INFO] [stdout]     |
[INFO] [stdout] help: there is a crate or module with a similar name
[INFO] [stdout]     |
[INFO] [stdout] 416 -                         keelson_mysql::insert((
[INFO] [stdout] 416 +                         keelson_models::insert((
[INFO] [stdout]     |
[INFO] [stdout] 
[INFO] [stdout] 
[INFO] [stdout] error[E0433]: cannot find module or crate `keelson_mysql` in this scope
[INFO] [stdout]    --> tests/spec_mysql.rs:551:43
[INFO] [stdout]     |
[INFO] [stdout] 551 |             mods: Vec<Box<dyn FnOnce(&mut keelson_mysql::InsertQuery) + Send>>,
[INFO] [stdout]     |                                           ^^^^^^^^^^^^^ use of unresolved module or unlinked crate `keelson_mysql`
[INFO] [stdout]     |
[INFO] [stdout] help: there is a crate or module with a similar name
[INFO] [stdout]     |
[INFO] [stdout] 551 -             mods: Vec<Box<dyn FnOnce(&mut keelson_mysql::InsertQuery) + Send>>,
[INFO] [stdout] 551 +             mods: Vec<Box<dyn FnOnce(&mut keelson_models::InsertQuery) + Send>>,
[INFO] [stdout]     |
[INFO] [stdout] 
[INFO] [stdout] 
[INFO] [stdout] error[E0433]: cannot find module or crate `keelson_mysql` in this scope
[INFO] [stdout]    --> tests/spec_mysql.rs:568:32
[INFO] [stdout]     |
[INFO] [stdout] 568 |                 mods: impl Mod<keelson_mysql::InsertQuery> + Send + 'static,
[INFO] [stdout]     |                                ^^^^^^^^^^^^^ use of unresolved module or unlinked crate `keelson_mysql`
[INFO] [stdout]     |
[INFO] [stdout] help: there is a crate or module with a similar name
[INFO] [stdout]     |
[INFO] [stdout] 568 -                 mods: impl Mod<keelson_mysql::InsertQuery> + Send + 'static,
[INFO] [stdout] 568 +                 mods: impl Mod<keelson_models::InsertQuery> + Send + 'static,
[INFO] [stdout]     |
[INFO] [stdout] 
[INFO] [stdout] 
[INFO] [stdout] error[E0433]: cannot find module or crate `keelson_mysql` in this scope
[INFO] [stdout]    --> tests/spec_mysql.rs:574:54
[INFO] [stdout]     |
[INFO] [stdout] 574 |             fn build(self, key: &mut Option<i32>) -> keelson_mysql::InsertQuery {
[INFO] [stdout]     |                                                      ^^^^^^^^^^^^^ use of unresolved module or unlinked crate `keelson_mysql`
[INFO] [stdout]     |
[INFO] [stdout] help: there is a crate or module with a similar name
[INFO] [stdout]     |
[INFO] [stdout] 574 -             fn build(self, key: &mut Option<i32>) -> keelson_mysql::InsertQuery {
[INFO] [stdout] 574 +             fn build(self, key: &mut Option<i32>) -> keelson_models::InsertQuery {
[INFO] [stdout]     |
[INFO] [stdout] 
[INFO] [stdout] 
[INFO] [stdout] error[E0433]: cannot find module or crate `keelson_mysql` in this scope
[INFO] [stdout]    --> tests/spec_mysql.rs:618:35
[INFO] [stdout]     |
[INFO] [stdout] 618 |         pub fn by_pk(key: i32) -> keelson_mysql::SelectQuery {
[INFO] [stdout]     |                                   ^^^^^^^^^^^^^ use of unresolved module or unlinked crate `keelson_mysql`
[INFO] [stdout]     |
[INFO] [stdout] help: there is a crate or module with a similar name
[INFO] [stdout]     |
[INFO] [stdout] 618 -         pub fn by_pk(key: i32) -> keelson_mysql::SelectQuery {
[INFO] [stdout] 618 +         pub fn by_pk(key: i32) -> keelson_models::SelectQuery {
[INFO] [stdout]     |
[INFO] [stdout] 
[INFO] [stdout] 
[INFO] [stdout] error[E0433]: cannot find module or crate `keelson_mysql` in this scope
[INFO] [stdout]    --> tests/spec_mysql.rs:619:13
[INFO] [stdout]     |
[INFO] [stdout] 619 |             keelson_mysql::select((
[INFO] [stdout]     |             ^^^^^^^^^^^^^ use of unresolved module or unlinked crate `keelson_mysql`
[INFO] [stdout]     |
[INFO] [stdout] help: there is a crate or module with a similar name
[INFO] [stdout]     |
[INFO] [stdout] 619 -             keelson_mysql::select((
[INFO] [stdout] 619 +             keelson_models::select((
[INFO] [stdout]     |
[INFO] [stdout] 
[INFO] [stdout] 
[INFO] [stdout] error[E0433]: cannot find module or crate `keelson_mysql` in this scope
[INFO] [stdout]    --> tests/spec_mysql.rs:632:52
[INFO] [stdout]     |
[INFO] [stdout] 632 |             pub fn apply(&mut self, mods: impl Mod<keelson_mysql::UpdateQuery>) {
[INFO] [stdout]     |                                                    ^^^^^^^^^^^^^ use of unresolved module or unlinked crate `keelson_mysql`
[INFO] [stdout]     |
[INFO] [stdout] help: there is a crate or module with a similar name
[INFO] [stdout]     |
[INFO] [stdout] 632 -             pub fn apply(&mut self, mods: impl Mod<keelson_mysql::UpdateQuery>) {
[INFO] [stdout] 632 +             pub fn apply(&mut self, mods: impl Mod<keelson_models::UpdateQuery>) {
[INFO] [stdout]     |
[INFO] [stdout] 
[INFO] [stdout] 
[INFO] [stdout] error[E0433]: cannot find module or crate `keelson_mysql` in this scope
[INFO] [stdout]    --> tests/spec_mysql.rs:648:52
[INFO] [stdout]     |
[INFO] [stdout] 648 |             pub fn apply(&mut self, mods: impl Mod<keelson_mysql::DeleteQuery>) {
[INFO] [stdout]     |                                                    ^^^^^^^^^^^^^ use of unresolved module or unlinked crate `keelson_mysql`
[INFO] [stdout]     |
[INFO] [stdout] help: there is a crate or module with a similar name
[INFO] [stdout]     |
[INFO] [stdout] 648 -             pub fn apply(&mut self, mods: impl Mod<keelson_mysql::DeleteQuery>) {
[INFO] [stdout] 648 +             pub fn apply(&mut self, mods: impl Mod<keelson_models::DeleteQuery>) {
[INFO] [stdout]     |
[INFO] [stdout] 
[INFO] [stdout] 
[INFO] [stdout] error[E0433]: cannot find module or crate `keelson_mysql` in this scope
[INFO] [stdout]    --> tests/spec_mysql.rs:691:27
[INFO] [stdout]     |
[INFO] [stdout] 691 |             type Select = keelson_mysql::SelectQuery;
[INFO] [stdout]     |                           ^^^^^^^^^^^^^ use of unresolved module or unlinked crate `keelson_mysql`
[INFO] [stdout]     |
[INFO] [stdout] help: there is a crate or module with a similar name
[INFO] [stdout]     |
[INFO] [stdout] 691 -             type Select = keelson_mysql::SelectQuery;
[INFO] [stdout] 691 +             type Select = keelson_models::SelectQuery;
[INFO] [stdout]     |
[INFO] [stdout] 
[INFO] [stdout] 
[INFO] [stdout] error[E0433]: cannot find module or crate `keelson_mysql` in this scope
[INFO] [stdout]    --> tests/spec_mysql.rs:694:17
[INFO] [stdout]     |
[INFO] [stdout] 694 |                 keelson_mysql::select((
[INFO] [stdout]     |                 ^^^^^^^^^^^^^ use of unresolved module or unlinked crate `keelson_mysql`
[INFO] [stdout]     |
[INFO] [stdout] help: there is a crate or module with a similar name
[INFO] [stdout]     |
[INFO] [stdout] 694 -                 keelson_mysql::select((
[INFO] [stdout] 694 +                 keelson_models::select((
[INFO] [stdout]     |
[INFO] [stdout] 
[INFO] [stdout] 
[INFO] [stdout] error[E0433]: cannot find module or crate `keelson_mysql` in this scope
[INFO] [stdout]    --> tests/spec_mysql.rs:704:27
[INFO] [stdout]     |
[INFO] [stdout] 704 |             type Insert = keelson_mysql::InsertQuery;
[INFO] [stdout]     |                           ^^^^^^^^^^^^^ use of unresolved module or unlinked crate `keelson_mysql`
[INFO] [stdout]     |
[INFO] [stdout] help: there is a crate or module with a similar name
[INFO] [stdout]     |
[INFO] [stdout] 704 -             type Insert = keelson_mysql::InsertQuery;
[INFO] [stdout] 704 +             type Insert = keelson_models::InsertQuery;
[INFO] [stdout]     |
[INFO] [stdout] 
[INFO] [stdout] 
[INFO] [stdout] error[E0433]: cannot find module or crate `keelson_mysql` in this scope
[INFO] [stdout]    --> tests/spec_mysql.rs:705:27
[INFO] [stdout]     |
[INFO] [stdout] 705 |             type Update = keelson_mysql::UpdateQuery;
[INFO] [stdout]     |                           ^^^^^^^^^^^^^ use of unresolved module or unlinked crate `keelson_mysql`
[INFO] [stdout]     |
[INFO] [stdout] help: there is a crate or module with a similar name
[INFO] [stdout]     |
[INFO] [stdout] 705 -             type Update = keelson_mysql::UpdateQuery;
[INFO] [stdout] 705 +             type Update = keelson_models::UpdateQuery;
[INFO] [stdout]     |
[INFO] [stdout] 
[INFO] [stdout] 
[INFO] [stdout] error[E0433]: cannot find module or crate `keelson_mysql` in this scope
[INFO] [stdout]    --> tests/spec_mysql.rs:706:27
[INFO] [stdout]     |
[INFO] [stdout] 706 |             type Delete = keelson_mysql::DeleteQuery;
[INFO] [stdout]     |                           ^^^^^^^^^^^^^ use of unresolved module or unlinked crate `keelson_mysql`
[INFO] [stdout]     |
[INFO] [stdout] help: there is a crate or module with a similar name
[INFO] [stdout]     |
[INFO] [stdout] 706 -             type Delete = keelson_mysql::DeleteQuery;
[INFO] [stdout] 706 +             type Delete = keelson_models::DeleteQuery;
[INFO] [stdout]     |
[INFO] [stdout] 
[INFO] [stdout] 
[INFO] [stdout] error[E0433]: cannot find module or crate `keelson_mysql` in this scope
[INFO] [stdout]    --> tests/spec_mysql.rs:718:29
[INFO] [stdout]     |
[INFO] [stdout] 718 |                 let mut q = keelson_mysql::insert(insert::into(quote("posts")).columns(cols));
[INFO] [stdout]     |                             ^^^^^^^^^^^^^ use of unresolved module or unlinked crate `keelson_mysql`
[INFO] [stdout]     |
[INFO] [stdout] help: there is a crate or module with a similar name
[INFO] [stdout]     |
[INFO] [stdout] 718 -                 let mut q = keelson_mysql::insert(insert::into(quote("posts")).columns(cols));
[INFO] [stdout] 718 +                 let mut q = keelson_models::insert(insert::into(quote("posts")).columns(cols));
[INFO] [stdout]     |
[INFO] [stdout] 
[INFO] [stdout] 
[INFO] [stdout] error[E0433]: cannot find module or crate `keelson_mysql` in this scope
[INFO] [stdout]    --> tests/spec_mysql.rs:726:17
[INFO] [stdout]     |
[INFO] [stdout] 726 |                 keelson_mysql::update(update::table(quote("posts")))
[INFO] [stdout]     |                 ^^^^^^^^^^^^^ use of unresolved module or unlinked crate `keelson_mysql`
[INFO] [stdout]     |
[INFO] [stdout] help: there is a crate or module with a similar name
[INFO] [stdout]     |
[INFO] [stdout] 726 -                 keelson_mysql::update(update::table(quote("posts")))
[INFO] [stdout] 726 +                 keelson_models::update(update::table(quote("posts")))
[INFO] [stdout]     |
[INFO] [stdout] 
[INFO] [stdout] 
[INFO] [stdout] error[E0433]: cannot find module or crate `keelson_mysql` in this scope
[INFO] [stdout]    --> tests/spec_mysql.rs:751:17
[INFO] [stdout]     |
[INFO] [stdout] 751 |                 keelson_mysql::delete(delete::from(quote("posts")))
[INFO] [stdout]     |                 ^^^^^^^^^^^^^ use of unresolved module or unlinked crate `keelson_mysql`
[INFO] [stdout]     |
[INFO] [stdout] help: there is a crate or module with a similar name
[INFO] [stdout]     |
[INFO] [stdout] 751 -                 keelson_mysql::delete(delete::from(quote("posts")))
[INFO] [stdout] 751 +                 keelson_models::delete(delete::from(quote("posts")))
[INFO] [stdout]     |
[INFO] [stdout] 
[INFO] [stdout] 
[INFO] [stdout] error[E0433]: cannot find module or crate `keelson_mysql` in this scope
[INFO] [stdout]    --> tests/spec_mysql.rs:871:27
[INFO] [stdout]     |
[INFO] [stdout] 871 |             type Select = keelson_mysql::SelectQuery;
[INFO] [stdout]     |                           ^^^^^^^^^^^^^ use of unresolved module or unlinked crate `keelson_mysql`
[INFO] [stdout]     |
[INFO] [stdout] help: there is a crate or module with a similar name
[INFO] [stdout]     |
[INFO] [stdout] 871 -             type Select = keelson_mysql::SelectQuery;
[INFO] [stdout] 871 +             type Select = keelson_models::SelectQuery;
[INFO] [stdout]     |
[INFO] [stdout] 
[INFO] [stdout] 
[INFO] [stdout] error[E0433]: cannot find module or crate `keelson_mysql` in this scope
[INFO] [stdout]    --> tests/spec_mysql.rs:874:17
[INFO] [stdout]     |
[INFO] [stdout] 874 |                 keelson_mysql::select((
[INFO] [stdout]     |                 ^^^^^^^^^^^^^ use of unresolved module or unlinked crate `keelson_mysql`
[INFO] [stdout]     |
[INFO] [stdout] help: there is a crate or module with a similar name
[INFO] [stdout]     |
[INFO] [stdout] 874 -                 keelson_mysql::select((
[INFO] [stdout] 874 +                 keelson_models::select((
[INFO] [stdout]     |
[INFO] [stdout] 
[INFO] [stdout] 
[INFO] [stdout] error[E0433]: cannot find module or crate `keelson_sqlcheck` in this scope
[INFO] [stdout]    --> tests/spec_mysql.rs:888:5
[INFO] [stdout]     |
[INFO] [stdout] 888 |     keelson_sqlcheck::assert_sql(Dialect::Mysql, &sql, expected);
[INFO] [stdout]     |     ^^^^^^^^^^^^^^^^ use of unresolved module or unlinked crate `keelson_sqlcheck`
[INFO] [stdout]     |
[INFO] [stdout]     = help: if you wanted to use a crate named `keelson_sqlcheck`, use `cargo add keelson_sqlcheck` to add it to your `Cargo.toml`
[INFO] [stdout] 
[INFO] [stdout] 
[INFO] [stdout] error[E0433]: cannot find module or crate `keelson_mysql` in this scope
[INFO] [stdout]     --> tests/spec_mysql.rs:1039:13
[INFO] [stdout]      |
[INFO] [stdout] 1039 |     let q = keelson_mysql::select((
[INFO] [stdout]      |             ^^^^^^^^^^^^^ use of unresolved module or unlinked crate `keelson_mysql`
[INFO] [stdout]      |
[INFO] [stdout] help: there is a crate or module with a similar name
[INFO] [stdout]      |
[INFO] [stdout] 1039 -     let q = keelson_mysql::select((
[INFO] [stdout] 1039 +     let q = keelson_models::select((
[INFO] [stdout]      |
[INFO] [stdout] 
[INFO] [stdout] 
[INFO] [stdout] error[E0433]: cannot find module or crate `keelson_mysql` in this scope
[INFO] [stdout]     --> tests/spec_mysql.rs:1071:64
[INFO] [stdout]      |
[INFO] [stdout] 1071 |     insert::on_duplicate_key_update(insert::set_col("name").to(keelson_mysql::arg("Ada")))
[INFO] [stdout]      |                                                                ^^^^^^^^^^^^^ use of unresolved module or unlinked crate `keelson_mysql`
[INFO] [stdout]      |
[INFO] [stdout] help: there is a crate or module with a similar name
[INFO] [stdout]      |
[INFO] [stdout] 1071 -     insert::on_duplicate_key_update(insert::set_col("name").to(keelson_mysql::arg("Ada")))
[INFO] [stdout] 1071 +     insert::on_duplicate_key_update(insert::set_col("name").to(keelson_models::arg("Ada")))
[INFO] [stdout]      |
[INFO] [stdout] 
[INFO] [stdout] 
[INFO] [stdout] Some errors have detailed explanations: E0432, E0433.
[INFO] [stdout] 
[INFO] [stdout] For more information about an error, try `rustc --explain E0432`.
[INFO] [stdout] 
[INFO] [stderr] error: could not compile `keelson-models` (test "spec_mysql") due to 46 previous errors
[INFO] running `Command { std: "docker" "inspect" "7080924565b3668146ede7766fe38dac2c7d9ee74e1d661735c04f2b132963db", kill_on_drop: false }`
[INFO] running `Command { std: "docker" "rm" "-f" "7080924565b3668146ede7766fe38dac2c7d9ee74e1d661735c04f2b132963db", kill_on_drop: false }`
[INFO] [stdout] 7080924565b3668146ede7766fe38dac2c7d9ee74e1d661735c04f2b132963db
