[INFO] fetching crate keelson-factory 0.2.1...
[INFO] testing keelson-factory-0.2.1 against 1.99.0-beta.8+cargoflags=--release for beta-release-1.100-2
[INFO] extracting crate keelson-factory 0.2.1 into /workspace/builds/worker-1-tc1/source
[INFO] started tweaking crates.io crate keelson-factory 0.2.1
[INFO] removed 0 missing tests
[INFO] finished tweaking crates.io crate keelson-factory 0.2.1
[INFO] tweaked toml for crates.io crate keelson-factory 0.2.1 written to /workspace/builds/worker-1-tc1/source/Cargo.toml
[INFO] validating manifest of crates.io crate keelson-factory 0.2.1 on toolchain 1.99.0-beta.8
[INFO] running `Command { std: CARGO_HOME="/workspace/cargo-home" RUSTUP_HOME="/workspace/rustup-home" "/workspace/cargo-home/bin/cargo" "+1.99.0-beta.8" "metadata" "--manifest-path" "Cargo.toml" "--no-deps", kill_on_drop: false }`
[INFO] crate crates.io crate keelson-factory 0.2.1 already has a lockfile, it will not be regenerated
[INFO] running `Command { std: CARGO_HOME="/workspace/cargo-home" RUSTUP_HOME="/workspace/rustup-home" "/workspace/cargo-home/bin/cargo" "+1.99.0-beta.8" "fetch" "--manifest-path" "Cargo.toml", kill_on_drop: false }`
[INFO] [stderr]     Updating crates.io index
[INFO] [stderr]  Downloading crates ...
[INFO] [stderr]   Downloaded keelson-core v0.2.1
[INFO] [stderr]   Downloaded keelson-exec v0.2.1
[INFO] [stderr]   Downloaded keelson-models v0.2.1
[INFO] running `Command { std: "docker" "create" "-v" "/var/lib/crater-agent-workspace/builds/worker-1-tc1/source:/opt/rustwide/workdir:ro,Z" "-v" "/var/lib/crater-agent-workspace/builds/worker-1-tc1/target:/opt/rustwide/target:rw,Z" "-v" "/var/lib/crater-agent-workspace/cargo-home:/opt/rustwide/cargo-home:ro,Z" "-v" "/var/lib/crater-agent-workspace/rustup-home:/opt/rustwide/rustup-home:ro,Z" "-m" "1610612736" "--network" "none" "ghcr.io/rust-lang/crates-build-env/linux@sha256:77db811e55d90add9212f6832c23229e3de5f1c1f9905e8cb07319ea15df73ac" "sleep" "infinity", kill_on_drop: false }`
[INFO] [stdout] 0792a18197284c290b81f874a21262ce22f93b694420a083b17b4bc0dca8b030
[INFO] running `Command { std: "docker" "start" "0792a18197284c290b81f874a21262ce22f93b694420a083b17b4bc0dca8b030", kill_on_drop: false }`
[INFO] running `Command { std: "docker" "inspect" "0792a18197284c290b81f874a21262ce22f93b694420a083b17b4bc0dca8b030", kill_on_drop: false }`
[INFO] running `Command { std: "docker" "exec" "-e" "SOURCE_DIR=/opt/rustwide/workdir" "-e" "CARGO_HOME=/opt/rustwide/cargo-home" "-e" "RUSTUP_HOME=/opt/rustwide/rustup-home" "-e" "CARGO_TARGET_DIR=/opt/rustwide/target" "-w" "/opt/rustwide/workdir" "--user" "0:0" "0792a18197284c290b81f874a21262ce22f93b694420a083b17b4bc0dca8b030" "/opt/rustwide/cargo-home/bin/cargo" "+1.99.0-beta.8" "metadata" "--no-deps" "--format-version=1", kill_on_drop: false }`
[INFO] running `Command { std: "docker" "inspect" "0792a18197284c290b81f874a21262ce22f93b694420a083b17b4bc0dca8b030", kill_on_drop: false }`
[INFO] running `Command { std: "docker" "exec" "-e" "SOURCE_DIR=/opt/rustwide/workdir" "-e" "CARGO_HOME=/opt/rustwide/cargo-home" "-e" "RUSTUP_HOME=/opt/rustwide/rustup-home" "-e" "CARGO_TARGET_DIR=/opt/rustwide/target" "-e" "CARGO_INCREMENTAL=0" "-e" "RUST_BACKTRACE=full" "-e" "RUSTFLAGS=--cap-lints=warn" "-e" "RUSTDOCFLAGS=--cap-lints=warn" "-w" "/opt/rustwide/workdir" "--user" "0:0" "0792a18197284c290b81f874a21262ce22f93b694420a083b17b4bc0dca8b030" "/opt/rustwide/cargo-home/bin/cargo" "+1.99.0-beta.8" "build" "--frozen" "--message-format=json" "--release", kill_on_drop: false }`
[INFO] [stderr]    Compiling proc-macro2 v1.0.107
[INFO] [stderr]    Compiling tokio v1.53.1
[INFO] [stderr]    Compiling quote v1.0.47
[INFO] [stderr]    Compiling syn v3.0.3
[INFO] [stderr]    Compiling serde_derive v1.0.229
[INFO] [stderr]    Compiling serde v1.0.229
[INFO] [stderr]    Compiling keelson-core v0.2.1
[INFO] [stderr]    Compiling keelson-exec v0.2.1
[INFO] [stderr]    Compiling keelson-models v0.2.1
[INFO] [stderr]    Compiling keelson-factory v0.2.1 (/opt/rustwide/workdir)
[INFO] [stderr]     Finished `release` profile [optimized] target(s) in 10.33s
[INFO] running `Command { std: "docker" "inspect" "0792a18197284c290b81f874a21262ce22f93b694420a083b17b4bc0dca8b030", kill_on_drop: false }`
[INFO] running `Command { std: "docker" "exec" "-e" "SOURCE_DIR=/opt/rustwide/workdir" "-e" "CARGO_HOME=/opt/rustwide/cargo-home" "-e" "RUSTUP_HOME=/opt/rustwide/rustup-home" "-e" "CARGO_TARGET_DIR=/opt/rustwide/target" "-e" "CARGO_INCREMENTAL=0" "-e" "RUST_BACKTRACE=full" "-e" "RUSTFLAGS=--cap-lints=warn" "-e" "RUSTDOCFLAGS=--cap-lints=warn" "-w" "/opt/rustwide/workdir" "--user" "0:0" "0792a18197284c290b81f874a21262ce22f93b694420a083b17b4bc0dca8b030" "/opt/rustwide/cargo-home/bin/cargo" "+1.99.0-beta.8" "test" "--frozen" "--no-run" "--message-format=json" "--release", kill_on_drop: false }`
[INFO] [stderr]    Compiling syn v3.0.3
[INFO] [stderr]    Compiling chrono v0.4.45
[INFO] [stderr]    Compiling serde_derive v1.0.229
[INFO] [stderr]    Compiling tokio-macros v2.7.2
[INFO] [stderr]    Compiling tokio v1.53.1
[INFO] [stderr]    Compiling serde v1.0.229
[INFO] [stderr]    Compiling keelson-core v0.2.1
[INFO] [stderr]    Compiling keelson-exec v0.2.1
[INFO] [stderr]    Compiling keelson-models v0.2.1
[INFO] [stderr]    Compiling keelson-factory v0.2.1 (/opt/rustwide/workdir)
[INFO] [stdout] error[E0432]: unresolved import `keelson_exec`
[INFO] [stdout]   --> tests/spec_sqlite.rs:32:5
[INFO] [stdout]    |
[INFO] [stdout] 32 | use keelson_exec::{Executor, Statement};
[INFO] [stdout]    |     ^^^^^^^^^^^^ use of unresolved module or unlinked crate `keelson_exec`
[INFO] [stdout]    |
[INFO] [stdout] help: there is a crate or module with a similar name
[INFO] [stdout]    |
[INFO] [stdout] 32 - use keelson_exec::{Executor, Statement};
[INFO] [stdout] 32 + use keelson_core::{Executor, Statement};
[INFO] [stdout]    |
[INFO] [stdout] 
[INFO] [stdout] 
[INFO] [stdout] error[E0433]: cannot find module or crate `keelson_sqlx` in this scope
[INFO] [stdout]   --> tests/spec_sqlite.rs:36:5
[INFO] [stdout]    |
[INFO] [stdout] 36 | use keelson_sqlx::sqlite::Pool;
[INFO] [stdout]    |     ^^^^^^^^^^^^ use of unresolved module or unlinked crate `keelson_sqlx`
[INFO] [stdout]    |
[INFO] [stdout] help: there is a crate or module with a similar name
[INFO] [stdout]    |
[INFO] [stdout] 36 - use keelson_sqlx::sqlite::Pool;
[INFO] [stdout] 36 + use keelson_core::sqlite::Pool;
[INFO] [stdout]    |
[INFO] [stdout] 
[INFO] [stdout] 
[INFO] [stdout] error[E0432]: unresolved import `keelson_sqlite`
[INFO] [stdout]   --> tests/spec_sqlite.rs:35:5
[INFO] [stdout]    |
[INFO] [stdout] 35 | use keelson_sqlite::{quote, select};
[INFO] [stdout]    |     ^^^^^^^^^^^^^^ use of unresolved module or unlinked crate `keelson_sqlite`
[INFO] [stdout]    |
[INFO] [stdout]    = help: if you wanted to use a crate named `keelson_sqlite`, use `cargo add keelson_sqlite` to add it to your `Cargo.toml`
[INFO] [stdout] 
[INFO] [stdout] 
[INFO] [stdout] error[E0432]: unresolved import `keelson_exec`
[INFO] [stdout]   --> tests/spec_sqlite.rs:51:13
[INFO] [stdout]    |
[INFO] [stdout] 51 |         use keelson_exec::{ExecError, ExecFuture, Execute as _, Executor, FromRow, Row};
[INFO] [stdout]    |             ^^^^^^^^^^^^ use of unresolved module or unlinked crate `keelson_exec`
[INFO] [stdout]    |
[INFO] [stdout] help: there is a crate or module with a similar name
[INFO] [stdout]    |
[INFO] [stdout] 51 -         use keelson_exec::{ExecError, ExecFuture, Execute as _, Executor, FromRow, Row};
[INFO] [stdout] 51 +         use keelson_core::{ExecError, ExecFuture, Execute as _, Executor, FromRow, Row};
[INFO] [stdout]    |
[INFO] [stdout] 
[INFO] [stdout] 
[INFO] [stdout] error[E0432]: unresolved import `keelson_sqlite`
[INFO] [stdout]   --> tests/spec_sqlite.rs:53:13
[INFO] [stdout]    |
[INFO] [stdout] 53 |         use keelson_sqlite::{arg, delete, insert, quote, select, update};
[INFO] [stdout]    |             ^^^^^^^^^^^^^^ use of unresolved module or unlinked crate `keelson_sqlite`
[INFO] [stdout]    |
[INFO] [stdout]    = help: if you wanted to use a crate named `keelson_sqlite`, use `cargo add keelson_sqlite` to add it to your `Cargo.toml`
[INFO] [stdout] 
[INFO] [stdout] 
[INFO] [stdout] error[E0432]: unresolved import `keelson_exec`
[INFO] [stdout]    --> tests/spec_sqlite.rs:240:13
[INFO] [stdout]     |
[INFO] [stdout] 240 |         use keelson_exec::{ExecError, FromRow, Row};
[INFO] [stdout]     |             ^^^^^^^^^^^^ use of unresolved module or unlinked crate `keelson_exec`
[INFO] [stdout]     |
[INFO] [stdout] help: there is a crate or module with a similar name
[INFO] [stdout]     |
[INFO] [stdout] 240 -         use keelson_exec::{ExecError, FromRow, Row};
[INFO] [stdout] 240 +         use keelson_core::{ExecError, FromRow, Row};
[INFO] [stdout]     |
[INFO] [stdout] 
[INFO] [stdout] 
[INFO] [stdout] error[E0432]: unresolved import `keelson_sqlite`
[INFO] [stdout]    --> tests/spec_sqlite.rs:242:13
[INFO] [stdout]     |
[INFO] [stdout] 242 |         use keelson_sqlite::{delete, insert, quote, select, update};
[INFO] [stdout]     |             ^^^^^^^^^^^^^^ use of unresolved module or unlinked crate `keelson_sqlite`
[INFO] [stdout]     |
[INFO] [stdout]     = help: if you wanted to use a crate named `keelson_sqlite`, use `cargo add keelson_sqlite` to add it to your `Cargo.toml`
[INFO] [stdout] 
[INFO] [stdout] 
[INFO] [stdout] error[E0432]: unresolved import `keelson_exec`
[INFO] [stdout]    --> tests/spec_sqlite.rs:396:13
[INFO] [stdout]     |
[INFO] [stdout] 396 |         use keelson_exec::{ExecError, FromRow, Row};
[INFO] [stdout]     |             ^^^^^^^^^^^^ use of unresolved module or unlinked crate `keelson_exec`
[INFO] [stdout]     |
[INFO] [stdout] help: there is a crate or module with a similar name
[INFO] [stdout]     |
[INFO] [stdout] 396 -         use keelson_exec::{ExecError, FromRow, Row};
[INFO] [stdout] 396 +         use keelson_core::{ExecError, FromRow, Row};
[INFO] [stdout]     |
[INFO] [stdout] 
[INFO] [stdout] 
[INFO] [stdout] error[E0432]: unresolved import `keelson_sqlite`
[INFO] [stdout]    --> tests/spec_sqlite.rs:398:13
[INFO] [stdout]     |
[INFO] [stdout] 398 |         use keelson_sqlite::{delete, insert, quote, select, update};
[INFO] [stdout]     |             ^^^^^^^^^^^^^^ use of unresolved module or unlinked crate `keelson_sqlite`
[INFO] [stdout]     |
[INFO] [stdout]     = help: if you wanted to use a crate named `keelson_sqlite`, use `cargo add keelson_sqlite` to add it to your `Cargo.toml`
[INFO] [stdout] 
[INFO] [stdout] 
[INFO] [stdout] error[E0432]: unresolved import `keelson_exec`
[INFO] [stdout]    --> tests/spec_sqlite.rs:549:13
[INFO] [stdout]     |
[INFO] [stdout] 549 |         use keelson_exec::{ExecError, ExecFuture, Executor};
[INFO] [stdout]     |             ^^^^^^^^^^^^ use of unresolved module or unlinked crate `keelson_exec`
[INFO] [stdout]     |
[INFO] [stdout] help: there is a crate or module with a similar name
[INFO] [stdout]     |
[INFO] [stdout] 549 -         use keelson_exec::{ExecError, ExecFuture, Executor};
[INFO] [stdout] 549 +         use keelson_core::{ExecError, ExecFuture, Executor};
[INFO] [stdout]     |
[INFO] [stdout] 
[INFO] [stdout] 
[INFO] [stdout] error[E0432]: unresolved import `keelson_exec`
[INFO] [stdout]    --> tests/spec_sqlite.rs:686:13
[INFO] [stdout]     |
[INFO] [stdout] 686 |         use keelson_exec::{ExecError, ExecFuture, Executor};
[INFO] [stdout]     |             ^^^^^^^^^^^^ use of unresolved module or unlinked crate `keelson_exec`
[INFO] [stdout]     |
[INFO] [stdout] help: there is a crate or module with a similar name
[INFO] [stdout]     |
[INFO] [stdout] 686 -         use keelson_exec::{ExecError, ExecFuture, Executor};
[INFO] [stdout] 686 +         use keelson_core::{ExecError, ExecFuture, Executor};
[INFO] [stdout]     |
[INFO] [stdout] 
[INFO] [stdout] 
[INFO] [stdout] error[E0432]: unresolved import `keelson_exec`
[INFO] [stdout]    --> tests/spec_sqlite.rs:822:13
[INFO] [stdout]     |
[INFO] [stdout] 822 |         use keelson_exec::{ExecError, ExecFuture, Executor};
[INFO] [stdout]     |             ^^^^^^^^^^^^ use of unresolved module or unlinked crate `keelson_exec`
[INFO] [stdout]     |
[INFO] [stdout] help: there is a crate or module with a similar name
[INFO] [stdout]     |
[INFO] [stdout] 822 -         use keelson_exec::{ExecError, ExecFuture, Executor};
[INFO] [stdout] 822 +         use keelson_core::{ExecError, ExecFuture, Executor};
[INFO] [stdout]     |
[INFO] [stdout] 
[INFO] [stdout] 
[INFO] [stdout] error[E0432]: unresolved import `keelson_exec`
[INFO] [stdout]     --> tests/spec_sqlite.rs:1079:9
[INFO] [stdout]      |
[INFO] [stdout] 1079 |     use keelson_exec::Execute as _;
[INFO] [stdout]      |         ^^^^^^^^^^^^ use of unresolved module or unlinked crate `keelson_exec`
[INFO] [stdout]      |
[INFO] [stdout] help: there is a crate or module with a similar name
[INFO] [stdout]      |
[INFO] [stdout] 1079 -     use keelson_exec::Execute as _;
[INFO] [stdout] 1079 +     use keelson_core::Execute as _;
[INFO] [stdout]      |
[INFO] [stdout] 
[INFO] [stdout] 
[INFO] [stdout] error[E0432]: unresolved import `keelson_exec`
[INFO] [stdout]     --> tests/spec_sqlite.rs:1113:13
[INFO] [stdout]      |
[INFO] [stdout] 1113 |         use keelson_exec::Execute as _;
[INFO] [stdout]      |             ^^^^^^^^^^^^ use of unresolved module or unlinked crate `keelson_exec`
[INFO] [stdout]      |
[INFO] [stdout] help: there is a crate or module with a similar name
[INFO] [stdout]      |
[INFO] [stdout] 1113 -         use keelson_exec::Execute as _;
[INFO] [stdout] 1113 +         use keelson_core::Execute as _;
[INFO] [stdout]      |
[INFO] [stdout] 
[INFO] [stdout] 
[INFO] [stdout] error[E0432]: unresolved import `keelson_sqlite`
[INFO] [stdout]     --> tests/spec_sqlite.rs:1114:13
[INFO] [stdout]      |
[INFO] [stdout] 1114 |         use keelson_sqlite::{Chain as _, arg};
[INFO] [stdout]      |             ^^^^^^^^^^^^^^ use of unresolved module or unlinked crate `keelson_sqlite`
[INFO] [stdout]      |
[INFO] [stdout]      = help: if you wanted to use a crate named `keelson_sqlite`, use `cargo add keelson_sqlite` to add it to your `Cargo.toml`
[INFO] [stdout] 
[INFO] [stdout] 
[INFO] [stdout] error[E0432]: unresolved import `keelson_sqlcheck`
[INFO] [stdout]   --> tests/spec_psql.rs:17:5
[INFO] [stdout]    |
[INFO] [stdout] 17 | use keelson_sqlcheck::Dialect;
[INFO] [stdout]    |     ^^^^^^^^^^^^^^^^ use of unresolved module or unlinked crate `keelson_sqlcheck`
[INFO] [stdout]    |
[INFO] [stdout]    = help: if you wanted to use a crate named `keelson_sqlcheck`, use `cargo add keelson_sqlcheck` to add it to your `Cargo.toml`
[INFO] [stdout] 
[INFO] [stdout] 
[INFO] [stdout] error[E0432]: unresolved import `keelson_exec`
[INFO] [stdout]   --> tests/spec_psql.rs:30:13
[INFO] [stdout]    |
[INFO] [stdout] 30 |         use keelson_exec::{ExecError, ExecFuture, Execute as _, Executor, FromRow, Row};
[INFO] [stdout]    |             ^^^^^^^^^^^^ use of unresolved module or unlinked crate `keelson_exec`
[INFO] [stdout]    |
[INFO] [stdout] help: there is a crate or module with a similar name
[INFO] [stdout]    |
[INFO] [stdout] 30 -         use keelson_exec::{ExecError, ExecFuture, Execute as _, Executor, FromRow, Row};
[INFO] [stdout] 30 +         use keelson_core::{ExecError, ExecFuture, Execute as _, Executor, FromRow, Row};
[INFO] [stdout]    |
[INFO] [stdout] 
[INFO] [stdout] 
[INFO] [stdout] error[E0432]: unresolved import `keelson_psql`
[INFO] [stdout]   --> tests/spec_psql.rs:32:13
[INFO] [stdout]    |
[INFO] [stdout] 32 |         use keelson_psql::{arg, delete, insert, quote, select, update};
[INFO] [stdout]    |             ^^^^^^^^^^^^ use of unresolved module or unlinked crate `keelson_psql`
[INFO] [stdout]    |
[INFO] [stdout] help: there is a crate or module with a similar name
[INFO] [stdout]    |
[INFO] [stdout] 32 -         use keelson_psql::{arg, delete, insert, quote, select, update};
[INFO] [stdout] 32 +         use keelson_core::{arg, delete, insert, quote, select, update};
[INFO] [stdout]    |
[INFO] [stdout] 
[INFO] [stdout] 
[INFO] [stdout] error[E0432]: unresolved import `keelson_exec`
[INFO] [stdout]    --> tests/spec_psql.rs:215:13
[INFO] [stdout]     |
[INFO] [stdout] 215 |         use keelson_exec::{ExecError, FromRow, Row};
[INFO] [stdout]     |             ^^^^^^^^^^^^ use of unresolved module or unlinked crate `keelson_exec`
[INFO] [stdout]     |
[INFO] [stdout] help: there is a crate or module with a similar name
[INFO] [stdout]     |
[INFO] [stdout] 215 -         use keelson_exec::{ExecError, FromRow, Row};
[INFO] [stdout] 215 +         use keelson_core::{ExecError, FromRow, Row};
[INFO] [stdout]     |
[INFO] [stdout] 
[INFO] [stdout] 
[INFO] [stdout] error[E0432]: unresolved import `keelson_psql`
[INFO] [stdout]    --> tests/spec_psql.rs:217:13
[INFO] [stdout]     |
[INFO] [stdout] 217 |         use keelson_psql::{delete, insert, quote, select, update};
[INFO] [stdout]     |             ^^^^^^^^^^^^ use of unresolved module or unlinked crate `keelson_psql`
[INFO] [stdout]     |
[INFO] [stdout] help: there is a crate or module with a similar name
[INFO] [stdout]     |
[INFO] [stdout] 217 -         use keelson_psql::{delete, insert, quote, select, update};
[INFO] [stdout] 217 +         use keelson_core::{delete, insert, quote, select, update};
[INFO] [stdout]     |
[INFO] [stdout] 
[INFO] [stdout] 
[INFO] [stdout] error[E0432]: unresolved import `keelson_exec`
[INFO] [stdout]    --> tests/spec_psql.rs:367:13
[INFO] [stdout]     |
[INFO] [stdout] 367 |         use keelson_exec::{ExecError, FromRow, Row};
[INFO] [stdout]     |             ^^^^^^^^^^^^ use of unresolved module or unlinked crate `keelson_exec`
[INFO] [stdout]     |
[INFO] [stdout] help: there is a crate or module with a similar name
[INFO] [stdout]     |
[INFO] [stdout] 367 -         use keelson_exec::{ExecError, FromRow, Row};
[INFO] [stdout] 367 +         use keelson_core::{ExecError, FromRow, Row};
[INFO] [stdout]     |
[INFO] [stdout] 
[INFO] [stdout] 
[INFO] [stdout] error[E0432]: unresolved import `keelson_psql`
[INFO] [stdout]    --> tests/spec_psql.rs:369:13
[INFO] [stdout]     |
[INFO] [stdout] 369 |         use keelson_psql::{delete, insert, quote, select, update};
[INFO] [stdout]     |             ^^^^^^^^^^^^ use of unresolved module or unlinked crate `keelson_psql`
[INFO] [stdout]     |
[INFO] [stdout] help: there is a crate or module with a similar name
[INFO] [stdout]     |
[INFO] [stdout] 369 -         use keelson_psql::{delete, insert, quote, select, update};
[INFO] [stdout] 369 +         use keelson_core::{delete, insert, quote, select, update};
[INFO] [stdout]     |
[INFO] [stdout] 
[INFO] [stdout] 
[INFO] [stdout] error[E0432]: unresolved import `keelson_exec`
[INFO] [stdout]    --> tests/spec_psql.rs:521:13
[INFO] [stdout]     |
[INFO] [stdout] 521 |         use keelson_exec::{ExecError, ExecFuture, Executor};
[INFO] [stdout]     |             ^^^^^^^^^^^^ use of unresolved module or unlinked crate `keelson_exec`
[INFO] [stdout]     |
[INFO] [stdout] help: there is a crate or module with a similar name
[INFO] [stdout]     |
[INFO] [stdout] 521 -         use keelson_exec::{ExecError, ExecFuture, Executor};
[INFO] [stdout] 521 +         use keelson_core::{ExecError, ExecFuture, Executor};
[INFO] [stdout]     |
[INFO] [stdout] 
[INFO] [stdout] 
[INFO] [stdout] error[E0432]: unresolved import `keelson_exec`
[INFO] [stdout]    --> tests/spec_psql.rs:647:13
[INFO] [stdout]     |
[INFO] [stdout] 647 |         use keelson_exec::{ExecError, ExecFuture, Executor};
[INFO] [stdout]     |             ^^^^^^^^^^^^ use of unresolved module or unlinked crate `keelson_exec`
[INFO] [stdout]     |
[INFO] [stdout] help: there is a crate or module with a similar name
[INFO] [stdout]     |
[INFO] [stdout] 647 -         use keelson_exec::{ExecError, ExecFuture, Executor};
[INFO] [stdout] 647 +         use keelson_core::{ExecError, ExecFuture, Executor};
[INFO] [stdout]     |
[INFO] [stdout] 
[INFO] [stdout] 
[INFO] [stdout] error[E0432]: unresolved import `keelson_exec`
[INFO] [stdout]    --> tests/spec_psql.rs:776:13
[INFO] [stdout]     |
[INFO] [stdout] 776 |         use keelson_exec::{ExecError, ExecFuture, Executor};
[INFO] [stdout]     |             ^^^^^^^^^^^^ use of unresolved module or unlinked crate `keelson_exec`
[INFO] [stdout]     |
[INFO] [stdout] help: there is a crate or module with a similar name
[INFO] [stdout]     |
[INFO] [stdout] 776 -         use keelson_exec::{ExecError, ExecFuture, Executor};
[INFO] [stdout] 776 +         use keelson_core::{ExecError, ExecFuture, Executor};
[INFO] [stdout]     |
[INFO] [stdout] 
[INFO] [stdout] 
[INFO] [stdout] error[E0433]: cannot find module or crate `keelson_sqlcheck` in this scope
[INFO] [stdout]     --> tests/spec_sqlite.rs:1027:9
[INFO] [stdout]      |
[INFO] [stdout] 1027 |         keelson_sqlcheck::Dialect::Sqlite,
[INFO] [stdout]      |         ^^^^^^^^^^^^^^^^ use of unresolved module or unlinked crate `keelson_sqlcheck`
[INFO] [stdout]      |
[INFO] [stdout]      = help: if you wanted to use a crate named `keelson_sqlcheck`, use `cargo add keelson_sqlcheck` to add it to your `Cargo.toml`
[INFO] [stdout] 
[INFO] [stdout] 
[INFO] [stdout] error[E0277]: the trait bound `User: keelson_exec::row::FromRow` is not satisfied
[INFO] [stdout]    --> tests/spec_sqlite.rs:132:24
[INFO] [stdout]     |
[INFO] [stdout] 132 |             type Row = User;
[INFO] [stdout]     |                        ^^^^ unsatisfied trait bound
[INFO] [stdout]     |
[INFO] [stdout] help: the trait `keelson_exec::row::FromRow` is not implemented for `User`
[INFO] [stdout]    --> tests/spec_sqlite.rs:61:9
[INFO] [stdout]     |
[INFO] [stdout]  61 |         pub struct User {
[INFO] [stdout]     |         ^^^^^^^^^^^^^^^
[INFO] [stdout]     = help: the following other types implement trait `keelson_exec::row::FromRow`:
[INFO] [stdout]               (A,)
[INFO] [stdout]               (A, B)
[INFO] [stdout]               (A, B, C)
[INFO] [stdout]               (A, B, C, D)
[INFO] [stdout]               (A, B, C, D, E)
[INFO] [stdout]               (A, B, C, D, E, F)
[INFO] [stdout]               (A, B, C, D, E, F, G)
[INFO] [stdout]               (A, B, C, D, E, F, G, H)
[INFO] [stdout]               keelson_exec::row::Row
[INFO] [stdout] note: required by a bound in `keelson_models::View::Row`
[INFO] [stdout]    --> /opt/rustwide/cargo-home/registry/src/index.crates.io-1949cf8c6b5b557f/keelson-models-0.2.1/src/model.rs:37:15
[INFO] [stdout]     |
[INFO] [stdout]  37 |     type Row: FromRow + Send + Sync + 'static;
[INFO] [stdout]     |               ^^^^^^^ required by this bound in `View::Row`
[INFO] [stdout] 
[INFO] [stdout] 
[INFO] [stdout] error[E0277]: the trait bound `Post: keelson_exec::row::FromRow` is not satisfied
[INFO] [stdout]    --> tests/spec_sqlite.rs:318:24
[INFO] [stdout]     |
[INFO] [stdout] 318 |             type Row = Post;
[INFO] [stdout]     |                        ^^^^ unsatisfied trait bound
[INFO] [stdout]     |
[INFO] [stdout] help: the trait `keelson_exec::row::FromRow` is not implemented for `Post`
[INFO] [stdout]    --> tests/spec_sqlite.rs:250:9
[INFO] [stdout]     |
[INFO] [stdout] 250 |         pub struct Post {
[INFO] [stdout]     |         ^^^^^^^^^^^^^^^
[INFO] [stdout]     = help: the following other types implement trait `keelson_exec::row::FromRow`:
[INFO] [stdout]               (A,)
[INFO] [stdout]               (A, B)
[INFO] [stdout]               (A, B, C)
[INFO] [stdout]               (A, B, C, D)
[INFO] [stdout]               (A, B, C, D, E)
[INFO] [stdout]               (A, B, C, D, E, F)
[INFO] [stdout]               (A, B, C, D, E, F, G)
[INFO] [stdout]               (A, B, C, D, E, F, G, H)
[INFO] [stdout]               keelson_exec::row::Row
[INFO] [stdout] note: required by a bound in `keelson_models::View::Row`
[INFO] [stdout]    --> /opt/rustwide/cargo-home/registry/src/index.crates.io-1949cf8c6b5b557f/keelson-models-0.2.1/src/model.rs:37:15
[INFO] [stdout]     |
[INFO] [stdout]  37 |     type Row: FromRow + Send + Sync + 'static;
[INFO] [stdout]     |               ^^^^^^^ required by this bound in `View::Row`
[INFO] [stdout] 
[INFO] [stdout] 
[INFO] [stdout] error[E0277]: the trait bound `Comment: keelson_exec::row::FromRow` is not satisfied
[INFO] [stdout]    --> tests/spec_sqlite.rs:472:24
[INFO] [stdout]     |
[INFO] [stdout] 472 |             type Row = Comment;
[INFO] [stdout]     |                        ^^^^^^^ unsatisfied trait bound
[INFO] [stdout]     |
[INFO] [stdout] help: the trait `keelson_exec::row::FromRow` is not implemented for `Comment`
[INFO] [stdout]    --> tests/spec_sqlite.rs:406:9
[INFO] [stdout]     |
[INFO] [stdout] 406 |         pub struct Comment {
[INFO] [stdout]     |         ^^^^^^^^^^^^^^^^^^
[INFO] [stdout]     = help: the following other types implement trait `keelson_exec::row::FromRow`:
[INFO] [stdout]               (A,)
[INFO] [stdout]               (A, B)
[INFO] [stdout]               (A, B, C)
[INFO] [stdout]               (A, B, C, D)
[INFO] [stdout]               (A, B, C, D, E)
[INFO] [stdout]               (A, B, C, D, E, F)
[INFO] [stdout]               (A, B, C, D, E, F, G)
[INFO] [stdout]               (A, B, C, D, E, F, G, H)
[INFO] [stdout]               keelson_exec::row::Row
[INFO] [stdout] note: required by a bound in `keelson_models::View::Row`
[INFO] [stdout]    --> /opt/rustwide/cargo-home/registry/src/index.crates.io-1949cf8c6b5b557f/keelson-models-0.2.1/src/model.rs:37:15
[INFO] [stdout]     |
[INFO] [stdout]  37 |     type Row: FromRow + Send + Sync + 'static;
[INFO] [stdout]     |               ^^^^^^^ required by this bound in `View::Row`
[INFO] [stdout] 
[INFO] [stdout] 
[INFO] [stdout] error[E0433]: cannot find module or crate `keelson_sqlite` in this scope
[INFO] [stdout]    --> tests/spec_sqlite.rs:133:27
[INFO] [stdout]     |
[INFO] [stdout] 133 |             type Select = keelson_sqlite::SelectQuery;
[INFO] [stdout]     |                           ^^^^^^^^^^^^^^ use of unresolved module or unlinked crate `keelson_sqlite`
[INFO] [stdout]     |
[INFO] [stdout]     = help: if you wanted to use a crate named `keelson_sqlite`, use `cargo add keelson_sqlite` to add it to your `Cargo.toml`
[INFO] [stdout] 
[INFO] [stdout] 
[INFO] [stdout] error[E0433]: cannot find module or crate `keelson_sqlite` in this scope
[INFO] [stdout]    --> tests/spec_sqlite.rs:136:17
[INFO] [stdout]     |
[INFO] [stdout] 136 |                 keelson_sqlite::select((
[INFO] [stdout]     |                 ^^^^^^^^^^^^^^ use of unresolved module or unlinked crate `keelson_sqlite`
[INFO] [stdout]     |
[INFO] [stdout]     = help: if you wanted to use a crate named `keelson_sqlite`, use `cargo add keelson_sqlite` to add it to your `Cargo.toml`
[INFO] [stdout] 
[INFO] [stdout] 
[INFO] [stdout] error[E0433]: cannot find module or crate `keelson_sqlite` in this scope
[INFO] [stdout]    --> tests/spec_sqlite.rs:146:27
[INFO] [stdout]     |
[INFO] [stdout] 146 |             type Insert = keelson_sqlite::InsertQuery;
[INFO] [stdout]     |                           ^^^^^^^^^^^^^^ use of unresolved module or unlinked crate `keelson_sqlite`
[INFO] [stdout]     |
[INFO] [stdout]     = help: if you wanted to use a crate named `keelson_sqlite`, use `cargo add keelson_sqlite` to add it to your `Cargo.toml`
[INFO] [stdout] 
[INFO] [stdout] 
[INFO] [stdout] error[E0433]: cannot find module or crate `keelson_sqlite` in this scope
[INFO] [stdout]    --> tests/spec_sqlite.rs:147:27
[INFO] [stdout]     |
[INFO] [stdout] 147 |             type Update = keelson_sqlite::UpdateQuery;
[INFO] [stdout]     |                           ^^^^^^^^^^^^^^ use of unresolved module or unlinked crate `keelson_sqlite`
[INFO] [stdout]     |
[INFO] [stdout]     = help: if you wanted to use a crate named `keelson_sqlite`, use `cargo add keelson_sqlite` to add it to your `Cargo.toml`
[INFO] [stdout] 
[INFO] [stdout] 
[INFO] [stdout] error[E0433]: cannot find module or crate `keelson_sqlite` in this scope
[INFO] [stdout]    --> tests/spec_sqlite.rs:148:27
[INFO] [stdout]     |
[INFO] [stdout] 148 |             type Delete = keelson_sqlite::DeleteQuery;
[INFO] [stdout]     |                           ^^^^^^^^^^^^^^ use of unresolved module or unlinked crate `keelson_sqlite`
[INFO] [stdout]     |
[INFO] [stdout]     = help: if you wanted to use a crate named `keelson_sqlite`, use `cargo add keelson_sqlite` to add it to your `Cargo.toml`
[INFO] [stdout] 
[INFO] [stdout] 
[INFO] [stdout] error[E0433]: cannot find module or crate `keelson_sqlite` in this scope
[INFO] [stdout]    --> tests/spec_sqlite.rs:159:29
[INFO] [stdout]     |
[INFO] [stdout] 159 |                 let mut q = keelson_sqlite::insert((
[INFO] [stdout]     |                             ^^^^^^^^^^^^^^ use of unresolved module or unlinked crate `keelson_sqlite`
[INFO] [stdout]     |
[INFO] [stdout]     = help: if you wanted to use a crate named `keelson_sqlite`, use `cargo add keelson_sqlite` to add it to your `Cargo.toml`
[INFO] [stdout] 
[INFO] [stdout] 
[INFO] [stdout] error[E0433]: cannot find module or crate `keelson_sqlite` in this scope
[INFO] [stdout]    --> tests/spec_sqlite.rs:170:17
[INFO] [stdout]     |
[INFO] [stdout] 170 |                 keelson_sqlite::update(update::table(quote("users")))
[INFO] [stdout]     |                 ^^^^^^^^^^^^^^ use of unresolved module or unlinked crate `keelson_sqlite`
[INFO] [stdout]     |
[INFO] [stdout]     = help: if you wanted to use a crate named `keelson_sqlite`, use `cargo add keelson_sqlite` to add it to your `Cargo.toml`
[INFO] [stdout] 
[INFO] [stdout] 
[INFO] [stdout] error[E0433]: cannot find module or crate `keelson_sqlite` in this scope
[INFO] [stdout]    --> tests/spec_sqlite.rs:195:17
[INFO] [stdout]     |
[INFO] [stdout] 195 |                 keelson_sqlite::delete(delete::from(quote("users")))
[INFO] [stdout]     |                 ^^^^^^^^^^^^^^ use of unresolved module or unlinked crate `keelson_sqlite`
[INFO] [stdout]     |
[INFO] [stdout]     = help: if you wanted to use a crate named `keelson_sqlite`, use `cargo add keelson_sqlite` to add it to your `Cargo.toml`
[INFO] [stdout] 
[INFO] [stdout] 
[INFO] [stdout] error[E0433]: cannot find module or crate `keelson_sqlite` in this scope
[INFO] [stdout]    --> tests/spec_sqlite.rs:223:25
[INFO] [stdout]     |
[INFO] [stdout] 223 |                         keelson_sqlite::insert((
[INFO] [stdout]     |                         ^^^^^^^^^^^^^^ use of unresolved module or unlinked crate `keelson_sqlite`
[INFO] [stdout]     |
[INFO] [stdout]     = help: if you wanted to use a crate named `keelson_sqlite`, use `cargo add keelson_sqlite` to add it to your `Cargo.toml`
[INFO] [stdout] 
[INFO] [stdout] 
[INFO] [stdout] error[E0433]: cannot find module or crate `keelson_sqlite` in this scope
[INFO] [stdout]    --> tests/spec_sqlite.rs:319:27
[INFO] [stdout]     |
[INFO] [stdout] 319 |             type Select = keelson_sqlite::SelectQuery;
[INFO] [stdout]     |                           ^^^^^^^^^^^^^^ use of unresolved module or unlinked crate `keelson_sqlite`
[INFO] [stdout]     |
[INFO] [stdout]     = help: if you wanted to use a crate named `keelson_sqlite`, use `cargo add keelson_sqlite` to add it to your `Cargo.toml`
[INFO] [stdout] 
[INFO] [stdout] 
[INFO] [stdout] error[E0433]: cannot find module or crate `keelson_sqlite` in this scope
[INFO] [stdout]    --> tests/spec_sqlite.rs:322:17
[INFO] [stdout]     |
[INFO] [stdout] 322 |                 keelson_sqlite::select((
[INFO] [stdout]     |                 ^^^^^^^^^^^^^^ use of unresolved module or unlinked crate `keelson_sqlite`
[INFO] [stdout]     |
[INFO] [stdout]     = help: if you wanted to use a crate named `keelson_sqlite`, use `cargo add keelson_sqlite` to add it to your `Cargo.toml`
[INFO] [stdout] 
[INFO] [stdout] 
[INFO] [stdout] error[E0433]: cannot find module or crate `keelson_sqlite` in this scope
[INFO] [stdout]    --> tests/spec_sqlite.rs:332:27
[INFO] [stdout]     |
[INFO] [stdout] 332 |             type Insert = keelson_sqlite::InsertQuery;
[INFO] [stdout]     |                           ^^^^^^^^^^^^^^ use of unresolved module or unlinked crate `keelson_sqlite`
[INFO] [stdout]     |
[INFO] [stdout]     = help: if you wanted to use a crate named `keelson_sqlite`, use `cargo add keelson_sqlite` to add it to your `Cargo.toml`
[INFO] [stdout] 
[INFO] [stdout] 
[INFO] [stdout] error[E0433]: cannot find module or crate `keelson_sqlite` in this scope
[INFO] [stdout]    --> tests/spec_sqlite.rs:333:27
[INFO] [stdout]     |
[INFO] [stdout] 333 |             type Update = keelson_sqlite::UpdateQuery;
[INFO] [stdout]     |                           ^^^^^^^^^^^^^^ use of unresolved module or unlinked crate `keelson_sqlite`
[INFO] [stdout]     |
[INFO] [stdout]     = help: if you wanted to use a crate named `keelson_sqlite`, use `cargo add keelson_sqlite` to add it to your `Cargo.toml`
[INFO] [stdout] 
[INFO] [stdout] 
[INFO] [stdout] error[E0433]: cannot find module or crate `keelson_sqlite` in this scope
[INFO] [stdout]    --> tests/spec_sqlite.rs:334:27
[INFO] [stdout]     |
[INFO] [stdout] 334 |             type Delete = keelson_sqlite::DeleteQuery;
[INFO] [stdout]     |                           ^^^^^^^^^^^^^^ use of unresolved module or unlinked crate `keelson_sqlite`
[INFO] [stdout]     |
[INFO] [stdout]     = help: if you wanted to use a crate named `keelson_sqlite`, use `cargo add keelson_sqlite` to add it to your `Cargo.toml`
[INFO] [stdout] 
[INFO] [stdout] 
[INFO] [stdout] error[E0433]: cannot find module or crate `keelson_sqlite` in this scope
[INFO] [stdout]    --> tests/spec_sqlite.rs:346:29
[INFO] [stdout]     |
[INFO] [stdout] 346 |                 let mut q = keelson_sqlite::insert((
[INFO] [stdout]     |                             ^^^^^^^^^^^^^^ use of unresolved module or unlinked crate `keelson_sqlite`
[INFO] [stdout]     |
[INFO] [stdout]     = help: if you wanted to use a crate named `keelson_sqlite`, use `cargo add keelson_sqlite` to add it to your `Cargo.toml`
[INFO] [stdout] 
[INFO] [stdout] 
[INFO] [stdout] error[E0433]: cannot find module or crate `keelson_sqlite` in this scope
[INFO] [stdout]    --> tests/spec_sqlite.rs:357:17
[INFO] [stdout]     |
[INFO] [stdout] 357 |                 keelson_sqlite::update(update::table(quote("posts")))
[INFO] [stdout]     |                 ^^^^^^^^^^^^^^ use of unresolved module or unlinked crate `keelson_sqlite`
[INFO] [stdout]     |
[INFO] [stdout]     = help: if you wanted to use a crate named `keelson_sqlite`, use `cargo add keelson_sqlite` to add it to your `Cargo.toml`
[INFO] [stdout] 
[INFO] [stdout] 
[INFO] [stdout] error[E0433]: cannot find module or crate `keelson_sqlite` in this scope
[INFO] [stdout]    --> tests/spec_sqlite.rs:382:17
[INFO] [stdout]     |
[INFO] [stdout] 382 |                 keelson_sqlite::delete(delete::from(quote("posts")))
[INFO] [stdout]     |                 ^^^^^^^^^^^^^^ use of unresolved module or unlinked crate `keelson_sqlite`
[INFO] [stdout]     |
[INFO] [stdout]     = help: if you wanted to use a crate named `keelson_sqlite`, use `cargo add keelson_sqlite` to add it to your `Cargo.toml`
[INFO] [stdout] 
[INFO] [stdout] 
[INFO] [stdout] error[E0433]: cannot find module or crate `keelson_sqlite` in this scope
[INFO] [stdout]    --> tests/spec_sqlite.rs:473:27
[INFO] [stdout]     |
[INFO] [stdout] 473 |             type Select = keelson_sqlite::SelectQuery;
[INFO] [stdout]     |                           ^^^^^^^^^^^^^^ use of unresolved module or unlinked crate `keelson_sqlite`
[INFO] [stdout]     |
[INFO] [stdout]     = help: if you wanted to use a crate named `keelson_sqlite`, use `cargo add keelson_sqlite` to add it to your `Cargo.toml`
[INFO] [stdout] 
[INFO] [stdout] 
[INFO] [stdout] error[E0433]: cannot find module or crate `keelson_sqlite` in this scope
[INFO] [stdout]    --> tests/spec_sqlite.rs:476:17
[INFO] [stdout]     |
[INFO] [stdout] 476 |                 keelson_sqlite::select((
[INFO] [stdout]     |                 ^^^^^^^^^^^^^^ use of unresolved module or unlinked crate `keelson_sqlite`
[INFO] [stdout]     |
[INFO] [stdout]     = help: if you wanted to use a crate named `keelson_sqlite`, use `cargo add keelson_sqlite` to add it to your `Cargo.toml`
[INFO] [stdout] 
[INFO] [stdout] 
[INFO] [stdout] error[E0433]: cannot find module or crate `keelson_sqlite` in this scope
[INFO] [stdout]    --> tests/spec_sqlite.rs:486:27
[INFO] [stdout]     |
[INFO] [stdout] 486 |             type Insert = keelson_sqlite::InsertQuery;
[INFO] [stdout]     |                           ^^^^^^^^^^^^^^ use of unresolved module or unlinked crate `keelson_sqlite`
[INFO] [stdout]     |
[INFO] [stdout]     = help: if you wanted to use a crate named `keelson_sqlite`, use `cargo add keelson_sqlite` to add it to your `Cargo.toml`
[INFO] [stdout] 
[INFO] [stdout] 
[INFO] [stdout] error[E0433]: cannot find module or crate `keelson_sqlite` in this scope
[INFO] [stdout]    --> tests/spec_sqlite.rs:487:27
[INFO] [stdout]     |
[INFO] [stdout] 487 |             type Update = keelson_sqlite::UpdateQuery;
[INFO] [stdout]     |                           ^^^^^^^^^^^^^^ use of unresolved module or unlinked crate `keelson_sqlite`
[INFO] [stdout]     |
[INFO] [stdout]     = help: if you wanted to use a crate named `keelson_sqlite`, use `cargo add keelson_sqlite` to add it to your `Cargo.toml`
[INFO] [stdout] 
[INFO] [stdout] 
[INFO] [stdout] error[E0433]: cannot find module or crate `keelson_sqlite` in this scope
[INFO] [stdout]    --> tests/spec_sqlite.rs:488:27
[INFO] [stdout]     |
[INFO] [stdout] 488 |             type Delete = keelson_sqlite::DeleteQuery;
[INFO] [stdout]     |                           ^^^^^^^^^^^^^^ use of unresolved module or unlinked crate `keelson_sqlite`
[INFO] [stdout]     |
[INFO] [stdout]     = help: if you wanted to use a crate named `keelson_sqlite`, use `cargo add keelson_sqlite` to add it to your `Cargo.toml`
[INFO] [stdout] 
[INFO] [stdout] 
[INFO] [stdout] error[E0433]: cannot find module or crate `keelson_sqlite` in this scope
[INFO] [stdout]    --> tests/spec_sqlite.rs:498:29
[INFO] [stdout]     |
[INFO] [stdout] 498 |                 let mut q = keelson_sqlite::insert((
[INFO] [stdout]     |                             ^^^^^^^^^^^^^^ use of unresolved module or unlinked crate `keelson_sqlite`
[INFO] [stdout]     |
[INFO] [stdout]     = help: if you wanted to use a crate named `keelson_sqlite`, use `cargo add keelson_sqlite` to add it to your `Cargo.toml`
[INFO] [stdout] 
[INFO] [stdout] 
[INFO] [stdout] error[E0433]: cannot find module or crate `keelson_sqlite` in this scope
[INFO] [stdout]    --> tests/spec_sqlite.rs:509:17
[INFO] [stdout]     |
[INFO] [stdout] 509 |                 keelson_sqlite::update(update::table(quote("comments")))
[INFO] [stdout]     |                 ^^^^^^^^^^^^^^ use of unresolved module or unlinked crate `keelson_sqlite`
[INFO] [stdout]     |
[INFO] [stdout]     = help: if you wanted to use a crate named `keelson_sqlite`, use `cargo add keelson_sqlite` to add it to your `Cargo.toml`
[INFO] [stdout] 
[INFO] [stdout] 
[INFO] [stdout] error[E0433]: cannot find module or crate `keelson_sqlite` in this scope
[INFO] [stdout]    --> tests/spec_sqlite.rs:531:17
[INFO] [stdout]     |
[INFO] [stdout] 531 |                 keelson_sqlite::delete(delete::from(quote("comments")))
[INFO] [stdout]     |                 ^^^^^^^^^^^^^^ use of unresolved module or unlinked crate `keelson_sqlite`
[INFO] [stdout]     |
[INFO] [stdout]     = help: if you wanted to use a crate named `keelson_sqlite`, use `cargo add keelson_sqlite` to add it to your `Cargo.toml`
[INFO] [stdout] 
[INFO] [stdout] 
[INFO] [stdout] error[E0433]: cannot find module or crate `keelson_sqlcheck` in this scope
[INFO] [stdout]     --> tests/spec_sqlite.rs:1026:5
[INFO] [stdout]      |
[INFO] [stdout] 1026 |     keelson_sqlcheck::assert_sql(
[INFO] [stdout]      |     ^^^^^^^^^^^^^^^^ use of unresolved module or unlinked crate `keelson_sqlcheck`
[INFO] [stdout]      |
[INFO] [stdout]      = help: if you wanted to use a crate named `keelson_sqlcheck`, use `cargo add keelson_sqlcheck` to add it to your `Cargo.toml`
[INFO] [stdout] 
[INFO] [stdout] 
[INFO] [stdout] error[E0433]: cannot find module or crate `keelson_sqlite` in this scope
[INFO] [stdout]     --> tests/spec_sqlite.rs:1080:5
[INFO] [stdout]      |
[INFO] [stdout] 1080 |     keelson_sqlite::select((select::columns("count(*)"), select::from(quote(table))))
[INFO] [stdout]      |     ^^^^^^^^^^^^^^ use of unresolved module or unlinked crate `keelson_sqlite`
[INFO] [stdout]      |
[INFO] [stdout]      = help: if you wanted to use a crate named `keelson_sqlite`, use `cargo add keelson_sqlite` to add it to your `Cargo.toml`
[INFO] [stdout] 
[INFO] [stdout] 
[INFO] [stdout] error[E0433]: cannot find module or crate `keelson_sqlite` in this scope
[INFO] [stdout]     --> tests/spec_sqlite.rs:1115:9
[INFO] [stdout]      |
[INFO] [stdout] 1115 |         keelson_sqlite::select((
[INFO] [stdout]      |         ^^^^^^^^^^^^^^ use of unresolved module or unlinked crate `keelson_sqlite`
[INFO] [stdout]      |
[INFO] [stdout]      = help: if you wanted to use a crate named `keelson_sqlite`, use `cargo add keelson_sqlite` to add it to your `Cargo.toml`
[INFO] [stdout] 
[INFO] [stdout] 
[INFO] [stdout] Some errors have detailed explanations: E0277, E0432, E0433.
[INFO] [stdout] 
[INFO] [stdout] For more information about an error, try `rustc --explain E0277`.
[INFO] [stdout] 
[INFO] [stderr] error: could not compile `keelson-factory` (test "spec_sqlite") due to 47 previous errors
[INFO] [stderr] warning: build failed, waiting for other jobs to finish...
[INFO] [stdout] error[E0277]: the trait bound `User: keelson_exec::row::FromRow` is not satisfied
[INFO] [stdout]    --> tests/spec_psql.rs:111:24
[INFO] [stdout]     |
[INFO] [stdout] 111 |             type Row = User;
[INFO] [stdout]     |                        ^^^^ unsatisfied trait bound
[INFO] [stdout]     |
[INFO] [stdout] help: the trait `keelson_exec::row::FromRow` is not implemented for `User`
[INFO] [stdout]    --> tests/spec_psql.rs:40:9
[INFO] [stdout]     |
[INFO] [stdout]  40 |         pub struct User {
[INFO] [stdout]     |         ^^^^^^^^^^^^^^^
[INFO] [stdout]     = help: the following other types implement trait `keelson_exec::row::FromRow`:
[INFO] [stdout]               (A,)
[INFO] [stdout]               (A, B)
[INFO] [stdout]               (A, B, C)
[INFO] [stdout]               (A, B, C, D)
[INFO] [stdout]               (A, B, C, D, E)
[INFO] [stdout]               (A, B, C, D, E, F)
[INFO] [stdout]               (A, B, C, D, E, F, G)
[INFO] [stdout]               (A, B, C, D, E, F, G, H)
[INFO] [stdout]               keelson_exec::row::Row
[INFO] [stdout] note: required by a bound in `keelson_models::View::Row`
[INFO] [stdout]    --> /opt/rustwide/cargo-home/registry/src/index.crates.io-1949cf8c6b5b557f/keelson-models-0.2.1/src/model.rs:37:15
[INFO] [stdout]     |
[INFO] [stdout]  37 |     type Row: FromRow + Send + Sync + 'static;
[INFO] [stdout]     |               ^^^^^^^ required by this bound in `View::Row`
[INFO] [stdout] 
[INFO] [stdout] 
[INFO] [stdout] error[E0277]: the trait bound `Post: keelson_exec::row::FromRow` is not satisfied
[INFO] [stdout]    --> tests/spec_psql.rs:293:24
[INFO] [stdout]     |
[INFO] [stdout] 293 |             type Row = Post;
[INFO] [stdout]     |                        ^^^^ unsatisfied trait bound
[INFO] [stdout]     |
[INFO] [stdout] help: the trait `keelson_exec::row::FromRow` is not implemented for `Post`
[INFO] [stdout]    --> tests/spec_psql.rs:225:9
[INFO] [stdout]     |
[INFO] [stdout] 225 |         pub struct Post {
[INFO] [stdout]     |         ^^^^^^^^^^^^^^^
[INFO] [stdout]     = help: the following other types implement trait `keelson_exec::row::FromRow`:
[INFO] [stdout]               (A,)
[INFO] [stdout]               (A, B)
[INFO] [stdout]               (A, B, C)
[INFO] [stdout]               (A, B, C, D)
[INFO] [stdout]               (A, B, C, D, E)
[INFO] [stdout]               (A, B, C, D, E, F)
[INFO] [stdout]               (A, B, C, D, E, F, G)
[INFO] [stdout]               (A, B, C, D, E, F, G, H)
[INFO] [stdout]               keelson_exec::row::Row
[INFO] [stdout] note: required by a bound in `keelson_models::View::Row`
[INFO] [stdout]    --> /opt/rustwide/cargo-home/registry/src/index.crates.io-1949cf8c6b5b557f/keelson-models-0.2.1/src/model.rs:37:15
[INFO] [stdout]     |
[INFO] [stdout]  37 |     type Row: FromRow + Send + Sync + 'static;
[INFO] [stdout]     |               ^^^^^^^ required by this bound in `View::Row`
[INFO] [stdout] 
[INFO] [stdout] 
[INFO] [stdout] error[E0277]: the trait bound `Comment: keelson_exec::row::FromRow` is not satisfied
[INFO] [stdout]    --> tests/spec_psql.rs:443:24
[INFO] [stdout]     |
[INFO] [stdout] 443 |             type Row = Comment;
[INFO] [stdout]     |                        ^^^^^^^ unsatisfied trait bound
[INFO] [stdout]     |
[INFO] [stdout] help: the trait `keelson_exec::row::FromRow` is not implemented for `Comment`
[INFO] [stdout]    --> tests/spec_psql.rs:377:9
[INFO] [stdout]     |
[INFO] [stdout] 377 |         pub struct Comment {
[INFO] [stdout]     |         ^^^^^^^^^^^^^^^^^^
[INFO] [stdout]     = help: the following other types implement trait `keelson_exec::row::FromRow`:
[INFO] [stdout]               (A,)
[INFO] [stdout]               (A, B)
[INFO] [stdout]               (A, B, C)
[INFO] [stdout]               (A, B, C, D)
[INFO] [stdout]               (A, B, C, D, E)
[INFO] [stdout]               (A, B, C, D, E, F)
[INFO] [stdout]               (A, B, C, D, E, F, G)
[INFO] [stdout]               (A, B, C, D, E, F, G, H)
[INFO] [stdout]               keelson_exec::row::Row
[INFO] [stdout] note: required by a bound in `keelson_models::View::Row`
[INFO] [stdout]    --> /opt/rustwide/cargo-home/registry/src/index.crates.io-1949cf8c6b5b557f/keelson-models-0.2.1/src/model.rs:37:15
[INFO] [stdout]     |
[INFO] [stdout]  37 |     type Row: FromRow + Send + Sync + 'static;
[INFO] [stdout]     |               ^^^^^^^ required by this bound in `View::Row`
[INFO] [stdout] 
[INFO] [stdout] 
[INFO] [stdout] error[E0433]: cannot find module or crate `keelson_psql` in this scope
[INFO] [stdout]    --> tests/spec_psql.rs:112:27
[INFO] [stdout]     |
[INFO] [stdout] 112 |             type Select = keelson_psql::SelectQuery;
[INFO] [stdout]     |                           ^^^^^^^^^^^^ use of unresolved module or unlinked crate `keelson_psql`
[INFO] [stdout]     |
[INFO] [stdout] help: there is a crate or module with a similar name
[INFO] [stdout]     |
[INFO] [stdout] 112 -             type Select = keelson_psql::SelectQuery;
[INFO] [stdout] 112 +             type Select = keelson_core::SelectQuery;
[INFO] [stdout]     |
[INFO] [stdout] 
[INFO] [stdout] 
[INFO] [stdout] error[E0433]: cannot find module or crate `keelson_psql` in this scope
[INFO] [stdout]    --> tests/spec_psql.rs:115:17
[INFO] [stdout]     |
[INFO] [stdout] 115 |                 keelson_psql::select((select::columns(all_columns()), select::from(quote("users"))))
[INFO] [stdout]     |                 ^^^^^^^^^^^^ use of unresolved module or unlinked crate `keelson_psql`
[INFO] [stdout]     |
[INFO] [stdout] help: there is a crate or module with a similar name
[INFO] [stdout]     |
[INFO] [stdout] 115 -                 keelson_psql::select((select::columns(all_columns()), select::from(quote("users"))))
[INFO] [stdout] 115 +                 keelson_core::select((select::columns(all_columns()), select::from(quote("users"))))
[INFO] [stdout]     |
[INFO] [stdout] 
[INFO] [stdout] 
[INFO] [stdout] error[E0433]: cannot find module or crate `keelson_psql` in this scope
[INFO] [stdout]    --> tests/spec_psql.rs:122:27
[INFO] [stdout]     |
[INFO] [stdout] 122 |             type Insert = keelson_psql::InsertQuery;
[INFO] [stdout]     |                           ^^^^^^^^^^^^ use of unresolved module or unlinked crate `keelson_psql`
[INFO] [stdout]     |
[INFO] [stdout] help: there is a crate or module with a similar name
[INFO] [stdout]     |
[INFO] [stdout] 122 -             type Insert = keelson_psql::InsertQuery;
[INFO] [stdout] 122 +             type Insert = keelson_core::InsertQuery;
[INFO] [stdout]     |
[INFO] [stdout] 
[INFO] [stdout] 
[INFO] [stdout] error[E0433]: cannot find module or crate `keelson_psql` in this scope
[INFO] [stdout]    --> tests/spec_psql.rs:123:27
[INFO] [stdout]     |
[INFO] [stdout] 123 |             type Update = keelson_psql::UpdateQuery;
[INFO] [stdout]     |                           ^^^^^^^^^^^^ use of unresolved module or unlinked crate `keelson_psql`
[INFO] [stdout]     |
[INFO] [stdout] help: there is a crate or module with a similar name
[INFO] [stdout]     |
[INFO] [stdout] 123 -             type Update = keelson_psql::UpdateQuery;
[INFO] [stdout] 123 +             type Update = keelson_core::UpdateQuery;
[INFO] [stdout]     |
[INFO] [stdout] 
[INFO] [stdout] 
[INFO] [stdout] error[E0433]: cannot find module or crate `keelson_psql` in this scope
[INFO] [stdout]    --> tests/spec_psql.rs:124:27
[INFO] [stdout]     |
[INFO] [stdout] 124 |             type Delete = keelson_psql::DeleteQuery;
[INFO] [stdout]     |                           ^^^^^^^^^^^^ use of unresolved module or unlinked crate `keelson_psql`
[INFO] [stdout]     |
[INFO] [stdout] help: there is a crate or module with a similar name
[INFO] [stdout]     |
[INFO] [stdout] 124 -             type Delete = keelson_psql::DeleteQuery;
[INFO] [stdout] 124 +             type Delete = keelson_core::DeleteQuery;
[INFO] [stdout]     |
[INFO] [stdout] 
[INFO] [stdout] 
[INFO] [stdout] error[E0433]: cannot find module or crate `keelson_psql` in this scope
[INFO] [stdout]    --> tests/spec_psql.rs:135:29
[INFO] [stdout]     |
[INFO] [stdout] 135 |                 let mut q = keelson_psql::insert((
[INFO] [stdout]     |                             ^^^^^^^^^^^^ use of unresolved module or unlinked crate `keelson_psql`
[INFO] [stdout]     |
[INFO] [stdout] help: there is a crate or module with a similar name
[INFO] [stdout]     |
[INFO] [stdout] 135 -                 let mut q = keelson_psql::insert((
[INFO] [stdout] 135 +                 let mut q = keelson_core::insert((
[INFO] [stdout]     |
[INFO] [stdout] 
[INFO] [stdout] 
[INFO] [stdout] error[E0433]: cannot find module or crate `keelson_psql` in this scope
[INFO] [stdout]    --> tests/spec_psql.rs:146:17
[INFO] [stdout]     |
[INFO] [stdout] 146 |                 keelson_psql::update(update::table(quote("users")))
[INFO] [stdout]     |                 ^^^^^^^^^^^^ use of unresolved module or unlinked crate `keelson_psql`
[INFO] [stdout]     |
[INFO] [stdout] help: there is a crate or module with a similar name
[INFO] [stdout]     |
[INFO] [stdout] 146 -                 keelson_psql::update(update::table(quote("users")))
[INFO] [stdout] 146 +                 keelson_core::update(update::table(quote("users")))
[INFO] [stdout]     |
[INFO] [stdout] 
[INFO] [stdout] 
[INFO] [stdout] error[E0433]: cannot find module or crate `keelson_psql` in this scope
[INFO] [stdout]    --> tests/spec_psql.rs:171:17
[INFO] [stdout]     |
[INFO] [stdout] 171 |                 keelson_psql::delete(delete::from(quote("users")))
[INFO] [stdout]     |                 ^^^^^^^^^^^^ use of unresolved module or unlinked crate `keelson_psql`
[INFO] [stdout]     |
[INFO] [stdout] help: there is a crate or module with a similar name
[INFO] [stdout]     |
[INFO] [stdout] 171 -                 keelson_psql::delete(delete::from(quote("users")))
[INFO] [stdout] 171 +                 keelson_core::delete(delete::from(quote("users")))
[INFO] [stdout]     |
[INFO] [stdout] 
[INFO] [stdout] 
[INFO] [stdout] error[E0433]: cannot find module or crate `keelson_psql` in this scope
[INFO] [stdout]    --> tests/spec_psql.rs:198:25
[INFO] [stdout]     |
[INFO] [stdout] 198 |                         keelson_psql::insert((
[INFO] [stdout]     |                         ^^^^^^^^^^^^ use of unresolved module or unlinked crate `keelson_psql`
[INFO] [stdout]     |
[INFO] [stdout] help: there is a crate or module with a similar name
[INFO] [stdout]     |
[INFO] [stdout] 198 -                         keelson_psql::insert((
[INFO] [stdout] 198 +                         keelson_core::insert((
[INFO] [stdout]     |
[INFO] [stdout] 
[INFO] [stdout] 
[INFO] [stdout] error[E0433]: cannot find module or crate `keelson_psql` in this scope
[INFO] [stdout]    --> tests/spec_psql.rs:294:27
[INFO] [stdout]     |
[INFO] [stdout] 294 |             type Select = keelson_psql::SelectQuery;
[INFO] [stdout]     |                           ^^^^^^^^^^^^ use of unresolved module or unlinked crate `keelson_psql`
[INFO] [stdout]     |
[INFO] [stdout] help: there is a crate or module with a similar name
[INFO] [stdout]     |
[INFO] [stdout] 294 -             type Select = keelson_psql::SelectQuery;
[INFO] [stdout] 294 +             type Select = keelson_core::SelectQuery;
[INFO] [stdout]     |
[INFO] [stdout] 
[INFO] [stdout] 
[INFO] [stdout] error[E0433]: cannot find module or crate `keelson_psql` in this scope
[INFO] [stdout]    --> tests/spec_psql.rs:297:17
[INFO] [stdout]     |
[INFO] [stdout] 297 |                 keelson_psql::select((select::columns(all_columns()), select::from(quote("posts"))))
[INFO] [stdout]     |                 ^^^^^^^^^^^^ use of unresolved module or unlinked crate `keelson_psql`
[INFO] [stdout]     |
[INFO] [stdout] help: there is a crate or module with a similar name
[INFO] [stdout]     |
[INFO] [stdout] 297 -                 keelson_psql::select((select::columns(all_columns()), select::from(quote("posts"))))
[INFO] [stdout] 297 +                 keelson_core::select((select::columns(all_columns()), select::from(quote("posts"))))
[INFO] [stdout]     |
[INFO] [stdout] 
[INFO] [stdout] 
[INFO] [stdout] error[E0433]: cannot find module or crate `keelson_psql` in this scope
[INFO] [stdout]    --> tests/spec_psql.rs:304:27
[INFO] [stdout]     |
[INFO] [stdout] 304 |             type Insert = keelson_psql::InsertQuery;
[INFO] [stdout]     |                           ^^^^^^^^^^^^ use of unresolved module or unlinked crate `keelson_psql`
[INFO] [stdout]     |
[INFO] [stdout] help: there is a crate or module with a similar name
[INFO] [stdout]     |
[INFO] [stdout] 304 -             type Insert = keelson_psql::InsertQuery;
[INFO] [stdout] 304 +             type Insert = keelson_core::InsertQuery;
[INFO] [stdout]     |
[INFO] [stdout] 
[INFO] [stdout] 
[INFO] [stdout] error[E0433]: cannot find module or crate `keelson_psql` in this scope
[INFO] [stdout]    --> tests/spec_psql.rs:305:27
[INFO] [stdout]     |
[INFO] [stdout] 305 |             type Update = keelson_psql::UpdateQuery;
[INFO] [stdout]     |                           ^^^^^^^^^^^^ use of unresolved module or unlinked crate `keelson_psql`
[INFO] [stdout]     |
[INFO] [stdout] help: there is a crate or module with a similar name
[INFO] [stdout]     |
[INFO] [stdout] 305 -             type Update = keelson_psql::UpdateQuery;
[INFO] [stdout] 305 +             type Update = keelson_core::UpdateQuery;
[INFO] [stdout]     |
[INFO] [stdout] 
[INFO] [stdout] 
[INFO] [stderr] error: could not compile `keelson-factory` (test "spec_psql") due to 39 previous errors
[INFO] [stdout] error[E0433]: cannot find module or crate `keelson_psql` in this scope
[INFO] [stdout]    --> tests/spec_psql.rs:306:27
[INFO] [stdout]     |
[INFO] [stdout] 306 |             type Delete = keelson_psql::DeleteQuery;
[INFO] [stdout]     |                           ^^^^^^^^^^^^ use of unresolved module or unlinked crate `keelson_psql`
[INFO] [stdout]     |
[INFO] [stdout] help: there is a crate or module with a similar name
[INFO] [stdout]     |
[INFO] [stdout] 306 -             type Delete = keelson_psql::DeleteQuery;
[INFO] [stdout] 306 +             type Delete = keelson_core::DeleteQuery;
[INFO] [stdout]     |
[INFO] [stdout] 
[INFO] [stdout] 
[INFO] [stdout] error[E0433]: cannot find module or crate `keelson_psql` in this scope
[INFO] [stdout]    --> tests/spec_psql.rs:318:29
[INFO] [stdout]     |
[INFO] [stdout] 318 |                 let mut q = keelson_psql::insert((
[INFO] [stdout]     |                             ^^^^^^^^^^^^ use of unresolved module or unlinked crate `keelson_psql`
[INFO] [stdout]     |
[INFO] [stdout] help: there is a crate or module with a similar name
[INFO] [stdout]     |
[INFO] [stdout] 318 -                 let mut q = keelson_psql::insert((
[INFO] [stdout] 318 +                 let mut q = keelson_core::insert((
[INFO] [stdout]     |
[INFO] [stdout] 
[INFO] [stdout] 
[INFO] [stdout] error[E0433]: cannot find module or crate `keelson_psql` in this scope
[INFO] [stdout]    --> tests/spec_psql.rs:329:17
[INFO] [stdout]     |
[INFO] [stdout] 329 |                 keelson_psql::update(update::table(quote("posts")))
[INFO] [stdout]     |                 ^^^^^^^^^^^^ use of unresolved module or unlinked crate `keelson_psql`
[INFO] [stdout]     |
[INFO] [stdout] help: there is a crate or module with a similar name
[INFO] [stdout]     |
[INFO] [stdout] 329 -                 keelson_psql::update(update::table(quote("posts")))
[INFO] [stdout] 329 +                 keelson_core::update(update::table(quote("posts")))
[INFO] [stdout]     |
[INFO] [stdout] 
[INFO] [stdout] 
[INFO] [stdout] error[E0433]: cannot find module or crate `keelson_psql` in this scope
[INFO] [stdout]    --> tests/spec_psql.rs:354:17
[INFO] [stdout]     |
[INFO] [stdout] 354 |                 keelson_psql::delete(delete::from(quote("posts")))
[INFO] [stdout]     |                 ^^^^^^^^^^^^ use of unresolved module or unlinked crate `keelson_psql`
[INFO] [stdout]     |
[INFO] [stdout] help: there is a crate or module with a similar name
[INFO] [stdout]     |
[INFO] [stdout] 354 -                 keelson_psql::delete(delete::from(quote("posts")))
[INFO] [stdout] 354 +                 keelson_core::delete(delete::from(quote("posts")))
[INFO] [stdout]     |
[INFO] [stdout] 
[INFO] [stdout] 
[INFO] [stdout] error[E0433]: cannot find module or crate `keelson_psql` in this scope
[INFO] [stdout]    --> tests/spec_psql.rs:444:27
[INFO] [stdout]     |
[INFO] [stdout] 444 |             type Select = keelson_psql::SelectQuery;
[INFO] [stdout]     |                           ^^^^^^^^^^^^ use of unresolved module or unlinked crate `keelson_psql`
[INFO] [stdout]     |
[INFO] [stdout] help: there is a crate or module with a similar name
[INFO] [stdout]     |
[INFO] [stdout] 444 -             type Select = keelson_psql::SelectQuery;
[INFO] [stdout] 444 +             type Select = keelson_core::SelectQuery;
[INFO] [stdout]     |
[INFO] [stdout] 
[INFO] [stdout] 
[INFO] [stdout] error[E0433]: cannot find module or crate `keelson_psql` in this scope
[INFO] [stdout]    --> tests/spec_psql.rs:447:17
[INFO] [stdout]     |
[INFO] [stdout] 447 |                 keelson_psql::select((
[INFO] [stdout]     |                 ^^^^^^^^^^^^ use of unresolved module or unlinked crate `keelson_psql`
[INFO] [stdout]     |
[INFO] [stdout] help: there is a crate or module with a similar name
[INFO] [stdout]     |
[INFO] [stdout] 447 -                 keelson_psql::select((
[INFO] [stdout] 447 +                 keelson_core::select((
[INFO] [stdout]     |
[INFO] [stdout] 
[INFO] [stdout] 
[INFO] [stdout] error[E0433]: cannot find module or crate `keelson_psql` in this scope
[INFO] [stdout]    --> tests/spec_psql.rs:457:27
[INFO] [stdout]     |
[INFO] [stdout] 457 |             type Insert = keelson_psql::InsertQuery;
[INFO] [stdout]     |                           ^^^^^^^^^^^^ use of unresolved module or unlinked crate `keelson_psql`
[INFO] [stdout]     |
[INFO] [stdout] help: there is a crate or module with a similar name
[INFO] [stdout]     |
[INFO] [stdout] 457 -             type Insert = keelson_psql::InsertQuery;
[INFO] [stdout] 457 +             type Insert = keelson_core::InsertQuery;
[INFO] [stdout]     |
[INFO] [stdout] 
[INFO] [stdout] 
[INFO] [stdout] error[E0433]: cannot find module or crate `keelson_psql` in this scope
[INFO] [stdout]    --> tests/spec_psql.rs:458:27
[INFO] [stdout]     |
[INFO] [stdout] 458 |             type Update = keelson_psql::UpdateQuery;
[INFO] [stdout]     |                           ^^^^^^^^^^^^ use of unresolved module or unlinked crate `keelson_psql`
[INFO] [stdout]     |
[INFO] [stdout] help: there is a crate or module with a similar name
[INFO] [stdout]     |
[INFO] [stdout] 458 -             type Update = keelson_psql::UpdateQuery;
[INFO] [stdout] 458 +             type Update = keelson_core::UpdateQuery;
[INFO] [stdout]     |
[INFO] [stdout] 
[INFO] [stdout] 
[INFO] [stdout] error[E0433]: cannot find module or crate `keelson_psql` in this scope
[INFO] [stdout]    --> tests/spec_psql.rs:459:27
[INFO] [stdout]     |
[INFO] [stdout] 459 |             type Delete = keelson_psql::DeleteQuery;
[INFO] [stdout]     |                           ^^^^^^^^^^^^ use of unresolved module or unlinked crate `keelson_psql`
[INFO] [stdout]     |
[INFO] [stdout] help: there is a crate or module with a similar name
[INFO] [stdout]     |
[INFO] [stdout] 459 -             type Delete = keelson_psql::DeleteQuery;
[INFO] [stdout] 459 +             type Delete = keelson_core::DeleteQuery;
[INFO] [stdout]     |
[INFO] [stdout] 
[INFO] [stdout] 
[INFO] [stdout] error[E0433]: cannot find module or crate `keelson_psql` in this scope
[INFO] [stdout]    --> tests/spec_psql.rs:469:29
[INFO] [stdout]     |
[INFO] [stdout] 469 |                 let mut q = keelson_psql::insert((
[INFO] [stdout]     |                             ^^^^^^^^^^^^ use of unresolved module or unlinked crate `keelson_psql`
[INFO] [stdout]     |
[INFO] [stdout] help: there is a crate or module with a similar name
[INFO] [stdout]     |
[INFO] [stdout] 469 -                 let mut q = keelson_psql::insert((
[INFO] [stdout] 469 +                 let mut q = keelson_core::insert((
[INFO] [stdout]     |
[INFO] [stdout] 
[INFO] [stdout] 
[INFO] [stdout] error[E0433]: cannot find module or crate `keelson_psql` in this scope
[INFO] [stdout]    --> tests/spec_psql.rs:480:17
[INFO] [stdout]     |
[INFO] [stdout] 480 |                 keelson_psql::update(update::table(quote("comments")))
[INFO] [stdout]     |                 ^^^^^^^^^^^^ use of unresolved module or unlinked crate `keelson_psql`
[INFO] [stdout]     |
[INFO] [stdout] help: there is a crate or module with a similar name
[INFO] [stdout]     |
[INFO] [stdout] 480 -                 keelson_psql::update(update::table(quote("comments")))
[INFO] [stdout] 480 +                 keelson_core::update(update::table(quote("comments")))
[INFO] [stdout]     |
[INFO] [stdout] 
[INFO] [stdout] 
[INFO] [stdout] error[E0433]: cannot find module or crate `keelson_psql` in this scope
[INFO] [stdout]    --> tests/spec_psql.rs:502:17
[INFO] [stdout]     |
[INFO] [stdout] 502 |                 keelson_psql::delete(delete::from(quote("comments")))
[INFO] [stdout]     |                 ^^^^^^^^^^^^ use of unresolved module or unlinked crate `keelson_psql`
[INFO] [stdout]     |
[INFO] [stdout] help: there is a crate or module with a similar name
[INFO] [stdout]     |
[INFO] [stdout] 502 -                 keelson_psql::delete(delete::from(quote("comments")))
[INFO] [stdout] 502 +                 keelson_core::delete(delete::from(quote("comments")))
[INFO] [stdout]     |
[INFO] [stdout] 
[INFO] [stdout] 
[INFO] [stdout] error[E0433]: cannot find module or crate `keelson_sqlcheck` in this scope
[INFO] [stdout]    --> tests/spec_psql.rs:932:5
[INFO] [stdout]     |
[INFO] [stdout] 932 |     keelson_sqlcheck::assert_sql(
[INFO] [stdout]     |     ^^^^^^^^^^^^^^^^ use of unresolved module or unlinked crate `keelson_sqlcheck`
[INFO] [stdout]     |
[INFO] [stdout]     = help: if you wanted to use a crate named `keelson_sqlcheck`, use `cargo add keelson_sqlcheck` to add it to your `Cargo.toml`
[INFO] [stdout] 
[INFO] [stdout] 
[INFO] [stdout] Some errors have detailed explanations: E0277, E0432, E0433.
[INFO] [stdout] 
[INFO] [stdout] For more information about an error, try `rustc --explain E0277`.
[INFO] [stdout] 
[INFO] running `Command { std: "docker" "inspect" "0792a18197284c290b81f874a21262ce22f93b694420a083b17b4bc0dca8b030", kill_on_drop: false }`
[INFO] running `Command { std: "docker" "rm" "-f" "0792a18197284c290b81f874a21262ce22f93b694420a083b17b4bc0dca8b030", kill_on_drop: false }`
[INFO] [stdout] 0792a18197284c290b81f874a21262ce22f93b694420a083b17b4bc0dca8b030
