[INFO] fetching crate keelson-exec 0.2.1...
[INFO] testing keelson-exec-0.2.1 against 1.100.0-beta.1+cargoflags=--release for beta-release-1.100-2
[INFO] extracting crate keelson-exec 0.2.1 into /workspace/builds/worker-6-tc2/source
[INFO] started tweaking crates.io crate keelson-exec 0.2.1
[INFO] removed 0 missing tests
[INFO] finished tweaking crates.io crate keelson-exec 0.2.1
[INFO] tweaked toml for crates.io crate keelson-exec 0.2.1 written to /workspace/builds/worker-6-tc2/source/Cargo.toml
[INFO] validating manifest of crates.io crate keelson-exec 0.2.1 on toolchain 1.100.0-beta.1
[INFO] running `Command { std: CARGO_HOME="/workspace/cargo-home" RUSTUP_HOME="/workspace/rustup-home" "/workspace/cargo-home/bin/cargo" "+1.100.0-beta.1" "metadata" "--manifest-path" "Cargo.toml" "--no-deps", kill_on_drop: false }`
[INFO] crate crates.io crate keelson-exec 0.2.1 already has a lockfile, it will not be regenerated
[INFO] running `Command { std: CARGO_HOME="/workspace/cargo-home" RUSTUP_HOME="/workspace/rustup-home" "/workspace/cargo-home/bin/cargo" "+1.100.0-beta.1" "fetch" "--manifest-path" "Cargo.toml", kill_on_drop: false }`
[INFO] running `Command { std: "docker" "create" "-v" "/var/lib/crater-agent-workspace/builds/worker-6-tc2/source:/opt/rustwide/workdir:ro,Z" "-v" "/var/lib/crater-agent-workspace/builds/worker-6-tc2/target:/opt/rustwide/target:rw,Z" "-v" "/var/lib/crater-agent-workspace/cargo-home:/opt/rustwide/cargo-home:ro,Z" "-v" "/var/lib/crater-agent-workspace/rustup-home:/opt/rustwide/rustup-home:ro,Z" "-m" "1610612736" "--network" "none" "ghcr.io/rust-lang/crates-build-env/linux@sha256:77db811e55d90add9212f6832c23229e3de5f1c1f9905e8cb07319ea15df73ac" "sleep" "infinity", kill_on_drop: false }`
[INFO] [stdout] af2557cf6182c7146eb97f32640b6dbf7a0e7e6ccf8a38b199156c55b3da877a
[INFO] running `Command { std: "docker" "start" "af2557cf6182c7146eb97f32640b6dbf7a0e7e6ccf8a38b199156c55b3da877a", kill_on_drop: false }`
[INFO] running `Command { std: "docker" "inspect" "af2557cf6182c7146eb97f32640b6dbf7a0e7e6ccf8a38b199156c55b3da877a", kill_on_drop: false }`
[INFO] running `Command { std: "docker" "exec" "-e" "SOURCE_DIR=/opt/rustwide/workdir" "-e" "CARGO_HOME=/opt/rustwide/cargo-home" "-e" "RUSTUP_HOME=/opt/rustwide/rustup-home" "-e" "CARGO_TARGET_DIR=/opt/rustwide/target" "-w" "/opt/rustwide/workdir" "--user" "0:0" "af2557cf6182c7146eb97f32640b6dbf7a0e7e6ccf8a38b199156c55b3da877a" "/opt/rustwide/cargo-home/bin/cargo" "+1.100.0-beta.1" "metadata" "--no-deps" "--format-version=1", kill_on_drop: false }`
[INFO] running `Command { std: "docker" "inspect" "af2557cf6182c7146eb97f32640b6dbf7a0e7e6ccf8a38b199156c55b3da877a", kill_on_drop: false }`
[INFO] running `Command { std: "docker" "exec" "-e" "SOURCE_DIR=/opt/rustwide/workdir" "-e" "CARGO_HOME=/opt/rustwide/cargo-home" "-e" "RUSTUP_HOME=/opt/rustwide/rustup-home" "-e" "CARGO_TARGET_DIR=/opt/rustwide/target" "-e" "CARGO_INCREMENTAL=0" "-e" "RUST_BACKTRACE=full" "-e" "RUSTFLAGS=--cap-lints=warn" "-e" "RUSTDOCFLAGS=--cap-lints=warn" "-w" "/opt/rustwide/workdir" "--user" "0:0" "af2557cf6182c7146eb97f32640b6dbf7a0e7e6ccf8a38b199156c55b3da877a" "/opt/rustwide/cargo-home/bin/cargo" "+1.100.0-beta.1" "build" "--frozen" "--message-format=json" "--release", kill_on_drop: false }`
[INFO] [stderr]    Compiling quote v1.0.47
[INFO] [stderr]    Compiling proc-macro2 v1.0.107
[INFO] [stderr]    Compiling tokio v1.53.1
[INFO] [stderr]    Compiling syn v3.0.3
[INFO] [stderr]    Compiling serde_derive v1.0.229
[INFO] [stderr]    Compiling serde v1.0.229
[INFO] [stderr]    Compiling keelson-core v0.2.1
[INFO] [stderr]    Compiling keelson-exec v0.2.1 (/opt/rustwide/workdir)
[INFO] [stderr]     Finished `release` profile [optimized] target(s) in 9.62s
[INFO] running `Command { std: "docker" "inspect" "af2557cf6182c7146eb97f32640b6dbf7a0e7e6ccf8a38b199156c55b3da877a", kill_on_drop: false }`
[INFO] running `Command { std: "docker" "exec" "-e" "SOURCE_DIR=/opt/rustwide/workdir" "-e" "CARGO_HOME=/opt/rustwide/cargo-home" "-e" "RUSTUP_HOME=/opt/rustwide/rustup-home" "-e" "CARGO_TARGET_DIR=/opt/rustwide/target" "-e" "CARGO_INCREMENTAL=0" "-e" "RUST_BACKTRACE=full" "-e" "RUSTFLAGS=--cap-lints=warn" "-e" "RUSTDOCFLAGS=--cap-lints=warn" "-w" "/opt/rustwide/workdir" "--user" "0:0" "af2557cf6182c7146eb97f32640b6dbf7a0e7e6ccf8a38b199156c55b3da877a" "/opt/rustwide/cargo-home/bin/cargo" "+1.100.0-beta.1" "test" "--frozen" "--no-run" "--message-format=json" "--release", kill_on_drop: false }`
[INFO] [stderr]    Compiling syn v3.0.3
[INFO] [stderr]    Compiling serde_derive v1.0.229
[INFO] [stderr]    Compiling tokio-macros v2.7.2
[INFO] [stderr]    Compiling tokio v1.53.1
[INFO] [stderr]    Compiling serde v1.0.229
[INFO] [stderr]    Compiling keelson-core v0.2.1
[INFO] [stderr]    Compiling keelson-exec v0.2.1 (/opt/rustwide/workdir)
[INFO] [stdout] error[E0433]: cannot find module or crate `tracing` in this scope
[INFO] [stdout]   --> tests/tracing.rs:17:5
[INFO] [stdout]    |
[INFO] [stdout] 17 | use tracing::field::{Field, Visit};
[INFO] [stdout]    |     ^^^^^^^ use of unresolved module or unlinked crate `tracing`
[INFO] [stdout]    |
[INFO] [stdout] help: to make use of source file tests/tracing.rs, use `mod tracing` in this file to declare the module
[INFO] [stdout]    |
[INFO] [stdout]  9 + mod tracing;
[INFO] [stdout]    |
[INFO] [stdout] 
[INFO] [stdout] 
[INFO] [stdout] error[E0432]: unresolved import `keelson_core::testing`
[INFO] [stdout]    --> tests/tracing.rs:12:19
[INFO] [stdout]     |
[INFO] [stdout]  12 | use keelson_core::testing::Numbered;
[INFO] [stdout]     |                   ^^^^^^^ could not find `testing` in `keelson_core`
[INFO] [stdout]     |
[INFO] [stdout] note: found an item that was configured out
[INFO] [stdout]    --> /opt/rustwide/cargo-home/registry/src/index.crates.io-1949cf8c6b5b557f/keelson-core-0.2.1/src/lib.rs:114:18
[INFO] [stdout]     |
[INFO] [stdout] 113 | #[cfg(any(test, feature = "testing"))]
[INFO] [stdout]     |          --------------------------- the item is gated here
[INFO] [stdout] 114 | pub use dialect::testing;
[INFO] [stdout]     |                  ^^^^^^^
[INFO] [stdout] 
[INFO] [stdout] 
[INFO] [stdout] error[E0432]: unresolved import `tracing`
[INFO] [stdout]   --> tests/tracing.rs:18:5
[INFO] [stdout]    |
[INFO] [stdout] 18 | use tracing::span;
[INFO] [stdout]    |     ^^^^^^^ use of unresolved module or unlinked crate `tracing`
[INFO] [stdout]    |
[INFO] [stdout] help: to make use of source file tests/tracing.rs, use `mod tracing` in this file to declare the module
[INFO] [stdout]    |
[INFO] [stdout]  9 + mod tracing;
[INFO] [stdout]    |
[INFO] [stdout] 
[INFO] [stdout] 
[INFO] [stdout] error[E0433]: cannot find module or crate `tracing` in this scope
[INFO] [stdout]    --> tests/tracing.rs:104:5
[INFO] [stdout]     |
[INFO] [stdout] 104 |     tracing::subscriber::with_default(capture, || {
[INFO] [stdout]     |     ^^^^^^^ use of unresolved module or unlinked crate `tracing`
[INFO] [stdout]     |
[INFO] [stdout] help: to make use of source file tests/tracing.rs, use `mod tracing` in this file to declare the module
[INFO] [stdout]     |
[INFO] [stdout]   9 + mod tracing;
[INFO] [stdout]     |
[INFO] [stdout] 
[INFO] [stdout] 
[INFO] [stdout] error[E0433]: cannot find module or crate `tracing` in this scope
[INFO] [stdout]   --> tests/tracing.rs:53:6
[INFO] [stdout]    |
[INFO] [stdout] 53 | impl tracing::Subscriber for Capture {
[INFO] [stdout]    |      ^^^^^^^ use of unresolved module or unlinked crate `tracing`
[INFO] [stdout]    |
[INFO] [stdout] help: to make use of source file tests/tracing.rs, use `mod tracing` in this file to declare the module
[INFO] [stdout]    |
[INFO] [stdout]  9 + mod tracing;
[INFO] [stdout]    |
[INFO] [stdout] 
[INFO] [stdout] 
[INFO] [stdout] error[E0433]: cannot find module or crate `tracing` in this scope
[INFO] [stdout]   --> tests/tracing.rs:54:27
[INFO] [stdout]    |
[INFO] [stdout] 54 |     fn enabled(&self, _: &tracing::Metadata<'_>) -> bool {
[INFO] [stdout]    |                           ^^^^^^^ use of unresolved module or unlinked crate `tracing`
[INFO] [stdout]    |
[INFO] [stdout] help: to make use of source file tests/tracing.rs, use `mod tracing` in this file to declare the module
[INFO] [stdout]    |
[INFO] [stdout]  9 + mod tracing;
[INFO] [stdout]    |
[INFO] [stdout] 
[INFO] [stdout] 
[INFO] [stdout] error[E0433]: cannot find module or crate `tracing` in this scope
[INFO] [stdout]   --> tests/tracing.rs:69:29
[INFO] [stdout]    |
[INFO] [stdout] 69 |     fn event(&self, event: &tracing::Event<'_>) {
[INFO] [stdout]    |                             ^^^^^^^ use of unresolved module or unlinked crate `tracing`
[INFO] [stdout]    |
[INFO] [stdout] help: to make use of source file tests/tracing.rs, use `mod tracing` in this file to declare the module
[INFO] [stdout]    |
[INFO] [stdout]  9 + mod tracing;
[INFO] [stdout]    |
[INFO] [stdout] 
[INFO] [stdout] 
[INFO] [stdout] Some errors have detailed explanations: E0432, E0433.
[INFO] [stdout] 
[INFO] [stdout] For more information about an error, try `rustc --explain E0432`.
[INFO] [stdout] 
[INFO] [stderr] error: could not compile `keelson-exec` (test "tracing") due to 7 previous errors
[INFO] [stderr] warning: build failed, waiting for other jobs to finish...
[INFO] [stdout] error[E0432]: unresolved import `keelson_core::testing`
[INFO] [stdout]    --> tests/verbs.rs:7:19
[INFO] [stdout]     |
[INFO] [stdout]   7 | use keelson_core::testing::Numbered;
[INFO] [stdout]     |                   ^^^^^^^ could not find `testing` in `keelson_core`
[INFO] [stdout]     |
[INFO] [stdout] note: found an item that was configured out
[INFO] [stdout]    --> /opt/rustwide/cargo-home/registry/src/index.crates.io-1949cf8c6b5b557f/keelson-core-0.2.1/src/lib.rs:114:18
[INFO] [stdout]     |
[INFO] [stdout] 113 | #[cfg(any(test, feature = "testing"))]
[INFO] [stdout]     |          --------------------------- the item is gated here
[INFO] [stdout] 114 | pub use dialect::testing;
[INFO] [stdout]     |                  ^^^^^^^
[INFO] [stdout] 
[INFO] [stdout] 
[INFO] [stdout] For more information about this error, try `rustc --explain E0432`.
[INFO] [stdout] 
[INFO] [stderr] error: could not compile `keelson-exec` (test "verbs") due to 1 previous error
[INFO] running `Command { std: "docker" "inspect" "af2557cf6182c7146eb97f32640b6dbf7a0e7e6ccf8a38b199156c55b3da877a", kill_on_drop: false }`
[INFO] running `Command { std: "docker" "rm" "-f" "af2557cf6182c7146eb97f32640b6dbf7a0e7e6ccf8a38b199156c55b3da877a", kill_on_drop: false }`
[INFO] [stdout] af2557cf6182c7146eb97f32640b6dbf7a0e7e6ccf8a38b199156c55b3da877a
