[INFO] fetching crate keelson-core 0.2.1...
[INFO] testing keelson-core-0.2.1 against 1.100.0-beta.1+cargoflags=--release for beta-release-1.100-2
[INFO] extracting crate keelson-core 0.2.1 into /workspace/builds/worker-1-tc2/source
[INFO] started tweaking crates.io crate keelson-core 0.2.1
[INFO] removed 0 missing tests
[INFO] finished tweaking crates.io crate keelson-core 0.2.1
[INFO] tweaked toml for crates.io crate keelson-core 0.2.1 written to /workspace/builds/worker-1-tc2/source/Cargo.toml
[INFO] validating manifest of crates.io crate keelson-core 0.2.1 on toolchain 1.100.0-beta.1
[INFO] running `Command { std: CARGO_HOME="/workspace/cargo-home" RUSTUP_HOME="/workspace/rustup-home" "/workspace/cargo-home/bin/cargo" "+1.100.0-beta.1" "metadata" "--manifest-path" "Cargo.toml" "--no-deps", kill_on_drop: false }`
[INFO] crate crates.io crate keelson-core 0.2.1 already has a lockfile, it will not be regenerated
[INFO] running `Command { std: CARGO_HOME="/workspace/cargo-home" RUSTUP_HOME="/workspace/rustup-home" "/workspace/cargo-home/bin/cargo" "+1.100.0-beta.1" "fetch" "--manifest-path" "Cargo.toml", kill_on_drop: false }`
[INFO] running `Command { std: "docker" "create" "-v" "/var/lib/crater-agent-workspace/builds/worker-1-tc2/source:/opt/rustwide/workdir:ro,Z" "-v" "/var/lib/crater-agent-workspace/builds/worker-1-tc2/target:/opt/rustwide/target:rw,Z" "-v" "/var/lib/crater-agent-workspace/cargo-home:/opt/rustwide/cargo-home:ro,Z" "-v" "/var/lib/crater-agent-workspace/rustup-home:/opt/rustwide/rustup-home:ro,Z" "-m" "1610612736" "--network" "none" "ghcr.io/rust-lang/crates-build-env/linux@sha256:77db811e55d90add9212f6832c23229e3de5f1c1f9905e8cb07319ea15df73ac" "sleep" "infinity", kill_on_drop: false }`
[INFO] [stdout] af071cb8edfc8445bf274f408d44742fd11fdcd99498cd966472125ac3c8af3a
[INFO] running `Command { std: "docker" "start" "af071cb8edfc8445bf274f408d44742fd11fdcd99498cd966472125ac3c8af3a", kill_on_drop: false }`
[INFO] running `Command { std: "docker" "inspect" "af071cb8edfc8445bf274f408d44742fd11fdcd99498cd966472125ac3c8af3a", kill_on_drop: false }`
[INFO] running `Command { std: "docker" "exec" "-e" "SOURCE_DIR=/opt/rustwide/workdir" "-e" "CARGO_HOME=/opt/rustwide/cargo-home" "-e" "RUSTUP_HOME=/opt/rustwide/rustup-home" "-e" "CARGO_TARGET_DIR=/opt/rustwide/target" "-w" "/opt/rustwide/workdir" "--user" "0:0" "af071cb8edfc8445bf274f408d44742fd11fdcd99498cd966472125ac3c8af3a" "/opt/rustwide/cargo-home/bin/cargo" "+1.100.0-beta.1" "metadata" "--no-deps" "--format-version=1", kill_on_drop: false }`
[INFO] running `Command { std: "docker" "inspect" "af071cb8edfc8445bf274f408d44742fd11fdcd99498cd966472125ac3c8af3a", kill_on_drop: false }`
[INFO] running `Command { std: "docker" "exec" "-e" "SOURCE_DIR=/opt/rustwide/workdir" "-e" "CARGO_HOME=/opt/rustwide/cargo-home" "-e" "RUSTUP_HOME=/opt/rustwide/rustup-home" "-e" "CARGO_TARGET_DIR=/opt/rustwide/target" "-e" "CARGO_INCREMENTAL=0" "-e" "RUST_BACKTRACE=full" "-e" "RUSTFLAGS=--cap-lints=warn" "-e" "RUSTDOCFLAGS=--cap-lints=warn" "-w" "/opt/rustwide/workdir" "--user" "0:0" "af071cb8edfc8445bf274f408d44742fd11fdcd99498cd966472125ac3c8af3a" "/opt/rustwide/cargo-home/bin/cargo" "+1.100.0-beta.1" "build" "--frozen" "--message-format=json" "--release", kill_on_drop: false }`
[INFO] [stderr]    Compiling syn v3.0.3
[INFO] [stderr]    Compiling serde_derive v1.0.229
[INFO] [stderr]    Compiling serde v1.0.229
[INFO] [stderr]    Compiling keelson-core v0.2.1 (/opt/rustwide/workdir)
[INFO] [stderr]     Finished `release` profile [optimized] target(s) in 7.39s
[INFO] running `Command { std: "docker" "inspect" "af071cb8edfc8445bf274f408d44742fd11fdcd99498cd966472125ac3c8af3a", kill_on_drop: false }`
[INFO] running `Command { std: "docker" "exec" "-e" "SOURCE_DIR=/opt/rustwide/workdir" "-e" "CARGO_HOME=/opt/rustwide/cargo-home" "-e" "RUSTUP_HOME=/opt/rustwide/rustup-home" "-e" "CARGO_TARGET_DIR=/opt/rustwide/target" "-e" "CARGO_INCREMENTAL=0" "-e" "RUST_BACKTRACE=full" "-e" "RUSTFLAGS=--cap-lints=warn" "-e" "RUSTDOCFLAGS=--cap-lints=warn" "-w" "/opt/rustwide/workdir" "--user" "0:0" "af071cb8edfc8445bf274f408d44742fd11fdcd99498cd966472125ac3c8af3a" "/opt/rustwide/cargo-home/bin/cargo" "+1.100.0-beta.1" "test" "--frozen" "--no-run" "--message-format=json" "--release", kill_on_drop: false }`
[INFO] [stderr]    Compiling keelson-core v0.2.1 (/opt/rustwide/workdir)
[INFO] [stdout] error[E0433]: cannot find module or crate `keelson_sqlcheck` in this scope
[INFO] [stdout]   --> tests/grammar_raw.rs:47:5
[INFO] [stdout]    |
[INFO] [stdout] 47 | use keelson_sqlcheck::testing::{PgLike, assert_frag, assert_stmt};
[INFO] [stdout]    |     ^^^^^^^^^^^^^^^^ use of unresolved module or unlinked crate `keelson_sqlcheck`
[INFO] [stdout]    |
[INFO] [stdout]    = help: if you wanted to use a crate named `keelson_sqlcheck`, use `cargo add keelson_sqlcheck` to add it to your `Cargo.toml`
[INFO] [stdout] 
[INFO] [stdout] 
[INFO] [stdout] error[E0433]: cannot find module or crate `keelson_sqlcheck` in this scope
[INFO] [stdout]   --> tests/api_shape.rs:29:5
[INFO] [stdout]    |
[INFO] [stdout] 29 | use keelson_sqlcheck::testing::{PgLike, assert_stmt};
[INFO] [stdout]    |     ^^^^^^^^^^^^^^^^ use of unresolved module or unlinked crate `keelson_sqlcheck`
[INFO] [stdout]    |
[INFO] [stdout]    = help: if you wanted to use a crate named `keelson_sqlcheck`, use `cargo add keelson_sqlcheck` to add it to your `Cargo.toml`
[INFO] [stdout] 
[INFO] [stdout] 
[INFO] [stdout] error[E0432]: unresolved import `keelson_core::testing`
[INFO] [stdout]    --> tests/grammar_raw.rs:42:19
[INFO] [stdout]     |
[INFO] [stdout]  42 | use keelson_core::testing::{Numbered, Positional, TestDialect};
[INFO] [stdout]     |                   ^^^^^^^ could not find `testing` in `keelson_core`
[INFO] [stdout]     |
[INFO] [stdout] note: found an item that was configured out
[INFO] [stdout]    --> src/lib.rs:114:18
[INFO] [stdout]     |
[INFO] [stdout] 113 | #[cfg(any(test, feature = "testing"))]
[INFO] [stdout]     |          --------------------------- the item is gated here
[INFO] [stdout] 114 | pub use dialect::testing;
[INFO] [stdout]     |                  ^^^^^^^
[INFO] [stdout] 
[INFO] [stdout] 
[INFO] [stdout] For more information about this error, try `rustc --explain E0433`.
[INFO] [stdout] 
[INFO] [stderr] error: could not compile `keelson-core` (test "api_shape") due to 1 previous error
[INFO] [stderr] warning: build failed, waiting for other jobs to finish...
[INFO] [stdout] error[E0433]: cannot find module or crate `keelson_sqlcheck` in this scope
[INFO] [stdout]    --> src/clause/combine.rs:240:9
[INFO] [stdout]     |
[INFO] [stdout] 240 |     use keelson_sqlcheck::testing::assert_frag_sql;
[INFO] [stdout]     |         ^^^^^^^^^^^^^^^^ use of unresolved module or unlinked crate `keelson_sqlcheck`
[INFO] [stdout]     |
[INFO] [stdout]     = help: if you wanted to use a crate named `keelson_sqlcheck`, use `cargo add keelson_sqlcheck` to add it to your `Cargo.toml`
[INFO] [stdout] 
[INFO] [stdout] 
[INFO] [stdout] error[E0433]: cannot find module or crate `keelson_sqlcheck` in this scope
[INFO] [stdout]    --> src/clause/conflict.rs:258:9
[INFO] [stdout]     |
[INFO] [stdout] 258 |     use keelson_sqlcheck::testing::assert_frag_sql;
[INFO] [stdout]     |         ^^^^^^^^^^^^^^^^ use of unresolved module or unlinked crate `keelson_sqlcheck`
[INFO] [stdout]     |
[INFO] [stdout]     = help: if you wanted to use a crate named `keelson_sqlcheck`, use `cargo add keelson_sqlcheck` to add it to your `Cargo.toml`
[INFO] [stdout] 
[INFO] [stdout] 
[INFO] [stdout] error[E0433]: cannot find module or crate `keelson_sqlcheck` in this scope
[INFO] [stdout]    --> src/clause/cte.rs:260:9
[INFO] [stdout]     |
[INFO] [stdout] 260 |     use keelson_sqlcheck::testing::assert_frag_sql;
[INFO] [stdout]     |         ^^^^^^^^^^^^^^^^ use of unresolved module or unlinked crate `keelson_sqlcheck`
[INFO] [stdout]     |
[INFO] [stdout]     = help: if you wanted to use a crate named `keelson_sqlcheck`, use `cargo add keelson_sqlcheck` to add it to your `Cargo.toml`
[INFO] [stdout] 
[INFO] [stdout] 
[INFO] [stdout] error[E0433]: cannot find module or crate `keelson_sqlcheck` in this scope
[INFO] [stdout]    --> src/clause/fetch.rs:113:9
[INFO] [stdout]     |
[INFO] [stdout] 113 |     use keelson_sqlcheck::testing::assert_frag_sql;
[INFO] [stdout]     |         ^^^^^^^^^^^^^^^^ use of unresolved module or unlinked crate `keelson_sqlcheck`
[INFO] [stdout]     |
[INFO] [stdout]     = help: if you wanted to use a crate named `keelson_sqlcheck`, use `cargo add keelson_sqlcheck` to add it to your `Cargo.toml`
[INFO] [stdout] 
[INFO] [stdout] 
[INFO] [stdout] error[E0433]: cannot find module or crate `keelson_sqlcheck` in this scope
[INFO] [stdout]    --> src/clause/frame.rs:177:9
[INFO] [stdout]     |
[INFO] [stdout] 177 |     use keelson_sqlcheck::testing::assert_frag_sql;
[INFO] [stdout]     |         ^^^^^^^^^^^^^^^^ use of unresolved module or unlinked crate `keelson_sqlcheck`
[INFO] [stdout]     |
[INFO] [stdout]     = help: if you wanted to use a crate named `keelson_sqlcheck`, use `cargo add keelson_sqlcheck` to add it to your `Cargo.toml`
[INFO] [stdout] 
[INFO] [stdout] 
[INFO] [stdout] error[E0433]: cannot find module or crate `keelson_sqlcheck` in this scope
[INFO] [stdout]    --> src/clause/from.rs:330:9
[INFO] [stdout]     |
[INFO] [stdout] 330 |     use keelson_sqlcheck::testing::assert_frag_sql;
[INFO] [stdout]     |         ^^^^^^^^^^^^^^^^ use of unresolved module or unlinked crate `keelson_sqlcheck`
[INFO] [stdout]     |
[INFO] [stdout]     = help: if you wanted to use a crate named `keelson_sqlcheck`, use `cargo add keelson_sqlcheck` to add it to your `Cargo.toml`
[INFO] [stdout] 
[INFO] [stdout] 
[INFO] [stdout] error[E0433]: cannot find module or crate `keelson_sqlcheck` in this scope
[INFO] [stdout]    --> src/clause/group_by.rs:160:9
[INFO] [stdout]     |
[INFO] [stdout] 160 |     use keelson_sqlcheck::testing::assert_frag_sql;
[INFO] [stdout]     |         ^^^^^^^^^^^^^^^^ use of unresolved module or unlinked crate `keelson_sqlcheck`
[INFO] [stdout]     |
[INFO] [stdout]     = help: if you wanted to use a crate named `keelson_sqlcheck`, use `cargo add keelson_sqlcheck` to add it to your `Cargo.toml`
[INFO] [stdout] 
[INFO] [stdout] 
[INFO] [stdout] error[E0433]: cannot find module or crate `keelson_sqlcheck` in this scope
[INFO] [stdout]   --> src/clause/having.rs:47:9
[INFO] [stdout]    |
[INFO] [stdout] 47 |     use keelson_sqlcheck::testing::assert_frag_sql;
[INFO] [stdout]    |         ^^^^^^^^^^^^^^^^ use of unresolved module or unlinked crate `keelson_sqlcheck`
[INFO] [stdout]    |
[INFO] [stdout]    = help: if you wanted to use a crate named `keelson_sqlcheck`, use `cargo add keelson_sqlcheck` to add it to your `Cargo.toml`
[INFO] [stdout] 
[INFO] [stdout] 
[INFO] [stdout] error[E0433]: cannot find module or crate `keelson_sqlcheck` in this scope
[INFO] [stdout]    --> src/clause/join.rs:165:9
[INFO] [stdout]     |
[INFO] [stdout] 165 |     use keelson_sqlcheck::testing::assert_frag_sql;
[INFO] [stdout]     |         ^^^^^^^^^^^^^^^^ use of unresolved module or unlinked crate `keelson_sqlcheck`
[INFO] [stdout]     |
[INFO] [stdout]     = help: if you wanted to use a crate named `keelson_sqlcheck`, use `cargo add keelson_sqlcheck` to add it to your `Cargo.toml`
[INFO] [stdout] 
[INFO] [stdout] 
[INFO] [stdout] error[E0433]: cannot find module or crate `keelson_sqlcheck` in this scope
[INFO] [stdout]   --> src/clause/limit.rs:49:9
[INFO] [stdout]    |
[INFO] [stdout] 49 |     use keelson_sqlcheck::testing::assert_frag_sql;
[INFO] [stdout]    |         ^^^^^^^^^^^^^^^^ use of unresolved module or unlinked crate `keelson_sqlcheck`
[INFO] [stdout]    |
[INFO] [stdout]    = help: if you wanted to use a crate named `keelson_sqlcheck`, use `cargo add keelson_sqlcheck` to add it to your `Cargo.toml`
[INFO] [stdout] 
[INFO] [stdout] 
[INFO] [stdout] error[E0433]: cannot find module or crate `keelson_sqlcheck` in this scope
[INFO] [stdout]    --> src/clause/lock.rs:160:9
[INFO] [stdout]     |
[INFO] [stdout] 160 |     use keelson_sqlcheck::testing::assert_frag_sql;
[INFO] [stdout]     |         ^^^^^^^^^^^^^^^^ use of unresolved module or unlinked crate `keelson_sqlcheck`
[INFO] [stdout]     |
[INFO] [stdout]     = help: if you wanted to use a crate named `keelson_sqlcheck`, use `cargo add keelson_sqlcheck` to add it to your `Cargo.toml`
[INFO] [stdout] 
[INFO] [stdout] 
[INFO] [stdout] error[E0433]: cannot find module or crate `keelson_sqlcheck` in this scope
[INFO] [stdout]   --> src/clause/offset.rs:88:9
[INFO] [stdout]    |
[INFO] [stdout] 88 |     use keelson_sqlcheck::testing::assert_frag_sql;
[INFO] [stdout]    |         ^^^^^^^^^^^^^^^^ use of unresolved module or unlinked crate `keelson_sqlcheck`
[INFO] [stdout]    |
[INFO] [stdout]    = help: if you wanted to use a crate named `keelson_sqlcheck`, use `cargo add keelson_sqlcheck` to add it to your `Cargo.toml`
[INFO] [stdout] 
[INFO] [stdout] 
[INFO] [stdout] error[E0433]: cannot find module or crate `keelson_sqlcheck` in this scope
[INFO] [stdout]    --> src/clause/order_by.rs:155:9
[INFO] [stdout]     |
[INFO] [stdout] 155 |     use keelson_sqlcheck::testing::assert_frag_sql;
[INFO] [stdout]     |         ^^^^^^^^^^^^^^^^ use of unresolved module or unlinked crate `keelson_sqlcheck`
[INFO] [stdout]     |
[INFO] [stdout]     = help: if you wanted to use a crate named `keelson_sqlcheck`, use `cargo add keelson_sqlcheck` to add it to your `Cargo.toml`
[INFO] [stdout] 
[INFO] [stdout] 
[INFO] [stdout] error[E0433]: cannot find module or crate `keelson_sqlcheck` in this scope
[INFO] [stdout]   --> src/clause/returning.rs:58:9
[INFO] [stdout]    |
[INFO] [stdout] 58 |     use keelson_sqlcheck::testing::assert_frag_sql;
[INFO] [stdout]    |         ^^^^^^^^^^^^^^^^ use of unresolved module or unlinked crate `keelson_sqlcheck`
[INFO] [stdout]    |
[INFO] [stdout]    = help: if you wanted to use a crate named `keelson_sqlcheck`, use `cargo add keelson_sqlcheck` to add it to your `Cargo.toml`
[INFO] [stdout] 
[INFO] [stdout] 
[INFO] [stdout] error[E0433]: cannot find module or crate `keelson_sqlcheck` in this scope
[INFO] [stdout]   --> src/clause/select.rs:89:9
[INFO] [stdout]    |
[INFO] [stdout] 89 |     use keelson_sqlcheck::testing::assert_frag_sql;
[INFO] [stdout]    |         ^^^^^^^^^^^^^^^^ use of unresolved module or unlinked crate `keelson_sqlcheck`
[INFO] [stdout]    |
[INFO] [stdout]    = help: if you wanted to use a crate named `keelson_sqlcheck`, use `cargo add keelson_sqlcheck` to add it to your `Cargo.toml`
[INFO] [stdout] 
[INFO] [stdout] 
[INFO] [stdout] error[E0433]: cannot find module or crate `keelson_sqlcheck` in this scope
[INFO] [stdout]   --> src/clause/set.rs:61:9
[INFO] [stdout]    |
[INFO] [stdout] 61 |     use keelson_sqlcheck::testing::assert_frag_sql;
[INFO] [stdout]    |         ^^^^^^^^^^^^^^^^ use of unresolved module or unlinked crate `keelson_sqlcheck`
[INFO] [stdout]    |
[INFO] [stdout]    = help: if you wanted to use a crate named `keelson_sqlcheck`, use `cargo add keelson_sqlcheck` to add it to your `Cargo.toml`
[INFO] [stdout] 
[INFO] [stdout] 
[INFO] [stdout] error[E0433]: cannot find module or crate `keelson_sqlcheck` in this scope
[INFO] [stdout]    --> src/clause/values.rs:117:9
[INFO] [stdout]     |
[INFO] [stdout] 117 |     use keelson_sqlcheck::testing::assert_frag_sql;
[INFO] [stdout]     |         ^^^^^^^^^^^^^^^^ use of unresolved module or unlinked crate `keelson_sqlcheck`
[INFO] [stdout]     |
[INFO] [stdout]     = help: if you wanted to use a crate named `keelson_sqlcheck`, use `cargo add keelson_sqlcheck` to add it to your `Cargo.toml`
[INFO] [stdout] 
[INFO] [stdout] 
[INFO] [stdout] error[E0433]: cannot find module or crate `keelson_sqlcheck` in this scope
[INFO] [stdout]   --> src/clause/where_.rs:53:9
[INFO] [stdout]    |
[INFO] [stdout] 53 |     use keelson_sqlcheck::testing::assert_frag_sql;
[INFO] [stdout]    |         ^^^^^^^^^^^^^^^^ use of unresolved module or unlinked crate `keelson_sqlcheck`
[INFO] [stdout]    |
[INFO] [stdout]    = help: if you wanted to use a crate named `keelson_sqlcheck`, use `cargo add keelson_sqlcheck` to add it to your `Cargo.toml`
[INFO] [stdout] 
[INFO] [stdout] 
[INFO] [stdout] error[E0433]: cannot find module or crate `keelson_sqlcheck` in this scope
[INFO] [stdout]    --> src/clause/window.rs:216:9
[INFO] [stdout]     |
[INFO] [stdout] 216 |     use keelson_sqlcheck::testing::assert_frag_sql;
[INFO] [stdout]     |         ^^^^^^^^^^^^^^^^ use of unresolved module or unlinked crate `keelson_sqlcheck`
[INFO] [stdout]     |
[INFO] [stdout]     = help: if you wanted to use a crate named `keelson_sqlcheck`, use `cargo add keelson_sqlcheck` to add it to your `Cargo.toml`
[INFO] [stdout] 
[INFO] [stdout] 
[INFO] [stdout] error[E0433]: cannot find module or crate `keelson_sqlcheck` in this scope
[INFO] [stdout]   --> src/clause/with.rs:64:9
[INFO] [stdout]    |
[INFO] [stdout] 64 |     use keelson_sqlcheck::testing::assert_frag_sql;
[INFO] [stdout]    |         ^^^^^^^^^^^^^^^^ use of unresolved module or unlinked crate `keelson_sqlcheck`
[INFO] [stdout]    |
[INFO] [stdout]    = help: if you wanted to use a crate named `keelson_sqlcheck`, use `cargo add keelson_sqlcheck` to add it to your `Cargo.toml`
[INFO] [stdout] 
[INFO] [stdout] 
[INFO] [stdout] error[E0433]: cannot find module or crate `keelson_sqlcheck` in this scope
[INFO] [stdout]    --> src/clause/mod.rs:227:9
[INFO] [stdout]     |
[INFO] [stdout] 227 |     use keelson_sqlcheck::testing::{assert_frag_sql, assert_stmt_sql};
[INFO] [stdout]     |         ^^^^^^^^^^^^^^^^ use of unresolved module or unlinked crate `keelson_sqlcheck`
[INFO] [stdout]     |
[INFO] [stdout]     = help: if you wanted to use a crate named `keelson_sqlcheck`, use `cargo add keelson_sqlcheck` to add it to your `Cargo.toml`
[INFO] [stdout] 
[INFO] [stdout] 
[INFO] [stdout] error[E0433]: cannot find module or crate `keelson_sqlcheck` in this scope
[INFO] [stdout]   --> src/expr/case.rs:61:9
[INFO] [stdout]    |
[INFO] [stdout] 61 |     use keelson_sqlcheck::testing::assert_frag_sql;
[INFO] [stdout]    |         ^^^^^^^^^^^^^^^^ use of unresolved module or unlinked crate `keelson_sqlcheck`
[INFO] [stdout]    |
[INFO] [stdout]    = help: if you wanted to use a crate named `keelson_sqlcheck`, use `cargo add keelson_sqlcheck` to add it to your `Cargo.toml`
[INFO] [stdout] 
[INFO] [stdout] 
[INFO] [stdout] error[E0433]: cannot find module or crate `keelson_sqlcheck` in this scope
[INFO] [stdout]    --> src/expr/chain.rs:286:9
[INFO] [stdout]     |
[INFO] [stdout] 286 |     use keelson_sqlcheck::testing::assert_frag_sql;
[INFO] [stdout]     |         ^^^^^^^^^^^^^^^^ use of unresolved module or unlinked crate `keelson_sqlcheck`
[INFO] [stdout]     |
[INFO] [stdout]     = help: if you wanted to use a crate named `keelson_sqlcheck`, use `cargo add keelson_sqlcheck` to add it to your `Cargo.toml`
[INFO] [stdout] 
[INFO] [stdout] 
[INFO] [stdout] error[E0433]: cannot find module or crate `keelson_sqlcheck` in this scope
[INFO] [stdout]    --> src/expr/convert.rs:245:9
[INFO] [stdout]     |
[INFO] [stdout] 245 |     use keelson_sqlcheck::testing::assert_frag_sql;
[INFO] [stdout]     |         ^^^^^^^^^^^^^^^^ use of unresolved module or unlinked crate `keelson_sqlcheck`
[INFO] [stdout]     |
[INFO] [stdout]     = help: if you wanted to use a crate named `keelson_sqlcheck`, use `cargo add keelson_sqlcheck` to add it to your `Cargo.toml`
[INFO] [stdout] 
[INFO] [stdout] 
[INFO] [stdout] error[E0433]: cannot find module or crate `keelson_sqlcheck` in this scope
[INFO] [stdout]   --> src/expr/func.rs:83:9
[INFO] [stdout]    |
[INFO] [stdout] 83 |     use keelson_sqlcheck::testing::assert_frag_sql;
[INFO] [stdout]    |         ^^^^^^^^^^^^^^^^ use of unresolved module or unlinked crate `keelson_sqlcheck`
[INFO] [stdout]    |
[INFO] [stdout]    = help: if you wanted to use a crate named `keelson_sqlcheck`, use `cargo add keelson_sqlcheck` to add it to your `Cargo.toml`
[INFO] [stdout] 
[INFO] [stdout] 
[INFO] [stdout] error[E0433]: cannot find module or crate `keelson_sqlcheck` in this scope
[INFO] [stdout]    --> src/expr/node.rs:480:9
[INFO] [stdout]     |
[INFO] [stdout] 480 |     use keelson_sqlcheck::testing::assert_frag_sql;
[INFO] [stdout]     |         ^^^^^^^^^^^^^^^^ use of unresolved module or unlinked crate `keelson_sqlcheck`
[INFO] [stdout]     |
[INFO] [stdout]     = help: if you wanted to use a crate named `keelson_sqlcheck`, use `cargo add keelson_sqlcheck` to add it to your `Cargo.toml`
[INFO] [stdout] 
[INFO] [stdout] 
[INFO] [stdout] error[E0433]: cannot find module or crate `keelson_sqlcheck` in this scope
[INFO] [stdout]    --> src/expr/mod.rs:171:9
[INFO] [stdout]     |
[INFO] [stdout] 171 |     use keelson_sqlcheck::testing::assert_frag_sql;
[INFO] [stdout]     |         ^^^^^^^^^^^^^^^^ use of unresolved module or unlinked crate `keelson_sqlcheck`
[INFO] [stdout]     |
[INFO] [stdout]     = help: if you wanted to use a crate named `keelson_sqlcheck`, use `cargo add keelson_sqlcheck` to add it to your `Cargo.toml`
[INFO] [stdout] 
[INFO] [stdout] 
[INFO] [stdout] error[E0433]: cannot find module or crate `keelson_sqlcheck` in this scope
[INFO] [stdout]    --> src/query.rs:252:9
[INFO] [stdout]     |
[INFO] [stdout] 252 |     use keelson_sqlcheck::testing::assert_stmt_sql;
[INFO] [stdout]     |         ^^^^^^^^^^^^^^^^ use of unresolved module or unlinked crate `keelson_sqlcheck`
[INFO] [stdout]     |
[INFO] [stdout]     = help: if you wanted to use a crate named `keelson_sqlcheck`, use `cargo add keelson_sqlcheck` to add it to your `Cargo.toml`
[INFO] [stdout] 
[INFO] [stdout] 
[INFO] [stdout] error[E0433]: cannot find module or crate `keelson_sqlcheck` in this scope
[INFO] [stdout]    --> src/writer.rs:475:9
[INFO] [stdout]     |
[INFO] [stdout] 475 |     use keelson_sqlcheck::testing::assert_frag_sql;
[INFO] [stdout]     |         ^^^^^^^^^^^^^^^^ use of unresolved module or unlinked crate `keelson_sqlcheck`
[INFO] [stdout]     |
[INFO] [stdout]     = help: if you wanted to use a crate named `keelson_sqlcheck`, use `cargo add keelson_sqlcheck` to add it to your `Cargo.toml`
[INFO] [stdout] 
[INFO] [stdout] 
[INFO] [stdout] Some errors have detailed explanations: E0432, E0433.
[INFO] [stdout] 
[INFO] [stdout] For more information about an error, try `rustc --explain E0432`.
[INFO] [stdout] 
[INFO] [stderr] error: could not compile `keelson-core` (test "grammar_raw") due to 2 previous errors
[INFO] [stdout] For more information about this error, try `rustc --explain E0433`.
[INFO] [stdout] 
[INFO] [stderr] error: could not compile `keelson-core` (lib test) due to 29 previous errors
[INFO] running `Command { std: "docker" "inspect" "af071cb8edfc8445bf274f408d44742fd11fdcd99498cd966472125ac3c8af3a", kill_on_drop: false }`
[INFO] running `Command { std: "docker" "rm" "-f" "af071cb8edfc8445bf274f408d44742fd11fdcd99498cd966472125ac3c8af3a", kill_on_drop: false }`
[INFO] [stdout] af071cb8edfc8445bf274f408d44742fd11fdcd99498cd966472125ac3c8af3a
